{"id":172779,"date":"2023-11-17T07:00:00","date_gmt":"2023-11-17T10:00:00","guid":{"rendered":"https:\/\/sme.goiania.go.gov.br\/conexaoescola\/?post_type=ensino_fundamental&#038;p=172779"},"modified":"2023-11-16T12:14:11","modified_gmt":"2023-11-16T15:14:11","slug":"ciencias-da-natureza-reconhecendo-a-importancia-do-solo-para-a-agricultura-e-a-vida","status":"publish","type":"ensino_fundamental","link":"https:\/\/sme.goiania.go.gov.br\/conexaoescola\/ensino_fundamental\/ciencias-da-natureza-reconhecendo-a-importancia-do-solo-para-a-agricultura-e-a-vida\/","title":{"rendered":"CI\u00caNCIAS DA NATUREZA \u2013\u00a0Reconhecendo a import\u00e2ncia do solo para a agricultura e a vida"},"content":{"rendered":"\n<p class=\"has-text-align-center has-luminous-vivid-orange-to-vivid-red-gradient-background has-background has-medium-font-size\"><strong>ESTA PROPOSTA DE ATIVIDADE DE CI\u00caNCIAS DA NATUREZA&nbsp;\u00c9 DESTINADA AOS ESTUDANTES<\/strong>&nbsp;<strong>DO<\/strong>&nbsp;<strong>3\u00ba ANO DO ENSINO FUNDAMENTAL<\/strong>.<\/p>\n\n\n\n<div class=\"wp-block-buttons alignwide is-content-justification-center is-layout-flex wp-container-core-buttons-is-layout-16018d1d wp-block-buttons-is-layout-flex\">\n<div class=\"wp-block-button has-custom-width wp-block-button__width-25\"><a class=\"wp-block-button__link wp-element-button\" href=\"https:\/\/drive.google.com\/uc?export=download&amp;id=\/132mIFy387OURTbWeyvW0uoGob4vhFmgd\" target=\"_blank\" rel=\"noreferrer noopener\"><strong>BAIXE A ATIVIDADE<\/strong><\/a><\/div>\n\n\n\n<div class=\"wp-block-button has-custom-width wp-block-button__width-25\"><a class=\"wp-block-button__link has-text-align-center wp-element-button\" href=\"https:\/\/drive.google.com\/uc?export=download&amp;id=1AAyRhV7vyP6iXjjetM6OSQXEDgStWl2C\" target=\"_blank\" rel=\"noreferrer noopener\"><strong>BAIXE OS SLIDES<\/strong><\/a><\/div>\n\n\n\n<div class=\"wp-block-button has-custom-width wp-block-button__width-25\"><a class=\"wp-block-button__link wp-element-button\" href=\"https:\/\/drive.google.com\/uc?export=download&amp;id=1EX7Xje_WIM52WHHzwDL42pykdLCcVauk\" target=\"_blank\" rel=\"noreferrer noopener\"><strong>BAIXE O TEXTO<\/strong><\/a><\/div>\n<\/div>\n\n\n\n<hr class=\"wp-block-separator has-alpha-channel-opacity\"\/>\n\n\n\n<figure class=\"wp-block-audio\"><audio controls src=\"https:\/\/sme.goiania.go.gov.br\/conexaoescola\/wp-content\/uploads\/2023\/11\/Terra.m4a\"><\/audio><\/figure>\n\n\n<div class=\"wp-block-image\">\n<figure class=\"aligncenter size-full\"><img fetchpriority=\"high\" decoding=\"async\" width=\"691\" height=\"464\" src=\"https:\/\/sme.goiania.go.gov.br\/conexaoescola\/wp-content\/uploads\/2023\/11\/TERRA.png\" alt=\"\" class=\"wp-image-172783\" srcset=\"https:\/\/sme.goiania.go.gov.br\/conexaoescola\/wp-content\/uploads\/2023\/11\/TERRA.png 691w, https:\/\/sme.goiania.go.gov.br\/conexaoescola\/wp-content\/uploads\/2023\/11\/TERRA-300x201.png 300w\" sizes=\"(max-width: 691px) 100vw, 691px\" \/><\/figure><\/div>\n\n\n<p class=\"has-text-align-center has-medium-font-size\"><strong>OBSERVE A SEGUINTE IMAGEM PARA RESPONDER \u00c0S QUEST\u00d5ES:<\/strong><\/p>\n\n\n<div class=\"wp-block-image\">\n<figure class=\"aligncenter size-large is-resized\"><img decoding=\"async\" src=\"https:\/\/sme.goiania.go.gov.br\/conexaoescola\/wp-content\/uploads\/2023\/11\/My-Holidays-Speaking-Show-and-Tell-Jamboard-Background-2-1024x576.png\" alt=\"\" class=\"wp-image-172784\" width=\"450\" height=\"252\" srcset=\"https:\/\/sme.goiania.go.gov.br\/conexaoescola\/wp-content\/uploads\/2023\/11\/My-Holidays-Speaking-Show-and-Tell-Jamboard-Background-2-1024x576.png 1024w, https:\/\/sme.goiania.go.gov.br\/conexaoescola\/wp-content\/uploads\/2023\/11\/My-Holidays-Speaking-Show-and-Tell-Jamboard-Background-2-300x169.png 300w, https:\/\/sme.goiania.go.gov.br\/conexaoescola\/wp-content\/uploads\/2023\/11\/My-Holidays-Speaking-Show-and-Tell-Jamboard-Background-2-768x432.png 768w, https:\/\/sme.goiania.go.gov.br\/conexaoescola\/wp-content\/uploads\/2023\/11\/My-Holidays-Speaking-Show-and-Tell-Jamboard-Background-2-1536x864.png 1536w, https:\/\/sme.goiania.go.gov.br\/conexaoescola\/wp-content\/uploads\/2023\/11\/My-Holidays-Speaking-Show-and-Tell-Jamboard-Background-2.png 1920w\" sizes=\"(max-width: 450px) 100vw, 450px\" \/><figcaption class=\"wp-element-caption\">Imagem produzida no Canva<\/figcaption><\/figure><\/div>\n\n\n<p class=\"has-luminous-vivid-orange-to-vivid-red-gradient-background has-background has-medium-font-size\"><strong>QUEST\u00c3O 1<\/strong><\/p>\n\n\n\n<p class=\"has-medium-font-size\">O solo tem diversas utilidades. <strong>Assinale<\/strong> a alternativa correta que afirma um dos usos do solo mencionado no poema.<\/p>\n\n\n\n<p class=\"has-medium-font-size\">a) Constru\u00e7\u00e3o de estradas.<\/p>\n\n\n\n<p class=\"has-medium-font-size\">b) Cria\u00e7\u00e3o de arte urbana.<\/p>\n\n\n\n<p class=\"has-medium-font-size\">c) Produ\u00e7\u00e3o de energia solar.<\/p>\n\n\n\n<p class=\"has-medium-font-size\">d) Manuten\u00e7\u00e3o de oceanos.<\/p>\n\n\n\n<p class=\"has-medium-font-size\">e) Pintura de paisagens.<\/p>\n\n\n\n<p class=\"has-luminous-vivid-orange-to-vivid-red-gradient-background has-background has-medium-font-size\"><strong>QUEST\u00c3O 2<\/strong><\/p>\n\n\n\n<p class=\"has-medium-font-size\">Segundo a autora, <strong>o que<\/strong> o poema destaca como caracter\u00edstica do solo na agricultura?<\/p>\n\n\n\n<p class=\"has-medium-font-size\">a) Sua resist\u00eancia ao calor extremo.<\/p>\n\n\n\n<p class=\"has-medium-font-size\">b) Sua capacidade de gerar eletricidade.<\/p>\n\n\n\n<p class=\"has-medium-font-size\">c) Sua participa\u00e7\u00e3o no bal\u00e9 da vida.<\/p>\n\n\n\n<p class=\"has-medium-font-size\">d) Sua prefer\u00eancia por ambientes urbanos.<\/p>\n\n\n\n<p class=\"has-medium-font-size\">e) Sua avers\u00e3o a qualquer tipo de mudan\u00e7a.<\/p>\n\n\n\n<p class=\"has-luminous-vivid-orange-to-vivid-red-gradient-background has-background has-medium-font-size\"><strong>QUEST\u00c3O 3<\/strong><\/p>\n\n\n\n<p class=\"has-medium-font-size\"><strong>Qual<\/strong> \u00e9 a mensagem principal do poema em rela\u00e7\u00e3o \u00e0 import\u00e2ncia de reconhecer os diferentes usos do solo? <strong>Responda<\/strong> atrav\u00e9s de uma bela ilustra\u00e7\u00e3o.<\/p>\n\n\n\n<p class=\"has-luminous-vivid-orange-to-vivid-red-gradient-background has-background has-medium-font-size\"><strong>QUEST\u00c3O 4<\/strong><\/p>\n\n\n\n<p class=\"has-medium-font-size\"><strong>Pinte <\/strong>no ca\u00e7a-palavras cinco palavras referentes ao uso do solo.<\/p>\n\n\n<div class=\"wp-block-image\">\n<figure class=\"aligncenter size-full\"><img decoding=\"async\" width=\"495\" height=\"382\" src=\"https:\/\/sme.goiania.go.gov.br\/conexaoescola\/wp-content\/uploads\/2023\/11\/caca-palavras-usos-do-solo.png\" alt=\"\" class=\"wp-image-172787\" srcset=\"https:\/\/sme.goiania.go.gov.br\/conexaoescola\/wp-content\/uploads\/2023\/11\/caca-palavras-usos-do-solo.png 495w, https:\/\/sme.goiania.go.gov.br\/conexaoescola\/wp-content\/uploads\/2023\/11\/caca-palavras-usos-do-solo-300x232.png 300w\" sizes=\"(max-width: 495px) 100vw, 495px\" \/><\/figure><\/div>\n\n\n<hr class=\"wp-block-separator has-alpha-channel-opacity\"\/>\n\n\n\n<figure class=\"wp-block-table is-style-stripes\"><table><tbody><tr><td><strong>Autoria:<\/strong><\/td><td>Prof.\u00aa Esp. Danielle Assis Borges Fantini<\/td><\/tr><tr><td><strong>Forma\u00e7\u00e3o:<\/strong><\/td><td>Gradua\u00e7\u00e3o:<br>\u2013 Graduada em Pedagogia e Graduanda em Jornalismo&nbsp;<br><br>P\u00f3s-gradua\u00e7\u00e3o:<br>\u2013 MBA em Gest\u00e3o das Tecnologias da Informa\u00e7\u00e3o e da Comunica\u00e7\u00e3o \u2013 Educa\u00e7\u00e3o<br>\u2013 Doc\u00eancia Universit\u00e1ria<br>\u2013 Psicopedagogia Institucional e Cl\u00ednica<br>\u2013 Neuropedagogia Aplicada \u00e0 Educa\u00e7\u00e3o<\/td><\/tr><tr><td><strong>Componente Curricular:<\/strong><\/td><td>Ci\u00eancias da Natureza<\/td><\/tr><tr><td><strong>Habilidade:<\/strong><\/td><td>(EF03CI10-A) Identificar os diferentes usos do solo reconhecendo sua import\u00e2ncia para a agricultura e para a vida.<\/td><\/tr><tr><td><strong>Refer\u00eancias:<\/strong><\/td><td>COELHO, Geslie. Ci\u00eancias, Viv\u00eancias e Descobertas, 3\u00ba ano. 1 ed. S\u00e3o Paulo: FTD, 2012. &nbsp; <br><br>NORONHA, Maria Eduarda e SOARES, Maria Luiza. Construindo e Aprendendo: Manual do Educador, Ci\u00eancias \u2013 3\u00ba ano. Ensino Fundamental. Recife: Editora Construir, p. 25. &nbsp; <br><br>O QUE \u00c9 O USO DO SOLO, PARTIDO VERDE, 2022. Dispon\u00edvel em: &lt; https:\/\/pv.org.br\/o-que-e-uso-do-solo\/.&gt;. Acesso em: 13, nov. 2023. &nbsp; <br><br>SOLO, Mundo Educa\u00e7\u00e3o UOL, 2023. Dispon\u00edvel em: &lt;https:\/\/mundoeducacao.uol.com.br\/geografia\/o-solo.htm&gt;. Acesso em: 13, nov. 2023. &nbsp; <br><br>SOLO, Escola Kids, UOL, 2023. Dispon\u00edvel em: &lt; <a href=\"https:\/\/escolakids.uol.com.br\/geografia\/o-solo.htm\">https:\/\/escolakids.uol.com.br\/geografia\/o-solo.htm#:~:text=O%20solo%20pode%20ser%20dividido,%2C%20argiloso%2C%20humoso%20e%20calc%C3%A1rio<\/a>.&gt; Acesso em: 13, nov. 2023.<\/td><\/tr><tr><td><strong>Documento curricular:<\/strong><\/td><td>DOCUMENTO CURRICULAR PARA GOI\u00c1S \u2013 AMPLIADO (DC-GO AMPLIADO)<\/td><\/tr><\/tbody><\/table><\/figure>\n","protected":false},"author":64,"featured_media":172784,"template":"","ef_categoria":[18],"ef_ano":[86],"ef_componente":[98],"class_list":["post-172779","ensino_fundamental","type-ensino_fundamental","status-publish","has-post-thumbnail","hentry","ef_categoria-educacao-ambiental-e-saude","ef_ano-3o-ano","ef_componente-ciencia-da-natureza-ef","entry","has-media"],"acf":[],"_links":{"self":[{"href":"https:\/\/sme.goiania.go.gov.br\/conexaoescola\/wp-json\/wp\/v2\/ensino_fundamental\/172779","targetHints":{"allow":["GET"]}}],"collection":[{"href":"https:\/\/sme.goiania.go.gov.br\/conexaoescola\/wp-json\/wp\/v2\/ensino_fundamental"}],"about":[{"href":"https:\/\/sme.goiania.go.gov.br\/conexaoescola\/wp-json\/wp\/v2\/types\/ensino_fundamental"}],"author":[{"embeddable":true,"href":"https:\/\/sme.goiania.go.gov.br\/conexaoescola\/wp-json\/wp\/v2\/users\/64"}],"version-history":[{"count":2,"href":"https:\/\/sme.goiania.go.gov.br\/conexaoescola\/wp-json\/wp\/v2\/ensino_fundamental\/172779\/revisions"}],"predecessor-version":[{"id":172915,"href":"https:\/\/sme.goiania.go.gov.br\/conexaoescola\/wp-json\/wp\/v2\/ensino_fundamental\/172779\/revisions\/172915"}],"wp:featuredmedia":[{"embeddable":true,"href":"https:\/\/sme.goiania.go.gov.br\/conexaoescola\/wp-json\/wp\/v2\/media\/172784"}],"wp:attachment":[{"href":"https:\/\/sme.goiania.go.gov.br\/conexaoescola\/wp-json\/wp\/v2\/media?parent=172779"}],"wp:term":[{"taxonomy":"ef_categoria","embeddable":true,"href":"https:\/\/sme.goiania.go.gov.br\/conexaoescola\/wp-json\/wp\/v2\/ef_categoria?post=172779"},{"taxonomy":"ef_ano","embeddable":true,"href":"https:\/\/sme.goiania.go.gov.br\/conexaoescola\/wp-json\/wp\/v2\/ef_ano?post=172779"},{"taxonomy":"ef_componente","embeddable":true,"href":"https:\/\/sme.goiania.go.gov.br\/conexaoescola\/wp-json\/wp\/v2\/ef_componente?post=172779"}],"curies":[{"name":"wp","href":"https:\/\/api.w.org\/{rel}","templated":true}]}}

CIÊNCIAS DA NATUREZA – Reconhecendo a importância do solo para a agricultura e a vida

<p class="has-text-align-center has-luminous-vivid-orange-to-vivid-red-gradient-background has-background has-medium-font-size"><strong>ESTA PROPOSTA DE ATIVIDADE DE CIÊNCIAS DA NATUREZA&nbsp;É DESTINADA AOS ESTUDANTES</strong>&nbsp;<strong>DO</strong>&nbsp;<strong>3º ANO DO ENSINO FUNDAMENTAL</strong>.</p>



<div class="wp-block-buttons alignwide is-content-justification-center is-layout-flex wp-container-core-buttons-is-layout-16018d1d wp-block-buttons-is-layout-flex">
<div class="wp-block-button has-custom-width wp-block-button__width-25"><a class="wp-block-button__link wp-element-button" href="https://drive.google.com/uc?export=download&amp;id=/132mIFy387OURTbWeyvW0uoGob4vhFmgd" target="_blank" rel="noreferrer noopener"><strong>BAIXE A ATIVIDADE</strong></a></div>



<div class="wp-block-button has-custom-width wp-block-button__width-25"><a class="wp-block-button__link has-text-align-center wp-element-button" href="https://drive.google.com/uc?export=download&amp;id=1AAyRhV7vyP6iXjjetM6OSQXEDgStWl2C" target="_blank" rel="noreferrer noopener"><strong>BAIXE OS SLIDES</strong></a></div>



<div class="wp-block-button has-custom-width wp-block-button__width-25"><a class="wp-block-button__link wp-element-button" href="https://drive.google.com/uc?export=download&amp;id=1EX7Xje_WIM52WHHzwDL42pykdLCcVauk" target="_blank" rel="noreferrer noopener"><strong>BAIXE O TEXTO</strong></a></div>
</div>



<hr class="wp-block-separator has-alpha-channel-opacity"/>



<figure class="wp-block-audio"><audio controls src="https://sme.goiania.go.gov.br/conexaoescola/wp-content/uploads/2023/11/Terra.m4a"></audio></figure>


<div class="wp-block-image">
<figure class="aligncenter size-full"><img fetchpriority="high" decoding="async" width="691" height="464" src="https://sme.goiania.go.gov.br/conexaoescola/wp-content/uploads/2023/11/TERRA.png" alt="" class="wp-image-172783" srcset="https://sme.goiania.go.gov.br/conexaoescola/wp-content/uploads/2023/11/TERRA.png 691w, https://sme.goiania.go.gov.br/conexaoescola/wp-content/uploads/2023/11/TERRA-300x201.png 300w" sizes="(max-width: 691px) 100vw, 691px" /></figure></div>


<p class="has-text-align-center has-medium-font-size"><strong>OBSERVE A SEGUINTE IMAGEM PARA RESPONDER ÀS QUESTÕES:</strong></p>


<div class="wp-block-image">
<figure class="aligncenter size-large is-resized"><img decoding="async" src="https://sme.goiania.go.gov.br/conexaoescola/wp-content/uploads/2023/11/My-Holidays-Speaking-Show-and-Tell-Jamboard-Background-2-1024x576.png" alt="" class="wp-image-172784" width="450" height="252" srcset="https://sme.goiania.go.gov.br/conexaoescola/wp-content/uploads/2023/11/My-Holidays-Speaking-Show-and-Tell-Jamboard-Background-2-1024x576.png 1024w, https://sme.goiania.go.gov.br/conexaoescola/wp-content/uploads/2023/11/My-Holidays-Speaking-Show-and-Tell-Jamboard-Background-2-300x169.png 300w, https://sme.goiania.go.gov.br/conexaoescola/wp-content/uploads/2023/11/My-Holidays-Speaking-Show-and-Tell-Jamboard-Background-2-768x432.png 768w, https://sme.goiania.go.gov.br/conexaoescola/wp-content/uploads/2023/11/My-Holidays-Speaking-Show-and-Tell-Jamboard-Background-2-1536x864.png 1536w, https://sme.goiania.go.gov.br/conexaoescola/wp-content/uploads/2023/11/My-Holidays-Speaking-Show-and-Tell-Jamboard-Background-2.png 1920w" sizes="(max-width: 450px) 100vw, 450px" /><figcaption class="wp-element-caption">Imagem produzida no Canva</figcaption></figure></div>


<p class="has-luminous-vivid-orange-to-vivid-red-gradient-background has-background has-medium-font-size"><strong>QUESTÃO 1</strong></p>



<p class="has-medium-font-size">O solo tem diversas utilidades. <strong>Assinale</strong> a alternativa correta que afirma um dos usos do solo mencionado no poema.</p>



<p class="has-medium-font-size">a) Construção de estradas.</p>



<p class="has-medium-font-size">b) Criação de arte urbana.</p>



<p class="has-medium-font-size">c) Produção de energia solar.</p>



<p class="has-medium-font-size">d) Manutenção de oceanos.</p>



<p class="has-medium-font-size">e) Pintura de paisagens.</p>



<p class="has-luminous-vivid-orange-to-vivid-red-gradient-background has-background has-medium-font-size"><strong>QUESTÃO 2</strong></p>



<p class="has-medium-font-size">Segundo a autora, <strong>o que</strong> o poema destaca como característica do solo na agricultura?</p>



<p class="has-medium-font-size">a) Sua resistência ao calor extremo.</p>



<p class="has-medium-font-size">b) Sua capacidade de gerar eletricidade.</p>



<p class="has-medium-font-size">c) Sua participação no balé da vida.</p>



<p class="has-medium-font-size">d) Sua preferência por ambientes urbanos.</p>



<p class="has-medium-font-size">e) Sua aversão a qualquer tipo de mudança.</p>



<p class="has-luminous-vivid-orange-to-vivid-red-gradient-background has-background has-medium-font-size"><strong>QUESTÃO 3</strong></p>



<p class="has-medium-font-size"><strong>Qual</strong> é a mensagem principal do poema em relação à importância de reconhecer os diferentes usos do solo? <strong>Responda</strong> através de uma bela ilustração.</p>



<p class="has-luminous-vivid-orange-to-vivid-red-gradient-background has-background has-medium-font-size"><strong>QUESTÃO 4</strong></p>



<p class="has-medium-font-size"><strong>Pinte </strong>no caça-palavras cinco palavras referentes ao uso do solo.</p>


<div class="wp-block-image">
<figure class="aligncenter size-full"><img decoding="async" width="495" height="382" src="https://sme.goiania.go.gov.br/conexaoescola/wp-content/uploads/2023/11/caca-palavras-usos-do-solo.png" alt="" class="wp-image-172787" srcset="https://sme.goiania.go.gov.br/conexaoescola/wp-content/uploads/2023/11/caca-palavras-usos-do-solo.png 495w, https://sme.goiania.go.gov.br/conexaoescola/wp-content/uploads/2023/11/caca-palavras-usos-do-solo-300x232.png 300w" sizes="(max-width: 495px) 100vw, 495px" /></figure></div>


<hr class="wp-block-separator has-alpha-channel-opacity"/>



<figure class="wp-block-table is-style-stripes"><table><tbody><tr><td><strong>Autoria:</strong></td><td>Prof.ª Esp. Danielle Assis Borges Fantini</td></tr><tr><td><strong>Formação:</strong></td><td>Graduação:<br>– Graduada em Pedagogia e Graduanda em Jornalismo&nbsp;<br><br>Pós-graduação:<br>– MBA em Gestão das Tecnologias da Informação e da Comunicação – Educação<br>– Docência Universitária<br>– Psicopedagogia Institucional e Clínica<br>– Neuropedagogia Aplicada à Educação</td></tr><tr><td><strong>Componente Curricular:</strong></td><td>Ciências da Natureza</td></tr><tr><td><strong>Habilidade:</strong></td><td>(EF03CI10-A) Identificar os diferentes usos do solo reconhecendo sua importância para a agricultura e para a vida.</td></tr><tr><td><strong>Referências:</strong></td><td>COELHO, Geslie. Ciências, Vivências e Descobertas, 3º ano. 1 ed. São Paulo: FTD, 2012. &nbsp; <br><br>NORONHA, Maria Eduarda e SOARES, Maria Luiza. Construindo e Aprendendo: Manual do Educador, Ciências – 3º ano. Ensino Fundamental. Recife: Editora Construir, p. 25. &nbsp; <br><br>O QUE É O USO DO SOLO, PARTIDO VERDE, 2022. Disponível em: &lt; https://pv.org.br/o-que-e-uso-do-solo/.&gt;. Acesso em: 13, nov. 2023. &nbsp; <br><br>SOLO, Mundo Educação UOL, 2023. Disponível em: &lt;https://mundoeducacao.uol.com.br/geografia/o-solo.htm&gt;. Acesso em: 13, nov. 2023. &nbsp; <br><br>SOLO, Escola Kids, UOL, 2023. Disponível em: &lt; <a href="https://escolakids.uol.com.br/geografia/o-solo.htm">https://escolakids.uol.com.br/geografia/o-solo.htm#:~:text=O%20solo%20pode%20ser%20dividido,%2C%20argiloso%2C%20humoso%20e%20calc%C3%A1rio</a>.&gt; Acesso em: 13, nov. 2023.</td></tr><tr><td><strong>Documento curricular:</strong></td><td>DOCUMENTO CURRICULAR PARA GOIÁS – AMPLIADO (DC-GO AMPLIADO)</td></tr></tbody></table></figure>
