{"id":172281,"date":"2023-11-10T07:00:00","date_gmt":"2023-11-10T10:00:00","guid":{"rendered":"https:\/\/sme.goiania.go.gov.br\/conexaoescola\/?post_type=ensino_fundamental&#038;p=172281"},"modified":"2023-11-09T17:07:52","modified_gmt":"2023-11-09T20:07:52","slug":"ciencias-da-natureza-as-contribuicoes-do-ar-e-do-solo-para-as-plantas","status":"publish","type":"ensino_fundamental","link":"https:\/\/sme.goiania.go.gov.br\/conexaoescola\/ensino_fundamental\/ciencias-da-natureza-as-contribuicoes-do-ar-e-do-solo-para-as-plantas\/","title":{"rendered":"CI\u00caNCIAS DA NATUREZA \u2013 AS CONTRIBUI\u00c7\u00d5ES DO AR E DO SOLO PARA AS PLANTAS"},"content":{"rendered":"\n<p class=\"has-text-align-center has-electric-grass-gradient-background has-background has-medium-font-size\"><strong>ESTA PROPOSTA DE ATIVIDADE DE CI\u00caNCIAS DA NATUREZA&nbsp;\u00c9 DESTINADA AOS ESTUDANTES<\/strong>&nbsp;<strong>DO<\/strong>&nbsp;<strong>2\u00ba ANO DO ENSINO FUNDAMENTAL<\/strong>.<\/p>\n\n\n\n<div class=\"wp-block-buttons alignwide is-content-justification-center is-layout-flex wp-container-core-buttons-is-layout-16018d1d wp-block-buttons-is-layout-flex\">\n<div class=\"wp-block-button has-custom-width wp-block-button__width-25\"><a class=\"wp-block-button__link has-text-align-center wp-element-button\" href=\"https:\/\/drive.google.com\/uc?export=download&amp;id=1wsY0UD0WQ_Hw6J-3CAd51QQ5GA6LvMQm\" target=\"_blank\" rel=\"noreferrer noopener\"><strong>BAIXE A ATIVIDADE<\/strong><\/a><\/div>\n\n\n\n<div class=\"wp-block-button has-custom-width wp-block-button__width-25\"><a class=\"wp-block-button__link wp-element-button\" href=\"https:\/\/drive.google.com\/uc?export=download&amp;id=1UnQeeElnSVRhSj0IZEKu26PpOzRAUjMW\" target=\"_blank\" rel=\"noreferrer noopener\"><strong>BAIXE OS SLIDES<\/strong><\/a><\/div>\n\n\n\n<div class=\"wp-block-button has-custom-width wp-block-button__width-25\"><a class=\"wp-block-button__link wp-element-button\" href=\"https:\/\/drive.google.com\/uc?export=download&amp;id=1vt0xf6kkwrGlH1phhalYwKlq6Pmk4hWl\" target=\"_blank\" rel=\"noreferrer noopener\"><strong>BAIXE O TEXTO<\/strong><\/a><\/div>\n<\/div>\n\n\n\n<hr class=\"wp-block-separator has-alpha-channel-opacity\"\/>\n\n\n\n<p class=\"has-text-align-center has-medium-font-size\"><strong>AS CONTRIBUI\u00c7\u00d5ES DO AR E DO SOLO PARA AS PLANTAS<\/strong><\/p>\n\n\n\n<figure class=\"wp-block-audio\"><audio controls src=\"https:\/\/sme.goiania.go.gov.br\/conexaoescola\/wp-content\/uploads\/2023\/11\/raizes.m4a\"><\/audio><\/figure>\n\n\n\n<p class=\"has-medium-font-size\">AS PLANTAS DESEMPENHAM UM PAPEL FUNDAMENTAL EM NOSSO MUNDO, CONTRIBUINDO COM A PRODU\u00c7\u00c3O DE OXIG\u00caNIO, ALIMENTOS E BELEZA PARA O NOSSO PLANETA. NO ENTANTO, PARA QUE PROSPEREM, \u00c9 CRUCIAL COMPREENDER A IMPORT\u00c2NCIA DO AR E DO SOLO EM SUAS VIDAS.<\/p>\n\n\n\n<p class=\"has-medium-font-size\">O AR DESEMPENHA UM PAPEL ESSENCIAL PARA TODA A FLORA, POIS CONT\u00c9M UM G\u00c1S ESPECIAL DENOMINADO DI\u00d3XIDO DE CARBONO (CO2), QUE \u00c9 FUNDAMENTAL PARA O PROCESSO DE FOTOSS\u00cdNTESE, SENDO UM MECANISMO PELO QUAL AS PLANTAS TRANSFORMAM A LUZ SOLAR, \u00c1GUA E CO2 EM GLICOSE (ALIMENTO) E OXIG\u00caNIO. SEM A PRESEN\u00c7A DO AR, ELAS N\u00c3O PODEM REALIZAR ESSE PROCESSO.<\/p>\n\n\n\n<p class=\"has-medium-font-size\">O SOLO DESEMPENHA UM PAPEL CRUCIAL, PROPORCIONANDO UM AMBIENTE PARA O DESENVOLVIMENTO E FIXA\u00c7\u00c3O DAS RA\u00cdZES DAS PLANTAS. ADICIONALMENTE, ELE ABRIGA NUTRIENTES ESSENCIAIS, COMO NITROG\u00caNIO, F\u00d3SFORO E POT\u00c1SSIO, QUE S\u00c3O ABSORVIDOS PELAS RA\u00cdZES E DESEMPENHAM UM PAPEL FUNDAMENTAL NO CRESCIMENTO, FLORA\u00c7\u00c3O E PRODU\u00c7\u00c3O DE FRUTOS E SEMENTES.<\/p>\n\n\n\n<p class=\"has-text-align-center has-medium-font-size\"><strong>OBSERVE A SEGUINTE IMAGEM PARA RESPONDER \u00c0S QUEST\u00d5ES:<\/strong><\/p>\n\n\n<div class=\"wp-block-image\">\n<figure class=\"aligncenter size-large is-resized\"><img fetchpriority=\"high\" decoding=\"async\" src=\"https:\/\/sme.goiania.go.gov.br\/conexaoescola\/wp-content\/uploads\/2023\/11\/Censo-Escolar-12-1024x576.png\" alt=\"\" class=\"wp-image-172283\" width=\"478\" height=\"268\" srcset=\"https:\/\/sme.goiania.go.gov.br\/conexaoescola\/wp-content\/uploads\/2023\/11\/Censo-Escolar-12-1024x576.png 1024w, https:\/\/sme.goiania.go.gov.br\/conexaoescola\/wp-content\/uploads\/2023\/11\/Censo-Escolar-12-300x169.png 300w, https:\/\/sme.goiania.go.gov.br\/conexaoescola\/wp-content\/uploads\/2023\/11\/Censo-Escolar-12-768x432.png 768w, https:\/\/sme.goiania.go.gov.br\/conexaoescola\/wp-content\/uploads\/2023\/11\/Censo-Escolar-12-1536x864.png 1536w, https:\/\/sme.goiania.go.gov.br\/conexaoescola\/wp-content\/uploads\/2023\/11\/Censo-Escolar-12-2048x1152.png 2048w\" sizes=\"(max-width: 478px) 100vw, 478px\" \/><figcaption class=\"wp-element-caption\">Imagem retirada em: www.canva.com<\/figcaption><\/figure><\/div>\n\n\n<p class=\"has-electric-grass-gradient-background has-background has-medium-font-size\"><strong>QUEST\u00c3O 1<\/strong><\/p>\n\n\n\n<p class=\"has-medium-font-size\">SEGUNDO O TEXTO, <strong>QUAL<\/strong> G\u00c1S DO AR \u00c9 ESSENCIAL PARA AS PLANTAS REALIZAREM A FOTOSS\u00cdNTESE? <strong>ASSINALE<\/strong> A ALTERNATIVA CORRETA.<\/p>\n\n\n\n<p class=\"has-medium-font-size\">A) OXIG\u00caNIO<\/p>\n\n\n\n<p class=\"has-medium-font-size\">B) DI\u00d3XIDO DE CARBONO (CO2)<\/p>\n\n\n\n<p class=\"has-medium-font-size\">C) NITROG\u00caNIO<\/p>\n\n\n\n<p class=\"has-medium-font-size\">D) ARG\u00d4NIO<\/p>\n\n\n\n<p class=\"has-electric-grass-gradient-background has-background has-medium-font-size\"><strong>QUEST\u00c3O 2<\/strong><\/p>\n\n\n\n<p class=\"has-medium-font-size\">SEGUNDO A AUTORA, <strong>POR QUE<\/strong> O SOLO \u00c9 IMPORTANTE PARA AS PLANTAS? <strong>ASSINALE<\/strong> A ALTERNATIVA CORRETA.<\/p>\n\n\n\n<p class=\"has-medium-font-size\">A) FORNECE UM LUGAR PARA AS RA\u00cdZES CRESCEREM<\/p>\n\n\n\n<p class=\"has-medium-font-size\">B) CONT\u00c9M \u00c1GUA PARA AS PLANTAS BEBEREM<\/p>\n\n\n\n<p class=\"has-medium-font-size\">C) AJUDA AS PLANTAS A VOAREM NO VENTO<\/p>\n\n\n\n<p class=\"has-medium-font-size\">D) POR CONTA EXCLUSIVAMENTE DA FOTOSS\u00cdNTESE<\/p>\n\n\n\n<p class=\"has-electric-grass-gradient-background has-background has-medium-font-size\"><strong>QUEST\u00c3O 3<\/strong><\/p>\n\n\n\n<p class=\"has-medium-font-size\"><strong>POR QUE<\/strong> \u00c9 IMPORTANTE CUIDAR DAS PLANTAS E DO NOSSO PLANETA? <strong>RESPONDA<\/strong> ATRAV\u00c9S DE UMA ILUSTRA\u00c7\u00c3O.<\/p>\n\n\n\n<p class=\"has-electric-grass-gradient-background has-background has-medium-font-size\"><strong>QUEST\u00c3O 4<\/strong><\/p>\n\n\n\n<p class=\"has-medium-font-size\"><strong>LISTE<\/strong> ALGUMAS MANEIRAS DE AJUDAR AS PLANTAS A CRESCEREM SAUD\u00c1VEIS.<\/p>\n\n\n\n<hr class=\"wp-block-separator has-alpha-channel-opacity\"\/>\n\n\n\n<figure class=\"wp-block-table is-style-stripes\"><table><tbody><tr><td><strong>Autora:<\/strong><\/td><td>Prof\u00aa Esp. Danielle Assis Borges Fantini<\/td><\/tr><tr><td><strong>Forma\u00e7\u00e3o:<\/strong><\/td><td>Gradua\u00e7\u00e3o:<br>\u2013 Graduada em Pedagogia e Graduanda em Jornalismo&nbsp;<br><br>P\u00f3s-gradua\u00e7\u00e3o:<br>\u2013 MBA em Gest\u00e3o das Tecnologias da Informa\u00e7\u00e3o e da Comunica\u00e7\u00e3o \u2013 Educa\u00e7\u00e3o<br>\u2013 Doc\u00eancia Universit\u00e1ria<br>\u2013 Psicopedagogia Institucional e Cl\u00ednica<br>\u2013 Neuropedagogia Aplicada \u00e0 Educa\u00e7\u00e3o<\/td><\/tr><tr><td><strong>Componente Curricular:<\/strong><\/td><td>Ci\u00eancias da Natureza<\/td><\/tr><tr><td><strong>Habilidade:<\/strong><\/td><td>(EF02CI05) Investigar a import\u00e2ncia da \u00e1gua e da luz para a manuten\u00e7\u00e3o da vida de plantas em geral.<\/td><\/tr><tr><td><strong>Refer\u00eancias:<\/strong><\/td><td>A IMPORT\u00c2NCIA DO AR, Toda Mat\u00e9ria, UOL, 2023. Dispon\u00edvel em: &lt;https:\/\/www.todamateria.com.br\/a-importancia-do-ar\/#:~:text=Trata%2Dse%2C%20portanto%2C%20de,quais%20favorecem%20a%20produ%C3%A7%C3%A3o%20agr%C3%ADcola.&gt;. Acesso em: 06, nov. 2023. &nbsp; <br><br>HIRANAKA, Roberta Aparecida Bueno; HORTENCIO, Thiago Macedo de Abreu. Entrela\u00e7os: ci\u00eancias: 2\u00ba ano: ensino fundamental: anos iniciais. 1 ed. S\u00e3o Paulo: FTD, 2021. &nbsp; <br><br>J\u00fanior, C\u00e9sar da Silva [et.al]. Eu gosto: Ci\u00eancias: 2\u00ba ano: ensino fundamental. 1 ed. S\u00e3o Paulo: Pr\u00e1xis, 2021. &nbsp; <br><br>POR QUE O SOLO \u00c9 T\u00c3O IMPORTANTE QUANTO A \u00c1GUA E O AR?, Embrapa, 2023. Dispon\u00edvel em: &lt;https:\/\/www.embrapa.br\/busca-de-noticias\/-\/noticia\/57867457\/artigo-por-que-o-solo-e-tao-importante-quanto-a-agua-e-o-ar#:~:text=Al%C3%A9m%20disso%2C%20o%20solo%20tem,dos%20gases%20de%20efeito%20estufa.&gt;. Acesso em: 06, nov. 2023. &nbsp;<\/td><\/tr><tr><td><strong>Documento norteador:<\/strong><\/td><td>DOCUMENTO CURRICULAR PARA GOI\u00c1S \u2013 AMPLIADO (DC-GO AMPLIADO)<\/td><\/tr><\/tbody><\/table><\/figure>\n","protected":false},"author":64,"featured_media":172283,"template":"","ef_categoria":[193,18],"ef_ano":[85],"ef_componente":[98],"class_list":["post-172281","ensino_fundamental","type-ensino_fundamental","status-publish","has-post-thumbnail","hentry","ef_categoria-anos-iniciais","ef_categoria-educacao-ambiental-e-saude","ef_ano-2o-ano","ef_componente-ciencia-da-natureza-ef","entry","has-media"],"acf":[],"_links":{"self":[{"href":"https:\/\/sme.goiania.go.gov.br\/conexaoescola\/wp-json\/wp\/v2\/ensino_fundamental\/172281","targetHints":{"allow":["GET"]}}],"collection":[{"href":"https:\/\/sme.goiania.go.gov.br\/conexaoescola\/wp-json\/wp\/v2\/ensino_fundamental"}],"about":[{"href":"https:\/\/sme.goiania.go.gov.br\/conexaoescola\/wp-json\/wp\/v2\/types\/ensino_fundamental"}],"author":[{"embeddable":true,"href":"https:\/\/sme.goiania.go.gov.br\/conexaoescola\/wp-json\/wp\/v2\/users\/64"}],"version-history":[{"count":4,"href":"https:\/\/sme.goiania.go.gov.br\/conexaoescola\/wp-json\/wp\/v2\/ensino_fundamental\/172281\/revisions"}],"predecessor-version":[{"id":172599,"href":"https:\/\/sme.goiania.go.gov.br\/conexaoescola\/wp-json\/wp\/v2\/ensino_fundamental\/172281\/revisions\/172599"}],"wp:featuredmedia":[{"embeddable":true,"href":"https:\/\/sme.goiania.go.gov.br\/conexaoescola\/wp-json\/wp\/v2\/media\/172283"}],"wp:attachment":[{"href":"https:\/\/sme.goiania.go.gov.br\/conexaoescola\/wp-json\/wp\/v2\/media?parent=172281"}],"wp:term":[{"taxonomy":"ef_categoria","embeddable":true,"href":"https:\/\/sme.goiania.go.gov.br\/conexaoescola\/wp-json\/wp\/v2\/ef_categoria?post=172281"},{"taxonomy":"ef_ano","embeddable":true,"href":"https:\/\/sme.goiania.go.gov.br\/conexaoescola\/wp-json\/wp\/v2\/ef_ano?post=172281"},{"taxonomy":"ef_componente","embeddable":true,"href":"https:\/\/sme.goiania.go.gov.br\/conexaoescola\/wp-json\/wp\/v2\/ef_componente?post=172281"}],"curies":[{"name":"wp","href":"https:\/\/api.w.org\/{rel}","templated":true}]}}

CIÊNCIAS DA NATUREZA – AS CONTRIBUIÇÕES DO AR E DO SOLO PARA AS PLANTAS

<p class="has-text-align-center has-electric-grass-gradient-background has-background has-medium-font-size"><strong>ESTA PROPOSTA DE ATIVIDADE DE CIÊNCIAS DA NATUREZA&nbsp;É DESTINADA AOS ESTUDANTES</strong>&nbsp;<strong>DO</strong>&nbsp;<strong>2º ANO DO ENSINO FUNDAMENTAL</strong>.</p>



<div class="wp-block-buttons alignwide is-content-justification-center is-layout-flex wp-container-core-buttons-is-layout-16018d1d wp-block-buttons-is-layout-flex">
<div class="wp-block-button has-custom-width wp-block-button__width-25"><a class="wp-block-button__link has-text-align-center wp-element-button" href="https://drive.google.com/uc?export=download&amp;id=1wsY0UD0WQ_Hw6J-3CAd51QQ5GA6LvMQm" target="_blank" rel="noreferrer noopener"><strong>BAIXE A ATIVIDADE</strong></a></div>



<div class="wp-block-button has-custom-width wp-block-button__width-25"><a class="wp-block-button__link wp-element-button" href="https://drive.google.com/uc?export=download&amp;id=1UnQeeElnSVRhSj0IZEKu26PpOzRAUjMW" target="_blank" rel="noreferrer noopener"><strong>BAIXE OS SLIDES</strong></a></div>



<div class="wp-block-button has-custom-width wp-block-button__width-25"><a class="wp-block-button__link wp-element-button" href="https://drive.google.com/uc?export=download&amp;id=1vt0xf6kkwrGlH1phhalYwKlq6Pmk4hWl" target="_blank" rel="noreferrer noopener"><strong>BAIXE O TEXTO</strong></a></div>
</div>



<hr class="wp-block-separator has-alpha-channel-opacity"/>



<p class="has-text-align-center has-medium-font-size"><strong>AS CONTRIBUIÇÕES DO AR E DO SOLO PARA AS PLANTAS</strong></p>



<figure class="wp-block-audio"><audio controls src="https://sme.goiania.go.gov.br/conexaoescola/wp-content/uploads/2023/11/raizes.m4a"></audio></figure>



<p class="has-medium-font-size">AS PLANTAS DESEMPENHAM UM PAPEL FUNDAMENTAL EM NOSSO MUNDO, CONTRIBUINDO COM A PRODUÇÃO DE OXIGÊNIO, ALIMENTOS E BELEZA PARA O NOSSO PLANETA. NO ENTANTO, PARA QUE PROSPEREM, É CRUCIAL COMPREENDER A IMPORTÂNCIA DO AR E DO SOLO EM SUAS VIDAS.</p>



<p class="has-medium-font-size">O AR DESEMPENHA UM PAPEL ESSENCIAL PARA TODA A FLORA, POIS CONTÉM UM GÁS ESPECIAL DENOMINADO DIÓXIDO DE CARBONO (CO2), QUE É FUNDAMENTAL PARA O PROCESSO DE FOTOSSÍNTESE, SENDO UM MECANISMO PELO QUAL AS PLANTAS TRANSFORMAM A LUZ SOLAR, ÁGUA E CO2 EM GLICOSE (ALIMENTO) E OXIGÊNIO. SEM A PRESENÇA DO AR, ELAS NÃO PODEM REALIZAR ESSE PROCESSO.</p>



<p class="has-medium-font-size">O SOLO DESEMPENHA UM PAPEL CRUCIAL, PROPORCIONANDO UM AMBIENTE PARA O DESENVOLVIMENTO E FIXAÇÃO DAS RAÍZES DAS PLANTAS. ADICIONALMENTE, ELE ABRIGA NUTRIENTES ESSENCIAIS, COMO NITROGÊNIO, FÓSFORO E POTÁSSIO, QUE SÃO ABSORVIDOS PELAS RAÍZES E DESEMPENHAM UM PAPEL FUNDAMENTAL NO CRESCIMENTO, FLORAÇÃO E PRODUÇÃO DE FRUTOS E SEMENTES.</p>



<p class="has-text-align-center has-medium-font-size"><strong>OBSERVE A SEGUINTE IMAGEM PARA RESPONDER ÀS QUESTÕES:</strong></p>


<div class="wp-block-image">
<figure class="aligncenter size-large is-resized"><img fetchpriority="high" decoding="async" src="https://sme.goiania.go.gov.br/conexaoescola/wp-content/uploads/2023/11/Censo-Escolar-12-1024x576.png" alt="" class="wp-image-172283" width="478" height="268" srcset="https://sme.goiania.go.gov.br/conexaoescola/wp-content/uploads/2023/11/Censo-Escolar-12-1024x576.png 1024w, https://sme.goiania.go.gov.br/conexaoescola/wp-content/uploads/2023/11/Censo-Escolar-12-300x169.png 300w, https://sme.goiania.go.gov.br/conexaoescola/wp-content/uploads/2023/11/Censo-Escolar-12-768x432.png 768w, https://sme.goiania.go.gov.br/conexaoescola/wp-content/uploads/2023/11/Censo-Escolar-12-1536x864.png 1536w, https://sme.goiania.go.gov.br/conexaoescola/wp-content/uploads/2023/11/Censo-Escolar-12-2048x1152.png 2048w" sizes="(max-width: 478px) 100vw, 478px" /><figcaption class="wp-element-caption">Imagem retirada em: www.canva.com</figcaption></figure></div>


<p class="has-electric-grass-gradient-background has-background has-medium-font-size"><strong>QUESTÃO 1</strong></p>



<p class="has-medium-font-size">SEGUNDO O TEXTO, <strong>QUAL</strong> GÁS DO AR É ESSENCIAL PARA AS PLANTAS REALIZAREM A FOTOSSÍNTESE? <strong>ASSINALE</strong> A ALTERNATIVA CORRETA.</p>



<p class="has-medium-font-size">A) OXIGÊNIO</p>



<p class="has-medium-font-size">B) DIÓXIDO DE CARBONO (CO2)</p>



<p class="has-medium-font-size">C) NITROGÊNIO</p>



<p class="has-medium-font-size">D) ARGÔNIO</p>



<p class="has-electric-grass-gradient-background has-background has-medium-font-size"><strong>QUESTÃO 2</strong></p>



<p class="has-medium-font-size">SEGUNDO A AUTORA, <strong>POR QUE</strong> O SOLO É IMPORTANTE PARA AS PLANTAS? <strong>ASSINALE</strong> A ALTERNATIVA CORRETA.</p>



<p class="has-medium-font-size">A) FORNECE UM LUGAR PARA AS RAÍZES CRESCEREM</p>



<p class="has-medium-font-size">B) CONTÉM ÁGUA PARA AS PLANTAS BEBEREM</p>



<p class="has-medium-font-size">C) AJUDA AS PLANTAS A VOAREM NO VENTO</p>



<p class="has-medium-font-size">D) POR CONTA EXCLUSIVAMENTE DA FOTOSSÍNTESE</p>



<p class="has-electric-grass-gradient-background has-background has-medium-font-size"><strong>QUESTÃO 3</strong></p>



<p class="has-medium-font-size"><strong>POR QUE</strong> É IMPORTANTE CUIDAR DAS PLANTAS E DO NOSSO PLANETA? <strong>RESPONDA</strong> ATRAVÉS DE UMA ILUSTRAÇÃO.</p>



<p class="has-electric-grass-gradient-background has-background has-medium-font-size"><strong>QUESTÃO 4</strong></p>



<p class="has-medium-font-size"><strong>LISTE</strong> ALGUMAS MANEIRAS DE AJUDAR AS PLANTAS A CRESCEREM SAUDÁVEIS.</p>



<hr class="wp-block-separator has-alpha-channel-opacity"/>



<figure class="wp-block-table is-style-stripes"><table><tbody><tr><td><strong>Autora:</strong></td><td>Profª Esp. Danielle Assis Borges Fantini</td></tr><tr><td><strong>Formação:</strong></td><td>Graduação:<br>– Graduada em Pedagogia e Graduanda em Jornalismo&nbsp;<br><br>Pós-graduação:<br>– MBA em Gestão das Tecnologias da Informação e da Comunicação – Educação<br>– Docência Universitária<br>– Psicopedagogia Institucional e Clínica<br>– Neuropedagogia Aplicada à Educação</td></tr><tr><td><strong>Componente Curricular:</strong></td><td>Ciências da Natureza</td></tr><tr><td><strong>Habilidade:</strong></td><td>(EF02CI05) Investigar a importância da água e da luz para a manutenção da vida de plantas em geral.</td></tr><tr><td><strong>Referências:</strong></td><td>A IMPORTÂNCIA DO AR, Toda Matéria, UOL, 2023. Disponível em: &lt;https://www.todamateria.com.br/a-importancia-do-ar/#:~:text=Trata%2Dse%2C%20portanto%2C%20de,quais%20favorecem%20a%20produ%C3%A7%C3%A3o%20agr%C3%ADcola.&gt;. Acesso em: 06, nov. 2023. &nbsp; <br><br>HIRANAKA, Roberta Aparecida Bueno; HORTENCIO, Thiago Macedo de Abreu. Entrelaços: ciências: 2º ano: ensino fundamental: anos iniciais. 1 ed. São Paulo: FTD, 2021. &nbsp; <br><br>Júnior, César da Silva [et.al]. Eu gosto: Ciências: 2º ano: ensino fundamental. 1 ed. São Paulo: Práxis, 2021. &nbsp; <br><br>POR QUE O SOLO É TÃO IMPORTANTE QUANTO A ÁGUA E O AR?, Embrapa, 2023. Disponível em: &lt;https://www.embrapa.br/busca-de-noticias/-/noticia/57867457/artigo-por-que-o-solo-e-tao-importante-quanto-a-agua-e-o-ar#:~:text=Al%C3%A9m%20disso%2C%20o%20solo%20tem,dos%20gases%20de%20efeito%20estufa.&gt;. Acesso em: 06, nov. 2023. &nbsp;</td></tr><tr><td><strong>Documento norteador:</strong></td><td>DOCUMENTO CURRICULAR PARA GOIÁS – AMPLIADO (DC-GO AMPLIADO)</td></tr></tbody></table></figure>
