{"id":171905,"date":"2023-10-26T19:44:52","date_gmt":"2023-10-26T22:44:52","guid":{"rendered":"https:\/\/sme.goiania.go.gov.br\/conexaoescola\/?post_type=ensino_fundamental&#038;p=171905"},"modified":"2024-01-15T20:51:36","modified_gmt":"2024-01-15T23:51:36","slug":"matematica-estabelecer-relacoes-entre-unidades-de-medida-de-tempo","status":"publish","type":"ensino_fundamental","link":"https:\/\/sme.goiania.go.gov.br\/conexaoescola\/ensino_fundamental\/matematica-estabelecer-relacoes-entre-unidades-de-medida-de-tempo\/","title":{"rendered":"Matem\u00e1tica &#8211; Estabelecer rela\u00e7\u00f5es entre unidades de medida de tempo"},"content":{"rendered":"\n<p class=\"has-text-align-center has-background has-medium-font-size\" style=\"background-color:#fdc6ce\">E<strong>sta atividade tem como base as Sequ\u00eancias Did\u00e1ticas propostas pelo Programa Minha Escola \u00e9 Nota 10 (MEN 10) &#8211; Goi\u00e2nia, com base no DC-GO Ampliado e est\u00e1 destinada a estudantes do 5\u00ba ano do Ensino Fundamental.<\/strong> <\/p>\n\n\n\n<p class=\"has-background has-medium-font-size\" style=\"background-color:#fdc6ce\">D 8 &#8211; Estabelecer rela\u00e7\u00f5es entre unidades de medida de tempo.<\/p>\n\n\n\n<div class=\"wp-block-buttons is-content-justification-center is-layout-flex wp-container-core-buttons-is-layout-16018d1d wp-block-buttons-is-layout-flex\">\n<div class=\"wp-block-button has-custom-font-size has-medium-font-size\"><a class=\"wp-block-button__link wp-element-button\" href=\"https:\/\/drive.google.com\/uc?export=download&amp;id=1SF1OB8JaINloXq_SP-cbIhdbT5j1RAs9\" target=\"_blank\" rel=\"noreferrer noopener\">BAIXE A ATIVIDADE<\/a><\/div>\n\n\n\n<div class=\"wp-block-button has-custom-font-size has-medium-font-size\"><a class=\"wp-block-button__link wp-element-button\" href=\"https:\/\/drive.google.com\/uc?export=download&amp;id=1a_hD7HJQlrvglKLmQ_CpbXg-AcDItL2f\" target=\"_blank\" rel=\"noreferrer noopener\">BAIXE OS SLIDES<\/a><\/div>\n\n\n\n<div class=\"wp-block-button has-custom-font-size has-medium-font-size\"><a class=\"wp-block-button__link wp-element-button\" href=\"https:\/\/drive.google.com\/uc?export=download&amp;id=1aNCAVn8QjtUeSRvYM9_Rh25DEsaeJlBV\" target=\"_blank\" rel=\"noreferrer noopener\">BAIXE O TEXTO <\/a><\/div>\n<\/div>\n\n\n\n<hr class=\"wp-block-separator has-alpha-channel-opacity\"\/>\n\n\n\n<p class=\"has-text-align-center has-medium-font-size\"><strong>Estabelecer rela\u00e7\u00f5es entre unidades de medida de tempo<\/strong><\/p>\n\n\n\n<p class=\"has-medium-font-size\">Entender como medimos e relacionamos o tempo \u00e9 essencial para organizarmos nossas atividades di\u00e1rias e compreendermos eventos hist\u00f3ricos. Vamos mergulhar nesse assunto importante juntos!<\/p>\n\n\n\n<p class=\"has-medium-font-size\"><strong>O que s\u00e3o unidades de medida de tempo?<\/strong><\/p>\n\n\n\n<p class=\"has-medium-font-size\">As unidades de medida de tempo nos ajudam a quantificar e comparar a dura\u00e7\u00e3o de eventos, desde os instantes mais breves at\u00e9 os per\u00edodos mais longos. As unidades mais comuns incluem:<\/p>\n\n\n\n<p class=\"has-medium-font-size\"><strong>Segundos<\/strong>: O menor intervalo de tempo que geralmente usamos para medir atividades r\u00e1pidas, como contar at\u00e9 60 para completar um minuto.<\/p>\n\n\n\n<p class=\"has-medium-font-size\"><strong>Minutos<\/strong>: Representam 60 segundos e s\u00e3o utilizados para medir atividades mais longas, como a dura\u00e7\u00e3o de uma aula na escola.<\/p>\n\n\n\n<p class=\"has-medium-font-size\"><strong>Horas<\/strong>: Um dia \u00e9 dividido em 24 horas. Isso nos ajuda a organizar nossas atividades di\u00e1rias, como acordar, estudar, comer e dormir.<\/p>\n\n\n\n<p class=\"has-medium-font-size\"><strong>Dias<\/strong>: Medimos os dias para entender a dura\u00e7\u00e3o de eventos que se estendem por um per\u00edodo maior, como as f\u00e9rias ou os dias letivos na escola.<\/p>\n\n\n\n<p class=\"has-medium-font-size\"><strong>Semanas, Meses e Anos<\/strong>: Essas unidades nos permitem compreender e planejar eventos que se estendem por per\u00edodos mais longos, como os feriados de final de ano ou o tempo que levamos para crescer.<\/p>\n\n\n\n<p class=\"has-medium-font-size\"><strong>Rela\u00e7\u00f5es entre as unidades de tempo<\/strong><\/p>\n\n\n\n<p class=\"has-medium-font-size\">Entender como essas unidades se relacionam \u00e9 muito importante. Por exemplo, sabemos que:<\/p>\n\n\n\n<ul class=\"wp-block-list\">\n<li class=\"has-medium-font-size\">1 minuto possui 60 segundos.<\/li>\n\n\n\n<li class=\"has-medium-font-size\">1 hora possui 60 minutos.<\/li>\n\n\n\n<li class=\"has-medium-font-size\">1 dia possui 24 horas.<\/li>\n\n\n\n<li class=\"has-medium-font-size\">1 semana possui 7 dias.<\/li>\n\n\n\n<li class=\"has-medium-font-size\">1 m\u00eas pode ter de 28 a 31 dias, dependendo do m\u00eas.<\/li>\n<\/ul>\n\n\n\n<p class=\"has-medium-font-size\">Isso nos ajuda a converter unidades de tempo e entender melhor a dura\u00e7\u00e3o de eventos em nossa vida cotidiana.<\/p>\n\n\n\n<p class=\"has-medium-font-size\"><strong>Por que \u00e9 importante saber isso?<\/strong><\/p>\n\n\n\n<p class=\"has-medium-font-size\">Saber relacionar as unidades de medida de tempo \u00e9 essencial para gerenciar nosso tempo de forma eficaz. Al\u00e9m disso, nos ajuda a entender a hist\u00f3ria e os eventos que moldaram o mundo ao longo do tempo.<\/p>\n\n\n\n<hr class=\"wp-block-separator has-css-opacity\"\/>\n\n\n\n<p class=\"has-text-align-center has-background has-medium-font-size\" style=\"background-color:#fdc6ce\"><strong>Assista a videoaula  a seguir:<\/strong><\/p>\n\n\n\n<figure class=\"wp-block-embed is-type-video is-provider-youtube wp-block-embed-youtube wp-embed-aspect-16-9 wp-has-aspect-ratio\"><div class=\"wp-block-embed__wrapper\">\n<p class=\"responsive-video-wrap clr\"><iframe title=\"Videoaula 6 - Matem\u00e1tica - D8 - Estabelecer rela\u00e7\u00f5es entre unidades de medida de tempo - 5\u00ba Ano\" width=\"1200\" height=\"675\" src=\"https:\/\/www.youtube.com\/embed\/DaQC9q7A9oY?feature=oembed\" frameborder=\"0\" allow=\"accelerometer; autoplay; clipboard-write; encrypted-media; gyroscope; picture-in-picture; web-share\" allowfullscreen><\/iframe><\/p>\n<\/div><figcaption class=\"wp-element-caption\">Dispon\u00edvel em: YouTube, Canal: Portal Conex\u00e3o Escola &#8211; Videoaula 6 &#8211; Matem\u00e1tica &#8211; D8 &#8211; Estabelecer rela\u00e7\u00f5es entre unidades de medida de tempo &#8211; 5\u00ba Ano<\/figcaption><\/figure>\n\n\n\n<p class=\"has-background has-medium-font-size\" style=\"background-color:#65b19c\"><strong>Quest\u00e3o 1 <\/strong><\/p>\n\n\n\n<p class=\"has-medium-font-size\">Devido a trabalhos de reparo, uma pista de corrida ficou fechada por 3 semanas. Quantos dias a pista de corrida ficou indispon\u00edvel?<br>a) 14 dias<br>b) 18 dias<br>c) 21 dias<br>d) 24 dias<\/p>\n\n\n\n<p class=\"has-background has-medium-font-size\" style=\"background-color:#65b19c\"><strong>Quest\u00e3o 2<\/strong><\/p>\n\n\n\n<p class=\"has-medium-font-size\">Um projeto de constru\u00e7\u00e3o foi planejado para durar 10 meses. Quantas semanas o projeto levar\u00e1 para ser conclu\u00eddo?<br>a) 36 semanas<br>b) 40 semanas<br>c) 30 semanas<br>d) 44 semanas<\/p>\n\n\n\n<p class=\"has-background has-medium-font-size\" style=\"background-color:#65b19c\"><strong>Quest\u00e3o 3<\/strong><\/p>\n\n\n\n<p class=\"has-medium-font-size\">Um jogo de basquete come\u00e7ou \u00e0s 15h30 e terminou \u00e0s 17h15. Qual foi a dura\u00e7\u00e3o total do jogo em minutos? Explique como voc\u00ea chegou a essa resposta.<\/p>\n\n\n\n<p class=\"has-background has-medium-font-size\" style=\"background-color:#65b19c\"><strong>Quest\u00e3o 4<\/strong><\/p>\n\n\n\n<p class=\"has-medium-font-size\">Todos os dias, Carlos tem chegado atrasado ao seu trabalho por causa do engarrafamento. Hoje ele teve 30 minutos de atraso. Em segundos, esse tempo representa:<\/p>\n\n\n\n<hr class=\"wp-block-separator has-css-opacity\"\/>\n\n\n\n<figure class=\"wp-block-table alignwide is-style-stripes\"><table><tbody><tr><td><strong>Autoria:<\/strong><\/td><td>Lucyana Oliveira Borba<\/td><\/tr><tr><td><strong>Forma\u00e7\u00e3o:<\/strong><\/td><td>Pedagogia<\/td><\/tr><tr><td><strong>Componente Curricular:<\/strong><\/td><td>Matem\u00e1tica<\/td><\/tr><tr><td><strong>Descritores<\/strong><\/td><td>D 8 &#8211; Estabelecer rela\u00e7\u00f5es entre unidades de medida de tempo.<\/td><\/tr><tr><td><strong>Habilidades<\/strong><\/td><td>(EF03MA22) Ler e registrar medidas e intervalos de tempo, utilizando rel\u00f3gios (anal\u00f3gico e digital) para informar os hor\u00e1rios de in\u00edcio e t\u00e9rmino de realiza\u00e7\u00e3o de uma atividade e sua dura\u00e7\u00e3o. (EF03MA23) Ler horas em rel\u00f3gios digitais e em rel\u00f3gios anal\u00f3gicos e reconhecer a rela\u00e7\u00e3o entre hora e minutos e entre minuto e segundos.<\/td><\/tr><tr><td><strong>Refer\u00eancias:<\/strong><\/td><td>BRASIL. Minist\u00e9rio da Educa\u00e7\u00e3o. Base Nacional Comum Curricular. Bras\u00edlia, 2018.<br>CADERNO APRENDER SEMPRE &#8211; 3\u00ba Bimestre 2023- 5\u00baAno\/ Ensino Fundamental\/ L\u00edngua Portuguesa e Matem\u00e1tica\/ Prefeitura de Goi\u00e2nia- Secretaria Municipal de Educa\u00e7\u00e3o.<br>Documento Curricular para Goi\u00e1s (DC-GO). Goi\u00e2nia\/GO: CONSED\/ UNDIME Goi\u00e1s, 2018.&nbsp;Dispon\u00edvel em: &lt;<a href=\"https:\/\/cutt.ly\/MOsX7AS\">https:\/\/cutt.ly\/MOsX7AS<\/a>&gt; acessado em 26, jan. 22.<\/td><\/tr><\/tbody><\/table><\/figure>\n","protected":false},"author":46,"featured_media":171906,"template":"","ef_categoria":[13,19],"ef_ano":[88],"ef_componente":[94],"class_list":["post-171905","ensino_fundamental","type-ensino_fundamental","status-publish","has-post-thumbnail","hentry","ef_categoria-ciclo-da-infancia-abc","ef_categoria-educacao-financeira-e-empreendedorismo","ef_ano-5o-ano","ef_componente-matematica","entry","has-media"],"acf":[],"_links":{"self":[{"href":"https:\/\/sme.goiania.go.gov.br\/conexaoescola\/wp-json\/wp\/v2\/ensino_fundamental\/171905","targetHints":{"allow":["GET"]}}],"collection":[{"href":"https:\/\/sme.goiania.go.gov.br\/conexaoescola\/wp-json\/wp\/v2\/ensino_fundamental"}],"about":[{"href":"https:\/\/sme.goiania.go.gov.br\/conexaoescola\/wp-json\/wp\/v2\/types\/ensino_fundamental"}],"author":[{"embeddable":true,"href":"https:\/\/sme.goiania.go.gov.br\/conexaoescola\/wp-json\/wp\/v2\/users\/46"}],"version-history":[{"count":4,"href":"https:\/\/sme.goiania.go.gov.br\/conexaoescola\/wp-json\/wp\/v2\/ensino_fundamental\/171905\/revisions"}],"predecessor-version":[{"id":175673,"href":"https:\/\/sme.goiania.go.gov.br\/conexaoescola\/wp-json\/wp\/v2\/ensino_fundamental\/171905\/revisions\/175673"}],"wp:featuredmedia":[{"embeddable":true,"href":"https:\/\/sme.goiania.go.gov.br\/conexaoescola\/wp-json\/wp\/v2\/media\/171906"}],"wp:attachment":[{"href":"https:\/\/sme.goiania.go.gov.br\/conexaoescola\/wp-json\/wp\/v2\/media?parent=171905"}],"wp:term":[{"taxonomy":"ef_categoria","embeddable":true,"href":"https:\/\/sme.goiania.go.gov.br\/conexaoescola\/wp-json\/wp\/v2\/ef_categoria?post=171905"},{"taxonomy":"ef_ano","embeddable":true,"href":"https:\/\/sme.goiania.go.gov.br\/conexaoescola\/wp-json\/wp\/v2\/ef_ano?post=171905"},{"taxonomy":"ef_componente","embeddable":true,"href":"https:\/\/sme.goiania.go.gov.br\/conexaoescola\/wp-json\/wp\/v2\/ef_componente?post=171905"}],"curies":[{"name":"wp","href":"https:\/\/api.w.org\/{rel}","templated":true}]}}

Matemática &#8211; Estabelecer relações entre unidades de medida de tempo

<p class="has-text-align-center has-background has-medium-font-size" style="background-color:#fdc6ce">E<strong>sta atividade tem como base as Sequências Didáticas propostas pelo Programa Minha Escola é Nota 10 (MEN 10) &#8211; Goiânia, com base no DC-GO Ampliado e está destinada a estudantes do 5º ano do Ensino Fundamental.</strong> </p>



<p class="has-background has-medium-font-size" style="background-color:#fdc6ce">D 8 &#8211; Estabelecer relações entre unidades de medida de tempo.</p>



<div class="wp-block-buttons is-content-justification-center is-layout-flex wp-container-core-buttons-is-layout-16018d1d wp-block-buttons-is-layout-flex">
<div class="wp-block-button has-custom-font-size has-medium-font-size"><a class="wp-block-button__link wp-element-button" href="https://drive.google.com/uc?export=download&amp;id=1SF1OB8JaINloXq_SP-cbIhdbT5j1RAs9" target="_blank" rel="noreferrer noopener">BAIXE A ATIVIDADE</a></div>



<div class="wp-block-button has-custom-font-size has-medium-font-size"><a class="wp-block-button__link wp-element-button" href="https://drive.google.com/uc?export=download&amp;id=1a_hD7HJQlrvglKLmQ_CpbXg-AcDItL2f" target="_blank" rel="noreferrer noopener">BAIXE OS SLIDES</a></div>



<div class="wp-block-button has-custom-font-size has-medium-font-size"><a class="wp-block-button__link wp-element-button" href="https://drive.google.com/uc?export=download&amp;id=1aNCAVn8QjtUeSRvYM9_Rh25DEsaeJlBV" target="_blank" rel="noreferrer noopener">BAIXE O TEXTO </a></div>
</div>



<hr class="wp-block-separator has-alpha-channel-opacity"/>



<p class="has-text-align-center has-medium-font-size"><strong>Estabelecer relações entre unidades de medida de tempo</strong></p>



<p class="has-medium-font-size">Entender como medimos e relacionamos o tempo é essencial para organizarmos nossas atividades diárias e compreendermos eventos históricos. Vamos mergulhar nesse assunto importante juntos!</p>



<p class="has-medium-font-size"><strong>O que são unidades de medida de tempo?</strong></p>



<p class="has-medium-font-size">As unidades de medida de tempo nos ajudam a quantificar e comparar a duração de eventos, desde os instantes mais breves até os períodos mais longos. As unidades mais comuns incluem:</p>



<p class="has-medium-font-size"><strong>Segundos</strong>: O menor intervalo de tempo que geralmente usamos para medir atividades rápidas, como contar até 60 para completar um minuto.</p>



<p class="has-medium-font-size"><strong>Minutos</strong>: Representam 60 segundos e são utilizados para medir atividades mais longas, como a duração de uma aula na escola.</p>



<p class="has-medium-font-size"><strong>Horas</strong>: Um dia é dividido em 24 horas. Isso nos ajuda a organizar nossas atividades diárias, como acordar, estudar, comer e dormir.</p>



<p class="has-medium-font-size"><strong>Dias</strong>: Medimos os dias para entender a duração de eventos que se estendem por um período maior, como as férias ou os dias letivos na escola.</p>



<p class="has-medium-font-size"><strong>Semanas, Meses e Anos</strong>: Essas unidades nos permitem compreender e planejar eventos que se estendem por períodos mais longos, como os feriados de final de ano ou o tempo que levamos para crescer.</p>



<p class="has-medium-font-size"><strong>Relações entre as unidades de tempo</strong></p>



<p class="has-medium-font-size">Entender como essas unidades se relacionam é muito importante. Por exemplo, sabemos que:</p>



<ul class="wp-block-list">
<li class="has-medium-font-size">1 minuto possui 60 segundos.</li>



<li class="has-medium-font-size">1 hora possui 60 minutos.</li>



<li class="has-medium-font-size">1 dia possui 24 horas.</li>



<li class="has-medium-font-size">1 semana possui 7 dias.</li>



<li class="has-medium-font-size">1 mês pode ter de 28 a 31 dias, dependendo do mês.</li>
</ul>



<p class="has-medium-font-size">Isso nos ajuda a converter unidades de tempo e entender melhor a duração de eventos em nossa vida cotidiana.</p>



<p class="has-medium-font-size"><strong>Por que é importante saber isso?</strong></p>



<p class="has-medium-font-size">Saber relacionar as unidades de medida de tempo é essencial para gerenciar nosso tempo de forma eficaz. Além disso, nos ajuda a entender a história e os eventos que moldaram o mundo ao longo do tempo.</p>



<hr class="wp-block-separator has-css-opacity"/>



<p class="has-text-align-center has-background has-medium-font-size" style="background-color:#fdc6ce"><strong>Assista a videoaula  a seguir:</strong></p>



<figure class="wp-block-embed is-type-video is-provider-youtube wp-block-embed-youtube wp-embed-aspect-16-9 wp-has-aspect-ratio"><div class="wp-block-embed__wrapper">
<p class="responsive-video-wrap clr"><iframe title="Videoaula 6 - Matemática - D8 - Estabelecer relações entre unidades de medida de tempo - 5º Ano" width="1200" height="675" src="https://www.youtube.com/embed/DaQC9q7A9oY?feature=oembed" frameborder="0" allow="accelerometer; autoplay; clipboard-write; encrypted-media; gyroscope; picture-in-picture; web-share" allowfullscreen></iframe></p>
</div><figcaption class="wp-element-caption">Disponível em: YouTube, Canal: Portal Conexão Escola &#8211; Videoaula 6 &#8211; Matemática &#8211; D8 &#8211; Estabelecer relações entre unidades de medida de tempo &#8211; 5º Ano</figcaption></figure>



<p class="has-background has-medium-font-size" style="background-color:#65b19c"><strong>Questão 1 </strong></p>



<p class="has-medium-font-size">Devido a trabalhos de reparo, uma pista de corrida ficou fechada por 3 semanas. Quantos dias a pista de corrida ficou indisponível?<br>a) 14 dias<br>b) 18 dias<br>c) 21 dias<br>d) 24 dias</p>



<p class="has-background has-medium-font-size" style="background-color:#65b19c"><strong>Questão 2</strong></p>



<p class="has-medium-font-size">Um projeto de construção foi planejado para durar 10 meses. Quantas semanas o projeto levará para ser concluído?<br>a) 36 semanas<br>b) 40 semanas<br>c) 30 semanas<br>d) 44 semanas</p>



<p class="has-background has-medium-font-size" style="background-color:#65b19c"><strong>Questão 3</strong></p>



<p class="has-medium-font-size">Um jogo de basquete começou às 15h30 e terminou às 17h15. Qual foi a duração total do jogo em minutos? Explique como você chegou a essa resposta.</p>



<p class="has-background has-medium-font-size" style="background-color:#65b19c"><strong>Questão 4</strong></p>



<p class="has-medium-font-size">Todos os dias, Carlos tem chegado atrasado ao seu trabalho por causa do engarrafamento. Hoje ele teve 30 minutos de atraso. Em segundos, esse tempo representa:</p>



<hr class="wp-block-separator has-css-opacity"/>



<figure class="wp-block-table alignwide is-style-stripes"><table><tbody><tr><td><strong>Autoria:</strong></td><td>Lucyana Oliveira Borba</td></tr><tr><td><strong>Formação:</strong></td><td>Pedagogia</td></tr><tr><td><strong>Componente Curricular:</strong></td><td>Matemática</td></tr><tr><td><strong>Descritores</strong></td><td>D 8 &#8211; Estabelecer relações entre unidades de medida de tempo.</td></tr><tr><td><strong>Habilidades</strong></td><td>(EF03MA22) Ler e registrar medidas e intervalos de tempo, utilizando relógios (analógico e digital) para informar os horários de início e término de realização de uma atividade e sua duração. (EF03MA23) Ler horas em relógios digitais e em relógios analógicos e reconhecer a relação entre hora e minutos e entre minuto e segundos.</td></tr><tr><td><strong>Referências:</strong></td><td>BRASIL. Ministério da Educação. Base Nacional Comum Curricular. Brasília, 2018.<br>CADERNO APRENDER SEMPRE &#8211; 3º Bimestre 2023- 5ºAno/ Ensino Fundamental/ Língua Portuguesa e Matemática/ Prefeitura de Goiânia- Secretaria Municipal de Educação.<br>Documento Curricular para Goiás (DC-GO). Goiânia/GO: CONSED/ UNDIME Goiás, 2018.&nbsp;Disponível em: &lt;<a href="https://cutt.ly/MOsX7AS">https://cutt.ly/MOsX7AS</a>&gt; acessado em 26, jan. 22.</td></tr></tbody></table></figure>
