{"id":171696,"date":"2023-10-19T20:01:34","date_gmt":"2023-10-19T23:01:34","guid":{"rendered":"https:\/\/sme.goiania.go.gov.br\/conexaoescola\/?post_type=ensino_fundamental&#038;p=171696"},"modified":"2023-10-19T20:03:35","modified_gmt":"2023-10-19T23:03:35","slug":"historia-brasilia-a-nova-capital","status":"publish","type":"ensino_fundamental","link":"https:\/\/sme.goiania.go.gov.br\/conexaoescola\/ensino_fundamental\/historia-brasilia-a-nova-capital\/","title":{"rendered":"Hist\u00f3ria &#8211; Bras\u00edlia: a nova capital"},"content":{"rendered":"\n<p class=\"has-text-align-center has-background has-medium-font-size\" style=\"background-color:#edeff1\"><strong>ESTA PROPOSTA DE ATIVIDADE DE HIST\u00d3RIA&nbsp;\u00c9 DESTINADA AOS ESTUDANTES<\/strong>&nbsp;<strong>DO<\/strong>&nbsp;<strong>4\u00ba ANO DO ENSINO FUNDAMENTAL<\/strong>.<\/p>\n\n\n\n<div class=\"wp-block-buttons is-content-justification-center is-layout-flex wp-container-core-buttons-is-layout-16018d1d wp-block-buttons-is-layout-flex\">\n<div class=\"wp-block-button\"><a class=\"wp-block-button__link wp-element-button\" href=\"https:\/\/drive.google.com\/uc?export=download&amp;id=1ohok4iQbHVJrWeb416vLlII3_VR4u9d_\" target=\"_blank\" rel=\"noreferrer noopener\">BAIXE A ATIVIDADE <\/a><\/div>\n\n\n\n<div class=\"wp-block-button\"><a class=\"wp-block-button__link wp-element-button\" href=\"https:\/\/drive.google.com\/uc?export=download&amp;id=1PfJLFTyNv5IhUiTEfrIFow89NQPUGnEm\" target=\"_blank\" rel=\"noreferrer noopener\">BAIXE OS SLIDES <\/a><\/div>\n\n\n\n<div class=\"wp-block-button\"><a class=\"wp-block-button__link wp-element-button\" href=\"https:\/\/drive.google.com\/uc?export=download&amp;id=1XcxSDvuVWTas32NOq7gmgEhsM9vXhO-o\" target=\"_blank\" rel=\"noreferrer noopener\">BAIXE O TEXTO<\/a><\/div>\n<\/div>\n\n\n\n<p class=\"has-medium-font-size\">Bras\u00edlia \u00e9 a capital do Brasil e foi inaugurada em 21 de abril de 1960. A cidade \u00e9 conhecida por sua arquitetura planejada, moderna e pelos seus monumentos, como a Catedral Metropolitana e o Congresso Nacional. Bras\u00edlia tamb\u00e9m abriga os poderes Executivo, Legislativo e Judici\u00e1rio do pa\u00eds.<\/p>\n\n\n\n<p class=\"has-text-align-center has-medium-font-size\"><strong>BRAS\u00cdLIA: A NOVA CAPITAL<\/strong><\/p>\n\n\n<div class=\"wp-block-image\">\n<figure class=\"aligncenter size-full\"><img decoding=\"async\" src=\"https:\/\/sme.goiania.go.gov.br\/conexaoescola\/wp-content\/uploads\/2023\/10\/4-ANO.jpg\" alt=\"\" class=\"wp-image-171697\"\/><\/figure><\/div>\n\n\n<p class=\"has-text-align-center has-small-font-size\">Dispon\u00edvel em:https:\/\/www.flickr.com\/photos\/agenciasenado\/50060212291.Acesso em 18 out. 2022.<\/p>\n\n\n\n<p class=\"has-medium-font-size\">A capital de um pa\u00eds \u00e9 a cidade que exerce o papel de centro pol\u00edtico e administrativo. \u00c9 geralmente onde est\u00e3o localizados os principais \u00f3rg\u00e3os governamentais e onde ocorrem decis\u00f5es pol\u00edticas e legislativas que impactam a vida dos cidad\u00e3os.<\/p>\n\n\n\n<p class=\"has-medium-font-size\">A atual capital do Brasil \u00e9 Bras\u00edlia, e a sua constru\u00e7\u00e3o ocorreu entre os anos de 1956 e 1960, durante o governo do presidente Juscelino Kubitschek. As capitais do Brasil antes de Bras\u00edlia foram: Salvador, de 1549 a 1763 e Rio de Janeiro, que tornou-se capital em 1763, sendo a capital durante o per\u00edodo do Imp\u00e9rio e boa parte da Rep\u00fablica at\u00e9 1960.<\/p>\n\n\n\n<p class=\"has-medium-font-size\">O projeto arquitet\u00f4nico e urban\u00edstico de Bras\u00edlia foi idealizado por L\u00facio Costa e executado pelo arquiteto Oscar Niemeyer. A cidade foi planejada para ser a nova capital do Brasil, visando o desenvolvimento do interior do pa\u00eds e a integra\u00e7\u00e3o nacional.&nbsp;<\/p>\n\n\n\n<p class=\"has-medium-font-size\">A constru\u00e7\u00e3o de Bras\u00edlia marcou um per\u00edodo significativo na hist\u00f3ria do pa\u00eds, simbolizando a moderniza\u00e7\u00e3o e a constru\u00e7\u00e3o de uma nova identidade nacional.<\/p>\n\n\n\n<p class=\"has-medium-font-size\">Candangos \u00e9 um termo utilizado para se referir aos trabalhadores migrantes que vinham principalmente das regi\u00f5es Norte e Nordeste do Brasil e que participaram da constru\u00e7\u00e3o de Bras\u00edlia. Esses trabalhadores ajudaram a construir a cidade enfrentando desafios e dificuldades. O termo ganhou um significado de orgulho e identidade para os brasilienses.<\/p>\n\n\n\n<p class=\"has-text-align-center has-medium-font-size\"><strong>AGORA \u00c9 COM VOC\u00caS, VAMOS RESPONDER ALGUMAS QUEST\u00d5ES?<\/strong><\/p>\n\n\n\n<p class=\"has-text-align-left has-background has-medium-font-size\" style=\"background-color:#edeff1\"><strong>Q<strong><strong>uest\u00e3o<\/strong><\/strong> 1<\/strong><\/p>\n\n\n\n<p class=\"has-medium-font-size\">Leia o trecho a seguir que representa como era o trabalho dos oper\u00e1rios que contribu\u00edram para a constru\u00e7\u00e3o de Bras\u00edlia:<\/p>\n\n\n\n<p class=\"has-medium-font-size\">\u201cSegundo o relato de alguns moradores da Vila Planalto, como o Sr. Geraldo Rezende, que trabalhou no Armaz\u00e9m da Construtora Rabello durante a constru\u00e7\u00e3o do Pal\u00e1cio da Alvorada, grande parte dos trabalhadores candangos que chegaram a cidade na d\u00e9cada de 50 n\u00e3o possu\u00edam sequer documentos ou carteira de trabalho. E n\u00e3o tinham qualquer experi\u00eancia que n\u00e3o fosse na agricultura de subsist\u00eancia.<\/p>\n\n\n\n<p class=\"has-medium-font-size\">O acesso \u00e0 educa\u00e7\u00e3o para as pessoas que viviam no interior do Brasil nas primeiras d\u00e9cadas do s\u00e9culo XX era dif\u00edcil, por falta de estrutura municipal e devido \u00e0 pobreza da popula\u00e7\u00e3o. Assim, veio para Bras\u00edlia um grande contingente de pessoas sem estudo e sem qualquer qualifica\u00e7\u00e3o profissional na \u00e1rea de constru\u00e7\u00e3o civil. Essas pessoas eram, ent\u00e3o, contratadas como serventes e a elas eram entregues p\u00e1s e picaretas para a abertura de estradas e ruas. As que sabiam ler e escrever e &#8220;fazer contas\u201d podiam ser contratadas, por exemplo, como apontadores, isto \u00e9, respons\u00e1veis por fazer registros diversos, como a quantidade de materiais consumida em determinado per\u00edodo.\u201d<\/p>\n\n\n\n<p class=\"has-text-align-center has-small-font-size\">Fonte: Ag\u00eancia Senado. O Trabalho que deu!. Dispon\u00edvel em: https:\/\/www12.senado.leg.br\/noticias\/infomaterias\/2020\/04\/brasilia-60-anos-2014-candangos-na-construcao-da-capital. Acesso em 19 out. 2023.<\/p>\n\n\n\n<p class=\"has-medium-font-size\">Fa\u00e7a uma pesquisa sobre os candangos e registre qual a import\u00e2ncia desses migrantes para a constru\u00e7\u00e3o de Bras\u00edlia.<\/p>\n\n\n\n<p class=\"has-text-align-left has-background has-medium-font-size\" style=\"background-color:#edeff1\"><strong>Q<strong><strong>uest\u00e3o<\/strong><\/strong> 2<\/strong><\/p>\n\n\n\n<p class=\"has-medium-font-size\">O sonho da constru\u00e7\u00e3o de Bras\u00edlia diz respeito ao ideal de interioriza\u00e7\u00e3o do pa\u00eds e de desenvolvimento.<\/p>\n\n\n\n<p class=\"has-medium-font-size\">A constru\u00e7\u00e3o de Bras\u00edlia foi efetivada no governo do presidente:<\/p>\n\n\n\n<p class=\"has-medium-font-size\">a) Get\u00falio Vargas.<\/p>\n\n\n\n<p class=\"has-medium-font-size\">b) Costa e Silva.<\/p>\n\n\n\n<p class=\"has-medium-font-size\">c) Itamar Franco.<\/p>\n\n\n\n<p class=\"has-medium-font-size\">d) Juscelino Kubitschek.<\/p>\n\n\n\n<p class=\"has-text-align-left has-background has-medium-font-size\" style=\"background-color:#edeff1\"><strong>Q<strong>uest\u00e3o<\/strong><\/strong> <strong>3<\/strong><\/p>\n\n\n\n<p class=\"has-medium-font-size\">Bras\u00edlia representa um importante referencial da arquitetura moderna. Os pr\u00e9dios foram planejados para abrigar o centro dos Poderes no Brasil.&nbsp;&nbsp;<\/p>\n\n\n\n<p class=\"has-medium-font-size\">Observe alguns monumentos e pr\u00e9dios existentes em Bras\u00edlia e identifique cada um deles:<\/p>\n\n\n<div class=\"wp-block-image\">\n<figure class=\"aligncenter size-full\"><img fetchpriority=\"high\" decoding=\"async\" width=\"694\" height=\"692\" src=\"https:\/\/sme.goiania.go.gov.br\/conexaoescola\/wp-content\/uploads\/2023\/10\/4.1.jpg\" alt=\"\" class=\"wp-image-171701\" srcset=\"https:\/\/sme.goiania.go.gov.br\/conexaoescola\/wp-content\/uploads\/2023\/10\/4.1.jpg 694w, https:\/\/sme.goiania.go.gov.br\/conexaoescola\/wp-content\/uploads\/2023\/10\/4.1-300x300.jpg 300w, https:\/\/sme.goiania.go.gov.br\/conexaoescola\/wp-content\/uploads\/2023\/10\/4.1-150x150.jpg 150w\" sizes=\"(max-width: 694px) 100vw, 694px\" \/><\/figure><\/div>\n\n\n<p><\/p>\n\n\n\n<p class=\"has-text-align-left has-background has-medium-font-size\" style=\"background-color:#edeff1\"><strong>Q<strong><strong>uest\u00e3o<\/strong><\/strong> 4<\/strong><\/p>\n\n\n\n<p class=\"has-medium-font-size\">A capital de um pa\u00eds \u00e9 o centro da tomada de decis\u00f5es pol\u00edticas e administrativas que refletem na vida dos habitantes.<\/p>\n\n\n\n<p class=\"has-medium-font-size\">Qual foi a capital brasileira antes da transfer\u00eancia para Bras\u00edlia?<\/p>\n\n\n\n<p class=\"has-medium-font-size\">a) S\u00e3o Paulo.<\/p>\n\n\n\n<p class=\"has-medium-font-size\">b) Rio de Janeiro.<\/p>\n\n\n\n<p class=\"has-medium-font-size\">c) Recife.<\/p>\n\n\n\n<p class=\"has-medium-font-size\">d) Curitiba.&nbsp;<\/p>\n\n\n\n<hr class=\"wp-block-separator has-alpha-channel-opacity\"\/>\n\n\n\n<figure class=\"wp-block-table is-style-stripes\"><table><tbody><tr><td><strong>Autoria:<\/strong><\/td><td>Lorena Guimar\u00e3es<\/td><\/tr><tr><td><strong>Forma\u00e7\u00e3o:<\/strong><\/td><td>Formada em Pedagogia e Letras<\/td><\/tr><tr><td><strong>Componente<\/strong>:<\/td><td>Hist\u00f3ria<\/td><\/tr><tr><td><strong>Habilidade<\/strong>:<\/td><td>(GO-EF04HI11-B) Compreender a constru\u00e7\u00e3o de Bras\u00edlia, identificando as novas rela\u00e7\u00f5es de poder estabelecidas e seus desdobramentos na organiza\u00e7\u00e3o espacial, social, fluxo migrat\u00f3rio e econ\u00f4mico no territ\u00f3rio goiano.<\/td><\/tr><tr><td><strong>Refer\u00eancias:<\/strong><\/td><td>GOI\u00c1S. Documento Curricular para Goi\u00e1s \u2013 Ampliado. Volume II. Ensino Fundamental Anos Finais. CONSED; UNDIME, 2018. 433 p. Dispon\u00edvel em &lt;<a href=\"https:\/\/sme.goiania.go.gov.br\/site\/index.php\/institucional\/documentos-oficiais-2\/category\/27-documentos-gerais&amp;gt&amp;gt\">sme.goiania.go.gov.br\/site\/index.php\/institucional\/documentos-oficiais-2\/category\/27-documentos-gerais&amp;gt&amp;gt<\/a>;. Acesso em 23\/03\/2023.<br><br>GOI\u00c1S. Documento Curricular para Goi\u00e1s \u2013 Ampliado. Cortes Temporais. CONSED; UNDIME, 2019. p. 143. Dispon\u00edvel em: &lt;<a href=\"https:\/\/sme.goiania.go.gov.br\/site\/index.php\/institucional\/documentos-oficiais-2\">sme.goiania.go.gov.br\/site\/index.php\/institucional\/documentos-oficiais-2 &gt;&nbsp;<\/a>. Acesso em 23\/03\/2023.<br><br>SENADO FEDERAL. Conhe\u00e7a as escalas urbanas que fazem de Bras\u00edlia uma cidade \u00fanica. Dispon\u00edvel em:https:\/\/www.youtube.com\/watch?v=sgtwKWwtdCk. Acesso em 18 out. 2023.&nbsp;<br><br>PLENARINHO. Mudan\u00e7a da capital para Bras\u00edlia. Dispon\u00edvel em:&nbsp; https:\/\/www.youtube.com\/watch?v=O53MGMc1Td8. Acesso em: 18 out. 2023.&nbsp;<br><br>MEMORIAL DA DEMOCRACIA. Constru\u00e7\u00e3o de Bras\u00edlia. Dispon\u00edvel em: http:\/\/memorialdademocracia.com.br\/card\/construcao-de-brasilia\/5. Acesso em: 18 out. 2023.&nbsp;<br><br><\/td><\/tr><\/tbody><\/table><\/figure>\n\n\n\n<p><\/p>\n\n\n\n<p class=\"has-text-align-center has-white-background-color has-background has-medium-font-size\"><\/p>\n","protected":false},"author":59,"featured_media":171697,"template":"","ef_categoria":[13,14],"ef_ano":[87],"ef_componente":[95],"class_list":["post-171696","ensino_fundamental","type-ensino_fundamental","status-publish","has-post-thumbnail","hentry","ef_categoria-ciclo-da-infancia-abc","ef_categoria-ciclo-da-infancia-de","ef_ano-4o-ano","ef_componente-historia","entry","has-media"],"acf":[],"_links":{"self":[{"href":"https:\/\/sme.goiania.go.gov.br\/conexaoescola\/wp-json\/wp\/v2\/ensino_fundamental\/171696","targetHints":{"allow":["GET"]}}],"collection":[{"href":"https:\/\/sme.goiania.go.gov.br\/conexaoescola\/wp-json\/wp\/v2\/ensino_fundamental"}],"about":[{"href":"https:\/\/sme.goiania.go.gov.br\/conexaoescola\/wp-json\/wp\/v2\/types\/ensino_fundamental"}],"author":[{"embeddable":true,"href":"https:\/\/sme.goiania.go.gov.br\/conexaoescola\/wp-json\/wp\/v2\/users\/59"}],"version-history":[{"count":3,"href":"https:\/\/sme.goiania.go.gov.br\/conexaoescola\/wp-json\/wp\/v2\/ensino_fundamental\/171696\/revisions"}],"predecessor-version":[{"id":171706,"href":"https:\/\/sme.goiania.go.gov.br\/conexaoescola\/wp-json\/wp\/v2\/ensino_fundamental\/171696\/revisions\/171706"}],"wp:featuredmedia":[{"embeddable":true,"href":"https:\/\/sme.goiania.go.gov.br\/conexaoescola\/wp-json\/wp\/v2\/media\/171697"}],"wp:attachment":[{"href":"https:\/\/sme.goiania.go.gov.br\/conexaoescola\/wp-json\/wp\/v2\/media?parent=171696"}],"wp:term":[{"taxonomy":"ef_categoria","embeddable":true,"href":"https:\/\/sme.goiania.go.gov.br\/conexaoescola\/wp-json\/wp\/v2\/ef_categoria?post=171696"},{"taxonomy":"ef_ano","embeddable":true,"href":"https:\/\/sme.goiania.go.gov.br\/conexaoescola\/wp-json\/wp\/v2\/ef_ano?post=171696"},{"taxonomy":"ef_componente","embeddable":true,"href":"https:\/\/sme.goiania.go.gov.br\/conexaoescola\/wp-json\/wp\/v2\/ef_componente?post=171696"}],"curies":[{"name":"wp","href":"https:\/\/api.w.org\/{rel}","templated":true}]}}

História &#8211; Brasília: a nova capital

<p class="has-text-align-center has-background has-medium-font-size" style="background-color:#edeff1"><strong>ESTA PROPOSTA DE ATIVIDADE DE HISTÓRIA&nbsp;É DESTINADA AOS ESTUDANTES</strong>&nbsp;<strong>DO</strong>&nbsp;<strong>4º ANO DO ENSINO FUNDAMENTAL</strong>.</p>



<div class="wp-block-buttons is-content-justification-center is-layout-flex wp-container-core-buttons-is-layout-16018d1d wp-block-buttons-is-layout-flex">
<div class="wp-block-button"><a class="wp-block-button__link wp-element-button" href="https://drive.google.com/uc?export=download&amp;id=1ohok4iQbHVJrWeb416vLlII3_VR4u9d_" target="_blank" rel="noreferrer noopener">BAIXE A ATIVIDADE </a></div>



<div class="wp-block-button"><a class="wp-block-button__link wp-element-button" href="https://drive.google.com/uc?export=download&amp;id=1PfJLFTyNv5IhUiTEfrIFow89NQPUGnEm" target="_blank" rel="noreferrer noopener">BAIXE OS SLIDES </a></div>



<div class="wp-block-button"><a class="wp-block-button__link wp-element-button" href="https://drive.google.com/uc?export=download&amp;id=1XcxSDvuVWTas32NOq7gmgEhsM9vXhO-o" target="_blank" rel="noreferrer noopener">BAIXE O TEXTO</a></div>
</div>



<p class="has-medium-font-size">Brasília é a capital do Brasil e foi inaugurada em 21 de abril de 1960. A cidade é conhecida por sua arquitetura planejada, moderna e pelos seus monumentos, como a Catedral Metropolitana e o Congresso Nacional. Brasília também abriga os poderes Executivo, Legislativo e Judiciário do país.</p>



<p class="has-text-align-center has-medium-font-size"><strong>BRASÍLIA: A NOVA CAPITAL</strong></p>


<div class="wp-block-image">
<figure class="aligncenter size-full"><img decoding="async" src="https://sme.goiania.go.gov.br/conexaoescola/wp-content/uploads/2023/10/4-ANO.jpg" alt="" class="wp-image-171697"/></figure></div>


<p class="has-text-align-center has-small-font-size">Disponível em:https://www.flickr.com/photos/agenciasenado/50060212291.Acesso em 18 out. 2022.</p>



<p class="has-medium-font-size">A capital de um país é a cidade que exerce o papel de centro político e administrativo. É geralmente onde estão localizados os principais órgãos governamentais e onde ocorrem decisões políticas e legislativas que impactam a vida dos cidadãos.</p>



<p class="has-medium-font-size">A atual capital do Brasil é Brasília, e a sua construção ocorreu entre os anos de 1956 e 1960, durante o governo do presidente Juscelino Kubitschek. As capitais do Brasil antes de Brasília foram: Salvador, de 1549 a 1763 e Rio de Janeiro, que tornou-se capital em 1763, sendo a capital durante o período do Império e boa parte da República até 1960.</p>



<p class="has-medium-font-size">O projeto arquitetônico e urbanístico de Brasília foi idealizado por Lúcio Costa e executado pelo arquiteto Oscar Niemeyer. A cidade foi planejada para ser a nova capital do Brasil, visando o desenvolvimento do interior do país e a integração nacional.&nbsp;</p>



<p class="has-medium-font-size">A construção de Brasília marcou um período significativo na história do país, simbolizando a modernização e a construção de uma nova identidade nacional.</p>



<p class="has-medium-font-size">Candangos é um termo utilizado para se referir aos trabalhadores migrantes que vinham principalmente das regiões Norte e Nordeste do Brasil e que participaram da construção de Brasília. Esses trabalhadores ajudaram a construir a cidade enfrentando desafios e dificuldades. O termo ganhou um significado de orgulho e identidade para os brasilienses.</p>



<p class="has-text-align-center has-medium-font-size"><strong>AGORA É COM VOCÊS, VAMOS RESPONDER ALGUMAS QUESTÕES?</strong></p>



<p class="has-text-align-left has-background has-medium-font-size" style="background-color:#edeff1"><strong>Q<strong><strong>uestão</strong></strong> 1</strong></p>



<p class="has-medium-font-size">Leia o trecho a seguir que representa como era o trabalho dos operários que contribuíram para a construção de Brasília:</p>



<p class="has-medium-font-size">“Segundo o relato de alguns moradores da Vila Planalto, como o Sr. Geraldo Rezende, que trabalhou no Armazém da Construtora Rabello durante a construção do Palácio da Alvorada, grande parte dos trabalhadores candangos que chegaram a cidade na década de 50 não possuíam sequer documentos ou carteira de trabalho. E não tinham qualquer experiência que não fosse na agricultura de subsistência.</p>



<p class="has-medium-font-size">O acesso à educação para as pessoas que viviam no interior do Brasil nas primeiras décadas do século XX era difícil, por falta de estrutura municipal e devido à pobreza da população. Assim, veio para Brasília um grande contingente de pessoas sem estudo e sem qualquer qualificação profissional na área de construção civil. Essas pessoas eram, então, contratadas como serventes e a elas eram entregues pás e picaretas para a abertura de estradas e ruas. As que sabiam ler e escrever e &#8220;fazer contas” podiam ser contratadas, por exemplo, como apontadores, isto é, responsáveis por fazer registros diversos, como a quantidade de materiais consumida em determinado período.”</p>



<p class="has-text-align-center has-small-font-size">Fonte: Agência Senado. O Trabalho que deu!. Disponível em: https://www12.senado.leg.br/noticias/infomaterias/2020/04/brasilia-60-anos-2014-candangos-na-construcao-da-capital. Acesso em 19 out. 2023.</p>



<p class="has-medium-font-size">Faça uma pesquisa sobre os candangos e registre qual a importância desses migrantes para a construção de Brasília.</p>



<p class="has-text-align-left has-background has-medium-font-size" style="background-color:#edeff1"><strong>Q<strong><strong>uestão</strong></strong> 2</strong></p>



<p class="has-medium-font-size">O sonho da construção de Brasília diz respeito ao ideal de interiorização do país e de desenvolvimento.</p>



<p class="has-medium-font-size">A construção de Brasília foi efetivada no governo do presidente:</p>



<p class="has-medium-font-size">a) Getúlio Vargas.</p>



<p class="has-medium-font-size">b) Costa e Silva.</p>



<p class="has-medium-font-size">c) Itamar Franco.</p>



<p class="has-medium-font-size">d) Juscelino Kubitschek.</p>



<p class="has-text-align-left has-background has-medium-font-size" style="background-color:#edeff1"><strong>Q<strong>uestão</strong></strong> <strong>3</strong></p>



<p class="has-medium-font-size">Brasília representa um importante referencial da arquitetura moderna. Os prédios foram planejados para abrigar o centro dos Poderes no Brasil.&nbsp;&nbsp;</p>



<p class="has-medium-font-size">Observe alguns monumentos e prédios existentes em Brasília e identifique cada um deles:</p>


<div class="wp-block-image">
<figure class="aligncenter size-full"><img fetchpriority="high" decoding="async" width="694" height="692" src="https://sme.goiania.go.gov.br/conexaoescola/wp-content/uploads/2023/10/4.1.jpg" alt="" class="wp-image-171701" srcset="https://sme.goiania.go.gov.br/conexaoescola/wp-content/uploads/2023/10/4.1.jpg 694w, https://sme.goiania.go.gov.br/conexaoescola/wp-content/uploads/2023/10/4.1-300x300.jpg 300w, https://sme.goiania.go.gov.br/conexaoescola/wp-content/uploads/2023/10/4.1-150x150.jpg 150w" sizes="(max-width: 694px) 100vw, 694px" /></figure></div>


<p></p>



<p class="has-text-align-left has-background has-medium-font-size" style="background-color:#edeff1"><strong>Q<strong><strong>uestão</strong></strong> 4</strong></p>



<p class="has-medium-font-size">A capital de um país é o centro da tomada de decisões políticas e administrativas que refletem na vida dos habitantes.</p>



<p class="has-medium-font-size">Qual foi a capital brasileira antes da transferência para Brasília?</p>



<p class="has-medium-font-size">a) São Paulo.</p>



<p class="has-medium-font-size">b) Rio de Janeiro.</p>



<p class="has-medium-font-size">c) Recife.</p>



<p class="has-medium-font-size">d) Curitiba.&nbsp;</p>



<hr class="wp-block-separator has-alpha-channel-opacity"/>



<figure class="wp-block-table is-style-stripes"><table><tbody><tr><td><strong>Autoria:</strong></td><td>Lorena Guimarães</td></tr><tr><td><strong>Formação:</strong></td><td>Formada em Pedagogia e Letras</td></tr><tr><td><strong>Componente</strong>:</td><td>História</td></tr><tr><td><strong>Habilidade</strong>:</td><td>(GO-EF04HI11-B) Compreender a construção de Brasília, identificando as novas relações de poder estabelecidas e seus desdobramentos na organização espacial, social, fluxo migratório e econômico no território goiano.</td></tr><tr><td><strong>Referências:</strong></td><td>GOIÁS. Documento Curricular para Goiás – Ampliado. Volume II. Ensino Fundamental Anos Finais. CONSED; UNDIME, 2018. 433 p. Disponível em &lt;<a href="https://sme.goiania.go.gov.br/site/index.php/institucional/documentos-oficiais-2/category/27-documentos-gerais&amp;gt&amp;gt">sme.goiania.go.gov.br/site/index.php/institucional/documentos-oficiais-2/category/27-documentos-gerais&amp;gt&amp;gt</a>;. Acesso em 23/03/2023.<br><br>GOIÁS. Documento Curricular para Goiás – Ampliado. Cortes Temporais. CONSED; UNDIME, 2019. p. 143. Disponível em: &lt;<a href="https://sme.goiania.go.gov.br/site/index.php/institucional/documentos-oficiais-2">sme.goiania.go.gov.br/site/index.php/institucional/documentos-oficiais-2 &gt;&nbsp;</a>. Acesso em 23/03/2023.<br><br>SENADO FEDERAL. Conheça as escalas urbanas que fazem de Brasília uma cidade única. Disponível em:https://www.youtube.com/watch?v=sgtwKWwtdCk. Acesso em 18 out. 2023.&nbsp;<br><br>PLENARINHO. Mudança da capital para Brasília. Disponível em:&nbsp; https://www.youtube.com/watch?v=O53MGMc1Td8. Acesso em: 18 out. 2023.&nbsp;<br><br>MEMORIAL DA DEMOCRACIA. Construção de Brasília. Disponível em: http://memorialdademocracia.com.br/card/construcao-de-brasilia/5. Acesso em: 18 out. 2023.&nbsp;<br><br></td></tr></tbody></table></figure>



<p></p>



<p class="has-text-align-center has-white-background-color has-background has-medium-font-size"></p>
