{"id":169426,"date":"2023-09-08T14:13:20","date_gmt":"2023-09-08T17:13:20","guid":{"rendered":"https:\/\/sme.goiania.go.gov.br\/conexaoescola\/?post_type=ensino_fundamental&#038;p=169426"},"modified":"2023-09-19T13:34:06","modified_gmt":"2023-09-19T16:34:06","slug":"ciencias-da-natureza-o-movimento-do-sol-e-das-estrelas-no-ceu","status":"publish","type":"ensino_fundamental","link":"https:\/\/sme.goiania.go.gov.br\/conexaoescola\/ensino_fundamental\/ciencias-da-natureza-o-movimento-do-sol-e-das-estrelas-no-ceu\/","title":{"rendered":"CI\u00caNCIAS DA NATUREZA \u2013\u00a0O movimento do Sol e das estrelas no c\u00e9u\u00a0"},"content":{"rendered":"\n<p class=\"has-text-align-center has-luminous-vivid-amber-to-luminous-vivid-orange-gradient-background has-background has-medium-font-size\"><strong>ESTA PROPOSTA DE ATIVIDADE DE CI\u00caNCIAS DA NATUREZA&nbsp;\u00c9 DESTINADA AOS ESTUDANTES<\/strong>&nbsp;<strong>DO<\/strong>&nbsp;<strong>5\u00ba ANO DO ENSINO FUNDAMENTAL<\/strong>.<\/p>\n\n\n\n<div class=\"wp-block-buttons alignwide is-content-justification-center is-layout-flex wp-container-core-buttons-is-layout-16018d1d wp-block-buttons-is-layout-flex\">\n<div class=\"wp-block-button has-custom-width wp-block-button__width-25\"><a class=\"wp-block-button__link has-text-align-center wp-element-button\" href=\"https:\/\/drive.google.com\/uc?export=download&amp;id=1KkhCk7TkIuHNf0qXFaS9qcj0XfZr7CgA\" target=\"_blank\" rel=\"noreferrer noopener\"><strong>BAIXE A ATIVIDADE<\/strong><\/a><\/div>\n\n\n\n<div class=\"wp-block-button has-custom-width wp-block-button__width-25\"><a class=\"wp-block-button__link has-text-align-center wp-element-button\" href=\"https:\/\/drive.google.com\/uc?export=download&amp;id=1YHJJ0R5QqBcf3-iPbQDLW4wWwbRGoQu9\" target=\"_blank\" rel=\"noreferrer noopener\"><strong>BAIXE OS SLIDES<\/strong><\/a><\/div>\n\n\n\n<div class=\"wp-block-button has-custom-width wp-block-button__width-25\"><a class=\"wp-block-button__link wp-element-button\" href=\"https:\/\/drive.google.com\/uc?export=download&amp;id=1OVFdR0hK7HuGni6AzB0Esx9MN4rrxD-u\" target=\"_blank\" rel=\"noreferrer noopener\"><strong>BAIXE O TEXTO<\/strong><\/a><\/div>\n<\/div>\n\n\n\n<hr class=\"wp-block-separator has-alpha-channel-opacity\"\/>\n\n\n\n<p class=\"has-text-align-center has-medium-font-size\"><strong>O movimento do Sol e das estrelas no c\u00e9u<\/strong><\/p>\n\n\n\n<p class=\"has-medium-font-size\">Todos os dias, quando olhamos para o c\u00e9u, notamos que o Sol parece subir no leste e se p\u00f4r no oeste. \u00c0 noite, as estrelas tamb\u00e9m parecem mover-se de leste para oeste, como se estivessem girando em torno de um ponto central. Mas o que est\u00e1 acontecendo de verdade?<\/p>\n\n\n\n<p class=\"has-medium-font-size\">A Terra \u00e9 como um enorme pi\u00e3o que gira em torno de si mesma. Esse movimento \u00e9 chamado de rota\u00e7\u00e3o. Ela faz uma rota\u00e7\u00e3o completa a cada 24 horas. Imagine-se girando rapidamente no lugar onde est\u00e1 agora. A parte em que voc\u00ea est\u00e1 olhando ser\u00e1 diferente em alguns segundos!<\/p>\n\n\n\n<p class=\"has-medium-font-size\">O movimento aparente do Sol no c\u00e9u durante o dia ocorre devido \u00e0 rota\u00e7\u00e3o da Terra, ou seja, quando a Terra gira, diferentes partes dela ficam voltadas para o Sol em momentos diferentes, e quando o Sol &#8220;nasce&#8221; no leste, \u00e9 porque a sua parte local do planeta est\u00e1 se voltando para o Sol. \u00c0 medida que a Terra continua a girar, o Sol parece se mover pelo c\u00e9u e, finalmente, &#8220;se p\u00f5e&#8221; no oeste quando a sua parte local est\u00e1 se afastando do Sol.<\/p>\n\n\n\n<p class=\"has-medium-font-size\">O movimento aparente das estrelas \u00e0 noite tamb\u00e9m \u00e9 resultado da rota\u00e7\u00e3o da Terra. Imagine-se deitado em um campo olhando para o c\u00e9u noturno. As estrelas no leste v\u00e3o surgir no horizonte e, \u00e0 medida que a Terra gira, elas parecer\u00e3o subir no c\u00e9u. Eventualmente, as estrelas no oeste desaparecer\u00e3o no horizonte. Parece que as estrelas est\u00e3o dan\u00e7ando ao nosso redor, mas \u00e9 a Terra que est\u00e1 girando!<\/p>\n\n\n\n<hr class=\"wp-block-separator has-alpha-channel-opacity\"\/>\n\n\n\n<p class=\"has-text-align-center has-medium-font-size\"><strong>OBSERVE A SEGUINTE IMAGEM PARA RESPONDER \u00c0S QUEST\u00d5ES:<\/strong><\/p>\n\n\n<div class=\"wp-block-image\">\n<figure class=\"aligncenter size-large is-resized\"><img fetchpriority=\"high\" decoding=\"async\" src=\"https:\/\/sme.goiania.go.gov.br\/conexaoescola\/wp-content\/uploads\/2023\/09\/Programa-Inteligencia-Socioemocional-30-1024x576.png\" alt=\"\" class=\"wp-image-169427\" width=\"496\" height=\"278\" srcset=\"https:\/\/sme.goiania.go.gov.br\/conexaoescola\/wp-content\/uploads\/2023\/09\/Programa-Inteligencia-Socioemocional-30-1024x576.png 1024w, https:\/\/sme.goiania.go.gov.br\/conexaoescola\/wp-content\/uploads\/2023\/09\/Programa-Inteligencia-Socioemocional-30-300x169.png 300w, https:\/\/sme.goiania.go.gov.br\/conexaoescola\/wp-content\/uploads\/2023\/09\/Programa-Inteligencia-Socioemocional-30-768x432.png 768w, https:\/\/sme.goiania.go.gov.br\/conexaoescola\/wp-content\/uploads\/2023\/09\/Programa-Inteligencia-Socioemocional-30-1536x864.png 1536w, https:\/\/sme.goiania.go.gov.br\/conexaoescola\/wp-content\/uploads\/2023\/09\/Programa-Inteligencia-Socioemocional-30-2048x1152.png 2048w\" sizes=\"(max-width: 496px) 100vw, 496px\" \/><figcaption class=\"wp-element-caption\">Imagem produzida em: <a href=\"https:\/\/www.canva.com\/\" target=\"_blank\" rel=\"noreferrer noopener\">http:\/\/canva.com<\/a><\/figcaption><\/figure><\/div>\n\n\n<p class=\"has-luminous-vivid-amber-to-luminous-vivid-orange-gradient-background has-background has-medium-font-size\"><strong>QUEST\u00c3O 1<\/strong><\/p>\n\n\n\n<p class=\"has-medium-font-size\"><strong>Releia<\/strong> o texto e <strong>responda<\/strong>: <strong>Por que<\/strong> o Sol parece se mover no c\u00e9u durante o dia? <strong>Assinale<\/strong> a alternativa correta.<\/p>\n\n\n\n<p class=\"has-medium-font-size\">(A) Porque o Sol gira em torno da Terra.<\/p>\n\n\n\n<p class=\"has-medium-font-size\">(B) Porque a Terra gira em torno do Sol.<\/p>\n\n\n\n<p class=\"has-medium-font-size\">(C) Porque a Terra gira em torno de si mesma.<\/p>\n\n\n\n<p class=\"has-medium-font-size\">(D) Porque o Sol \u00e9 uma estrela em movimento.<\/p>\n\n\n\n<p class=\"has-luminous-vivid-amber-to-luminous-vivid-orange-gradient-background has-background has-medium-font-size\"><strong>QUEST\u00c3O 2<\/strong><\/p>\n\n\n\n<p class=\"has-medium-font-size\">De acordo com a autora, <strong>o que<\/strong> causa o movimento aparente das estrelas no c\u00e9u noturno? <strong>Assinale<\/strong> a alternativa correta.<\/p>\n\n\n\n<p class=\"has-medium-font-size\">(A) A \u00f3rbita da Terra ao redor do Sol.<\/p>\n\n\n\n<p class=\"has-medium-font-size\">(B) O movimento das estrelas ao redor da Terra.<\/p>\n\n\n\n<p class=\"has-medium-font-size\">(C) A rota\u00e7\u00e3o da Terra em seu pr\u00f3prio eixo.<\/p>\n\n\n\n<p class=\"has-medium-font-size\">(D) A influ\u00eancia da Lua nas estrelas.<\/p>\n\n\n\n<p class=\"has-luminous-vivid-amber-to-luminous-vivid-orange-gradient-background has-background has-medium-font-size\"><strong>QUEST\u00c3O 3<\/strong><\/p>\n\n\n\n<p class=\"has-medium-font-size\"><strong>Imagine<\/strong> que voc\u00ea est\u00e1 observando o c\u00e9u durante o dia e v\u00ea o Sol se movendo no c\u00e9u. <strong>Descreva<\/strong> o que voc\u00ea v\u00ea e <strong>explique<\/strong> por que isso acontece com base no movimento da Terra.<\/p>\n\n\n\n<p class=\"has-luminous-vivid-amber-to-luminous-vivid-orange-gradient-background has-background has-medium-font-size\"><strong>QUEST\u00c3O 4<\/strong><\/p>\n\n\n\n<p class=\"has-medium-font-size\">Se voc\u00ea fosse um astronauta no espa\u00e7o, <strong>como<\/strong> explicaria a um amigo na Terra por que as estrelas parecem se mover no c\u00e9u noturno? <strong>O que <\/strong>voc\u00ea diria sobre o movimento da Terra?<\/p>\n\n\n\n<p class=\"has-luminous-vivid-amber-to-luminous-vivid-orange-gradient-background has-background has-medium-font-size\"><strong>QUEST\u00c3O 5<\/strong><\/p>\n\n\n\n<p class=\"has-medium-font-size\"><strong>Desenhe<\/strong> uma ilustra\u00e7\u00e3o que represente como o Sol se move no c\u00e9u durante o dia e como as estrelas parecem se mover durante a noite. <strong>Inclua<\/strong> uma seta indicando a dire\u00e7\u00e3o do movimento do Sol e das estrelas, e <strong>lembre<\/strong>-se de mostrar como isso est\u00e1 relacionado ao movimento de rota\u00e7\u00e3o da Terra.<\/p>\n\n\n\n<hr class=\"wp-block-separator has-alpha-channel-opacity\"\/>\n\n\n\n<figure class=\"wp-block-table is-style-stripes\"><table><tbody><tr><td><strong>Autoria:<\/strong><\/td><td>Prof\u00aa Esp. Danielle Assis Borges Fantini<\/td><\/tr><tr><td><strong>Forma\u00e7\u00e3o:<\/strong><\/td><td>Gradua\u00e7\u00e3o:<br>\u2013 Graduada em Pedagogia e Graduanda em Jornalismo&nbsp;<br><br>P\u00f3s-gradua\u00e7\u00e3o:<br>\u2013 MBA em Gest\u00e3o das Tecnologias da Informa\u00e7\u00e3o e da Comunica\u00e7\u00e3o \u2013 Educa\u00e7\u00e3o<br>\u2013 Doc\u00eancia Universit\u00e1ria<br>\u2013 Psicopedagogia Institucional e Cl\u00ednica<br>\u2013 Neuropedagogia Aplicada \u00e0 Educa\u00e7\u00e3o<\/td><\/tr><tr><td><strong>Componente Curricular:<\/strong><\/td><td>Ci\u00eancias da Natureza<\/td><\/tr><tr><td><strong>Habilidade:<\/strong><\/td><td>(EF05CI11-A) Associar o movimento aparente do Sol e das demais estrelas no c\u00e9u ao movimento de rota\u00e7\u00e3o da Terra. &nbsp;<\/td><\/tr><tr><td><strong>Refer\u00eancias:<\/strong><\/td><td>BACICH, Lilian; CARONE, C\u00e9lia R.; PICHILIANI, Edilson A. Presente Mais Ci\u00eancias da Natureza: ci\u00eancias: 5\u00ba ano: ensino fundamental: anos iniciais. 1 ed. S\u00e3o Paulo: Moderna, 2021.<br><br>CONSTELA\u00c7\u00d5ES, Brasil Escola, UOL 2023. Dispon\u00edvel em: &lt;https:\/\/brasilescola.uol.com.br\/fisica\/constelacoes.htm&gt;. Acesso em: 07 ago. 2023.<br><br>CONSTELA\u00c7\u00d5ES, Astro,&nbsp; UFRGS 2023. Dispon\u00edvel em: &lt;http:\/\/astro.if.ufrgs.br\/const.htm&gt;. Acesso em: 07 ago. 2023. &nbsp; <br><br>FERRARO, Ana Carolina Navarro dos Santos. Bons Amigos: ci\u00eancias: 5\u00ba ano: ensino fundamental: anos iniciais. 1 ed. S\u00e3o Paulo: FTD, 2021. &nbsp; <br><br>HIRANAKA, Roberta Aparecida Bueno; HORTENCIO, Thiago Macedo de Abreu. Entrela\u00e7os: ci\u00eancias: 5\u00ba ano: ensino fundamental: anos iniciais. 1 ed. S\u00e3o Paulo: FTD, 2021. &nbsp;<\/td><\/tr><tr><td><strong>Documento norteador:<\/strong><\/td><td>DOCUMENTO CURRICULAR PARA GOI\u00c1S \u2013 AMPLIADO (DC-GO AMPLIADO)<\/td><\/tr><\/tbody><\/table><\/figure>\n","protected":false},"author":64,"featured_media":169427,"template":"","ef_categoria":[193,23,28],"ef_ano":[88],"ef_componente":[98],"class_list":["post-169426","ensino_fundamental","type-ensino_fundamental","status-publish","has-post-thumbnail","hentry","ef_categoria-anos-iniciais","ef_categoria-educacao-ambiental-e-saude-ciclo-da-infancia-de","ef_categoria-educacao-ambiental-e-saude-ciclo-da-adolescencia-fg","ef_ano-5o-ano","ef_componente-ciencia-da-natureza-ef","entry","has-media"],"acf":[],"_links":{"self":[{"href":"https:\/\/sme.goiania.go.gov.br\/conexaoescola\/wp-json\/wp\/v2\/ensino_fundamental\/169426","targetHints":{"allow":["GET"]}}],"collection":[{"href":"https:\/\/sme.goiania.go.gov.br\/conexaoescola\/wp-json\/wp\/v2\/ensino_fundamental"}],"about":[{"href":"https:\/\/sme.goiania.go.gov.br\/conexaoescola\/wp-json\/wp\/v2\/types\/ensino_fundamental"}],"author":[{"embeddable":true,"href":"https:\/\/sme.goiania.go.gov.br\/conexaoescola\/wp-json\/wp\/v2\/users\/64"}],"version-history":[{"count":2,"href":"https:\/\/sme.goiania.go.gov.br\/conexaoescola\/wp-json\/wp\/v2\/ensino_fundamental\/169426\/revisions"}],"predecessor-version":[{"id":169587,"href":"https:\/\/sme.goiania.go.gov.br\/conexaoescola\/wp-json\/wp\/v2\/ensino_fundamental\/169426\/revisions\/169587"}],"wp:featuredmedia":[{"embeddable":true,"href":"https:\/\/sme.goiania.go.gov.br\/conexaoescola\/wp-json\/wp\/v2\/media\/169427"}],"wp:attachment":[{"href":"https:\/\/sme.goiania.go.gov.br\/conexaoescola\/wp-json\/wp\/v2\/media?parent=169426"}],"wp:term":[{"taxonomy":"ef_categoria","embeddable":true,"href":"https:\/\/sme.goiania.go.gov.br\/conexaoescola\/wp-json\/wp\/v2\/ef_categoria?post=169426"},{"taxonomy":"ef_ano","embeddable":true,"href":"https:\/\/sme.goiania.go.gov.br\/conexaoescola\/wp-json\/wp\/v2\/ef_ano?post=169426"},{"taxonomy":"ef_componente","embeddable":true,"href":"https:\/\/sme.goiania.go.gov.br\/conexaoescola\/wp-json\/wp\/v2\/ef_componente?post=169426"}],"curies":[{"name":"wp","href":"https:\/\/api.w.org\/{rel}","templated":true}]}}

CIÊNCIAS DA NATUREZA – O movimento do Sol e das estrelas no céu

<p class="has-text-align-center has-luminous-vivid-amber-to-luminous-vivid-orange-gradient-background has-background has-medium-font-size"><strong>ESTA PROPOSTA DE ATIVIDADE DE CIÊNCIAS DA NATUREZA&nbsp;É DESTINADA AOS ESTUDANTES</strong>&nbsp;<strong>DO</strong>&nbsp;<strong>5º ANO DO ENSINO FUNDAMENTAL</strong>.</p>



<div class="wp-block-buttons alignwide is-content-justification-center is-layout-flex wp-container-core-buttons-is-layout-16018d1d wp-block-buttons-is-layout-flex">
<div class="wp-block-button has-custom-width wp-block-button__width-25"><a class="wp-block-button__link has-text-align-center wp-element-button" href="https://drive.google.com/uc?export=download&amp;id=1KkhCk7TkIuHNf0qXFaS9qcj0XfZr7CgA" target="_blank" rel="noreferrer noopener"><strong>BAIXE A ATIVIDADE</strong></a></div>



<div class="wp-block-button has-custom-width wp-block-button__width-25"><a class="wp-block-button__link has-text-align-center wp-element-button" href="https://drive.google.com/uc?export=download&amp;id=1YHJJ0R5QqBcf3-iPbQDLW4wWwbRGoQu9" target="_blank" rel="noreferrer noopener"><strong>BAIXE OS SLIDES</strong></a></div>



<div class="wp-block-button has-custom-width wp-block-button__width-25"><a class="wp-block-button__link wp-element-button" href="https://drive.google.com/uc?export=download&amp;id=1OVFdR0hK7HuGni6AzB0Esx9MN4rrxD-u" target="_blank" rel="noreferrer noopener"><strong>BAIXE O TEXTO</strong></a></div>
</div>



<hr class="wp-block-separator has-alpha-channel-opacity"/>



<p class="has-text-align-center has-medium-font-size"><strong>O movimento do Sol e das estrelas no céu</strong></p>



<p class="has-medium-font-size">Todos os dias, quando olhamos para o céu, notamos que o Sol parece subir no leste e se pôr no oeste. À noite, as estrelas também parecem mover-se de leste para oeste, como se estivessem girando em torno de um ponto central. Mas o que está acontecendo de verdade?</p>



<p class="has-medium-font-size">A Terra é como um enorme pião que gira em torno de si mesma. Esse movimento é chamado de rotação. Ela faz uma rotação completa a cada 24 horas. Imagine-se girando rapidamente no lugar onde está agora. A parte em que você está olhando será diferente em alguns segundos!</p>



<p class="has-medium-font-size">O movimento aparente do Sol no céu durante o dia ocorre devido à rotação da Terra, ou seja, quando a Terra gira, diferentes partes dela ficam voltadas para o Sol em momentos diferentes, e quando o Sol &#8220;nasce&#8221; no leste, é porque a sua parte local do planeta está se voltando para o Sol. À medida que a Terra continua a girar, o Sol parece se mover pelo céu e, finalmente, &#8220;se põe&#8221; no oeste quando a sua parte local está se afastando do Sol.</p>



<p class="has-medium-font-size">O movimento aparente das estrelas à noite também é resultado da rotação da Terra. Imagine-se deitado em um campo olhando para o céu noturno. As estrelas no leste vão surgir no horizonte e, à medida que a Terra gira, elas parecerão subir no céu. Eventualmente, as estrelas no oeste desaparecerão no horizonte. Parece que as estrelas estão dançando ao nosso redor, mas é a Terra que está girando!</p>



<hr class="wp-block-separator has-alpha-channel-opacity"/>



<p class="has-text-align-center has-medium-font-size"><strong>OBSERVE A SEGUINTE IMAGEM PARA RESPONDER ÀS QUESTÕES:</strong></p>


<div class="wp-block-image">
<figure class="aligncenter size-large is-resized"><img fetchpriority="high" decoding="async" src="https://sme.goiania.go.gov.br/conexaoescola/wp-content/uploads/2023/09/Programa-Inteligencia-Socioemocional-30-1024x576.png" alt="" class="wp-image-169427" width="496" height="278" srcset="https://sme.goiania.go.gov.br/conexaoescola/wp-content/uploads/2023/09/Programa-Inteligencia-Socioemocional-30-1024x576.png 1024w, https://sme.goiania.go.gov.br/conexaoescola/wp-content/uploads/2023/09/Programa-Inteligencia-Socioemocional-30-300x169.png 300w, https://sme.goiania.go.gov.br/conexaoescola/wp-content/uploads/2023/09/Programa-Inteligencia-Socioemocional-30-768x432.png 768w, https://sme.goiania.go.gov.br/conexaoescola/wp-content/uploads/2023/09/Programa-Inteligencia-Socioemocional-30-1536x864.png 1536w, https://sme.goiania.go.gov.br/conexaoescola/wp-content/uploads/2023/09/Programa-Inteligencia-Socioemocional-30-2048x1152.png 2048w" sizes="(max-width: 496px) 100vw, 496px" /><figcaption class="wp-element-caption">Imagem produzida em: <a href="https://www.canva.com/" target="_blank" rel="noreferrer noopener">http://canva.com</a></figcaption></figure></div>


<p class="has-luminous-vivid-amber-to-luminous-vivid-orange-gradient-background has-background has-medium-font-size"><strong>QUESTÃO 1</strong></p>



<p class="has-medium-font-size"><strong>Releia</strong> o texto e <strong>responda</strong>: <strong>Por que</strong> o Sol parece se mover no céu durante o dia? <strong>Assinale</strong> a alternativa correta.</p>



<p class="has-medium-font-size">(A) Porque o Sol gira em torno da Terra.</p>



<p class="has-medium-font-size">(B) Porque a Terra gira em torno do Sol.</p>



<p class="has-medium-font-size">(C) Porque a Terra gira em torno de si mesma.</p>



<p class="has-medium-font-size">(D) Porque o Sol é uma estrela em movimento.</p>



<p class="has-luminous-vivid-amber-to-luminous-vivid-orange-gradient-background has-background has-medium-font-size"><strong>QUESTÃO 2</strong></p>



<p class="has-medium-font-size">De acordo com a autora, <strong>o que</strong> causa o movimento aparente das estrelas no céu noturno? <strong>Assinale</strong> a alternativa correta.</p>



<p class="has-medium-font-size">(A) A órbita da Terra ao redor do Sol.</p>



<p class="has-medium-font-size">(B) O movimento das estrelas ao redor da Terra.</p>



<p class="has-medium-font-size">(C) A rotação da Terra em seu próprio eixo.</p>



<p class="has-medium-font-size">(D) A influência da Lua nas estrelas.</p>



<p class="has-luminous-vivid-amber-to-luminous-vivid-orange-gradient-background has-background has-medium-font-size"><strong>QUESTÃO 3</strong></p>



<p class="has-medium-font-size"><strong>Imagine</strong> que você está observando o céu durante o dia e vê o Sol se movendo no céu. <strong>Descreva</strong> o que você vê e <strong>explique</strong> por que isso acontece com base no movimento da Terra.</p>



<p class="has-luminous-vivid-amber-to-luminous-vivid-orange-gradient-background has-background has-medium-font-size"><strong>QUESTÃO 4</strong></p>



<p class="has-medium-font-size">Se você fosse um astronauta no espaço, <strong>como</strong> explicaria a um amigo na Terra por que as estrelas parecem se mover no céu noturno? <strong>O que </strong>você diria sobre o movimento da Terra?</p>



<p class="has-luminous-vivid-amber-to-luminous-vivid-orange-gradient-background has-background has-medium-font-size"><strong>QUESTÃO 5</strong></p>



<p class="has-medium-font-size"><strong>Desenhe</strong> uma ilustração que represente como o Sol se move no céu durante o dia e como as estrelas parecem se mover durante a noite. <strong>Inclua</strong> uma seta indicando a direção do movimento do Sol e das estrelas, e <strong>lembre</strong>-se de mostrar como isso está relacionado ao movimento de rotação da Terra.</p>



<hr class="wp-block-separator has-alpha-channel-opacity"/>



<figure class="wp-block-table is-style-stripes"><table><tbody><tr><td><strong>Autoria:</strong></td><td>Profª Esp. Danielle Assis Borges Fantini</td></tr><tr><td><strong>Formação:</strong></td><td>Graduação:<br>– Graduada em Pedagogia e Graduanda em Jornalismo&nbsp;<br><br>Pós-graduação:<br>– MBA em Gestão das Tecnologias da Informação e da Comunicação – Educação<br>– Docência Universitária<br>– Psicopedagogia Institucional e Clínica<br>– Neuropedagogia Aplicada à Educação</td></tr><tr><td><strong>Componente Curricular:</strong></td><td>Ciências da Natureza</td></tr><tr><td><strong>Habilidade:</strong></td><td>(EF05CI11-A) Associar o movimento aparente do Sol e das demais estrelas no céu ao movimento de rotação da Terra. &nbsp;</td></tr><tr><td><strong>Referências:</strong></td><td>BACICH, Lilian; CARONE, Célia R.; PICHILIANI, Edilson A. Presente Mais Ciências da Natureza: ciências: 5º ano: ensino fundamental: anos iniciais. 1 ed. São Paulo: Moderna, 2021.<br><br>CONSTELAÇÕES, Brasil Escola, UOL 2023. Disponível em: &lt;https://brasilescola.uol.com.br/fisica/constelacoes.htm&gt;. Acesso em: 07 ago. 2023.<br><br>CONSTELAÇÕES, Astro,&nbsp; UFRGS 2023. Disponível em: &lt;http://astro.if.ufrgs.br/const.htm&gt;. Acesso em: 07 ago. 2023. &nbsp; <br><br>FERRARO, Ana Carolina Navarro dos Santos. Bons Amigos: ciências: 5º ano: ensino fundamental: anos iniciais. 1 ed. São Paulo: FTD, 2021. &nbsp; <br><br>HIRANAKA, Roberta Aparecida Bueno; HORTENCIO, Thiago Macedo de Abreu. Entrelaços: ciências: 5º ano: ensino fundamental: anos iniciais. 1 ed. São Paulo: FTD, 2021. &nbsp;</td></tr><tr><td><strong>Documento norteador:</strong></td><td>DOCUMENTO CURRICULAR PARA GOIÁS – AMPLIADO (DC-GO AMPLIADO)</td></tr></tbody></table></figure>
