{"id":1624,"date":"2020-05-18T07:00:00","date_gmt":"2020-05-18T10:00:00","guid":{"rendered":"http:\/\/sme.goiania.go.gov.br\/conexaoescola\/?post_type=ensino_fundamental&#038;p=1624"},"modified":"2022-01-11T14:50:50","modified_gmt":"2022-01-11T16:50:50","slug":"higiene-e-saude","status":"publish","type":"ensino_fundamental","link":"https:\/\/sme.goiania.go.gov.br\/conexaoescola\/ensino_fundamental\/higiene-e-saude\/","title":{"rendered":"Ci\u00eancias da Natureza &#8211; Higiene e Sa\u00fade"},"content":{"rendered":"\n<p style=\"font-size:25px\"><strong>Por que e para que existem os h\u00e1bitos de higiene? <\/strong>Ser\u00e1 que existe o jeito certo de lavar as m\u00e3os? <em>Convide outras pessoas da sua casa para acompanhar voc\u00ea nessa atividade e depois voc\u00eas podem conversar sobre o que entenderam<\/em>.<\/p>\n\n\n\n<p style=\"font-size:25px\">Veja com aten\u00e7\u00e3o as informa\u00e7\u00f5es que aparecem no v\u00eddeo \u201cA higiene no dia a dia\u201d, do canal Instituto Akatu, no Youtube.<\/p>\n\n\n\n<figure class=\"wp-block-embed is-type-video is-provider-youtube wp-block-embed-youtube wp-embed-aspect-16-9 wp-has-aspect-ratio\"><div class=\"wp-block-embed__wrapper\">\n<p class=\"responsive-video-wrap clr\"><iframe title=\"A Higiene no dia a dia\" width=\"1200\" height=\"675\" src=\"https:\/\/www.youtube.com\/embed\/iUkh8J9sNyQ?feature=oembed\" frameborder=\"0\" allow=\"accelerometer; autoplay; clipboard-write; encrypted-media; gyroscope; picture-in-picture\" allowfullscreen><\/iframe><\/p>\n<\/div><\/figure>\n\n\n\n<p style=\"font-size:25px\"><strong>Atividade 1<\/strong>:<\/p>\n\n\n\n<p style=\"font-size:25px\">E na sua casa, voc\u00ea j\u00e1 parou para pensar na rotina di\u00e1ria de higiene e da sua fam\u00edlia? Voc\u00eas concordam ou n\u00e3o com as orienta\u00e7\u00f5es\/informa\u00e7\u00f5es apresentadas no v\u00eddeo? <strong>Converse com sua fam\u00edlia<\/strong>. Ser\u00e1 que voc\u00eas poderiam melhorar os h\u00e1bitos de higiene? <em>Uma rotina di\u00e1ria pode contribuir muito com a sa\u00fade de todos n\u00f3s!<\/em><\/p>\n\n\n\n<p style=\"font-size:25px\"><strong>Atividade 2:<\/strong><\/p>\n\n\n\n<ol class=\"wp-block-list\" style=\"font-size:25px\"><li>Conte para outras pessoas de sua casa o que voc\u00ea entendeu sobre a \u00e1gua e sobre os h\u00e1bitos de higiene pessoal. Voc\u00ea tamb\u00e9m pode, <em>com a ajuda de um adulto<\/em>, gravar um v\u00eddeo explicando tudo isso e enviar para uma pessoa que voc\u00ea gosta muito e n\u00e3o pode visitar agora por causa da pandemia.&nbsp;&nbsp;<\/li><li>Fa\u00e7a uma hist\u00f3ria em quadrinhos sobre os h\u00e1bitos de higiene que s\u00e3o necess\u00e1rios para manter uma boa sa\u00fade.<\/li><\/ol>\n\n\n\n<p style=\"font-size:25px\">E por falar em lavar as m\u00e3os, j\u00e1 pensou<strong> de onde vem a \u00e1gua e para onde ela vai<\/strong>? Essa \u00e1gua utilizada para higieniza\u00e7\u00e3o est\u00e1 em uma forma <em>l\u00edquida<\/em>, mas ser\u00e1 que s\u00f3 existe \u00e1gua desse jeito? Vamos descobrir?<\/p>\n\n\n\n<p style=\"font-size:25px\">Assista ao v\u00eddeo, Cartilha \u2013 Planeta \u00c1gua, do Canal Wilivro e pense sobre essa quest\u00e3o.&nbsp;<\/p>\n\n\n\n<figure class=\"wp-block-embed is-type-video is-provider-youtube wp-block-embed-youtube wp-embed-aspect-16-9 wp-has-aspect-ratio\"><div class=\"wp-block-embed__wrapper\">\n<p class=\"responsive-video-wrap clr\"><iframe title=\"Cartilha Planeta \u00c1gua - Ciclo da \u00e1gua\" width=\"1200\" height=\"675\" src=\"https:\/\/www.youtube.com\/embed\/sTJRAJtXgLo?feature=oembed\" frameborder=\"0\" allow=\"accelerometer; autoplay; clipboard-write; encrypted-media; gyroscope; picture-in-picture\" allowfullscreen><\/iframe><\/p>\n<\/div><\/figure>\n\n\n\n<p style=\"font-size:25px\">Assista tamb\u00e9m ao v\u00eddeo do canal <em>Smile and Learn<\/em>. Ele fala sobre os estados da mat\u00e9ria e as mudan\u00e7as de estados da mat\u00e9ria (<em>s\u00f3lido<\/em>, <em>l\u00edquido <\/em>e <em>gasoso) <\/em>de um jeito bem divertido:<\/p>\n\n\n\n<figure class=\"wp-block-embed is-type-video is-provider-youtube wp-block-embed-youtube wp-embed-aspect-16-9 wp-has-aspect-ratio\"><div class=\"wp-block-embed__wrapper\">\n<p class=\"responsive-video-wrap clr\"><iframe title=\"Os estados da mat\u00e9ria e as mudan\u00e7as de estados da mat\u00e9ria - S\u00f3lido, l\u00edquido e gasoso\" width=\"1200\" height=\"675\" src=\"https:\/\/www.youtube.com\/embed\/MtI4nfn7Ra8?feature=oembed\" frameborder=\"0\" allow=\"accelerometer; autoplay; clipboard-write; encrypted-media; gyroscope; picture-in-picture\" allowfullscreen><\/iframe><\/p>\n<\/div><\/figure>\n\n\n\n<p style=\"font-size:25px\">Ent\u00e3o, agora que voc\u00ea j\u00e1 sabe que a \u00e1gua t\u00eam outras formas, vamos praticar e registrar no caderno?<\/p>\n\n\n\n<p style=\"font-size:25px\"><strong>Atividade 3:<\/strong><\/p>\n\n\n\n<p style=\"font-size:25px\">Nos v\u00eddeos, voc\u00ea viu muitas imagens! S\u00e3o v\u00eddeos ilustrativos, com imagens coloridas e muito bonitas!!! Vamos ilustrar!!!<\/p>\n\n\n\n<p style=\"font-size:25px\">Em seu caderno, <strong><em>fa\u00e7a uma ilustra\u00e7\u00e3o sobre a \u00e1gua. Pode ser em qualquer forma e lugar.<\/em><\/strong><\/p>\n\n\n\n<p style=\"font-size:25px\">Observa\u00e7\u00e3o: Fa\u00e7a do seu jeito, o desenho \u00e9 livre. Ah! Capriche! E n\u00e3o se esque\u00e7a de escrever seu nome. Depois, mostre para sua fam\u00edlia e conte o que voc\u00ea aprendeu sobre a \u00e1gua.<\/p>\n\n\n\n<p style=\"font-size:25px\"><strong>Atividade 4:<\/strong><\/p>\n\n\n\n<p style=\"font-size:25px\">Em seu caderno, escreva as tr\u00eas frases abaixo, completando as diferentes formas que a \u00e1gua aparece na natureza:<\/p>\n\n\n\n<ol class=\"wp-block-list\" style=\"font-size:25px\"><li>Quando est\u00e1 l\u00edquida, \u00e9 aquecida e evapora: ________________<\/li><li>Quando est\u00e1 gasosa, \u00e9 resfriada e liquidifica: _______________<\/li><li>Quando est\u00e1 l\u00edquida, \u00e9 mais resfriada ainda e solidifica: _____________<\/li><\/ol>\n\n\n\n<p style=\"font-size:25px\">Se precisar, assista aos v\u00eddeos novamente!<br>&#8212;&#8212;&#8212;&#8212;&#8212;&#8212;&#8212;&#8212;&#8212;&#8212;-<\/p>\n\n\n\n<p style=\"font-size:25px\">Quer saber mais?<br>ANA \u2013 Ag\u00eancia Nacional de \u00c1guas , Ciclo da \u00e0gua<\/p>\n\n\n\n<figure class=\"wp-block-embed is-type-video is-provider-youtube wp-block-embed-youtube wp-embed-aspect-16-9 wp-has-aspect-ratio\"><div class=\"wp-block-embed__wrapper\">\n<p class=\"responsive-video-wrap clr\"><iframe title=\"\u00c1gua   Ciclo da \u00e1gua\" width=\"1200\" height=\"675\" src=\"https:\/\/www.youtube.com\/embed\/9iw9SrH0LUk?feature=oembed\" frameborder=\"0\" allow=\"accelerometer; autoplay; clipboard-write; encrypted-media; gyroscope; picture-in-picture\" allowfullscreen><\/iframe><\/p>\n<\/div><\/figure>\n\n\n\n<p style=\"font-size:25px\">Assunto para os pais\/respons\u00e1veis lerem com seus filhos: Minist\u00e9rio da Sa\u00fade<\/p>\n\n\n\n<p><a href=\"https:\/\/bit.ly\/2WYNRPi\">https:\/\/bit.ly\/2WYNRPi<\/a><\/p>\n\n\n\n<figure class=\"wp-block-table\"><table><tbody><tr><td>Componentes<\/td><td>Habilidades:<\/td><\/tr><tr><td>Ci\u00eancias da Natureza<\/td><td>(EF01CI03-A\/B\/C) discutir e compreender as raz\u00f5es pelas quais os h\u00e1bitos de higiene do corpo, como lavar as m\u00e3os antes de comer, escovar os dentes, limpar os olhos, o nariz e as orelhas, bem como os de higiene alimentar, manuseio, preparo e armazenamento, s\u00e3o necess\u00e1rios para a manuten\u00e7\u00e3o da sa\u00fade individual e coletiva.<\/td><\/tr><tr><td>Geografia<\/td><td>(EF01GE05-A) observar e conhecer os fen\u00f4menos naturais.(EF01GE05-B) reconhecer a import\u00e2ncia dos fen\u00f4menos naturais para a manuten\u00e7\u00e3o da vida.&nbsp;<\/td><\/tr><tr><td>L\u00edngua Portuguesa<\/td><td>(EF15LP03) localizar informa\u00e7\u00f5es expl\u00edcitas em textos.(EF15LP04-A) compreender e interpretar como as imagens, gr\u00e1ficos e tabelas relacionam- se com a constru\u00e7\u00e3o de sentido do texto.(EF15LP10-C) desenvolver o senso cr\u00edtico, ap\u00f3s escuta atenta, sobre assuntos discutidos e estudados em diferentes situa\u00e7\u00f5es comunicativas.(EF12LP17-C) reconhecer a situa\u00e7\u00e3o comunicativa em contexto real de uso, enunciados escolares, bem como os atores envolvidos, interlocutores, contexto de circula\u00e7\u00e3o, espa\u00e7o, e objetivos comunicativos envolvidos na situa\u00e7\u00e3o.<\/td><\/tr><\/tbody><\/table><\/figure>\n","protected":false},"author":7,"featured_media":1625,"template":"","ef_categoria":[13,18],"ef_ano":[86],"ef_componente":[98],"class_list":["post-1624","ensino_fundamental","type-ensino_fundamental","status-publish","has-post-thumbnail","hentry","ef_categoria-ciclo-da-infancia-abc","ef_categoria-educacao-ambiental-e-saude","ef_ano-3o-ano","ef_componente-ciencia-da-natureza-ef","entry","has-media"],"acf":[],"_links":{"self":[{"href":"https:\/\/sme.goiania.go.gov.br\/conexaoescola\/wp-json\/wp\/v2\/ensino_fundamental\/1624","targetHints":{"allow":["GET"]}}],"collection":[{"href":"https:\/\/sme.goiania.go.gov.br\/conexaoescola\/wp-json\/wp\/v2\/ensino_fundamental"}],"about":[{"href":"https:\/\/sme.goiania.go.gov.br\/conexaoescola\/wp-json\/wp\/v2\/types\/ensino_fundamental"}],"author":[{"embeddable":true,"href":"https:\/\/sme.goiania.go.gov.br\/conexaoescola\/wp-json\/wp\/v2\/users\/7"}],"version-history":[{"count":0,"href":"https:\/\/sme.goiania.go.gov.br\/conexaoescola\/wp-json\/wp\/v2\/ensino_fundamental\/1624\/revisions"}],"wp:featuredmedia":[{"embeddable":true,"href":"https:\/\/sme.goiania.go.gov.br\/conexaoescola\/wp-json\/wp\/v2\/media\/1625"}],"wp:attachment":[{"href":"https:\/\/sme.goiania.go.gov.br\/conexaoescola\/wp-json\/wp\/v2\/media?parent=1624"}],"wp:term":[{"taxonomy":"ef_categoria","embeddable":true,"href":"https:\/\/sme.goiania.go.gov.br\/conexaoescola\/wp-json\/wp\/v2\/ef_categoria?post=1624"},{"taxonomy":"ef_ano","embeddable":true,"href":"https:\/\/sme.goiania.go.gov.br\/conexaoescola\/wp-json\/wp\/v2\/ef_ano?post=1624"},{"taxonomy":"ef_componente","embeddable":true,"href":"https:\/\/sme.goiania.go.gov.br\/conexaoescola\/wp-json\/wp\/v2\/ef_componente?post=1624"}],"curies":[{"name":"wp","href":"https:\/\/api.w.org\/{rel}","templated":true}]}}

Ciências da Natureza &#8211; Higiene e Saúde

<p style="font-size:25px"><strong>Por que e para que existem os hábitos de higiene? </strong>Será que existe o jeito certo de lavar as mãos? <em>Convide outras pessoas da sua casa para acompanhar você nessa atividade e depois vocês podem conversar sobre o que entenderam</em>.</p>



<p style="font-size:25px">Veja com atenção as informações que aparecem no vídeo “A higiene no dia a dia”, do canal Instituto Akatu, no Youtube.</p>



<figure class="wp-block-embed is-type-video is-provider-youtube wp-block-embed-youtube wp-embed-aspect-16-9 wp-has-aspect-ratio"><div class="wp-block-embed__wrapper">
<p class="responsive-video-wrap clr"><iframe title="A Higiene no dia a dia" width="1200" height="675" src="https://www.youtube.com/embed/iUkh8J9sNyQ?feature=oembed" frameborder="0" allow="accelerometer; autoplay; clipboard-write; encrypted-media; gyroscope; picture-in-picture" allowfullscreen></iframe></p>
</div></figure>



<p style="font-size:25px"><strong>Atividade 1</strong>:</p>



<p style="font-size:25px">E na sua casa, você já parou para pensar na rotina diária de higiene e da sua família? Vocês concordam ou não com as orientações/informações apresentadas no vídeo? <strong>Converse com sua família</strong>. Será que vocês poderiam melhorar os hábitos de higiene? <em>Uma rotina diária pode contribuir muito com a saúde de todos nós!</em></p>



<p style="font-size:25px"><strong>Atividade 2:</strong></p>



<ol class="wp-block-list" style="font-size:25px"><li>Conte para outras pessoas de sua casa o que você entendeu sobre a água e sobre os hábitos de higiene pessoal. Você também pode, <em>com a ajuda de um adulto</em>, gravar um vídeo explicando tudo isso e enviar para uma pessoa que você gosta muito e não pode visitar agora por causa da pandemia.&nbsp;&nbsp;</li><li>Faça uma história em quadrinhos sobre os hábitos de higiene que são necessários para manter uma boa saúde.</li></ol>



<p style="font-size:25px">E por falar em lavar as mãos, já pensou<strong> de onde vem a água e para onde ela vai</strong>? Essa água utilizada para higienização está em uma forma <em>líquida</em>, mas será que só existe água desse jeito? Vamos descobrir?</p>



<p style="font-size:25px">Assista ao vídeo, Cartilha – Planeta Água, do Canal Wilivro e pense sobre essa questão.&nbsp;</p>



<figure class="wp-block-embed is-type-video is-provider-youtube wp-block-embed-youtube wp-embed-aspect-16-9 wp-has-aspect-ratio"><div class="wp-block-embed__wrapper">
<p class="responsive-video-wrap clr"><iframe title="Cartilha Planeta Água - Ciclo da água" width="1200" height="675" src="https://www.youtube.com/embed/sTJRAJtXgLo?feature=oembed" frameborder="0" allow="accelerometer; autoplay; clipboard-write; encrypted-media; gyroscope; picture-in-picture" allowfullscreen></iframe></p>
</div></figure>



<p style="font-size:25px">Assista também ao vídeo do canal <em>Smile and Learn</em>. Ele fala sobre os estados da matéria e as mudanças de estados da matéria (<em>sólido</em>, <em>líquido </em>e <em>gasoso) </em>de um jeito bem divertido:</p>



<figure class="wp-block-embed is-type-video is-provider-youtube wp-block-embed-youtube wp-embed-aspect-16-9 wp-has-aspect-ratio"><div class="wp-block-embed__wrapper">
<p class="responsive-video-wrap clr"><iframe title="Os estados da matéria e as mudanças de estados da matéria - Sólido, líquido e gasoso" width="1200" height="675" src="https://www.youtube.com/embed/MtI4nfn7Ra8?feature=oembed" frameborder="0" allow="accelerometer; autoplay; clipboard-write; encrypted-media; gyroscope; picture-in-picture" allowfullscreen></iframe></p>
</div></figure>



<p style="font-size:25px">Então, agora que você já sabe que a água têm outras formas, vamos praticar e registrar no caderno?</p>



<p style="font-size:25px"><strong>Atividade 3:</strong></p>



<p style="font-size:25px">Nos vídeos, você viu muitas imagens! São vídeos ilustrativos, com imagens coloridas e muito bonitas!!! Vamos ilustrar!!!</p>



<p style="font-size:25px">Em seu caderno, <strong><em>faça uma ilustração sobre a água. Pode ser em qualquer forma e lugar.</em></strong></p>



<p style="font-size:25px">Observação: Faça do seu jeito, o desenho é livre. Ah! Capriche! E não se esqueça de escrever seu nome. Depois, mostre para sua família e conte o que você aprendeu sobre a água.</p>



<p style="font-size:25px"><strong>Atividade 4:</strong></p>



<p style="font-size:25px">Em seu caderno, escreva as três frases abaixo, completando as diferentes formas que a água aparece na natureza:</p>



<ol class="wp-block-list" style="font-size:25px"><li>Quando está líquida, é aquecida e evapora: ________________</li><li>Quando está gasosa, é resfriada e liquidifica: _______________</li><li>Quando está líquida, é mais resfriada ainda e solidifica: _____________</li></ol>



<p style="font-size:25px">Se precisar, assista aos vídeos novamente!<br>&#8212;&#8212;&#8212;&#8212;&#8212;&#8212;&#8212;&#8212;&#8212;&#8212;-</p>



<p style="font-size:25px">Quer saber mais?<br>ANA – Agência Nacional de Águas , Ciclo da àgua</p>



<figure class="wp-block-embed is-type-video is-provider-youtube wp-block-embed-youtube wp-embed-aspect-16-9 wp-has-aspect-ratio"><div class="wp-block-embed__wrapper">
<p class="responsive-video-wrap clr"><iframe title="Água   Ciclo da água" width="1200" height="675" src="https://www.youtube.com/embed/9iw9SrH0LUk?feature=oembed" frameborder="0" allow="accelerometer; autoplay; clipboard-write; encrypted-media; gyroscope; picture-in-picture" allowfullscreen></iframe></p>
</div></figure>



<p style="font-size:25px">Assunto para os pais/responsáveis lerem com seus filhos: Ministério da Saúde</p>



<p><a href="https://bit.ly/2WYNRPi">https://bit.ly/2WYNRPi</a></p>



<figure class="wp-block-table"><table><tbody><tr><td>Componentes</td><td>Habilidades:</td></tr><tr><td>Ciências da Natureza</td><td>(EF01CI03-A/B/C) discutir e compreender as razões pelas quais os hábitos de higiene do corpo, como lavar as mãos antes de comer, escovar os dentes, limpar os olhos, o nariz e as orelhas, bem como os de higiene alimentar, manuseio, preparo e armazenamento, são necessários para a manutenção da saúde individual e coletiva.</td></tr><tr><td>Geografia</td><td>(EF01GE05-A) observar e conhecer os fenômenos naturais.(EF01GE05-B) reconhecer a importância dos fenômenos naturais para a manutenção da vida.&nbsp;</td></tr><tr><td>Língua Portuguesa</td><td>(EF15LP03) localizar informações explícitas em textos.(EF15LP04-A) compreender e interpretar como as imagens, gráficos e tabelas relacionam- se com a construção de sentido do texto.(EF15LP10-C) desenvolver o senso crítico, após escuta atenta, sobre assuntos discutidos e estudados em diferentes situações comunicativas.(EF12LP17-C) reconhecer a situação comunicativa em contexto real de uso, enunciados escolares, bem como os atores envolvidos, interlocutores, contexto de circulação, espaço, e objetivos comunicativos envolvidos na situação.</td></tr></tbody></table></figure>
