{"id":162030,"date":"2023-05-04T07:00:00","date_gmt":"2023-05-04T10:00:00","guid":{"rendered":"https:\/\/sme.goiania.go.gov.br\/conexaoescola\/?post_type=ensino_fundamental&#038;p=162030"},"modified":"2024-01-22T09:08:48","modified_gmt":"2024-01-22T12:08:48","slug":"ciencias-da-natureza-morfologia-e-habitos-dos-animais","status":"publish","type":"ensino_fundamental","link":"https:\/\/sme.goiania.go.gov.br\/conexaoescola\/ensino_fundamental\/ciencias-da-natureza-morfologia-e-habitos-dos-animais\/","title":{"rendered":"CI\u00caNCIAS DA NATUREZA \u2013 MORFOLOGIA E H\u00c1BITOS DOS ANIMAIS"},"content":{"rendered":"\n<p class=\"has-text-align-center has-luminous-vivid-amber-to-luminous-vivid-orange-gradient-background has-background has-medium-font-size\"><strong>ESTA PROPOSTA DE ATIVIDADE DE CI\u00caNCIAS DA NATUREZA&nbsp;\u00c9 DESTINADA AOS ESTUDANTES<\/strong>&nbsp;<strong>DO<\/strong>&nbsp;<strong>3\u00ba ANO DO ENSINO FUNDAMENTAL<\/strong>.<\/p>\n\n\n\n<div class=\"wp-block-buttons alignwide is-content-justification-center is-layout-flex wp-container-core-buttons-is-layout-16018d1d wp-block-buttons-is-layout-flex\">\n<div class=\"wp-block-button has-custom-width wp-block-button__width-25 has-custom-font-size has-medium-font-size\"><a class=\"wp-block-button__link wp-element-button\" href=\"https:\/\/drive.google.com\/uc?export=download&amp;id=1evbwYZe0EAXF0gevHCddj9lIj0ZmepLn\" target=\"_blank\" rel=\"noreferrer noopener\"><strong>BAIXE A ATIVIDADE<\/strong><\/a><\/div>\n\n\n\n<div class=\"wp-block-button has-custom-width wp-block-button__width-25 has-custom-font-size has-medium-font-size\"><a class=\"wp-block-button__link wp-element-button\" href=\"https:\/\/drive.google.com\/uc?export=download&amp;id=1WLf-q9PnZse05Gn5lW8I25KM5xOayxUv\" target=\"_blank\" rel=\"noreferrer noopener\"><strong>BAIXE OS SLIDES<\/strong><\/a><\/div>\n\n\n\n<div class=\"wp-block-button has-custom-width wp-block-button__width-25 has-custom-font-size has-medium-font-size\"><a class=\"wp-block-button__link wp-element-button\" href=\"https:\/\/drive.google.com\/uc?export=download&amp;id=1EuHg-3R9s7qsWDw1rJ-KM9qIze1jXRND\" target=\"_blank\" rel=\"noreferrer noopener\"><strong>BAIXE O TEXTO<\/strong><\/a><\/div>\n<\/div>\n\n\n\n<hr class=\"wp-block-separator has-alpha-channel-opacity\"\/>\n\n\n\n<p class=\"has-text-align-center has-medium-font-size\"><strong>MORFOLOGIA E H\u00c1BITOS DOS ANIMAIS<\/strong><\/p>\n\n\n\n<figure class=\"wp-block-audio\"><audio controls src=\"https:\/\/sme.goiania.go.gov.br\/conexaoescola\/wp-content\/uploads\/2023\/05\/Morfologia-e-Habitos-dos-Animais.m4a\"><\/audio><\/figure>\n\n\n\n<p class=\"has-medium-font-size\">Ei, crian\u00e7ada! Voc\u00eas sabiam que os animais s\u00e3o superdivertidos n\u00e3o s\u00f3 por sua personalidade, mas tamb\u00e9m por sua forma e estrutura? Vamos aprender um pouquinho mais sobre isso?!<\/p>\n\n\n\n<p class=\"has-medium-font-size\">Cada animal tem sua pr\u00f3pria morfologia, ou seja, a forma como ele \u00e9 constru\u00eddo. Alguns t\u00eam patas curtas e largas, outros t\u00eam caudas compridas e peludas, e outros ainda t\u00eam bicos longos e afiados. Tudo isso ajuda os animais a se adaptarem ao seu ambiente e a se defenderem de poss\u00edveis predadores.<\/p>\n\n\n\n<p class=\"has-medium-font-size\">Por exemplo, os p\u00e1ssaros t\u00eam bicos curvos e pontiagudos, o que os ajuda a quebrar sementes e pegar insetos. J\u00e1 os le\u00f5es t\u00eam garras afiadas e dentes pontiagudos, o que os ajuda a ca\u00e7ar e se proteger.<\/p>\n\n\n\n<p class=\"has-medium-font-size\">Al\u00e9m disso, cada animal tem sua pr\u00f3pria pelagem e colora\u00e7\u00e3o, que pode ajud\u00e1-los a se camuflar e se esconder ou a chamar a aten\u00e7\u00e3o de poss\u00edveis parceiros durante a \u00e9poca de acasalamento.<\/p>\n\n\n\n<p class=\"has-medium-font-size\">Mas n\u00e3o \u00e9 s\u00f3 a apar\u00eancia externa que importa! Os \u00f3rg\u00e3os internos dos animais tamb\u00e9m s\u00e3o superimportantes para sua sobreviv\u00eancia. Os p\u00e1ssaros, por exemplo, t\u00eam pulm\u00f5es muito eficientes que os ajudam a voar por longas dist\u00e2ncias, enquanto os tubar\u00f5es t\u00eam br\u00e2nquias que lhes permitem respirar debaixo d&#8217;\u00e1gua.<\/p>\n\n\n\n<p class=\"has-medium-font-size\">Legal, n\u00e9? A morfologia dos animais \u00e9 t\u00e3o diversa e interessante quanto suas personalidades! E \u00e9 por isso que devemos valorizar e respeitar todos os seres vivos que compartilham o nosso planeta. Ent\u00e3o, da pr\u00f3xima vez que voc\u00ea vir um animal, observe suas caracter\u00edsticas e admire toda a beleza da natureza!<\/p>\n\n\n\n<p class=\"has-text-align-center has-medium-font-size\"><strong>OBSERVE A SEGUINTE IMAGEM PARA RESPONDER \u00c0S QUEST\u00d5ES:<\/strong><\/p>\n\n\n\n<figure class=\"wp-block-image size-large\"><img fetchpriority=\"high\" decoding=\"async\" width=\"1024\" height=\"342\" src=\"https:\/\/sme.goiania.go.gov.br\/conexaoescola\/wp-content\/uploads\/2023\/05\/animals-2222007_1280-1024x342.jpg\" alt=\"\" class=\"wp-image-162031\" srcset=\"https:\/\/sme.goiania.go.gov.br\/conexaoescola\/wp-content\/uploads\/2023\/05\/animals-2222007_1280-1024x342.jpg 1024w, https:\/\/sme.goiania.go.gov.br\/conexaoescola\/wp-content\/uploads\/2023\/05\/animals-2222007_1280-300x100.jpg 300w, https:\/\/sme.goiania.go.gov.br\/conexaoescola\/wp-content\/uploads\/2023\/05\/animals-2222007_1280-768x256.jpg 768w, https:\/\/sme.goiania.go.gov.br\/conexaoescola\/wp-content\/uploads\/2023\/05\/animals-2222007_1280.jpg 1280w\" sizes=\"(max-width: 1024px) 100vw, 1024px\" \/><figcaption class=\"wp-element-caption\">Dispon\u00edvel em: &lt;https:\/\/pixabay.com\/pt\/photos\/animais-cachorros-gatos-gatinhos-2222007\/&gt;. Acesso em: 03, mai. 2023.<\/figcaption><\/figure>\n\n\n\n<p class=\"has-luminous-vivid-amber-to-luminous-vivid-orange-gradient-background has-background has-medium-font-size\"><strong>QUEST\u00c3O 1<\/strong><\/p>\n\n\n\n<p class=\"has-medium-font-size\">De acordo com o texto, <strong>qual<\/strong> \u00e9 a defini\u00e7\u00e3o de morfologia dos animais? <strong>Marque<\/strong> um X na alternativa correta.<\/p>\n\n\n\n<p class=\"has-medium-font-size\">(A) A personalidade dos animais.<\/p>\n\n\n\n<p class=\"has-medium-font-size\">(B) A forma como os animais s\u00e3o constru\u00eddos.<\/p>\n\n\n\n<p class=\"has-medium-font-size\">(C) A forma como os animais se comportam.<\/p>\n\n\n\n<p class=\"has-medium-font-size\">(D) A forma como os animais se alimentam.<\/p>\n\n\n\n<p class=\"has-luminous-vivid-amber-to-luminous-vivid-orange-gradient-background has-background has-medium-font-size\"><strong>QUEST\u00c3O 2<\/strong><\/p>\n\n\n\n<p class=\"has-medium-font-size\">De acordo com a autora, <strong>qual<\/strong> \u00e9 a import\u00e2ncia dos \u00f3rg\u00e3os internos dos animais? <strong>Marque<\/strong> um X na alternativa correta.<\/p>\n\n\n\n<p class=\"has-medium-font-size\">(A) Ajudar os animais a se adaptarem ao ambiente.<\/p>\n\n\n\n<p class=\"has-medium-font-size\">(B) Ajudar os animais a se defenderem de poss\u00edveis predadores.<\/p>\n\n\n\n<p class=\"has-medium-font-size\">(C) Contribuir para a pelagem e colora\u00e7\u00e3o dos animais.<\/p>\n\n\n\n<p class=\"has-medium-font-size\">(D) Contribuir para a sobreviv\u00eancia dos animais.<\/p>\n\n\n\n<p class=\"has-luminous-vivid-amber-to-luminous-vivid-orange-gradient-background has-background has-medium-font-size\"><strong>QUEST\u00c3O 3<\/strong><\/p>\n\n\n\n<p class=\"has-medium-font-size\"><strong>Por que<\/strong> \u00e9 importante valorizar e respeitar todos os seres vivos que compartilham o nosso planeta?<\/p>\n\n\n\n<p class=\"has-luminous-vivid-amber-to-luminous-vivid-orange-gradient-background has-background has-medium-font-size\"><strong>QUEST\u00c3O 4<\/strong><\/p>\n\n\n\n<p class=\"has-medium-font-size\"><strong>Ligue <\/strong>os animais ao tipo de alimenta\u00e7\u00e3o adequada.<\/p>\n\n\n<div class=\"wp-block-image\">\n<figure class=\"aligncenter size-full\"><img decoding=\"async\" width=\"597\" height=\"239\" src=\"https:\/\/sme.goiania.go.gov.br\/conexaoescola\/wp-content\/uploads\/2023\/05\/ANIMAIS.png\" alt=\"\" class=\"wp-image-162032\" srcset=\"https:\/\/sme.goiania.go.gov.br\/conexaoescola\/wp-content\/uploads\/2023\/05\/ANIMAIS.png 597w, https:\/\/sme.goiania.go.gov.br\/conexaoescola\/wp-content\/uploads\/2023\/05\/ANIMAIS-300x120.png 300w\" sizes=\"(max-width: 597px) 100vw, 597px\" \/><figcaption class=\"wp-element-caption\">Imagem produzida no Canva (www.canva.com)<\/figcaption><\/figure><\/div>\n\n\n<hr class=\"wp-block-separator has-alpha-channel-opacity\"\/>\n\n\n\n<figure class=\"wp-block-table is-style-stripes\"><table><tbody><tr><td><strong>Autoria:<\/strong><\/td><td>Prof.\u00aa Danielle Assis Borges Fantini<\/td><\/tr><tr><td><strong>Forma\u00e7\u00e3o:<\/strong><\/td><td>Graduada em:<br>\u2013 Pedagogia e graduanda em Jornalismo.<br>P\u00f3s-graduada em:<br>\u2013 MBA em Gest\u00e3o das Tecnologias da Informa\u00e7\u00e3o e da Comunica\u00e7\u00e3o \u2013 Educa\u00e7\u00e3o.<br>\u2013 Doc\u00eancia Universit\u00e1ria.<br>\u2013 Neuropedagogia Aplicada \u00e0 Educa\u00e7\u00e3o.<br>\u2013 Psicopedagogia Institucional e Cl\u00ednica.<\/td><\/tr><tr><td><strong>Componente Curricular:<\/strong><\/td><td>CI\u00caNCIAS DA NATUREZA<\/td><\/tr><tr><td><strong>Habilidade (s):<\/strong><\/td><td>(EF03CI04-B) Identificar caracter\u00edsticas dos animais mais comuns e classific\u00e1-los quanto ao modo de vida: o que comem, como se reproduzem, como se deslocam. &nbsp;<\/td><\/tr><tr><td><strong>Refer\u00eancia (s):<\/strong><\/td><td>ANIMAIS, Escola Kids, 2024. Dispon\u00edvel em: &lt;https:\/\/escolakids.uol.com.br\/ciencias\/os-animais.htm>. Acesso em: 22 jan. 2024. \u00a0 <br><br>APRENDER JUNTOS CI\u00caNCIAS, 3\u00ba ano: ensino fundamental. Organizadora SM Educa\u00e7\u00e3o. 7\u00aa ed. S\u00e3o Paulo: Edi\u00e7\u00f5es SM, 2021. \u00a0 <br><br>COELHO, Geslie. Ci\u00eancias, Viv\u00eancias e Descobertas, 3\u00ba ano. 1 ed. S\u00e3o Paulo: FTD, 2012. \u00a0 <br><br>LICO, Maria Aparecida e SOARES, TRIVELLATO, Jos\u00e9. Aquarela, Ci\u00eancias \u2013 3\u00ba ano. Ensino Fundamental. S\u00e3o Paulo: Kit\u2019s Editora, 2021. \u00a0 <br><br>PESSOA, Karina e FAVALLI, Leonel. Novo Pitangu\u00e1 Ci\u00eancias. 3\u00ba Ano. Ensino Fundamental Anos Iniciais. Editora Moderna. 1 ed. S\u00e3o Paulo: Moderna, 2021. \u00a0<\/td><\/tr><tr><td><strong>Documento norteador:<\/strong><\/td><td>DOCUMENTO CURRICULAR PARA GOI\u00c1S \u2013 AMPLIADO (DC-GO AMPLIADO)<\/td><\/tr><\/tbody><\/table><\/figure>\n","protected":false},"author":64,"featured_media":162033,"template":"","ef_categoria":[18],"ef_ano":[86],"ef_componente":[98],"class_list":["post-162030","ensino_fundamental","type-ensino_fundamental","status-publish","has-post-thumbnail","hentry","ef_categoria-educacao-ambiental-e-saude","ef_ano-3o-ano","ef_componente-ciencia-da-natureza-ef","entry","has-media"],"acf":[],"_links":{"self":[{"href":"https:\/\/sme.goiania.go.gov.br\/conexaoescola\/wp-json\/wp\/v2\/ensino_fundamental\/162030","targetHints":{"allow":["GET"]}}],"collection":[{"href":"https:\/\/sme.goiania.go.gov.br\/conexaoescola\/wp-json\/wp\/v2\/ensino_fundamental"}],"about":[{"href":"https:\/\/sme.goiania.go.gov.br\/conexaoescola\/wp-json\/wp\/v2\/types\/ensino_fundamental"}],"author":[{"embeddable":true,"href":"https:\/\/sme.goiania.go.gov.br\/conexaoescola\/wp-json\/wp\/v2\/users\/64"}],"version-history":[{"count":6,"href":"https:\/\/sme.goiania.go.gov.br\/conexaoescola\/wp-json\/wp\/v2\/ensino_fundamental\/162030\/revisions"}],"predecessor-version":[{"id":175930,"href":"https:\/\/sme.goiania.go.gov.br\/conexaoescola\/wp-json\/wp\/v2\/ensino_fundamental\/162030\/revisions\/175930"}],"wp:featuredmedia":[{"embeddable":true,"href":"https:\/\/sme.goiania.go.gov.br\/conexaoescola\/wp-json\/wp\/v2\/media\/162033"}],"wp:attachment":[{"href":"https:\/\/sme.goiania.go.gov.br\/conexaoescola\/wp-json\/wp\/v2\/media?parent=162030"}],"wp:term":[{"taxonomy":"ef_categoria","embeddable":true,"href":"https:\/\/sme.goiania.go.gov.br\/conexaoescola\/wp-json\/wp\/v2\/ef_categoria?post=162030"},{"taxonomy":"ef_ano","embeddable":true,"href":"https:\/\/sme.goiania.go.gov.br\/conexaoescola\/wp-json\/wp\/v2\/ef_ano?post=162030"},{"taxonomy":"ef_componente","embeddable":true,"href":"https:\/\/sme.goiania.go.gov.br\/conexaoescola\/wp-json\/wp\/v2\/ef_componente?post=162030"}],"curies":[{"name":"wp","href":"https:\/\/api.w.org\/{rel}","templated":true}]}}

CIÊNCIAS DA NATUREZA – MORFOLOGIA E HÁBITOS DOS ANIMAIS

<p class="has-text-align-center has-luminous-vivid-amber-to-luminous-vivid-orange-gradient-background has-background has-medium-font-size"><strong>ESTA PROPOSTA DE ATIVIDADE DE CIÊNCIAS DA NATUREZA&nbsp;É DESTINADA AOS ESTUDANTES</strong>&nbsp;<strong>DO</strong>&nbsp;<strong>3º ANO DO ENSINO FUNDAMENTAL</strong>.</p>



<div class="wp-block-buttons alignwide is-content-justification-center is-layout-flex wp-container-core-buttons-is-layout-16018d1d wp-block-buttons-is-layout-flex">
<div class="wp-block-button has-custom-width wp-block-button__width-25 has-custom-font-size has-medium-font-size"><a class="wp-block-button__link wp-element-button" href="https://drive.google.com/uc?export=download&amp;id=1evbwYZe0EAXF0gevHCddj9lIj0ZmepLn" target="_blank" rel="noreferrer noopener"><strong>BAIXE A ATIVIDADE</strong></a></div>



<div class="wp-block-button has-custom-width wp-block-button__width-25 has-custom-font-size has-medium-font-size"><a class="wp-block-button__link wp-element-button" href="https://drive.google.com/uc?export=download&amp;id=1WLf-q9PnZse05Gn5lW8I25KM5xOayxUv" target="_blank" rel="noreferrer noopener"><strong>BAIXE OS SLIDES</strong></a></div>



<div class="wp-block-button has-custom-width wp-block-button__width-25 has-custom-font-size has-medium-font-size"><a class="wp-block-button__link wp-element-button" href="https://drive.google.com/uc?export=download&amp;id=1EuHg-3R9s7qsWDw1rJ-KM9qIze1jXRND" target="_blank" rel="noreferrer noopener"><strong>BAIXE O TEXTO</strong></a></div>
</div>



<hr class="wp-block-separator has-alpha-channel-opacity"/>



<p class="has-text-align-center has-medium-font-size"><strong>MORFOLOGIA E HÁBITOS DOS ANIMAIS</strong></p>



<figure class="wp-block-audio"><audio controls src="https://sme.goiania.go.gov.br/conexaoescola/wp-content/uploads/2023/05/Morfologia-e-Habitos-dos-Animais.m4a"></audio></figure>



<p class="has-medium-font-size">Ei, criançada! Vocês sabiam que os animais são superdivertidos não só por sua personalidade, mas também por sua forma e estrutura? Vamos aprender um pouquinho mais sobre isso?!</p>



<p class="has-medium-font-size">Cada animal tem sua própria morfologia, ou seja, a forma como ele é construído. Alguns têm patas curtas e largas, outros têm caudas compridas e peludas, e outros ainda têm bicos longos e afiados. Tudo isso ajuda os animais a se adaptarem ao seu ambiente e a se defenderem de possíveis predadores.</p>



<p class="has-medium-font-size">Por exemplo, os pássaros têm bicos curvos e pontiagudos, o que os ajuda a quebrar sementes e pegar insetos. Já os leões têm garras afiadas e dentes pontiagudos, o que os ajuda a caçar e se proteger.</p>



<p class="has-medium-font-size">Além disso, cada animal tem sua própria pelagem e coloração, que pode ajudá-los a se camuflar e se esconder ou a chamar a atenção de possíveis parceiros durante a época de acasalamento.</p>



<p class="has-medium-font-size">Mas não é só a aparência externa que importa! Os órgãos internos dos animais também são superimportantes para sua sobrevivência. Os pássaros, por exemplo, têm pulmões muito eficientes que os ajudam a voar por longas distâncias, enquanto os tubarões têm brânquias que lhes permitem respirar debaixo d&#8217;água.</p>



<p class="has-medium-font-size">Legal, né? A morfologia dos animais é tão diversa e interessante quanto suas personalidades! E é por isso que devemos valorizar e respeitar todos os seres vivos que compartilham o nosso planeta. Então, da próxima vez que você vir um animal, observe suas características e admire toda a beleza da natureza!</p>



<p class="has-text-align-center has-medium-font-size"><strong>OBSERVE A SEGUINTE IMAGEM PARA RESPONDER ÀS QUESTÕES:</strong></p>



<figure class="wp-block-image size-large"><img fetchpriority="high" decoding="async" width="1024" height="342" src="https://sme.goiania.go.gov.br/conexaoescola/wp-content/uploads/2023/05/animals-2222007_1280-1024x342.jpg" alt="" class="wp-image-162031" srcset="https://sme.goiania.go.gov.br/conexaoescola/wp-content/uploads/2023/05/animals-2222007_1280-1024x342.jpg 1024w, https://sme.goiania.go.gov.br/conexaoescola/wp-content/uploads/2023/05/animals-2222007_1280-300x100.jpg 300w, https://sme.goiania.go.gov.br/conexaoescola/wp-content/uploads/2023/05/animals-2222007_1280-768x256.jpg 768w, https://sme.goiania.go.gov.br/conexaoescola/wp-content/uploads/2023/05/animals-2222007_1280.jpg 1280w" sizes="(max-width: 1024px) 100vw, 1024px" /><figcaption class="wp-element-caption">Disponível em: &lt;https://pixabay.com/pt/photos/animais-cachorros-gatos-gatinhos-2222007/&gt;. Acesso em: 03, mai. 2023.</figcaption></figure>



<p class="has-luminous-vivid-amber-to-luminous-vivid-orange-gradient-background has-background has-medium-font-size"><strong>QUESTÃO 1</strong></p>



<p class="has-medium-font-size">De acordo com o texto, <strong>qual</strong> é a definição de morfologia dos animais? <strong>Marque</strong> um X na alternativa correta.</p>



<p class="has-medium-font-size">(A) A personalidade dos animais.</p>



<p class="has-medium-font-size">(B) A forma como os animais são construídos.</p>



<p class="has-medium-font-size">(C) A forma como os animais se comportam.</p>



<p class="has-medium-font-size">(D) A forma como os animais se alimentam.</p>



<p class="has-luminous-vivid-amber-to-luminous-vivid-orange-gradient-background has-background has-medium-font-size"><strong>QUESTÃO 2</strong></p>



<p class="has-medium-font-size">De acordo com a autora, <strong>qual</strong> é a importância dos órgãos internos dos animais? <strong>Marque</strong> um X na alternativa correta.</p>



<p class="has-medium-font-size">(A) Ajudar os animais a se adaptarem ao ambiente.</p>



<p class="has-medium-font-size">(B) Ajudar os animais a se defenderem de possíveis predadores.</p>



<p class="has-medium-font-size">(C) Contribuir para a pelagem e coloração dos animais.</p>



<p class="has-medium-font-size">(D) Contribuir para a sobrevivência dos animais.</p>



<p class="has-luminous-vivid-amber-to-luminous-vivid-orange-gradient-background has-background has-medium-font-size"><strong>QUESTÃO 3</strong></p>



<p class="has-medium-font-size"><strong>Por que</strong> é importante valorizar e respeitar todos os seres vivos que compartilham o nosso planeta?</p>



<p class="has-luminous-vivid-amber-to-luminous-vivid-orange-gradient-background has-background has-medium-font-size"><strong>QUESTÃO 4</strong></p>



<p class="has-medium-font-size"><strong>Ligue </strong>os animais ao tipo de alimentação adequada.</p>


<div class="wp-block-image">
<figure class="aligncenter size-full"><img decoding="async" width="597" height="239" src="https://sme.goiania.go.gov.br/conexaoescola/wp-content/uploads/2023/05/ANIMAIS.png" alt="" class="wp-image-162032" srcset="https://sme.goiania.go.gov.br/conexaoescola/wp-content/uploads/2023/05/ANIMAIS.png 597w, https://sme.goiania.go.gov.br/conexaoescola/wp-content/uploads/2023/05/ANIMAIS-300x120.png 300w" sizes="(max-width: 597px) 100vw, 597px" /><figcaption class="wp-element-caption">Imagem produzida no Canva (www.canva.com)</figcaption></figure></div>


<hr class="wp-block-separator has-alpha-channel-opacity"/>



<figure class="wp-block-table is-style-stripes"><table><tbody><tr><td><strong>Autoria:</strong></td><td>Prof.ª Danielle Assis Borges Fantini</td></tr><tr><td><strong>Formação:</strong></td><td>Graduada em:<br>– Pedagogia e graduanda em Jornalismo.<br>Pós-graduada em:<br>– MBA em Gestão das Tecnologias da Informação e da Comunicação – Educação.<br>– Docência Universitária.<br>– Neuropedagogia Aplicada à Educação.<br>– Psicopedagogia Institucional e Clínica.</td></tr><tr><td><strong>Componente Curricular:</strong></td><td>CIÊNCIAS DA NATUREZA</td></tr><tr><td><strong>Habilidade (s):</strong></td><td>(EF03CI04-B) Identificar características dos animais mais comuns e classificá-los quanto ao modo de vida: o que comem, como se reproduzem, como se deslocam. &nbsp;</td></tr><tr><td><strong>Referência (s):</strong></td><td>ANIMAIS, Escola Kids, 2024. Disponível em: &lt;https://escolakids.uol.com.br/ciencias/os-animais.htm>. Acesso em: 22 jan. 2024.   <br><br>APRENDER JUNTOS CIÊNCIAS, 3º ano: ensino fundamental. Organizadora SM Educação. 7ª ed. São Paulo: Edições SM, 2021.   <br><br>COELHO, Geslie. Ciências, Vivências e Descobertas, 3º ano. 1 ed. São Paulo: FTD, 2012.   <br><br>LICO, Maria Aparecida e SOARES, TRIVELLATO, José. Aquarela, Ciências – 3º ano. Ensino Fundamental. São Paulo: Kit’s Editora, 2021.   <br><br>PESSOA, Karina e FAVALLI, Leonel. Novo Pitanguá Ciências. 3º Ano. Ensino Fundamental Anos Iniciais. Editora Moderna. 1 ed. São Paulo: Moderna, 2021.  </td></tr><tr><td><strong>Documento norteador:</strong></td><td>DOCUMENTO CURRICULAR PARA GOIÁS – AMPLIADO (DC-GO AMPLIADO)</td></tr></tbody></table></figure>
