{"id":159992,"date":"2023-03-31T07:00:00","date_gmt":"2023-03-31T10:00:00","guid":{"rendered":"https:\/\/sme.goiania.go.gov.br\/conexaoescola\/?post_type=ensino_fundamental&#038;p=159992"},"modified":"2023-08-16T16:40:59","modified_gmt":"2023-08-16T19:40:59","slug":"ciencias-da-natureza-identificar-e-comparar-diferentes-materiais","status":"publish","type":"ensino_fundamental","link":"https:\/\/sme.goiania.go.gov.br\/conexaoescola\/ensino_fundamental\/ciencias-da-natureza-identificar-e-comparar-diferentes-materiais\/","title":{"rendered":"CI\u00caNCIAS DA NATUREZA \u2013 IDENTIFICAR E COMPARAR DIFERENTES MATERIAIS"},"content":{"rendered":"\n<p class=\"has-text-align-center has-pale-ocean-gradient-background has-background has-medium-font-size\"><strong>ESTA PROPOSTA DE ATIVIDADE DE CI\u00caNCIAS DA NATUREZA&nbsp;\u00c9 DESTINADA AOS ESTUDANTES<\/strong>&nbsp;<strong>DO<\/strong>&nbsp;<strong>2\u00ba ANO DO ENSINO FUNDAMENTAL<\/strong>.<\/p>\n\n\n\n<div class=\"wp-block-buttons alignwide is-content-justification-center is-layout-flex wp-container-core-buttons-is-layout-16018d1d wp-block-buttons-is-layout-flex\">\n<div class=\"wp-block-button has-custom-width wp-block-button__width-25 has-custom-font-size has-medium-font-size\"><a class=\"wp-block-button__link wp-element-button\" href=\"https:\/\/drive.google.com\/uc?export=download&amp;id=1vTSDgEj5uJIHFgsDbMuWkY4-qaFtBpgF\" target=\"_blank\" rel=\"noreferrer noopener\"><strong>BAIXE A ATIVIDADE<\/strong><\/a><\/div>\n\n\n\n<div class=\"wp-block-button has-custom-width wp-block-button__width-25 has-custom-font-size has-medium-font-size\"><a class=\"wp-block-button__link wp-element-button\" href=\"https:\/\/drive.google.com\/uc?export=download&amp;id=1MyAJILPvGHUfu1rI6SW0gvBn-Z0Q9BPa\" target=\"_blank\" rel=\"noreferrer noopener\"><strong>BAIXE OS SLIDES<\/strong><\/a><\/div>\n\n\n\n<div class=\"wp-block-button has-custom-width wp-block-button__width-25 has-custom-font-size has-medium-font-size\"><a class=\"wp-block-button__link wp-element-button\" href=\"https:\/\/drive.google.com\/uc?export=download&amp;id=1WQgEkHkgzqq6M9utHDmpiHCA0V28QaJA\" target=\"_blank\" rel=\"noreferrer noopener\"><strong>BAIXE O TEXTO<\/strong><\/a><\/div>\n<\/div>\n\n\n\n<hr class=\"wp-block-separator has-alpha-channel-opacity\"\/>\n\n\n\n<p class=\"has-text-align-center has-medium-font-size\"><strong>OS DIFERENTES OBJETOS<\/strong><\/p>\n\n\n\n<figure class=\"wp-block-audio\"><audio controls src=\"https:\/\/sme.goiania.go.gov.br\/conexaoescola\/wp-content\/uploads\/2023\/03\/OS-DIFERENTES-MATERIAIS.m4a\"><\/audio><\/figure>\n\n\n<div class=\"wp-block-image\">\n<figure class=\"aligncenter size-full is-resized\"><img fetchpriority=\"high\" decoding=\"async\" src=\"https:\/\/sme.goiania.go.gov.br\/conexaoescola\/wp-content\/uploads\/2023\/03\/OS-DIFERENTES-OBJETOS.png\" alt=\"\" class=\"wp-image-159999\" width=\"674\" height=\"620\" srcset=\"https:\/\/sme.goiania.go.gov.br\/conexaoescola\/wp-content\/uploads\/2023\/03\/OS-DIFERENTES-OBJETOS.png 484w, https:\/\/sme.goiania.go.gov.br\/conexaoescola\/wp-content\/uploads\/2023\/03\/OS-DIFERENTES-OBJETOS-300x276.png 300w\" sizes=\"(max-width: 674px) 100vw, 674px\" \/><\/figure><\/div>\n\n\n<p class=\"has-text-align-center has-medium-font-size\"><strong>OBSERVE A SEGUINTE IMAGEM PARA RESPONDER \u00c0S QUEST\u00d5ES:<\/strong><\/p>\n\n\n<div class=\"wp-block-image\">\n<figure class=\"aligncenter size-large is-resized\"><img decoding=\"async\" src=\"https:\/\/sme.goiania.go.gov.br\/conexaoescola\/wp-content\/uploads\/2023\/03\/OBJETO-1024x576.png\" alt=\"\" class=\"wp-image-159996\" width=\"680\" height=\"382\" srcset=\"https:\/\/sme.goiania.go.gov.br\/conexaoescola\/wp-content\/uploads\/2023\/03\/OBJETO-1024x576.png 1024w, https:\/\/sme.goiania.go.gov.br\/conexaoescola\/wp-content\/uploads\/2023\/03\/OBJETO-300x169.png 300w, https:\/\/sme.goiania.go.gov.br\/conexaoescola\/wp-content\/uploads\/2023\/03\/OBJETO-768x432.png 768w, https:\/\/sme.goiania.go.gov.br\/conexaoescola\/wp-content\/uploads\/2023\/03\/OBJETO.png 1280w\" sizes=\"(max-width: 680px) 100vw, 680px\" \/><figcaption class=\"wp-element-caption\">FONTE: DIFERENTES MATERIAIS \u2013 ACERVO PESSOAL \u2013 PRODUZIDA NO&nbsp;<a href=\"https:\/\/www.canva.com\/\">CANVA<\/a><\/figcaption><\/figure><\/div>\n\n\n<p class=\"has-pale-ocean-gradient-background has-background has-medium-font-size\"><strong>QUEST\u00c3O 1<\/strong><\/p>\n\n\n\n<p class=\"has-medium-font-size\"><strong>ANALISE <\/strong>A FIGURA ACIMA. DE ACORDO COM O POEMA, OS OBJETOS S\u00c3O FEITOS DOS MESMOS MATERIAIS? <strong>JUSTIFIQUE<\/strong> SUA RESPOSTA.<\/p>\n\n\n\n<p class=\"has-pale-ocean-gradient-background has-background has-medium-font-size\"><strong>QUEST\u00c3O 2<\/strong><\/p>\n\n\n\n<p class=\"has-medium-font-size\">A PARTIR DO TEXTO, <strong>ESCREVA<\/strong> TR\u00caS EXEMPLOS DE OBJETOS QUE PODEM SER CRIADOS COM O USO DE:<\/p>\n\n\n<div class=\"wp-block-image\">\n<figure class=\"aligncenter size-full is-resized\"><img decoding=\"async\" src=\"https:\/\/sme.goiania.go.gov.br\/conexaoescola\/wp-content\/uploads\/2023\/03\/TABELA-1.png\" alt=\"\" class=\"wp-image-160011\" width=\"534\" height=\"126\" srcset=\"https:\/\/sme.goiania.go.gov.br\/conexaoescola\/wp-content\/uploads\/2023\/03\/TABELA-1.png 801w, https:\/\/sme.goiania.go.gov.br\/conexaoescola\/wp-content\/uploads\/2023\/03\/TABELA-1-300x71.png 300w, https:\/\/sme.goiania.go.gov.br\/conexaoescola\/wp-content\/uploads\/2023\/03\/TABELA-1-768x181.png 768w\" sizes=\"(max-width: 534px) 100vw, 534px\" \/><\/figure><\/div>\n\n\n<p class=\"has-medium-font-size\">AGORA,<strong> DESENHE<\/strong> TR\u00caS EXEMPLOS DE OBJETOS QUE S\u00c3O FEITOS DE METAL:<\/p>\n\n\n\n<p class=\"has-pale-ocean-gradient-background has-background has-medium-font-size\"><strong>QUEST\u00c3O 3<\/strong><\/p>\n\n\n\n<p class=\"has-medium-font-size\"><strong>QUAL<\/strong> \u00c9 A CARACTER\u00cdSTICA PRINCIPAL DO MATERIAL VIDRO MENCIONADA NO TEXTO? <strong>MARQUE UM X<\/strong> NA ALTERNATIVA CORRETA.<\/p>\n\n\n\n<p class=\"has-medium-font-size\">(A) SUA RESIST\u00caNCIA&nbsp;<\/p>\n\n\n\n<p class=\"has-medium-font-size\">(B) SUA APAR\u00caNCIA NATURAL&nbsp;<\/p>\n\n\n\n<p class=\"has-medium-font-size\">(C) SUA VERSATILIDADE E COER\u00caNCIA&nbsp;<\/p>\n\n\n\n<p class=\"has-medium-font-size\">(D) SUA FOR\u00c7A E RESIST\u00caNCIA<\/p>\n\n\n\n<p class=\"has-pale-ocean-gradient-background has-background has-medium-font-size\"><strong>QUEST\u00c3O 4<\/strong><\/p>\n\n\n\n<p class=\"has-medium-font-size\"><strong>QUAL <\/strong>\u00c9 A IMPORT\u00c2NCIA DE CONHECER AS PROPRIEDADES DOS MATERIAIS MENCIONADAS NA \u00daLTIMA ESTROFE DO TEXTO? <strong>MARQUE UM X<\/strong> NA ALTERNATIVA CORRETA.&nbsp;<\/p>\n\n\n\n<p class=\"has-medium-font-size\">(A) PARA ESCOLHER OBJETOS ALEATORIAMENTE.&nbsp;<\/p>\n\n\n\n<p class=\"has-medium-font-size\">(B) PARA SABER QUAIS MATERIAIS EST\u00c3O EM ALTA NA MODA.&nbsp;<\/p>\n\n\n\n<p class=\"has-medium-font-size\">(C) PARA ESCOLHER OBJETOS COM SABEDORIA QUE IR\u00c3O NOS ACOMPANHAR NO DIA A DIA.&nbsp;<\/p>\n\n\n\n<p class=\"has-medium-font-size\">(D) PARA ESCOLHER OBJETOS QUE S\u00c3O MAIS BARATOS.<\/p>\n\n\n\n<hr class=\"wp-block-separator has-alpha-channel-opacity\"\/>\n\n\n\n<figure class=\"wp-block-table is-style-stripes\"><table><tbody><tr><td><strong>Autoria<\/strong>:<\/td><td>Prof\u00aa Danielle Assis Borges Fantini<\/td><\/tr><tr><td><strong>Forma\u00e7\u00e3o:<\/strong><\/td><td>Gradua\u00e7\u00e3o:<br>\u2013 Graduada em Pedagogia e Graduanda em Jornalismo&nbsp;<br><br>P\u00f3s-gradua\u00e7\u00e3o:<br>\u2013 MBA em Gest\u00e3o das Tecnologias da Informa\u00e7\u00e3o e da Comunica\u00e7\u00e3o \u2013 Educa\u00e7\u00e3o<br>\u2013 Doc\u00eancia Universit\u00e1ria<br>\u2013 Psicopedagogia Institucional e Cl\u00ednica<br>\u2013 Neuropedagogia Aplicada \u00e0 Educa\u00e7\u00e3o<\/td><\/tr><tr><td><strong>Componente Curricular:<\/strong><\/td><td>CI\u00caNCIAS DA NATUREZA<\/td><\/tr><tr><td><strong>Habilidade (s):<\/strong><\/td><td>(EF02CI01-B) Identificar e comparar as caracter\u00edsticas dos materiais, como metais, madeira, vidro, que comp\u00f5em os objetos de uso cotidiano.<\/td><\/tr><tr><td><strong>Refer\u00eancia (s):<\/strong><\/td><td>HIRANAKA, Roberta Aparecida Bueno; HORTENCIO, Thiago Macedo de Abreu. <strong>Entrela\u00e7os: ci\u00eancias: 2\u00ba ano: ensino fundamental: anos iniciais. <\/strong>1 ed. S\u00e3o Paulo: FTD, 2021.<br><br>J\u00fanior, C\u00e9sar da Silva [et.al]. <strong>Eu gosto: Ci\u00eancias: 2\u00ba ano: ensino fundamental<\/strong>. 1 ed. S\u00e3o Paulo: Pr\u00e1xis, 2021.<br><\/td><\/tr><tr><td><strong>Documento norteador<\/strong>:<\/td><td>DOCUMENTO CURRICULAR PARA GOI\u00c1S \u2013 AMPLIADO (DC-GO AMPLIADO)<\/td><\/tr><\/tbody><\/table><\/figure>\n","protected":false},"author":64,"featured_media":159996,"template":"","ef_categoria":[28],"ef_ano":[85],"ef_componente":[98],"class_list":["post-159992","ensino_fundamental","type-ensino_fundamental","status-publish","has-post-thumbnail","hentry","ef_categoria-educacao-ambiental-e-saude-ciclo-da-adolescencia-fg","ef_ano-2o-ano","ef_componente-ciencia-da-natureza-ef","entry","has-media"],"acf":[],"_links":{"self":[{"href":"https:\/\/sme.goiania.go.gov.br\/conexaoescola\/wp-json\/wp\/v2\/ensino_fundamental\/159992","targetHints":{"allow":["GET"]}}],"collection":[{"href":"https:\/\/sme.goiania.go.gov.br\/conexaoescola\/wp-json\/wp\/v2\/ensino_fundamental"}],"about":[{"href":"https:\/\/sme.goiania.go.gov.br\/conexaoescola\/wp-json\/wp\/v2\/types\/ensino_fundamental"}],"author":[{"embeddable":true,"href":"https:\/\/sme.goiania.go.gov.br\/conexaoescola\/wp-json\/wp\/v2\/users\/64"}],"version-history":[{"count":8,"href":"https:\/\/sme.goiania.go.gov.br\/conexaoescola\/wp-json\/wp\/v2\/ensino_fundamental\/159992\/revisions"}],"predecessor-version":[{"id":167911,"href":"https:\/\/sme.goiania.go.gov.br\/conexaoescola\/wp-json\/wp\/v2\/ensino_fundamental\/159992\/revisions\/167911"}],"wp:featuredmedia":[{"embeddable":true,"href":"https:\/\/sme.goiania.go.gov.br\/conexaoescola\/wp-json\/wp\/v2\/media\/159996"}],"wp:attachment":[{"href":"https:\/\/sme.goiania.go.gov.br\/conexaoescola\/wp-json\/wp\/v2\/media?parent=159992"}],"wp:term":[{"taxonomy":"ef_categoria","embeddable":true,"href":"https:\/\/sme.goiania.go.gov.br\/conexaoescola\/wp-json\/wp\/v2\/ef_categoria?post=159992"},{"taxonomy":"ef_ano","embeddable":true,"href":"https:\/\/sme.goiania.go.gov.br\/conexaoescola\/wp-json\/wp\/v2\/ef_ano?post=159992"},{"taxonomy":"ef_componente","embeddable":true,"href":"https:\/\/sme.goiania.go.gov.br\/conexaoescola\/wp-json\/wp\/v2\/ef_componente?post=159992"}],"curies":[{"name":"wp","href":"https:\/\/api.w.org\/{rel}","templated":true}]}}

CIÊNCIAS DA NATUREZA – IDENTIFICAR E COMPARAR DIFERENTES MATERIAIS

<p class="has-text-align-center has-pale-ocean-gradient-background has-background has-medium-font-size"><strong>ESTA PROPOSTA DE ATIVIDADE DE CIÊNCIAS DA NATUREZA&nbsp;É DESTINADA AOS ESTUDANTES</strong>&nbsp;<strong>DO</strong>&nbsp;<strong>2º ANO DO ENSINO FUNDAMENTAL</strong>.</p>



<div class="wp-block-buttons alignwide is-content-justification-center is-layout-flex wp-container-core-buttons-is-layout-16018d1d wp-block-buttons-is-layout-flex">
<div class="wp-block-button has-custom-width wp-block-button__width-25 has-custom-font-size has-medium-font-size"><a class="wp-block-button__link wp-element-button" href="https://drive.google.com/uc?export=download&amp;id=1vTSDgEj5uJIHFgsDbMuWkY4-qaFtBpgF" target="_blank" rel="noreferrer noopener"><strong>BAIXE A ATIVIDADE</strong></a></div>



<div class="wp-block-button has-custom-width wp-block-button__width-25 has-custom-font-size has-medium-font-size"><a class="wp-block-button__link wp-element-button" href="https://drive.google.com/uc?export=download&amp;id=1MyAJILPvGHUfu1rI6SW0gvBn-Z0Q9BPa" target="_blank" rel="noreferrer noopener"><strong>BAIXE OS SLIDES</strong></a></div>



<div class="wp-block-button has-custom-width wp-block-button__width-25 has-custom-font-size has-medium-font-size"><a class="wp-block-button__link wp-element-button" href="https://drive.google.com/uc?export=download&amp;id=1WQgEkHkgzqq6M9utHDmpiHCA0V28QaJA" target="_blank" rel="noreferrer noopener"><strong>BAIXE O TEXTO</strong></a></div>
</div>



<hr class="wp-block-separator has-alpha-channel-opacity"/>



<p class="has-text-align-center has-medium-font-size"><strong>OS DIFERENTES OBJETOS</strong></p>



<figure class="wp-block-audio"><audio controls src="https://sme.goiania.go.gov.br/conexaoescola/wp-content/uploads/2023/03/OS-DIFERENTES-MATERIAIS.m4a"></audio></figure>


<div class="wp-block-image">
<figure class="aligncenter size-full is-resized"><img fetchpriority="high" decoding="async" src="https://sme.goiania.go.gov.br/conexaoescola/wp-content/uploads/2023/03/OS-DIFERENTES-OBJETOS.png" alt="" class="wp-image-159999" width="674" height="620" srcset="https://sme.goiania.go.gov.br/conexaoescola/wp-content/uploads/2023/03/OS-DIFERENTES-OBJETOS.png 484w, https://sme.goiania.go.gov.br/conexaoescola/wp-content/uploads/2023/03/OS-DIFERENTES-OBJETOS-300x276.png 300w" sizes="(max-width: 674px) 100vw, 674px" /></figure></div>


<p class="has-text-align-center has-medium-font-size"><strong>OBSERVE A SEGUINTE IMAGEM PARA RESPONDER ÀS QUESTÕES:</strong></p>


<div class="wp-block-image">
<figure class="aligncenter size-large is-resized"><img decoding="async" src="https://sme.goiania.go.gov.br/conexaoescola/wp-content/uploads/2023/03/OBJETO-1024x576.png" alt="" class="wp-image-159996" width="680" height="382" srcset="https://sme.goiania.go.gov.br/conexaoescola/wp-content/uploads/2023/03/OBJETO-1024x576.png 1024w, https://sme.goiania.go.gov.br/conexaoescola/wp-content/uploads/2023/03/OBJETO-300x169.png 300w, https://sme.goiania.go.gov.br/conexaoescola/wp-content/uploads/2023/03/OBJETO-768x432.png 768w, https://sme.goiania.go.gov.br/conexaoescola/wp-content/uploads/2023/03/OBJETO.png 1280w" sizes="(max-width: 680px) 100vw, 680px" /><figcaption class="wp-element-caption">FONTE: DIFERENTES MATERIAIS – ACERVO PESSOAL – PRODUZIDA NO&nbsp;<a href="https://www.canva.com/">CANVA</a></figcaption></figure></div>


<p class="has-pale-ocean-gradient-background has-background has-medium-font-size"><strong>QUESTÃO 1</strong></p>



<p class="has-medium-font-size"><strong>ANALISE </strong>A FIGURA ACIMA. DE ACORDO COM O POEMA, OS OBJETOS SÃO FEITOS DOS MESMOS MATERIAIS? <strong>JUSTIFIQUE</strong> SUA RESPOSTA.</p>



<p class="has-pale-ocean-gradient-background has-background has-medium-font-size"><strong>QUESTÃO 2</strong></p>



<p class="has-medium-font-size">A PARTIR DO TEXTO, <strong>ESCREVA</strong> TRÊS EXEMPLOS DE OBJETOS QUE PODEM SER CRIADOS COM O USO DE:</p>


<div class="wp-block-image">
<figure class="aligncenter size-full is-resized"><img decoding="async" src="https://sme.goiania.go.gov.br/conexaoescola/wp-content/uploads/2023/03/TABELA-1.png" alt="" class="wp-image-160011" width="534" height="126" srcset="https://sme.goiania.go.gov.br/conexaoescola/wp-content/uploads/2023/03/TABELA-1.png 801w, https://sme.goiania.go.gov.br/conexaoescola/wp-content/uploads/2023/03/TABELA-1-300x71.png 300w, https://sme.goiania.go.gov.br/conexaoescola/wp-content/uploads/2023/03/TABELA-1-768x181.png 768w" sizes="(max-width: 534px) 100vw, 534px" /></figure></div>


<p class="has-medium-font-size">AGORA,<strong> DESENHE</strong> TRÊS EXEMPLOS DE OBJETOS QUE SÃO FEITOS DE METAL:</p>



<p class="has-pale-ocean-gradient-background has-background has-medium-font-size"><strong>QUESTÃO 3</strong></p>



<p class="has-medium-font-size"><strong>QUAL</strong> É A CARACTERÍSTICA PRINCIPAL DO MATERIAL VIDRO MENCIONADA NO TEXTO? <strong>MARQUE UM X</strong> NA ALTERNATIVA CORRETA.</p>



<p class="has-medium-font-size">(A) SUA RESISTÊNCIA&nbsp;</p>



<p class="has-medium-font-size">(B) SUA APARÊNCIA NATURAL&nbsp;</p>



<p class="has-medium-font-size">(C) SUA VERSATILIDADE E COERÊNCIA&nbsp;</p>



<p class="has-medium-font-size">(D) SUA FORÇA E RESISTÊNCIA</p>



<p class="has-pale-ocean-gradient-background has-background has-medium-font-size"><strong>QUESTÃO 4</strong></p>



<p class="has-medium-font-size"><strong>QUAL </strong>É A IMPORTÂNCIA DE CONHECER AS PROPRIEDADES DOS MATERIAIS MENCIONADAS NA ÚLTIMA ESTROFE DO TEXTO? <strong>MARQUE UM X</strong> NA ALTERNATIVA CORRETA.&nbsp;</p>



<p class="has-medium-font-size">(A) PARA ESCOLHER OBJETOS ALEATORIAMENTE.&nbsp;</p>



<p class="has-medium-font-size">(B) PARA SABER QUAIS MATERIAIS ESTÃO EM ALTA NA MODA.&nbsp;</p>



<p class="has-medium-font-size">(C) PARA ESCOLHER OBJETOS COM SABEDORIA QUE IRÃO NOS ACOMPANHAR NO DIA A DIA.&nbsp;</p>



<p class="has-medium-font-size">(D) PARA ESCOLHER OBJETOS QUE SÃO MAIS BARATOS.</p>



<hr class="wp-block-separator has-alpha-channel-opacity"/>



<figure class="wp-block-table is-style-stripes"><table><tbody><tr><td><strong>Autoria</strong>:</td><td>Profª Danielle Assis Borges Fantini</td></tr><tr><td><strong>Formação:</strong></td><td>Graduação:<br>– Graduada em Pedagogia e Graduanda em Jornalismo&nbsp;<br><br>Pós-graduação:<br>– MBA em Gestão das Tecnologias da Informação e da Comunicação – Educação<br>– Docência Universitária<br>– Psicopedagogia Institucional e Clínica<br>– Neuropedagogia Aplicada à Educação</td></tr><tr><td><strong>Componente Curricular:</strong></td><td>CIÊNCIAS DA NATUREZA</td></tr><tr><td><strong>Habilidade (s):</strong></td><td>(EF02CI01-B) Identificar e comparar as características dos materiais, como metais, madeira, vidro, que compõem os objetos de uso cotidiano.</td></tr><tr><td><strong>Referência (s):</strong></td><td>HIRANAKA, Roberta Aparecida Bueno; HORTENCIO, Thiago Macedo de Abreu. <strong>Entrelaços: ciências: 2º ano: ensino fundamental: anos iniciais. </strong>1 ed. São Paulo: FTD, 2021.<br><br>Júnior, César da Silva [et.al]. <strong>Eu gosto: Ciências: 2º ano: ensino fundamental</strong>. 1 ed. São Paulo: Práxis, 2021.<br></td></tr><tr><td><strong>Documento norteador</strong>:</td><td>DOCUMENTO CURRICULAR PARA GOIÁS – AMPLIADO (DC-GO AMPLIADO)</td></tr></tbody></table></figure>
