{"id":159926,"date":"2023-03-28T15:12:14","date_gmt":"2023-03-28T18:12:14","guid":{"rendered":"https:\/\/sme.goiania.go.gov.br\/conexaoescola\/?post_type=ensino_fundamental&#038;p=159926"},"modified":"2024-04-09T10:20:42","modified_gmt":"2024-04-09T13:20:42","slug":"lingua-inglesa-life-plans","status":"publish","type":"ensino_fundamental","link":"https:\/\/sme.goiania.go.gov.br\/conexaoescola\/ensino_fundamental\/lingua-inglesa-life-plans\/","title":{"rendered":"L\u00edngua Inglesa: Life Plans"},"content":{"rendered":"\n<p class=\"has-electric-grass-gradient-background has-background has-medium-font-size\">Esta proposta de atividade de&nbsp;<strong>L\u00edngua Inglesa<\/strong>&nbsp;com base no DC\/GO \u2013 Ampliado e&nbsp;\u00e9 destinada aos estudantes do&nbsp;<strong>8\u00ba Ano do Ensino Fundamental<\/strong>&nbsp;<strong>Anos Finais<\/strong>.<\/p>\n\n\n\n<p><\/p>\n\n\n\n<div class=\"wp-block-buttons is-content-justification-center is-layout-flex wp-container-core-buttons-is-layout-16018d1d wp-block-buttons-is-layout-flex\">\n<div class=\"wp-block-button\"><a class=\"wp-block-button__link wp-element-button\" href=\"https:\/\/drive.google.com\/uc?export=download&amp;id=1Q35NZtOvDNiEzCwWw9WYu_uGjBaHvuwM\" target=\"_blank\" rel=\"noreferrer noopener\">BAIXAR A ATIVIDADE<\/a><\/div>\n\n\n\n<div class=\"wp-block-button\"><a class=\"wp-block-button__link wp-element-button\" href=\"https:\/\/drive.google.com\/uc?export=download&amp;id=1ASJZTfxo_1g-4WEF2PDACHhQAsTO-AXf\" target=\"_blank\" rel=\"noreferrer noopener\">BAIXAR OS SLIDES<\/a><\/div>\n\n\n\n<div class=\"wp-block-button\"><a class=\"wp-block-button__link wp-element-button\" href=\"https:\/\/drive.google.com\/uc?export=download&amp;id=13cMA_ZZcwBalQKYmcdJZJasVU6hiF-gj\" target=\"_blank\" rel=\"noreferrer noopener\">BAIXAR O TEXTO<\/a><\/div>\n<\/div>\n\n\n\n<p><\/p>\n\n\n<div class=\"wp-block-image\">\n<figure class=\"aligncenter size-full is-resized\"><img fetchpriority=\"high\" decoding=\"async\" width=\"547\" height=\"413\" src=\"https:\/\/sme.goiania.go.gov.br\/conexaoescola\/wp-content\/uploads\/2023\/03\/Sem-titulo-3-e1680026875236.png\" alt=\"\" class=\"wp-image-159936\" style=\"width:572px;height:431px\" srcset=\"https:\/\/sme.goiania.go.gov.br\/conexaoescola\/wp-content\/uploads\/2023\/03\/Sem-titulo-3-e1680026875236.png 547w, https:\/\/sme.goiania.go.gov.br\/conexaoescola\/wp-content\/uploads\/2023\/03\/Sem-titulo-3-e1680026875236-300x227.png 300w\" sizes=\"(max-width: 547px) 100vw, 547px\" \/><figcaption class=\"wp-element-caption\"><strong>Dispon\u00edvel em: <\/strong><a href=\"https:\/\/www.canva.com\/design\/DAFeahRGYcA\/MCANVc5ABKZNPRHxkgXPnw\/edit\">https:\/\/www.canva.com\/design\/DAFeahRGYcA\/MCANVc5ABKZNPRHxkgXPnw\/edit<\/a> , acesso em 29, Mar. 2023<br><\/figcaption><\/figure><\/div>\n\n\n<p class=\"has-text-align-center has-electric-grass-gradient-background has-background has-medium-font-size\">Leia o poema abaixo e responda as quest\u00f5es sobre o mesmo:<\/p>\n\n\n\n<p class=\"has-text-align-center has-medium-font-size\">Life Plans<\/p>\n\n\n\n<p class=\"has-text-align-center has-medium-font-size\">We all make plans for our life ahead<\/p>\n\n\n\n<p class=\"has-text-align-center has-medium-font-size\">A roadmap for the future, we&#8217;ve often said<\/p>\n\n\n\n<p class=\"has-text-align-center has-medium-font-size\">We set our goals, we dream our dreams<\/p>\n\n\n\n<p class=\"has-text-align-center has-medium-font-size\">And imagine what our life could mean<\/p>\n\n\n\n<p><\/p>\n\n\n\n<p class=\"has-text-align-center has-medium-font-size\">Some plan for success, some plan for love<\/p>\n\n\n\n<p class=\"has-text-align-center has-medium-font-size\">Some aim for riches, while others, for above<\/p>\n\n\n\n<p class=\"has-text-align-center has-medium-font-size\">But plans can change, and life can shift<\/p>\n\n\n\n<p class=\"has-text-align-center has-medium-font-size\">Our paths can take an unexpected drift<\/p>\n\n\n\n<p><\/p>\n\n\n\n<p class=\"has-text-align-center has-medium-font-size\">We may stumble and fall, and feel unsure<\/p>\n\n\n\n<p class=\"has-text-align-center has-medium-font-size\">As life throws us challenges, we&#8217;ve not endured<\/p>\n\n\n\n<p class=\"has-text-align-center has-medium-font-size\">But it&#8217;s in these moments, we must remember<\/p>\n\n\n\n<p class=\"has-text-align-center has-medium-font-size\">Our plans may alter, but hope, we must not surrender<\/p>\n\n\n\n<p><\/p>\n\n\n\n<p class=\"has-text-align-center has-medium-font-size\">For life is an adventure, with twists and turns<\/p>\n\n\n\n<p class=\"has-text-align-center has-medium-font-size\">It&#8217;s a journey of lessons, and how we learn<\/p>\n\n\n\n<p class=\"has-text-align-center has-medium-font-size\">So, hold on to your plans, but be ready to adjust<\/p>\n\n\n\n<p class=\"has-text-align-center has-medium-font-size\">Embrace the journey, and have faith in the trust<\/p>\n\n\n\n<p><\/p>\n\n\n\n<p class=\"has-text-align-center has-medium-font-size\">Trust that life has a plan, greater than our own<\/p>\n\n\n\n<p class=\"has-text-align-center has-medium-font-size\">And have courage to face, the unknowns we&#8217;ve not shown<\/p>\n\n\n\n<p class=\"has-text-align-center has-medium-font-size\">For life is not a straight line, but a beautiful ride<\/p>\n\n\n\n<p class=\"has-text-align-center has-medium-font-size\">With surprises and wonders, that will always abide.<\/p>\n\n\n\n<p><\/p>\n\n\n\n<p class=\"has-electric-grass-gradient-background has-background has-medium-font-size\"><strong>QUESTION 1<\/strong><\/p>\n\n\n\n<p class=\"has-medium-font-size\">O poema \u00e9 sobre<\/p>\n\n\n\n<p class=\"has-medium-font-size\">(A) o amor<\/p>\n\n\n\n<p class=\"has-medium-font-size\">(B) planos de vida<\/p>\n\n\n\n<p class=\"has-medium-font-size\">(C) o sucesso<\/p>\n\n\n\n<p class=\"has-medium-font-size\">(D) riquezas<\/p>\n\n\n\n<p class=\"has-electric-grass-gradient-background has-background has-medium-font-size\"><strong>QUESTION 2<\/strong><\/p>\n\n\n\n<p class=\"has-medium-font-size\">Segundo o poema,&nbsp; nossos planos<\/p>\n\n\n\n<p class=\"has-medium-font-size\">(A) podem mudar<\/p>\n\n\n\n<p class=\"has-medium-font-size\">(B) sempre acontecem exatamente como planejado<\/p>\n\n\n\n<p class=\"has-medium-font-size\">(C) se tornam irrelevantes<\/p>\n\n\n\n<p class=\"has-medium-font-size\">(D) n\u00e3o s\u00e3o importantes<\/p>\n\n\n\n<p class=\"has-electric-grass-gradient-background has-background has-medium-font-size\"><strong>QUESTION 3<\/strong><\/p>\n\n\n\n<p class=\"has-medium-font-size\">O poema compara a vida a<\/p>\n\n\n\n<p class=\"has-medium-font-size\">(A) uma linha reta<\/p>\n\n\n\n<p class=\"has-medium-font-size\">(B) uma estrada esburacada<\/p>\n\n\n\n<p class=\"has-medium-font-size\">(C) um passeio de montanha russa<\/p>\n\n\n\n<p class=\"has-medium-font-size\">(D) um quebra- cabe\u00e7a<\/p>\n\n\n\n<p class=\"has-text-align-center has-electric-grass-gradient-background has-background has-medium-font-size\"><strong>Leia o texto abaixo e responda as quest\u00f5es sobre o mesmo:<\/strong><\/p>\n\n\n\n<p class=\"has-medium-font-size\">In December, Suzan will graduate high school. She will say \u201cgoodbye\u201d to her friends and teachers, and she will move to Dudley to study at the University of Wolverhampton. In the university, Suzan will study economics, because in the future she wants to work in a bank. Suzan will work hard, and in five years she will graduate from the university. Suzan will begin her career; she will be successful and earn a lot of money.&nbsp;<\/p>\n\n\n\n<p class=\"has-electric-grass-gradient-background has-background has-medium-font-size\"><strong>QUESTION 4<\/strong><\/p>\n\n\n\n<p class=\"has-medium-font-size\">Quando Suzan vai se graduar?\u00a0<\/p>\n\n\n\n<p class=\"has-electric-grass-gradient-background has-background has-medium-font-size\"><strong>QUESTION 5<\/strong><\/p>\n\n\n\n<p class=\"has-medium-font-size\">Em qual universidade ela vai estudar e qual curso ela far\u00e1?<\/p>\n\n\n\n<p class=\"has-electric-grass-gradient-background has-background has-medium-font-size\"><strong>QUESTION 6<\/strong><\/p>\n\n\n\n<p class=\"has-medium-font-size\">Em quantos anos Suzan vai se graduar?<\/p>\n\n\n\n<p><\/p>\n\n\n\n<hr class=\"wp-block-separator has-alpha-channel-opacity\"\/>\n\n\n\n<figure class=\"wp-block-table\"><table><tbody><tr><td><strong>Autoria:<\/strong><\/td><td>Prof\u00aa Dra Sueidy Ferreira Lourencio<\/td><\/tr><tr><td><strong>Forma\u00e7\u00e3o:<\/strong><\/td><td>Letras Portuguese\/Ingl\u00eas &#8211; Doutorado em Educa\u00e7\u00e3o<\/td><\/tr><tr><td><strong>Componente Curricular:<\/strong><\/td><td>L\u00edngua Inglesa<\/td><\/tr><tr><td><strong>Habilidade:<\/strong><\/td><td>(EF08LI01-A) Apontar e usar recursos lingu\u00edsticos para evitar e\/ou resolver mal-entendidos, emitir opini\u00f5es e esclarecer informa\u00e7\u00f5es sobre sonhos e projetos pessoais e profissionais sobre o futuro, por meio de par\u00e1frase ou justificativas<\/td><\/tr><tr><td><strong>Refer\u00eancias<\/strong><\/td><td>FUTURE WITH GOING TO. Dispon\u00edvel em: &lt;<a href=\"https:\/\/www.liveworksheets.com\/he1335574gg\">https:\/\/www.liveworksheets.com\/he1335574gg<\/a>\u00a0 , acesso em 25, Fev.2022.<br><a href=\"https:\/\/www.youtube.com\/watch?v=DjycSEOw210\">https:\/\/www.youtube.com\/watch?v=DjycSEOw210<\/a>, acesso em 22, Fev. 2022.<br>MAKAR, Barbara W. Primary Phonics. 1. ed. Chicago: Modern Curriculum Press, 2018.<br>KOUSTAFF, Lesley. Oxford Discover. 2. ed. v. 1. Oxford: Oxford University Press, 2018.<br><br><\/td><\/tr><\/tbody><\/table><\/figure>\n\n\n\n<hr class=\"wp-block-separator has-alpha-channel-opacity\"\/>\n","protected":false},"author":37,"featured_media":159936,"template":"","ef_categoria":[16,37],"ef_ano":[91],"ef_componente":[101],"class_list":["post-159926","ensino_fundamental","type-ensino_fundamental","status-publish","has-post-thumbnail","hentry","ef_categoria-ciclo-da-adolescencia-hi","ef_categoria-experiencias-e-curiosidades-ciclo-da-adolescencia-hi","ef_ano-8o-ano","ef_componente-lingua-inglesa","entry","has-media"],"acf":[],"_links":{"self":[{"href":"https:\/\/sme.goiania.go.gov.br\/conexaoescola\/wp-json\/wp\/v2\/ensino_fundamental\/159926","targetHints":{"allow":["GET"]}}],"collection":[{"href":"https:\/\/sme.goiania.go.gov.br\/conexaoescola\/wp-json\/wp\/v2\/ensino_fundamental"}],"about":[{"href":"https:\/\/sme.goiania.go.gov.br\/conexaoescola\/wp-json\/wp\/v2\/types\/ensino_fundamental"}],"author":[{"embeddable":true,"href":"https:\/\/sme.goiania.go.gov.br\/conexaoescola\/wp-json\/wp\/v2\/users\/37"}],"version-history":[{"count":8,"href":"https:\/\/sme.goiania.go.gov.br\/conexaoescola\/wp-json\/wp\/v2\/ensino_fundamental\/159926\/revisions"}],"predecessor-version":[{"id":180673,"href":"https:\/\/sme.goiania.go.gov.br\/conexaoescola\/wp-json\/wp\/v2\/ensino_fundamental\/159926\/revisions\/180673"}],"wp:featuredmedia":[{"embeddable":true,"href":"https:\/\/sme.goiania.go.gov.br\/conexaoescola\/wp-json\/wp\/v2\/media\/159936"}],"wp:attachment":[{"href":"https:\/\/sme.goiania.go.gov.br\/conexaoescola\/wp-json\/wp\/v2\/media?parent=159926"}],"wp:term":[{"taxonomy":"ef_categoria","embeddable":true,"href":"https:\/\/sme.goiania.go.gov.br\/conexaoescola\/wp-json\/wp\/v2\/ef_categoria?post=159926"},{"taxonomy":"ef_ano","embeddable":true,"href":"https:\/\/sme.goiania.go.gov.br\/conexaoescola\/wp-json\/wp\/v2\/ef_ano?post=159926"},{"taxonomy":"ef_componente","embeddable":true,"href":"https:\/\/sme.goiania.go.gov.br\/conexaoescola\/wp-json\/wp\/v2\/ef_componente?post=159926"}],"curies":[{"name":"wp","href":"https:\/\/api.w.org\/{rel}","templated":true}]}}

Língua Inglesa: Life Plans

<p class="has-electric-grass-gradient-background has-background has-medium-font-size">Esta proposta de atividade de&nbsp;<strong>Língua Inglesa</strong>&nbsp;com base no DC/GO – Ampliado e&nbsp;é destinada aos estudantes do&nbsp;<strong>8º Ano do Ensino Fundamental</strong>&nbsp;<strong>Anos Finais</strong>.</p>



<p></p>



<div class="wp-block-buttons is-content-justification-center is-layout-flex wp-container-core-buttons-is-layout-16018d1d wp-block-buttons-is-layout-flex">
<div class="wp-block-button"><a class="wp-block-button__link wp-element-button" href="https://drive.google.com/uc?export=download&amp;id=1Q35NZtOvDNiEzCwWw9WYu_uGjBaHvuwM" target="_blank" rel="noreferrer noopener">BAIXAR A ATIVIDADE</a></div>



<div class="wp-block-button"><a class="wp-block-button__link wp-element-button" href="https://drive.google.com/uc?export=download&amp;id=1ASJZTfxo_1g-4WEF2PDACHhQAsTO-AXf" target="_blank" rel="noreferrer noopener">BAIXAR OS SLIDES</a></div>



<div class="wp-block-button"><a class="wp-block-button__link wp-element-button" href="https://drive.google.com/uc?export=download&amp;id=13cMA_ZZcwBalQKYmcdJZJasVU6hiF-gj" target="_blank" rel="noreferrer noopener">BAIXAR O TEXTO</a></div>
</div>



<p></p>


<div class="wp-block-image">
<figure class="aligncenter size-full is-resized"><img fetchpriority="high" decoding="async" width="547" height="413" src="https://sme.goiania.go.gov.br/conexaoescola/wp-content/uploads/2023/03/Sem-titulo-3-e1680026875236.png" alt="" class="wp-image-159936" style="width:572px;height:431px" srcset="https://sme.goiania.go.gov.br/conexaoescola/wp-content/uploads/2023/03/Sem-titulo-3-e1680026875236.png 547w, https://sme.goiania.go.gov.br/conexaoescola/wp-content/uploads/2023/03/Sem-titulo-3-e1680026875236-300x227.png 300w" sizes="(max-width: 547px) 100vw, 547px" /><figcaption class="wp-element-caption"><strong>Disponível em: </strong><a href="https://www.canva.com/design/DAFeahRGYcA/MCANVc5ABKZNPRHxkgXPnw/edit">https://www.canva.com/design/DAFeahRGYcA/MCANVc5ABKZNPRHxkgXPnw/edit</a> , acesso em 29, Mar. 2023<br></figcaption></figure></div>


<p class="has-text-align-center has-electric-grass-gradient-background has-background has-medium-font-size">Leia o poema abaixo e responda as questões sobre o mesmo:</p>



<p class="has-text-align-center has-medium-font-size">Life Plans</p>



<p class="has-text-align-center has-medium-font-size">We all make plans for our life ahead</p>



<p class="has-text-align-center has-medium-font-size">A roadmap for the future, we&#8217;ve often said</p>



<p class="has-text-align-center has-medium-font-size">We set our goals, we dream our dreams</p>



<p class="has-text-align-center has-medium-font-size">And imagine what our life could mean</p>



<p></p>



<p class="has-text-align-center has-medium-font-size">Some plan for success, some plan for love</p>



<p class="has-text-align-center has-medium-font-size">Some aim for riches, while others, for above</p>



<p class="has-text-align-center has-medium-font-size">But plans can change, and life can shift</p>



<p class="has-text-align-center has-medium-font-size">Our paths can take an unexpected drift</p>



<p></p>



<p class="has-text-align-center has-medium-font-size">We may stumble and fall, and feel unsure</p>



<p class="has-text-align-center has-medium-font-size">As life throws us challenges, we&#8217;ve not endured</p>



<p class="has-text-align-center has-medium-font-size">But it&#8217;s in these moments, we must remember</p>



<p class="has-text-align-center has-medium-font-size">Our plans may alter, but hope, we must not surrender</p>



<p></p>



<p class="has-text-align-center has-medium-font-size">For life is an adventure, with twists and turns</p>



<p class="has-text-align-center has-medium-font-size">It&#8217;s a journey of lessons, and how we learn</p>



<p class="has-text-align-center has-medium-font-size">So, hold on to your plans, but be ready to adjust</p>



<p class="has-text-align-center has-medium-font-size">Embrace the journey, and have faith in the trust</p>



<p></p>



<p class="has-text-align-center has-medium-font-size">Trust that life has a plan, greater than our own</p>



<p class="has-text-align-center has-medium-font-size">And have courage to face, the unknowns we&#8217;ve not shown</p>



<p class="has-text-align-center has-medium-font-size">For life is not a straight line, but a beautiful ride</p>



<p class="has-text-align-center has-medium-font-size">With surprises and wonders, that will always abide.</p>



<p></p>



<p class="has-electric-grass-gradient-background has-background has-medium-font-size"><strong>QUESTION 1</strong></p>



<p class="has-medium-font-size">O poema é sobre</p>



<p class="has-medium-font-size">(A) o amor</p>



<p class="has-medium-font-size">(B) planos de vida</p>



<p class="has-medium-font-size">(C) o sucesso</p>



<p class="has-medium-font-size">(D) riquezas</p>



<p class="has-electric-grass-gradient-background has-background has-medium-font-size"><strong>QUESTION 2</strong></p>



<p class="has-medium-font-size">Segundo o poema,&nbsp; nossos planos</p>



<p class="has-medium-font-size">(A) podem mudar</p>



<p class="has-medium-font-size">(B) sempre acontecem exatamente como planejado</p>



<p class="has-medium-font-size">(C) se tornam irrelevantes</p>



<p class="has-medium-font-size">(D) não são importantes</p>



<p class="has-electric-grass-gradient-background has-background has-medium-font-size"><strong>QUESTION 3</strong></p>



<p class="has-medium-font-size">O poema compara a vida a</p>



<p class="has-medium-font-size">(A) uma linha reta</p>



<p class="has-medium-font-size">(B) uma estrada esburacada</p>



<p class="has-medium-font-size">(C) um passeio de montanha russa</p>



<p class="has-medium-font-size">(D) um quebra- cabeça</p>



<p class="has-text-align-center has-electric-grass-gradient-background has-background has-medium-font-size"><strong>Leia o texto abaixo e responda as questões sobre o mesmo:</strong></p>



<p class="has-medium-font-size">In December, Suzan will graduate high school. She will say “goodbye” to her friends and teachers, and she will move to Dudley to study at the University of Wolverhampton. In the university, Suzan will study economics, because in the future she wants to work in a bank. Suzan will work hard, and in five years she will graduate from the university. Suzan will begin her career; she will be successful and earn a lot of money.&nbsp;</p>



<p class="has-electric-grass-gradient-background has-background has-medium-font-size"><strong>QUESTION 4</strong></p>



<p class="has-medium-font-size">Quando Suzan vai se graduar? </p>



<p class="has-electric-grass-gradient-background has-background has-medium-font-size"><strong>QUESTION 5</strong></p>



<p class="has-medium-font-size">Em qual universidade ela vai estudar e qual curso ela fará?</p>



<p class="has-electric-grass-gradient-background has-background has-medium-font-size"><strong>QUESTION 6</strong></p>



<p class="has-medium-font-size">Em quantos anos Suzan vai se graduar?</p>



<p></p>



<hr class="wp-block-separator has-alpha-channel-opacity"/>



<figure class="wp-block-table"><table><tbody><tr><td><strong>Autoria:</strong></td><td>Profª Dra Sueidy Ferreira Lourencio</td></tr><tr><td><strong>Formação:</strong></td><td>Letras Portuguese/Inglês &#8211; Doutorado em Educação</td></tr><tr><td><strong>Componente Curricular:</strong></td><td>Língua Inglesa</td></tr><tr><td><strong>Habilidade:</strong></td><td>(EF08LI01-A) Apontar e usar recursos linguísticos para evitar e/ou resolver mal-entendidos, emitir opiniões e esclarecer informações sobre sonhos e projetos pessoais e profissionais sobre o futuro, por meio de paráfrase ou justificativas</td></tr><tr><td><strong>Referências</strong></td><td>FUTURE WITH GOING TO. Disponível em: &lt;<a href="https://www.liveworksheets.com/he1335574gg">https://www.liveworksheets.com/he1335574gg</a>  , acesso em 25, Fev.2022.<br><a href="https://www.youtube.com/watch?v=DjycSEOw210">https://www.youtube.com/watch?v=DjycSEOw210</a>, acesso em 22, Fev. 2022.<br>MAKAR, Barbara W. Primary Phonics. 1. ed. Chicago: Modern Curriculum Press, 2018.<br>KOUSTAFF, Lesley. Oxford Discover. 2. ed. v. 1. Oxford: Oxford University Press, 2018.<br><br></td></tr></tbody></table></figure>



<hr class="wp-block-separator has-alpha-channel-opacity"/>
