{"id":158284,"date":"2023-03-07T17:59:42","date_gmt":"2023-03-07T20:59:42","guid":{"rendered":"https:\/\/sme.goiania.go.gov.br\/conexaoescola\/?post_type=ensino_fundamental&#038;p=158284"},"modified":"2023-11-13T19:17:14","modified_gmt":"2023-11-13T22:17:14","slug":"ciencias-da-natureza-reconhecer-e-reproduzir-diferentes-sons","status":"publish","type":"ensino_fundamental","link":"https:\/\/sme.goiania.go.gov.br\/conexaoescola\/ensino_fundamental\/ciencias-da-natureza-reconhecer-e-reproduzir-diferentes-sons\/","title":{"rendered":"CI\u00caNCIAS DA NATUREZA \u2013 RECONHECER E REPRODUZIR DIFERENTES SONS"},"content":{"rendered":"\n<p class=\"has-background has-medium-font-size\" style=\"background:linear-gradient(135deg,rgb(6,147,227) 0%,rgb(155,81,224) 100%)\"><strong>ESTA PROPOSTA DE ATIVIDADE DE CI\u00caNCIAS DA NATUREZA&nbsp;\u00c9 DESTINADA AOS ESTUDANTES<\/strong>&nbsp;<strong>DO<\/strong>&nbsp;<strong>3\u00ba ANO DO ENSINO FUNDAMENTAL<\/strong>.<\/p>\n\n\n\n<div class=\"wp-block-buttons alignwide is-content-justification-center is-layout-flex wp-container-core-buttons-is-layout-16018d1d wp-block-buttons-is-layout-flex\">\n<div class=\"wp-block-button has-custom-width wp-block-button__width-25 has-custom-font-size has-medium-font-size\"><a class=\"wp-block-button__link has-black-background-color has-background wp-element-button\" href=\"\/\/drive.google.com\/uc?export=download&amp;id=1LJk_N5DbWxAPmbsmlzdopLNKg8ruYT4V\" style=\"border-radius:100px\" target=\"_blank\" rel=\"noreferrer noopener\"><strong>BAIXE A ATIVIDADE<\/strong><\/a><\/div>\n\n\n\n<div class=\"wp-block-button has-custom-width wp-block-button__width-25 has-custom-font-size has-medium-font-size\"><a class=\"wp-block-button__link has-black-background-color has-background wp-element-button\" href=\"https:\/\/drive.google.com\/uc?export=download&amp;id=12-rVgT02o-R3BEjM4KhwwXKFFxUrnvZV\" style=\"border-radius:100px\" target=\"_blank\" rel=\"noreferrer noopener\"><strong>BAIXE OS SLIDES<\/strong><\/a><\/div>\n\n\n\n<div class=\"wp-block-button has-custom-width wp-block-button__width-25 has-custom-font-size has-medium-font-size\"><a class=\"wp-block-button__link has-black-background-color has-background wp-element-button\" href=\"https:\/\/drive.google.com\/uc?export=download&amp;id=1efYmWVv9kUJbj3VGKGYwmMU7srd3LEtb\" style=\"border-radius:100px\" target=\"_blank\" rel=\"noreferrer noopener\"><strong>BAIXE O TEXTO<\/strong><\/a><\/div>\n<\/div>\n\n\n\n<p><\/p>\n\n\n\n<hr class=\"wp-block-separator has-alpha-channel-opacity\"\/>\n\n\n\n<p class=\"has-text-align-center has-medium-font-size\"><strong>JO\u00c3OZINHO E SEUS AMIGOS &#8211; E A DESCOBERTA DOS SONS<\/strong><\/p>\n\n\n\n<figure class=\"wp-block-audio\"><audio controls src=\"https:\/\/sme.goiania.go.gov.br\/conexaoescola\/wp-content\/uploads\/2023\/03\/Joaozinho.m4a\"><\/audio><\/figure>\n\n\n\n<p class=\"has-medium-font-size\">Jo\u00e3ozinho era um menino curioso e aventureiro, que gostava de desvendar os mist\u00e9rios da natureza. Em um dia ensolarado, ele decidiu explorar os sons ao seu redor e descobrir como eles eram produzidos. Com muita curiosidade, ele come\u00e7ou a bater em diferentes objetos e percebeu que cada um produzia um som diferente.<\/p>\n\n\n\n<p class=\"has-medium-font-size\">A partir dessas experimenta\u00e7\u00f5es, Jo\u00e3ozinho descobriu que os sons eram produzidos pela vibra\u00e7\u00e3o dos objetos e que havia vari\u00e1veis que influenciavam na produ\u00e7\u00e3o do som, como a mat\u00e9ria e a forma dos objetos. Ele ficou fascinado com suas descobertas e decidiu compartilh\u00e1-las com seus amigos.<\/p>\n\n\n\n<p class=\"has-medium-font-size\">Com a ajuda de Jo\u00e3ozinho, seus amigos tamb\u00e9m come\u00e7aram a explorar os sons ao seu redor, e juntos passaram a se divertir descobrindo os mist\u00e9rios dos sons e aprendendo mais sobre a natureza.<\/p>\n\n\n\n<p class=\"has-medium-font-size\">Essa hist\u00f3ria nos ensina a import\u00e2ncia da curiosidade e da explora\u00e7\u00e3o para o aprendizado. Ao prestar aten\u00e7\u00e3o nos sons ao nosso redor e descobrir como eles s\u00e3o produzidos, podemos aprender muito sobre a natureza e outras curiosidades. Al\u00e9m disso, essa hist\u00f3ria nos mostra a import\u00e2ncia de compartilhar conhecimento e experi\u00eancias com os outros, para que todos possam aprender e crescer juntos.<\/p>\n\n\n\n<p class=\"has-text-align-right\"><\/p>\n\n\n\n<p class=\"has-text-align-center has-medium-font-size\"><strong>OBSERVE A SEGUINTE IMAGEM PARA RESPONDER \u00c0S QUEST\u00d5ES:<\/strong><\/p>\n\n\n\n<figure class=\"wp-block-image size-large\"><img fetchpriority=\"high\" decoding=\"async\" width=\"1024\" height=\"576\" src=\"https:\/\/sme.goiania.go.gov.br\/conexaoescola\/wp-content\/uploads\/2023\/03\/SONS-1024x576.png\" alt=\"\" class=\"wp-image-158288\" srcset=\"https:\/\/sme.goiania.go.gov.br\/conexaoescola\/wp-content\/uploads\/2023\/03\/SONS-1024x576.png 1024w, https:\/\/sme.goiania.go.gov.br\/conexaoescola\/wp-content\/uploads\/2023\/03\/SONS-300x169.png 300w, https:\/\/sme.goiania.go.gov.br\/conexaoescola\/wp-content\/uploads\/2023\/03\/SONS-768x432.png 768w, https:\/\/sme.goiania.go.gov.br\/conexaoescola\/wp-content\/uploads\/2023\/03\/SONS.png 1280w\" sizes=\"(max-width: 1024px) 100vw, 1024px\" \/><figcaption class=\"wp-element-caption\">FONTE: A DESCOBERTA DOS SONS &#8211; ACERVO PESSOAL &#8211; PRODUZIDA NO <a href=\"https:\/\/www.canva.com\/\" data-type=\"URL\" data-id=\"https:\/\/www.canva.com\/\">CANVA<\/a><\/figcaption><\/figure>\n\n\n\n<p class=\"has-background has-medium-font-size\" style=\"background:linear-gradient(135deg,rgb(6,147,227) 0%,rgb(154,81,223) 100%)\"><strong>QUEST\u00c3O 1<\/strong><\/p>\n\n\n\n<p class=\"has-medium-font-size\"><strong>De acordo com a hist\u00f3ria, como era Jo\u00e3ozinho?<\/strong><\/p>\n\n\n\n<p class=\"has-background has-medium-font-size\" style=\"background:linear-gradient(135deg,rgb(6,147,227) 0%,rgb(156,83,225) 100%)\"><strong>QUEST\u00c3O 2<\/strong><\/p>\n\n\n\n<p class=\"has-black-color has-text-color has-medium-font-size\"><strong>O que<\/strong> Jo\u00e3ozinho decidiu fazer num dia ensolarado? <strong>Assinale <\/strong>as alternativas corretas.<\/p>\n\n\n\n<p class=\"has-black-color has-text-color has-medium-font-size\">(A) Decidiu jogar futebol com seus amigos.<\/p>\n\n\n\n<p class=\"has-black-color has-text-color has-medium-font-size\">(B) Decidiu explorar os sons ao seu redor.<\/p>\n\n\n\n<p class=\"has-black-color has-text-color has-medium-font-size\">(C) Decidiu descobrir como os sons eram produzidos.<\/p>\n\n\n\n<p class=\"has-black-color has-text-color has-medium-font-size\">(D) Decidiu tomar banho de piscina, pois estava muito calor.<\/p>\n\n\n\n<p class=\"has-background has-medium-font-size\" style=\"background:linear-gradient(135deg,rgb(6,147,227) 0%,rgb(155,81,224) 100%)\"><strong>QUEST\u00c3O 3<\/strong><\/p>\n\n\n\n<p class=\"has-black-color has-text-color has-medium-font-size\"><strong>Como<\/strong> Jo\u00e3ozinho percebeu que cada objeto emitia um som? <strong>O que<\/strong> ele descobriu com seus experimentos? <strong>Sublinhe <\/strong>as alternativas corretas.<\/p>\n\n\n\n<p class=\"has-black-color has-text-color has-medium-font-size\">(A) Ele come\u00e7ou a bater em diferentes objetos e percebeu que cada um produzia um som diferente<\/p>\n\n\n\n<p class=\"has-black-color has-text-color has-medium-font-size\">(B) Jo\u00e3ozinho come\u00e7ou a prestar aten\u00e7\u00e3o em sua voz.<\/p>\n\n\n\n<p class=\"has-black-color has-text-color has-medium-font-size\">(C) Jo\u00e3ozinho descobriu que os sons eram produzidos pela vibra\u00e7\u00e3o dos objetos e por suas vari\u00e1veis.<\/p>\n\n\n\n<p class=\"has-black-color has-text-color has-medium-font-size\">(D) Jo\u00e3ozinho descobriu que os sons eram \u00fanicos e iguais.<\/p>\n\n\n\n<p class=\"has-background has-medium-font-size\" style=\"background:linear-gradient(135deg,rgb(6,147,227) 0%,rgb(155,81,224) 99%)\"><strong>QUEST\u00c3O 4<\/strong><\/p>\n\n\n\n<p class=\"has-black-color has-text-color has-medium-font-size\"><strong>HORA DO EXPERIMENTO &#8211; COM SUPERVIS\u00c3O DE UM ADULTO:<\/strong> <strong><\/strong><\/p>\n\n\n\n<p class=\"has-black-color has-text-color has-medium-font-size\"><strong>Encha<\/strong> com \u00e1gua, tr\u00eas garrafas de vidro, em diferentes quantidades.<\/p>\n\n\n\n<p class=\"has-black-color has-text-color has-medium-font-size\"><strong>Bata<\/strong> nas garrafas cheias, com uma colher de pau, e <strong>observe<\/strong> as diferen\u00e7as que h\u00e1 nos sons produzidos.<\/p>\n\n\n\n<p class=\"has-black-color has-text-color has-medium-font-size\">Agora <strong>responda<\/strong> atrav\u00e9s de uma ilustra\u00e7\u00e3o: <strong>O que<\/strong> fez com que os sons fossem emitidos de forma diferente em cada garrafa?<\/p>\n\n\n<div class=\"wp-block-image\">\n<figure class=\"aligncenter size-full is-resized\"><img decoding=\"async\" src=\"https:\/\/sme.goiania.go.gov.br\/conexaoescola\/wp-content\/uploads\/2023\/03\/QUADRO-DESENHO.jpg\" alt=\"\" class=\"wp-image-158289\" width=\"829\" height=\"259\" srcset=\"https:\/\/sme.goiania.go.gov.br\/conexaoescola\/wp-content\/uploads\/2023\/03\/QUADRO-DESENHO.jpg 695w, https:\/\/sme.goiania.go.gov.br\/conexaoescola\/wp-content\/uploads\/2023\/03\/QUADRO-DESENHO-300x94.jpg 300w\" sizes=\"(max-width: 829px) 100vw, 829px\" \/><\/figure><\/div>\n\n\n<hr class=\"wp-block-separator has-alpha-channel-opacity\"\/>\n\n\n\n<figure class=\"wp-block-table is-style-stripes\"><table><tbody><tr><td><strong>Autoria:<\/strong><\/td><td>Prof.\u00aa Esp. Danielle Assis Borges Fantini<\/td><\/tr><tr><td><strong>Forma\u00e7\u00e3o:<\/strong><\/td><td>Gradua\u00e7\u00e3o:<br>\u2013 Graduada em Pedagogia e Graduanda em Jornalismo&nbsp;<br><br>P\u00f3s-gradua\u00e7\u00e3o:<br>\u2013 MBA em Gest\u00e3o das Tecnologias da Informa\u00e7\u00e3o e da Comunica\u00e7\u00e3o \u2013 Educa\u00e7\u00e3o<br>\u2013 Doc\u00eancia Universit\u00e1ria<br>\u2013 Psicopedagogia Institucional e Cl\u00ednica<br>\u2013 Neuropedagogia Aplicada \u00e0 Educa\u00e7\u00e3o<\/td><\/tr><tr><td><strong>Componente Curricular:<\/strong><\/td><td>CI\u00caNCIAS DA NATUREZA<\/td><\/tr><tr><td><strong>Habilidade (s):<\/strong><\/td><td>(EF03CI01A\/D) Reconhecer e produzir diferentes sons a partir da vibra\u00e7\u00e3o de variados objetos e identificar vari\u00e1veis que influem nesse fen\u00f4meno. &nbsp;<\/td><\/tr><tr><td><strong>Refer\u00eancia (s):<\/strong><\/td><td>COELHO, Geslie. Ci\u00eancias, Viv\u00eancias e Descobertas, 3\u00ba ano. 1 ed. S\u00e3o Paulo: FTD, 2012. \u00a0 <br><br>NORONHA, Maria Eduarda e SOARES, Maria Luiza. Construindo e Aprendendo: Manual do Educador, Ci\u00eancias \u2013 3\u00ba ano. Ensino Fundamental. Recife: Editora Construir. \u00a0 <br><br>O QUE \u00c9 SOM?, Mundo Educa\u00e7\u00e3o, UOL, 2023. Dispon\u00edvel em: &lt;https:\/\/mundoeducacao.uol.com.br\/fisica\/o-que-som.htm#:~:text=O%20som%20%C3%A9%20produzido%20por,fonte%20que%20produz%20as%20vibra%C3%A7%C3%B5es.>. Acesso em: 07, fev. 2023. \u00a0 <br><br>PESSOA, Karina e FAVALLI, Leonel. Novo Pitangu\u00e1 Ci\u00eancias. 3\u00ba Ano. Ensino Fundamental Anos Iniciais. Editora Moderna. \u00a0<\/td><\/tr><tr><td><strong>Documento norteador:<\/strong><\/td><td>DOCUMENTO CURRICULAR PARA GOI\u00c1S \u2013 AMPLIADO (DC-GO AMPLIADO)<\/td><\/tr><\/tbody><\/table><\/figure>\n","protected":false},"author":64,"featured_media":158288,"template":"","ef_categoria":[18],"ef_ano":[86],"ef_componente":[98],"class_list":["post-158284","ensino_fundamental","type-ensino_fundamental","status-publish","has-post-thumbnail","hentry","ef_categoria-educacao-ambiental-e-saude","ef_ano-3o-ano","ef_componente-ciencia-da-natureza-ef","entry","has-media"],"acf":[],"_links":{"self":[{"href":"https:\/\/sme.goiania.go.gov.br\/conexaoescola\/wp-json\/wp\/v2\/ensino_fundamental\/158284","targetHints":{"allow":["GET"]}}],"collection":[{"href":"https:\/\/sme.goiania.go.gov.br\/conexaoescola\/wp-json\/wp\/v2\/ensino_fundamental"}],"about":[{"href":"https:\/\/sme.goiania.go.gov.br\/conexaoescola\/wp-json\/wp\/v2\/types\/ensino_fundamental"}],"author":[{"embeddable":true,"href":"https:\/\/sme.goiania.go.gov.br\/conexaoescola\/wp-json\/wp\/v2\/users\/64"}],"version-history":[{"count":3,"href":"https:\/\/sme.goiania.go.gov.br\/conexaoescola\/wp-json\/wp\/v2\/ensino_fundamental\/158284\/revisions"}],"predecessor-version":[{"id":172800,"href":"https:\/\/sme.goiania.go.gov.br\/conexaoescola\/wp-json\/wp\/v2\/ensino_fundamental\/158284\/revisions\/172800"}],"wp:featuredmedia":[{"embeddable":true,"href":"https:\/\/sme.goiania.go.gov.br\/conexaoescola\/wp-json\/wp\/v2\/media\/158288"}],"wp:attachment":[{"href":"https:\/\/sme.goiania.go.gov.br\/conexaoescola\/wp-json\/wp\/v2\/media?parent=158284"}],"wp:term":[{"taxonomy":"ef_categoria","embeddable":true,"href":"https:\/\/sme.goiania.go.gov.br\/conexaoescola\/wp-json\/wp\/v2\/ef_categoria?post=158284"},{"taxonomy":"ef_ano","embeddable":true,"href":"https:\/\/sme.goiania.go.gov.br\/conexaoescola\/wp-json\/wp\/v2\/ef_ano?post=158284"},{"taxonomy":"ef_componente","embeddable":true,"href":"https:\/\/sme.goiania.go.gov.br\/conexaoescola\/wp-json\/wp\/v2\/ef_componente?post=158284"}],"curies":[{"name":"wp","href":"https:\/\/api.w.org\/{rel}","templated":true}]}}

CIÊNCIAS DA NATUREZA – RECONHECER E REPRODUZIR DIFERENTES SONS

<p class="has-background has-medium-font-size" style="background:linear-gradient(135deg,rgb(6,147,227) 0%,rgb(155,81,224) 100%)"><strong>ESTA PROPOSTA DE ATIVIDADE DE CIÊNCIAS DA NATUREZA&nbsp;É DESTINADA AOS ESTUDANTES</strong>&nbsp;<strong>DO</strong>&nbsp;<strong>3º ANO DO ENSINO FUNDAMENTAL</strong>.</p>



<div class="wp-block-buttons alignwide is-content-justification-center is-layout-flex wp-container-core-buttons-is-layout-16018d1d wp-block-buttons-is-layout-flex">
<div class="wp-block-button has-custom-width wp-block-button__width-25 has-custom-font-size has-medium-font-size"><a class="wp-block-button__link has-black-background-color has-background wp-element-button" href="//drive.google.com/uc?export=download&amp;id=1LJk_N5DbWxAPmbsmlzdopLNKg8ruYT4V" style="border-radius:100px" target="_blank" rel="noreferrer noopener"><strong>BAIXE A ATIVIDADE</strong></a></div>



<div class="wp-block-button has-custom-width wp-block-button__width-25 has-custom-font-size has-medium-font-size"><a class="wp-block-button__link has-black-background-color has-background wp-element-button" href="https://drive.google.com/uc?export=download&amp;id=12-rVgT02o-R3BEjM4KhwwXKFFxUrnvZV" style="border-radius:100px" target="_blank" rel="noreferrer noopener"><strong>BAIXE OS SLIDES</strong></a></div>



<div class="wp-block-button has-custom-width wp-block-button__width-25 has-custom-font-size has-medium-font-size"><a class="wp-block-button__link has-black-background-color has-background wp-element-button" href="https://drive.google.com/uc?export=download&amp;id=1efYmWVv9kUJbj3VGKGYwmMU7srd3LEtb" style="border-radius:100px" target="_blank" rel="noreferrer noopener"><strong>BAIXE O TEXTO</strong></a></div>
</div>



<p></p>



<hr class="wp-block-separator has-alpha-channel-opacity"/>



<p class="has-text-align-center has-medium-font-size"><strong>JOÃOZINHO E SEUS AMIGOS &#8211; E A DESCOBERTA DOS SONS</strong></p>



<figure class="wp-block-audio"><audio controls src="https://sme.goiania.go.gov.br/conexaoescola/wp-content/uploads/2023/03/Joaozinho.m4a"></audio></figure>



<p class="has-medium-font-size">Joãozinho era um menino curioso e aventureiro, que gostava de desvendar os mistérios da natureza. Em um dia ensolarado, ele decidiu explorar os sons ao seu redor e descobrir como eles eram produzidos. Com muita curiosidade, ele começou a bater em diferentes objetos e percebeu que cada um produzia um som diferente.</p>



<p class="has-medium-font-size">A partir dessas experimentações, Joãozinho descobriu que os sons eram produzidos pela vibração dos objetos e que havia variáveis que influenciavam na produção do som, como a matéria e a forma dos objetos. Ele ficou fascinado com suas descobertas e decidiu compartilhá-las com seus amigos.</p>



<p class="has-medium-font-size">Com a ajuda de Joãozinho, seus amigos também começaram a explorar os sons ao seu redor, e juntos passaram a se divertir descobrindo os mistérios dos sons e aprendendo mais sobre a natureza.</p>



<p class="has-medium-font-size">Essa história nos ensina a importância da curiosidade e da exploração para o aprendizado. Ao prestar atenção nos sons ao nosso redor e descobrir como eles são produzidos, podemos aprender muito sobre a natureza e outras curiosidades. Além disso, essa história nos mostra a importância de compartilhar conhecimento e experiências com os outros, para que todos possam aprender e crescer juntos.</p>



<p class="has-text-align-right"></p>



<p class="has-text-align-center has-medium-font-size"><strong>OBSERVE A SEGUINTE IMAGEM PARA RESPONDER ÀS QUESTÕES:</strong></p>



<figure class="wp-block-image size-large"><img fetchpriority="high" decoding="async" width="1024" height="576" src="https://sme.goiania.go.gov.br/conexaoescola/wp-content/uploads/2023/03/SONS-1024x576.png" alt="" class="wp-image-158288" srcset="https://sme.goiania.go.gov.br/conexaoescola/wp-content/uploads/2023/03/SONS-1024x576.png 1024w, https://sme.goiania.go.gov.br/conexaoescola/wp-content/uploads/2023/03/SONS-300x169.png 300w, https://sme.goiania.go.gov.br/conexaoescola/wp-content/uploads/2023/03/SONS-768x432.png 768w, https://sme.goiania.go.gov.br/conexaoescola/wp-content/uploads/2023/03/SONS.png 1280w" sizes="(max-width: 1024px) 100vw, 1024px" /><figcaption class="wp-element-caption">FONTE: A DESCOBERTA DOS SONS &#8211; ACERVO PESSOAL &#8211; PRODUZIDA NO <a href="https://www.canva.com/" data-type="URL" data-id="https://www.canva.com/">CANVA</a></figcaption></figure>



<p class="has-background has-medium-font-size" style="background:linear-gradient(135deg,rgb(6,147,227) 0%,rgb(154,81,223) 100%)"><strong>QUESTÃO 1</strong></p>



<p class="has-medium-font-size"><strong>De acordo com a história, como era Joãozinho?</strong></p>



<p class="has-background has-medium-font-size" style="background:linear-gradient(135deg,rgb(6,147,227) 0%,rgb(156,83,225) 100%)"><strong>QUESTÃO 2</strong></p>



<p class="has-black-color has-text-color has-medium-font-size"><strong>O que</strong> Joãozinho decidiu fazer num dia ensolarado? <strong>Assinale </strong>as alternativas corretas.</p>



<p class="has-black-color has-text-color has-medium-font-size">(A) Decidiu jogar futebol com seus amigos.</p>



<p class="has-black-color has-text-color has-medium-font-size">(B) Decidiu explorar os sons ao seu redor.</p>



<p class="has-black-color has-text-color has-medium-font-size">(C) Decidiu descobrir como os sons eram produzidos.</p>



<p class="has-black-color has-text-color has-medium-font-size">(D) Decidiu tomar banho de piscina, pois estava muito calor.</p>



<p class="has-background has-medium-font-size" style="background:linear-gradient(135deg,rgb(6,147,227) 0%,rgb(155,81,224) 100%)"><strong>QUESTÃO 3</strong></p>



<p class="has-black-color has-text-color has-medium-font-size"><strong>Como</strong> Joãozinho percebeu que cada objeto emitia um som? <strong>O que</strong> ele descobriu com seus experimentos? <strong>Sublinhe </strong>as alternativas corretas.</p>



<p class="has-black-color has-text-color has-medium-font-size">(A) Ele começou a bater em diferentes objetos e percebeu que cada um produzia um som diferente</p>



<p class="has-black-color has-text-color has-medium-font-size">(B) Joãozinho começou a prestar atenção em sua voz.</p>



<p class="has-black-color has-text-color has-medium-font-size">(C) Joãozinho descobriu que os sons eram produzidos pela vibração dos objetos e por suas variáveis.</p>



<p class="has-black-color has-text-color has-medium-font-size">(D) Joãozinho descobriu que os sons eram únicos e iguais.</p>



<p class="has-background has-medium-font-size" style="background:linear-gradient(135deg,rgb(6,147,227) 0%,rgb(155,81,224) 99%)"><strong>QUESTÃO 4</strong></p>



<p class="has-black-color has-text-color has-medium-font-size"><strong>HORA DO EXPERIMENTO &#8211; COM SUPERVISÃO DE UM ADULTO:</strong> <strong></strong></p>



<p class="has-black-color has-text-color has-medium-font-size"><strong>Encha</strong> com água, três garrafas de vidro, em diferentes quantidades.</p>



<p class="has-black-color has-text-color has-medium-font-size"><strong>Bata</strong> nas garrafas cheias, com uma colher de pau, e <strong>observe</strong> as diferenças que há nos sons produzidos.</p>



<p class="has-black-color has-text-color has-medium-font-size">Agora <strong>responda</strong> através de uma ilustração: <strong>O que</strong> fez com que os sons fossem emitidos de forma diferente em cada garrafa?</p>


<div class="wp-block-image">
<figure class="aligncenter size-full is-resized"><img decoding="async" src="https://sme.goiania.go.gov.br/conexaoescola/wp-content/uploads/2023/03/QUADRO-DESENHO.jpg" alt="" class="wp-image-158289" width="829" height="259" srcset="https://sme.goiania.go.gov.br/conexaoescola/wp-content/uploads/2023/03/QUADRO-DESENHO.jpg 695w, https://sme.goiania.go.gov.br/conexaoescola/wp-content/uploads/2023/03/QUADRO-DESENHO-300x94.jpg 300w" sizes="(max-width: 829px) 100vw, 829px" /></figure></div>


<hr class="wp-block-separator has-alpha-channel-opacity"/>



<figure class="wp-block-table is-style-stripes"><table><tbody><tr><td><strong>Autoria:</strong></td><td>Prof.ª Esp. Danielle Assis Borges Fantini</td></tr><tr><td><strong>Formação:</strong></td><td>Graduação:<br>– Graduada em Pedagogia e Graduanda em Jornalismo&nbsp;<br><br>Pós-graduação:<br>– MBA em Gestão das Tecnologias da Informação e da Comunicação – Educação<br>– Docência Universitária<br>– Psicopedagogia Institucional e Clínica<br>– Neuropedagogia Aplicada à Educação</td></tr><tr><td><strong>Componente Curricular:</strong></td><td>CIÊNCIAS DA NATUREZA</td></tr><tr><td><strong>Habilidade (s):</strong></td><td>(EF03CI01A/D) Reconhecer e produzir diferentes sons a partir da vibração de variados objetos e identificar variáveis que influem nesse fenômeno. &nbsp;</td></tr><tr><td><strong>Referência (s):</strong></td><td>COELHO, Geslie. Ciências, Vivências e Descobertas, 3º ano. 1 ed. São Paulo: FTD, 2012.   <br><br>NORONHA, Maria Eduarda e SOARES, Maria Luiza. Construindo e Aprendendo: Manual do Educador, Ciências – 3º ano. Ensino Fundamental. Recife: Editora Construir.   <br><br>O QUE É SOM?, Mundo Educação, UOL, 2023. Disponível em: &lt;https://mundoeducacao.uol.com.br/fisica/o-que-som.htm#:~:text=O%20som%20%C3%A9%20produzido%20por,fonte%20que%20produz%20as%20vibra%C3%A7%C3%B5es.>. Acesso em: 07, fev. 2023.   <br><br>PESSOA, Karina e FAVALLI, Leonel. Novo Pitanguá Ciências. 3º Ano. Ensino Fundamental Anos Iniciais. Editora Moderna.  </td></tr><tr><td><strong>Documento norteador:</strong></td><td>DOCUMENTO CURRICULAR PARA GOIÁS – AMPLIADO (DC-GO AMPLIADO)</td></tr></tbody></table></figure>
