{"id":158257,"date":"2023-03-07T10:48:33","date_gmt":"2023-03-07T13:48:33","guid":{"rendered":"https:\/\/sme.goiania.go.gov.br\/conexaoescola\/?post_type=ensino_fundamental&#038;p=158257"},"modified":"2023-03-15T15:19:41","modified_gmt":"2023-03-15T18:19:41","slug":"matematica-batalha-naval-localizacao-e-movimentacao","status":"publish","type":"ensino_fundamental","link":"https:\/\/sme.goiania.go.gov.br\/conexaoescola\/ensino_fundamental\/matematica-batalha-naval-localizacao-e-movimentacao\/","title":{"rendered":"Matem\u00e1tica &#8211; Batalha Naval: Localiza\u00e7\u00e3o e movimenta\u00e7\u00e3o"},"content":{"rendered":"\n<p class=\"has-text-align-center has-black-color has-text-color has-background has-medium-font-size\" style=\"background-color:#fffb94\"><strong>ESTA PROPOSTA DE ATIVIDADE DE MATEM\u00c1TICA&nbsp;\u00c9 DESTINADA AOS ESTUDANTES<\/strong> <strong>DO<\/strong> <strong>3\u00ba ANO DO ENSINO FUNDAMENTAL<\/strong>.<\/p>\n\n\n\n<div class=\"wp-block-group\"><div class=\"wp-block-group__inner-container is-layout-constrained wp-block-group-is-layout-constrained\">\n<div class=\"wp-block-buttons is-content-justification-center is-layout-flex wp-container-core-buttons-is-layout-16018d1d wp-block-buttons-is-layout-flex\">\n<div class=\"wp-block-button has-custom-font-size\" style=\"font-size:12px\"><a class=\"wp-block-button__link wp-element-button\" href=\"https:\/\/docs.google.com\/document\/d\/1BzCbcvvqaC1yKTJVORnd6HZlPu4uemap\/copy\" target=\"_blank\" rel=\"noreferrer noopener\">BAIXE ATIVIDADE<\/a><\/div>\n\n\n\n<div class=\"wp-block-button has-custom-font-size\" style=\"font-size:12px\"><a class=\"wp-block-button__link wp-element-button\" href=\"https:\/\/docs.google.com\/presentation\/d\/184v_dvZ7rUZofzaCBRNDfP082BAPXue0\/copy\" target=\"_blank\" rel=\"noreferrer noopener\">BAIXE  SLIDE<\/a><\/div>\n\n\n\n<div class=\"wp-block-button has-custom-font-size\" style=\"font-size:12px\"><a class=\"wp-block-button__link wp-element-button\" href=\"https:\/\/docs.google.com\/document\/d\/1PzhpQZFqEqjR8cjjTw0ENdIlSEV59bbB\/copy\" target=\"_blank\" rel=\"noreferrer noopener\">BAIXE TEXTO <\/a><\/div>\n<\/div>\n<\/div><\/div>\n\n\n\n<hr class=\"wp-block-separator has-css-opacity\"\/>\n\n\n<div class=\"wp-block-image\">\n<figure class=\"aligncenter size-full is-resized\"><img fetchpriority=\"high\" decoding=\"async\" src=\"https:\/\/sme.goiania.go.gov.br\/conexaoescola\/wp-content\/uploads\/2023\/03\/4.png\" alt=\"\" class=\"wp-image-158357\" width=\"429\" height=\"341\" srcset=\"https:\/\/sme.goiania.go.gov.br\/conexaoescola\/wp-content\/uploads\/2023\/03\/4.png 322w, https:\/\/sme.goiania.go.gov.br\/conexaoescola\/wp-content\/uploads\/2023\/03\/4-300x239.png 300w\" sizes=\"(max-width: 429px) 100vw, 429px\" \/><figcaption class=\"wp-element-caption\">Imagem criada no Canva<\/figcaption><\/figure><\/div>\n\n\n<p class=\"has-text-align-center has-medium-font-size\"><strong>LOCALIZA\u00c7\u00c3O E MOVIMENTA\u00c7\u00c3O<\/strong><\/p>\n\n\n\n<p class=\"has-medium-font-size\"><strong>Localiza\u00e7\u00e3o<\/strong>: envolve saber onde se encontra uma pessoa ou objeto em determinado lugar.<\/p>\n\n\n\n<p class=\"has-medium-font-size\">Na malha quadriculada utilizamos colunas e linhas (<em>coordenadas<\/em>) para saber a localiza\u00e7\u00e3o. Veja:<\/p>\n\n\n\n<figure class=\"wp-block-image is-resized\"><img decoding=\"async\" src=\"https:\/\/lh3.googleusercontent.com\/GDpt7b_Nc1M2M7fTY0Q6CjLNiPP1sRnrdg0sxndfeCZfVDpwkSdSM2us_KmkfJvSBoUmXdgh12Gs715Z8rdumSp-L0hn6Hn6ZV-rCeO4yWjEPkqikbadB7_rem5MNSGJWMqdTUIQlCU\" alt=\"\" width=\"840\" height=\"593\"\/><figcaption class=\"wp-element-caption\">Imagem criada no Canva<\/figcaption><\/figure>\n\n\n\n<p class=\"has-medium-font-size\">Na linha 7 um barco, que ocupa um espa\u00e7o, est\u00e1 localizado na coluna <strong>J<\/strong> e linha <strong>7 <\/strong>=<strong> J7<\/strong>.&nbsp;<\/p>\n\n\n\n<p class=\"has-medium-font-size\">Na linha 10 um barco, que ocupa dois espa\u00e7os, est\u00e1 localizado nas coordenadas <strong>B10<\/strong> e <strong>C10<\/strong>.<\/p>\n\n\n\n<p class=\"has-medium-font-size\"><strong>Movimenta\u00e7\u00e3o<\/strong>: tem haver com o entendimento de saber para onde ir.<\/p>\n\n\n<div class=\"wp-block-image\">\n<figure class=\"aligncenter is-resized\"><img decoding=\"async\" src=\"https:\/\/lh3.googleusercontent.com\/zNiZdiG3D5Q9F0Qvqrpmyj1r72YhV1mKfOTkZorz3QcuSJ7D516AfL4I89yrsNf9eYqPHvyZiQeEhx77MdsehlVDNTxnBfIYGXc4saddHrUXwFxFXcQtAzhsdlXafHFvDhV86TvQXUg\" alt=\"\" width=\"629\" height=\"353\"\/><figcaption class=\"wp-element-caption\">Imagem criada no Canva<\/figcaption><\/figure><\/div>\n\n\n<p class=\"has-medium-font-size\">Uma pessoa sai da lanchonete e quer chegar na escola, ao passar pela porta do hospital, deve seguir em frente ou virar?<\/p>\n\n\n\n<p class=\"has-medium-font-size\">Para chegar em frente \u00e0 escola, o caminho mais f\u00e1cil e r\u00e1pido \u00e9 virar logo ap\u00f3s passar pelo hospital.<\/p>\n\n\n\n<p class=\"has-medium-font-size\">Essas s\u00e3o no\u00e7\u00f5es que usamos em nosso dia a dia e na resolu\u00e7\u00e3o de algumas quest\u00f5es matem\u00e1ticas.&nbsp;<\/p>\n\n\n\n<p class=\"has-medium-font-size\">Interessante! Essas no\u00e7\u00f5es s\u00e3o utilizadas at\u00e9 por animais que fazem migra\u00e7\u00e3o ou precisam mudar de ambiente. Voc\u00ea j\u00e1 pensou, por exemplo, como um gatinho que sai para rua sabe voltar para casa?<\/p>\n\n\n\n<hr class=\"wp-block-separator has-alpha-channel-opacity\"\/>\n\n\n\n<p class=\"has-background has-medium-font-size\" style=\"background-color:#fcb793\"><strong>QUEST\u00c3O 1<\/strong><\/p>\n\n\n\n<p class=\"has-medium-font-size\">Observe a imagem:<\/p>\n\n\n<div class=\"wp-block-image\">\n<figure class=\"aligncenter is-resized\"><img decoding=\"async\" src=\"https:\/\/lh5.googleusercontent.com\/iWyhUBPvm4wP7sASVtP2nyuUeMbQcNBR09k_vlQD7ERwd-FnZdzykMxyrGR2buWWk5Fh7YF8aKqGipuPxRey-mhk-wh7s2UHdhfbOk8zUj8WyHIyEDCSg3ROo4PiZi24IvguIoMMTu0\" alt=\"\" width=\"-117\" height=\"-69\"\/><figcaption class=\"wp-element-caption\">Imagem criada no Canva<\/figcaption><\/figure><\/div>\n\n\n<p class=\"has-medium-font-size\">Em quais coordenadas a casinha amarela do parquinho est\u00e1 localizada?<\/p>\n\n\n\n<p class=\"has-background has-medium-font-size\" style=\"background-color:#fcb793\"><strong>QUEST\u00c3O 2<\/strong><\/p>\n\n\n\n<p class=\"has-medium-font-size\">Escreva a coordenada (coluna e linha) que indique a localiza\u00e7\u00e3o de cada objeto:<\/p>\n\n\n\n<p class=\"has-text-align-center\">&#x1f60d;____ &nbsp; &nbsp; &nbsp; &#x1f697;____ &nbsp; &nbsp; &nbsp; &#x1f33c;____ &nbsp; &nbsp; &nbsp; &#x1f345;____<\/p>\n\n\n\n<figure class=\"wp-block-table alignwide\"><table><tbody><tr><td><\/td><td><strong>A<\/strong><\/td><td><strong>B<\/strong><\/td><td><strong>C<\/strong><\/td><td><strong>D<\/strong><\/td><\/tr><tr><td><strong>1<\/strong><\/td><td><\/td><td>&#x1f60d;<\/td><td><\/td><td><\/td><\/tr><tr><td><strong>2<\/strong><\/td><td>&#x1f697;<\/td><td><\/td><td><\/td><td><\/td><\/tr><tr><td><strong>3<\/strong><\/td><td><\/td><td><\/td><td><\/td><td>&#x1f33c;<\/td><\/tr><tr><td><strong>4<\/strong><\/td><td><\/td><td><\/td><td>&#x1f345;<\/td><td><\/td><\/tr><\/tbody><\/table><\/figure>\n\n\n\n<p class=\"has-background has-medium-font-size\" style=\"background-color:#fcb793\"><strong>QUEST\u00c3O 3<\/strong><\/p>\n\n\n\n<p class=\"has-medium-font-size\">Observe a imagem que retrata ambientes de uma casa, supondo que voc\u00ea est\u00e1 sentado no sof\u00e1 e quer ir na cozinha, qual movimento deve fazer?<\/p>\n\n\n<div class=\"wp-block-image\">\n<figure class=\"aligncenter is-resized\"><img decoding=\"async\" src=\"https:\/\/lh3.googleusercontent.com\/XvFLt7oJb1ixnqF1jvIZs-n--p2l2sFTaxhUbsrdJTtkKIihtkq4po-n1jAKbL5bdNpUvJ4W6To9TNIuAammYbRAdhtZ_D4DCvewi17V2n192ZfiFOyiyGhZC8tIj0szaF-aSqSZBMs\" alt=\"\" width=\"-266\" height=\"-188\"\/><figcaption class=\"wp-element-caption\">Imagem criada no Canva<\/figcaption><\/figure><\/div>\n\n\n<p class=\"has-medium-font-size\">a) Ir para a direita <\/p>\n\n\n\n<p class=\"has-medium-font-size\">b) Ir para a esquerda <\/p>\n\n\n\n<p class=\"has-medium-font-size\">c) Ir para cima <\/p>\n\n\n\n<p class=\"has-medium-font-size\">d) Ir para baixo <\/p>\n\n\n\n<p class=\"has-background has-medium-font-size\" style=\"background-color:#fcb793\"><strong>QUEST\u00c3O 4<\/strong><\/p>\n\n\n\n<p class=\"has-medium-font-size\">Ainda na casa da quest\u00e3o anterior, agora voc\u00ea est\u00e1 no banheiro e quer ir para o quarto. Qual ser\u00e1 sua movimenta\u00e7\u00e3o?<\/p>\n\n\n<div class=\"wp-block-image\">\n<figure class=\"aligncenter is-resized\"><img loading=\"lazy\" decoding=\"async\" src=\"https:\/\/lh3.googleusercontent.com\/7WdQq6X7WJN6rK_JJHrq3nTlqtBJcv1CXIJvzQFCJ3CzMWIbdek9ZI4piOwcDRuEfqHP8QxrGYHA_eDH8jGGx-HISbBWAUTEHli04nxFiAwCCsHOwFcvz5a8aofZ5VuKdIlDx0ZqGXQ\" alt=\"\" width=\"589\" height=\"416\"\/><figcaption class=\"wp-element-caption\">Imagem criada no Canva<\/figcaption><\/figure><\/div>\n\n\n<p class=\"has-medium-font-size\">a) Ir para o pr\u00f3ximo c\u00f4modo \u00e0 direita<\/p>\n\n\n\n<p class=\"has-medium-font-size\">b) Ir dois c\u00f4modos \u00e0 direita<\/p>\n\n\n\n<p class=\"has-medium-font-size\">c) Ir para baixo <\/p>\n\n\n\n<p class=\"has-medium-font-size\">d) Ir a esquerda <\/p>\n\n\n\n<hr class=\"wp-block-separator has-alpha-channel-opacity\"\/>\n\n\n\n<p class=\"has-medium-font-size\">POR LUCYANA OLIVEIRA BORBA <\/p>\n\n\n\n<p class=\"has-medium-font-size\">GRADUADA EM PEDAGOGIA<\/p>\n\n\n\n<figure class=\"wp-block-table is-style-stripes has-small-font-size\"><table><tbody><tr><td><strong>Componente Curricular<\/strong><\/td><td>MATEM\u00c1TICA<\/td><\/tr><tr><td><strong>Habilidades<\/strong><\/td><td>(EF03MA12-A) Descrever posi\u00e7\u00e3o, trajetos, mudan\u00e7as de dire\u00e7\u00e3o e sentido, oralmente, com uso da linguagem materna e de vocabul\u00e1rio geom\u00e9trico.<br>(EF03MA12-B) Descrever e representar, por meio de esbo\u00e7os de trajetos ou utilizando croquis, com ou sem malhas quadriculadas, maquetes e tecnologias digitais, a movimenta\u00e7\u00e3o de pessoas ou de objetos no espa\u00e7o, incluindo mudan\u00e7as de dire\u00e7\u00e3o e sentido, com base em diferentes pontos de refer\u00eancia, em situa\u00e7\u00f5es diversas.<\/td><\/tr><\/tbody><\/table><\/figure>\n\n\n\n<figure class=\"wp-block-table is-style-stripes has-small-font-size\"><table><tbody><tr><td><strong>Refer\u00eancias<\/strong><\/td><td>BRASIL. Minist\u00e9rio da Educa\u00e7\u00e3o. Base Nacional Comum Curricular. Bras\u00edlia, 2018.<br>CADERNO APRENDER SEMPRE &#8211; 1\u00ba Bimestre 2023- 3\u00baAno\/ Ensino Fundamental\/ L\u00edngua Portuguesa e Matem\u00e1tica\/ Prefeitura de Goi\u00e2nia- Secretaria Municipal de Educa\u00e7\u00e3o.<br>Documento Curricular para Goi\u00e1s (DC-GO). Goi\u00e2nia\/GO: CONSED\/ UNDIME Goi\u00e1s, 2018.&nbsp;Dispon\u00edvel em: &lt;<a href=\"https:\/\/cutt.ly\/MOsX7AS\">https:\/\/cutt.ly\/MOsX7AS<\/a>&gt; acessado em 26, jan. 22.<\/td><\/tr><\/tbody><\/table><\/figure>\n","protected":false},"author":46,"featured_media":158357,"template":"","ef_categoria":[35],"ef_ano":[86],"ef_componente":[94],"class_list":["post-158257","ensino_fundamental","type-ensino_fundamental","status-publish","has-post-thumbnail","hentry","ef_categoria-educacao-financeira-e-empreendedorismo-ciclo-da-adolescencia-hi","ef_ano-3o-ano","ef_componente-matematica","entry","has-media"],"acf":[],"_links":{"self":[{"href":"https:\/\/sme.goiania.go.gov.br\/conexaoescola\/wp-json\/wp\/v2\/ensino_fundamental\/158257","targetHints":{"allow":["GET"]}}],"collection":[{"href":"https:\/\/sme.goiania.go.gov.br\/conexaoescola\/wp-json\/wp\/v2\/ensino_fundamental"}],"about":[{"href":"https:\/\/sme.goiania.go.gov.br\/conexaoescola\/wp-json\/wp\/v2\/types\/ensino_fundamental"}],"author":[{"embeddable":true,"href":"https:\/\/sme.goiania.go.gov.br\/conexaoescola\/wp-json\/wp\/v2\/users\/46"}],"version-history":[{"count":3,"href":"https:\/\/sme.goiania.go.gov.br\/conexaoescola\/wp-json\/wp\/v2\/ensino_fundamental\/158257\/revisions"}],"predecessor-version":[{"id":158891,"href":"https:\/\/sme.goiania.go.gov.br\/conexaoescola\/wp-json\/wp\/v2\/ensino_fundamental\/158257\/revisions\/158891"}],"wp:featuredmedia":[{"embeddable":true,"href":"https:\/\/sme.goiania.go.gov.br\/conexaoescola\/wp-json\/wp\/v2\/media\/158357"}],"wp:attachment":[{"href":"https:\/\/sme.goiania.go.gov.br\/conexaoescola\/wp-json\/wp\/v2\/media?parent=158257"}],"wp:term":[{"taxonomy":"ef_categoria","embeddable":true,"href":"https:\/\/sme.goiania.go.gov.br\/conexaoescola\/wp-json\/wp\/v2\/ef_categoria?post=158257"},{"taxonomy":"ef_ano","embeddable":true,"href":"https:\/\/sme.goiania.go.gov.br\/conexaoescola\/wp-json\/wp\/v2\/ef_ano?post=158257"},{"taxonomy":"ef_componente","embeddable":true,"href":"https:\/\/sme.goiania.go.gov.br\/conexaoescola\/wp-json\/wp\/v2\/ef_componente?post=158257"}],"curies":[{"name":"wp","href":"https:\/\/api.w.org\/{rel}","templated":true}]}}

Matemática &#8211; Batalha Naval: Localização e movimentação

<p class="has-text-align-center has-black-color has-text-color has-background has-medium-font-size" style="background-color:#fffb94"><strong>ESTA PROPOSTA DE ATIVIDADE DE MATEMÁTICA&nbsp;É DESTINADA AOS ESTUDANTES</strong> <strong>DO</strong> <strong>3º ANO DO ENSINO FUNDAMENTAL</strong>.</p>



<div class="wp-block-group"><div class="wp-block-group__inner-container is-layout-constrained wp-block-group-is-layout-constrained">
<div class="wp-block-buttons is-content-justification-center is-layout-flex wp-container-core-buttons-is-layout-16018d1d wp-block-buttons-is-layout-flex">
<div class="wp-block-button has-custom-font-size" style="font-size:12px"><a class="wp-block-button__link wp-element-button" href="https://docs.google.com/document/d/1BzCbcvvqaC1yKTJVORnd6HZlPu4uemap/copy" target="_blank" rel="noreferrer noopener">BAIXE ATIVIDADE</a></div>



<div class="wp-block-button has-custom-font-size" style="font-size:12px"><a class="wp-block-button__link wp-element-button" href="https://docs.google.com/presentation/d/184v_dvZ7rUZofzaCBRNDfP082BAPXue0/copy" target="_blank" rel="noreferrer noopener">BAIXE  SLIDE</a></div>



<div class="wp-block-button has-custom-font-size" style="font-size:12px"><a class="wp-block-button__link wp-element-button" href="https://docs.google.com/document/d/1PzhpQZFqEqjR8cjjTw0ENdIlSEV59bbB/copy" target="_blank" rel="noreferrer noopener">BAIXE TEXTO </a></div>
</div>
</div></div>



<hr class="wp-block-separator has-css-opacity"/>


<div class="wp-block-image">
<figure class="aligncenter size-full is-resized"><img fetchpriority="high" decoding="async" src="https://sme.goiania.go.gov.br/conexaoescola/wp-content/uploads/2023/03/4.png" alt="" class="wp-image-158357" width="429" height="341" srcset="https://sme.goiania.go.gov.br/conexaoescola/wp-content/uploads/2023/03/4.png 322w, https://sme.goiania.go.gov.br/conexaoescola/wp-content/uploads/2023/03/4-300x239.png 300w" sizes="(max-width: 429px) 100vw, 429px" /><figcaption class="wp-element-caption">Imagem criada no Canva</figcaption></figure></div>


<p class="has-text-align-center has-medium-font-size"><strong>LOCALIZAÇÃO E MOVIMENTAÇÃO</strong></p>



<p class="has-medium-font-size"><strong>Localização</strong>: envolve saber onde se encontra uma pessoa ou objeto em determinado lugar.</p>



<p class="has-medium-font-size">Na malha quadriculada utilizamos colunas e linhas (<em>coordenadas</em>) para saber a localização. Veja:</p>



<figure class="wp-block-image is-resized"><img decoding="async" src="https://lh3.googleusercontent.com/GDpt7b_Nc1M2M7fTY0Q6CjLNiPP1sRnrdg0sxndfeCZfVDpwkSdSM2us_KmkfJvSBoUmXdgh12Gs715Z8rdumSp-L0hn6Hn6ZV-rCeO4yWjEPkqikbadB7_rem5MNSGJWMqdTUIQlCU" alt="" width="840" height="593"/><figcaption class="wp-element-caption">Imagem criada no Canva</figcaption></figure>



<p class="has-medium-font-size">Na linha 7 um barco, que ocupa um espaço, está localizado na coluna <strong>J</strong> e linha <strong>7 </strong>=<strong> J7</strong>.&nbsp;</p>



<p class="has-medium-font-size">Na linha 10 um barco, que ocupa dois espaços, está localizado nas coordenadas <strong>B10</strong> e <strong>C10</strong>.</p>



<p class="has-medium-font-size"><strong>Movimentação</strong>: tem haver com o entendimento de saber para onde ir.</p>


<div class="wp-block-image">
<figure class="aligncenter is-resized"><img decoding="async" src="https://lh3.googleusercontent.com/zNiZdiG3D5Q9F0Qvqrpmyj1r72YhV1mKfOTkZorz3QcuSJ7D516AfL4I89yrsNf9eYqPHvyZiQeEhx77MdsehlVDNTxnBfIYGXc4saddHrUXwFxFXcQtAzhsdlXafHFvDhV86TvQXUg" alt="" width="629" height="353"/><figcaption class="wp-element-caption">Imagem criada no Canva</figcaption></figure></div>


<p class="has-medium-font-size">Uma pessoa sai da lanchonete e quer chegar na escola, ao passar pela porta do hospital, deve seguir em frente ou virar?</p>



<p class="has-medium-font-size">Para chegar em frente à escola, o caminho mais fácil e rápido é virar logo após passar pelo hospital.</p>



<p class="has-medium-font-size">Essas são noções que usamos em nosso dia a dia e na resolução de algumas questões matemáticas.&nbsp;</p>



<p class="has-medium-font-size">Interessante! Essas noções são utilizadas até por animais que fazem migração ou precisam mudar de ambiente. Você já pensou, por exemplo, como um gatinho que sai para rua sabe voltar para casa?</p>



<hr class="wp-block-separator has-alpha-channel-opacity"/>



<p class="has-background has-medium-font-size" style="background-color:#fcb793"><strong>QUESTÃO 1</strong></p>



<p class="has-medium-font-size">Observe a imagem:</p>


<div class="wp-block-image">
<figure class="aligncenter is-resized"><img decoding="async" src="https://lh5.googleusercontent.com/iWyhUBPvm4wP7sASVtP2nyuUeMbQcNBR09k_vlQD7ERwd-FnZdzykMxyrGR2buWWk5Fh7YF8aKqGipuPxRey-mhk-wh7s2UHdhfbOk8zUj8WyHIyEDCSg3ROo4PiZi24IvguIoMMTu0" alt="" width="-117" height="-69"/><figcaption class="wp-element-caption">Imagem criada no Canva</figcaption></figure></div>


<p class="has-medium-font-size">Em quais coordenadas a casinha amarela do parquinho está localizada?</p>



<p class="has-background has-medium-font-size" style="background-color:#fcb793"><strong>QUESTÃO 2</strong></p>



<p class="has-medium-font-size">Escreva a coordenada (coluna e linha) que indique a localização de cada objeto:</p>



<p class="has-text-align-center">&#x1f60d;____ &nbsp; &nbsp; &nbsp; &#x1f697;____ &nbsp; &nbsp; &nbsp; &#x1f33c;____ &nbsp; &nbsp; &nbsp; &#x1f345;____</p>



<figure class="wp-block-table alignwide"><table><tbody><tr><td></td><td><strong>A</strong></td><td><strong>B</strong></td><td><strong>C</strong></td><td><strong>D</strong></td></tr><tr><td><strong>1</strong></td><td></td><td>&#x1f60d;</td><td></td><td></td></tr><tr><td><strong>2</strong></td><td>&#x1f697;</td><td></td><td></td><td></td></tr><tr><td><strong>3</strong></td><td></td><td></td><td></td><td>&#x1f33c;</td></tr><tr><td><strong>4</strong></td><td></td><td></td><td>&#x1f345;</td><td></td></tr></tbody></table></figure>



<p class="has-background has-medium-font-size" style="background-color:#fcb793"><strong>QUESTÃO 3</strong></p>



<p class="has-medium-font-size">Observe a imagem que retrata ambientes de uma casa, supondo que você está sentado no sofá e quer ir na cozinha, qual movimento deve fazer?</p>


<div class="wp-block-image">
<figure class="aligncenter is-resized"><img decoding="async" src="https://lh3.googleusercontent.com/XvFLt7oJb1ixnqF1jvIZs-n--p2l2sFTaxhUbsrdJTtkKIihtkq4po-n1jAKbL5bdNpUvJ4W6To9TNIuAammYbRAdhtZ_D4DCvewi17V2n192ZfiFOyiyGhZC8tIj0szaF-aSqSZBMs" alt="" width="-266" height="-188"/><figcaption class="wp-element-caption">Imagem criada no Canva</figcaption></figure></div>


<p class="has-medium-font-size">a) Ir para a direita </p>



<p class="has-medium-font-size">b) Ir para a esquerda </p>



<p class="has-medium-font-size">c) Ir para cima </p>



<p class="has-medium-font-size">d) Ir para baixo </p>



<p class="has-background has-medium-font-size" style="background-color:#fcb793"><strong>QUESTÃO 4</strong></p>



<p class="has-medium-font-size">Ainda na casa da questão anterior, agora você está no banheiro e quer ir para o quarto. Qual será sua movimentação?</p>


<div class="wp-block-image">
<figure class="aligncenter is-resized"><img loading="lazy" decoding="async" src="https://lh3.googleusercontent.com/7WdQq6X7WJN6rK_JJHrq3nTlqtBJcv1CXIJvzQFCJ3CzMWIbdek9ZI4piOwcDRuEfqHP8QxrGYHA_eDH8jGGx-HISbBWAUTEHli04nxFiAwCCsHOwFcvz5a8aofZ5VuKdIlDx0ZqGXQ" alt="" width="589" height="416"/><figcaption class="wp-element-caption">Imagem criada no Canva</figcaption></figure></div>


<p class="has-medium-font-size">a) Ir para o próximo cômodo à direita</p>



<p class="has-medium-font-size">b) Ir dois cômodos à direita</p>



<p class="has-medium-font-size">c) Ir para baixo </p>



<p class="has-medium-font-size">d) Ir a esquerda </p>



<hr class="wp-block-separator has-alpha-channel-opacity"/>



<p class="has-medium-font-size">POR LUCYANA OLIVEIRA BORBA </p>



<p class="has-medium-font-size">GRADUADA EM PEDAGOGIA</p>



<figure class="wp-block-table is-style-stripes has-small-font-size"><table><tbody><tr><td><strong>Componente Curricular</strong></td><td>MATEMÁTICA</td></tr><tr><td><strong>Habilidades</strong></td><td>(EF03MA12-A) Descrever posição, trajetos, mudanças de direção e sentido, oralmente, com uso da linguagem materna e de vocabulário geométrico.<br>(EF03MA12-B) Descrever e representar, por meio de esboços de trajetos ou utilizando croquis, com ou sem malhas quadriculadas, maquetes e tecnologias digitais, a movimentação de pessoas ou de objetos no espaço, incluindo mudanças de direção e sentido, com base em diferentes pontos de referência, em situações diversas.</td></tr></tbody></table></figure>



<figure class="wp-block-table is-style-stripes has-small-font-size"><table><tbody><tr><td><strong>Referências</strong></td><td>BRASIL. Ministério da Educação. Base Nacional Comum Curricular. Brasília, 2018.<br>CADERNO APRENDER SEMPRE &#8211; 1º Bimestre 2023- 3ºAno/ Ensino Fundamental/ Língua Portuguesa e Matemática/ Prefeitura de Goiânia- Secretaria Municipal de Educação.<br>Documento Curricular para Goiás (DC-GO). Goiânia/GO: CONSED/ UNDIME Goiás, 2018.&nbsp;Disponível em: &lt;<a href="https://cutt.ly/MOsX7AS">https://cutt.ly/MOsX7AS</a>&gt; acessado em 26, jan. 22.</td></tr></tbody></table></figure>
