{"id":156042,"date":"2022-12-23T16:53:41","date_gmt":"2022-12-23T19:53:41","guid":{"rendered":"https:\/\/sme.goiania.go.gov.br\/conexaoescola\/?post_type=ensino_fundamental&#038;p=156042"},"modified":"2022-12-23T16:53:42","modified_gmt":"2022-12-23T19:53:42","slug":"histora-os-europeus-e-o-eurocentrismo-origem-de-preconceitos","status":"publish","type":"ensino_fundamental","link":"https:\/\/sme.goiania.go.gov.br\/conexaoescola\/ensino_fundamental\/histora-os-europeus-e-o-eurocentrismo-origem-de-preconceitos\/","title":{"rendered":"Hist\u00f3ra &#8211; Os Europeus e o eurocentrismo: origem de preconceitos!"},"content":{"rendered":"\n<p class=\"has-black-color has-text-color has-medium-font-size\">Estudar hist\u00f3ria n\u00e3o \u00e9 memorizar datas, locais ou acontecimentos. SCHMIDT cita o alem\u00e3o Jorn Rusen que defende em sua teoria que o estudante de hist\u00f3ria deve (2017, p. 62): <strong><em>\u201ccompreender como o pensamento hist\u00f3rico contribui para orientar, temporalmente, a vida humana para dentro (identidade) e para fora (pr\u00e1xis). <\/em><\/strong>Ent\u00e3o,&nbsp;<\/p>\n\n\n\n<p class=\"has-text-align-center has-black-color has-text-color has-medium-font-size\"><strong>VAMOS RESPONDER ALGUMAS QUEST\u00d5ES?<\/strong><\/p>\n\n\n\n<div class=\"wp-block-image\"><figure class=\"aligncenter size-full\"><img fetchpriority=\"high\" decoding=\"async\" width=\"618\" height=\"317\" src=\"https:\/\/sme.goiania.go.gov.br\/conexaoescola\/wp-content\/uploads\/2022\/12\/Eurocentrismo-e1671823488498.jpg\" alt=\"\" class=\"wp-image-156043\" srcset=\"https:\/\/sme.goiania.go.gov.br\/conexaoescola\/wp-content\/uploads\/2022\/12\/Eurocentrismo-e1671823488498.jpg 618w, https:\/\/sme.goiania.go.gov.br\/conexaoescola\/wp-content\/uploads\/2022\/12\/Eurocentrismo-e1671823488498-300x154.jpg 300w\" sizes=\"(max-width: 618px) 100vw, 618px\" \/><figcaption>Dispon\u00edvel em:&lt;<a href=\"https:\/\/www.gov.br\/mre\/es\/temas\/ceremonial\/lista-del-cuerpo-diplomatico\" data-type=\"URL\" data-id=\"https:\/\/www.gov.br\/mre\/es\/temas\/ceremonial\/lista-del-cuerpo-diplomatico\">https:\/\/www.gov.br\/mre\/es\/temas\/ceremonial\/lista-del-cuerpo-diplomatico<\/a>>. Acesso em: 20 dez. 2022.<\/figcaption><\/figure><\/div>\n\n\n\n<p class=\"has-black-color has-cyan-bluish-gray-background-color has-text-color has-background has-medium-font-size\"><strong>Quest\u00e3o 1<\/strong><\/p>\n\n\n\n<p class=\"has-black-color has-text-color has-medium-font-size\">Fa\u00e7a uma pesquisa sobre cientistas africanos. Ap\u00f3s a pesquisa escreva um texto descrevendo suas descobertas e lembre-se de destacar os processos a que os negros foram submetidos sob o julgo europeu. D\u00ea o seguinte t\u00edtulo: O lugar do negro nas sociedades. Compartilhe com seus colegas e professor.<\/p>\n\n\n\n<p class=\"has-black-color has-cyan-bluish-gray-background-color has-text-color has-background has-medium-font-size\"><strong>Quest\u00e3o 2<\/strong><\/p>\n\n\n\n<p class=\"has-medium-font-size\">Descreva o significado de \u201cEurocentrismo\u201d. Agora descreva o que aconteceu no processo do neocolonialismo europeu sobre \u00c1frica e \u00c1sia.<\/p>\n\n\n\n<p class=\"has-black-color has-cyan-bluish-gray-background-color has-text-color has-background has-medium-font-size\"><strong>Quest\u00e3o 3<\/strong><\/p>\n\n\n\n<p class=\"has-black-color has-text-color has-medium-font-size\">Leia com aten\u00e7\u00e3o o texto escrito pelo m\u00e9dico Nina Rodrigues:\u00a0<\/p>\n\n\n\n<blockquote class=\"wp-block-quote is-layout-flow wp-block-quote-is-layout-flow\"><p><strong><em>\u201cA ra\u00e7a negra no Brasil, por maiores que tenham sido os seus incontest\u00e1veis servi\u00e7os \u00e0 nossa civiliza\u00e7\u00e3o, por mais justificadas que sejam as simpatias de que a cercou o revoltante abuso da escravid\u00e3o, por maiores que revelem os g\u00eaneros dos seus defensores, h\u00e1 de construir sempre um dos fatores da nossa inferioridade como povo.\u201d<\/em><\/strong><\/p><cite>MACHADO, Carlos Eduardo Dias.\u00a0 Popula\u00e7\u00e3o negra e escolariza\u00e7\u00e3o na cidade de S\u00e3o Paulo nas d\u00e9cadas de 1920 e 1930. Disserta\u00e7\u00e3o de Mestrado, 2009. p. 45. Dispon\u00edvel em:&lt;<a href=\"http:\/\/www.teses.usp.br\/teses\/disponiveis\/8\/8138\/tde-03022010-174218\/pt-br.php\">http:\/\/www.teses.usp.br\/teses\/disponiveis\/8\/8138\/tde-03022010-174218\/pt-br.php<\/a>>. Acesso em: 19 dez. 2022.<br><\/cite><\/blockquote>\n\n\n\n<p class=\"has-black-color has-text-color has-medium-font-size\">Essa filosofia defendida por Nina Rodrigues teve impacto na vida dos negros brasileiros? Quais voc\u00ea imagina, descreva.<\/p>\n\n\n\n<p class=\"has-black-color has-cyan-bluish-gray-background-color has-text-color has-background has-medium-font-size\"><strong>Quest\u00e3o 4<\/strong><\/p>\n\n\n\n<p>Releia o texto da quest\u00e3o 3, reflita e responda:<\/p>\n\n\n\n<p class=\"has-black-color has-text-color has-medium-font-size\">Essa forma de pensamento contribuiu para a manuten\u00e7\u00e3o e expans\u00e3o do racismo em nossa sociedade? Detalhe seu pensamento, escrevendo em seu caderno.<\/p>\n\n\n\n<p class=\"has-text-align-center has-black-color has-light-green-cyan-background-color has-text-color has-background has-medium-font-size\"><strong>SAIBA MAIS<\/strong><\/p>\n\n\n\n<p class=\"has-black-color has-text-color has-medium-font-size\">Aperte o play e conhe\u00e7a mais<\/p>\n\n\n\n<figure class=\"wp-block-embed aligncenter is-type-video is-provider-youtube wp-block-embed-youtube wp-embed-aspect-16-9 wp-has-aspect-ratio\"><div class=\"wp-block-embed__wrapper\">\n<p class=\"responsive-video-wrap clr\"><iframe title=\"Atividade 18\u00aa 8\u00b0 Ano Eurocentrismo\" width=\"1200\" height=\"675\" src=\"https:\/\/www.youtube.com\/embed\/BS2LSYeZbkM?feature=oembed\" frameborder=\"0\" allow=\"accelerometer; autoplay; clipboard-write; encrypted-media; gyroscope; picture-in-picture\" allowfullscreen><\/iframe><\/p>\n<\/div><figcaption>Canal <a href=\"https:\/\/www.youtube.com\/@UilsonDuarte\">Prof. Uilson Duarte<\/a>. &#8220;Atividade 18\u00aa 8\u00b0 Ano Eurocentrismo&#8221;. Dispon\u00edvel em:&lt;<a href=\"https:\/\/www.youtube.com\/watch?v=BS2LSYeZbkM\" data-type=\"URL\" data-id=\"https:\/\/www.youtube.com\/watch?v=BS2LSYeZbkM\">https:\/\/www.youtube.com\/watch?v=BS2LSYeZbkM<\/a>>. Acesso em: 23 dez. 2022.<\/figcaption><\/figure>\n\n\n\n<p class=\"has-black-color has-pale-cyan-blue-background-color has-text-color has-background has-medium-font-size\"><strong>Acesse os materiais referentes a essa atividade clicando aqui<\/strong>:<a href=\"https:\/\/drive.google.com\/drive\/folders\/1Y0q1N_l2BLfHQR1PJQJwnimiEaxvd26y\" data-type=\"URL\" data-id=\"https:\/\/drive.google.com\/drive\/folders\/1Y0q1N_l2BLfHQR1PJQJwnimiEaxvd26y\" target=\"_blank\" rel=\"noreferrer noopener\">https:\/\/drive.google.com\/drive\/folders\/1Y0q1N_l2BLfHQR1PJQJwnimiEaxvd26y<\/a><\/p>\n\n\n\n<figure class=\"wp-block-table is-style-stripes\"><table><tbody><tr><td><strong>Habilidade:<\/strong><\/td><td><strong>(EF08HI24) <\/strong>Reconhecer os principais produtos, utilizados pelos europeus, procedentes do continente africano durante o imperialismo e analisar os impactos sobre as comunidades locais na forma de organiza\u00e7\u00e3o e explora\u00e7\u00e3o econ\u00f4mica.<\/td><\/tr><\/tbody><\/table><\/figure>\n\n\n\n<figure class=\"wp-block-table\"><table><tbody><tr><td><strong>Referencial te\u00f3rico\u00a0<\/strong><br><\/td><td><strong>BORBA,<\/strong> \u00a0 Pedro, \u00a0 2020. \u00a0 Para \u00a0 uma \u00a0 teoria \u00a0 cr\u00edtica \u00a0 do eurocentrismo:\u00a0 hist\u00f3ria,\u00a0 colonialismo\u00a0 e\u00a0 o resto\u00a0 do\u00a0 mundo. <strong>Revista\u00a0 Estudos\u00a0 Pol\u00edticos<\/strong>:\u00a0 a\u00a0 publica\u00e7\u00e3o\u00a0 semestral\u00a0 do Laborat\u00f3rio de Estudos Hum(e)anos (UFF). Rio de Janeiro Vol.11 | N.1, pp.63-82, outubro de 2020.<\/td><\/tr><\/tbody><\/table><\/figure>\n","protected":false},"author":51,"featured_media":156043,"template":"","ef_categoria":[],"ef_ano":[91],"ef_componente":[95],"class_list":["post-156042","ensino_fundamental","type-ensino_fundamental","status-publish","has-post-thumbnail","hentry","ef_ano-8o-ano","ef_componente-historia","entry","has-media"],"acf":[],"_links":{"self":[{"href":"https:\/\/sme.goiania.go.gov.br\/conexaoescola\/wp-json\/wp\/v2\/ensino_fundamental\/156042","targetHints":{"allow":["GET"]}}],"collection":[{"href":"https:\/\/sme.goiania.go.gov.br\/conexaoescola\/wp-json\/wp\/v2\/ensino_fundamental"}],"about":[{"href":"https:\/\/sme.goiania.go.gov.br\/conexaoescola\/wp-json\/wp\/v2\/types\/ensino_fundamental"}],"author":[{"embeddable":true,"href":"https:\/\/sme.goiania.go.gov.br\/conexaoescola\/wp-json\/wp\/v2\/users\/51"}],"version-history":[{"count":0,"href":"https:\/\/sme.goiania.go.gov.br\/conexaoescola\/wp-json\/wp\/v2\/ensino_fundamental\/156042\/revisions"}],"wp:featuredmedia":[{"embeddable":true,"href":"https:\/\/sme.goiania.go.gov.br\/conexaoescola\/wp-json\/wp\/v2\/media\/156043"}],"wp:attachment":[{"href":"https:\/\/sme.goiania.go.gov.br\/conexaoescola\/wp-json\/wp\/v2\/media?parent=156042"}],"wp:term":[{"taxonomy":"ef_categoria","embeddable":true,"href":"https:\/\/sme.goiania.go.gov.br\/conexaoescola\/wp-json\/wp\/v2\/ef_categoria?post=156042"},{"taxonomy":"ef_ano","embeddable":true,"href":"https:\/\/sme.goiania.go.gov.br\/conexaoescola\/wp-json\/wp\/v2\/ef_ano?post=156042"},{"taxonomy":"ef_componente","embeddable":true,"href":"https:\/\/sme.goiania.go.gov.br\/conexaoescola\/wp-json\/wp\/v2\/ef_componente?post=156042"}],"curies":[{"name":"wp","href":"https:\/\/api.w.org\/{rel}","templated":true}]}}

Históra &#8211; Os Europeus e o eurocentrismo: origem de preconceitos!

<p class="has-black-color has-text-color has-medium-font-size">Estudar história não é memorizar datas, locais ou acontecimentos. SCHMIDT cita o alemão Jorn Rusen que defende em sua teoria que o estudante de história deve (2017, p. 62): <strong><em>“compreender como o pensamento histórico contribui para orientar, temporalmente, a vida humana para dentro (identidade) e para fora (práxis). </em></strong>Então,&nbsp;</p>



<p class="has-text-align-center has-black-color has-text-color has-medium-font-size"><strong>VAMOS RESPONDER ALGUMAS QUESTÕES?</strong></p>



<div class="wp-block-image"><figure class="aligncenter size-full"><img fetchpriority="high" decoding="async" width="618" height="317" src="https://sme.goiania.go.gov.br/conexaoescola/wp-content/uploads/2022/12/Eurocentrismo-e1671823488498.jpg" alt="" class="wp-image-156043" srcset="https://sme.goiania.go.gov.br/conexaoescola/wp-content/uploads/2022/12/Eurocentrismo-e1671823488498.jpg 618w, https://sme.goiania.go.gov.br/conexaoescola/wp-content/uploads/2022/12/Eurocentrismo-e1671823488498-300x154.jpg 300w" sizes="(max-width: 618px) 100vw, 618px" /><figcaption>Disponível em:&lt;<a href="https://www.gov.br/mre/es/temas/ceremonial/lista-del-cuerpo-diplomatico" data-type="URL" data-id="https://www.gov.br/mre/es/temas/ceremonial/lista-del-cuerpo-diplomatico">https://www.gov.br/mre/es/temas/ceremonial/lista-del-cuerpo-diplomatico</a>>. Acesso em: 20 dez. 2022.</figcaption></figure></div>



<p class="has-black-color has-cyan-bluish-gray-background-color has-text-color has-background has-medium-font-size"><strong>Questão 1</strong></p>



<p class="has-black-color has-text-color has-medium-font-size">Faça uma pesquisa sobre cientistas africanos. Após a pesquisa escreva um texto descrevendo suas descobertas e lembre-se de destacar os processos a que os negros foram submetidos sob o julgo europeu. Dê o seguinte título: O lugar do negro nas sociedades. Compartilhe com seus colegas e professor.</p>



<p class="has-black-color has-cyan-bluish-gray-background-color has-text-color has-background has-medium-font-size"><strong>Questão 2</strong></p>



<p class="has-medium-font-size">Descreva o significado de “Eurocentrismo”. Agora descreva o que aconteceu no processo do neocolonialismo europeu sobre África e Ásia.</p>



<p class="has-black-color has-cyan-bluish-gray-background-color has-text-color has-background has-medium-font-size"><strong>Questão 3</strong></p>



<p class="has-black-color has-text-color has-medium-font-size">Leia com atenção o texto escrito pelo médico Nina Rodrigues: </p>



<blockquote class="wp-block-quote is-layout-flow wp-block-quote-is-layout-flow"><p><strong><em>“A raça negra no Brasil, por maiores que tenham sido os seus incontestáveis serviços à nossa civilização, por mais justificadas que sejam as simpatias de que a cercou o revoltante abuso da escravidão, por maiores que revelem os gêneros dos seus defensores, há de construir sempre um dos fatores da nossa inferioridade como povo.”</em></strong></p><cite>MACHADO, Carlos Eduardo Dias.  População negra e escolarização na cidade de São Paulo nas décadas de 1920 e 1930. Dissertação de Mestrado, 2009. p. 45. Disponível em:&lt;<a href="http://www.teses.usp.br/teses/disponiveis/8/8138/tde-03022010-174218/pt-br.php">http://www.teses.usp.br/teses/disponiveis/8/8138/tde-03022010-174218/pt-br.php</a>>. Acesso em: 19 dez. 2022.<br></cite></blockquote>



<p class="has-black-color has-text-color has-medium-font-size">Essa filosofia defendida por Nina Rodrigues teve impacto na vida dos negros brasileiros? Quais você imagina, descreva.</p>



<p class="has-black-color has-cyan-bluish-gray-background-color has-text-color has-background has-medium-font-size"><strong>Questão 4</strong></p>



<p>Releia o texto da questão 3, reflita e responda:</p>



<p class="has-black-color has-text-color has-medium-font-size">Essa forma de pensamento contribuiu para a manutenção e expansão do racismo em nossa sociedade? Detalhe seu pensamento, escrevendo em seu caderno.</p>



<p class="has-text-align-center has-black-color has-light-green-cyan-background-color has-text-color has-background has-medium-font-size"><strong>SAIBA MAIS</strong></p>



<p class="has-black-color has-text-color has-medium-font-size">Aperte o play e conheça mais</p>



<figure class="wp-block-embed aligncenter is-type-video is-provider-youtube wp-block-embed-youtube wp-embed-aspect-16-9 wp-has-aspect-ratio"><div class="wp-block-embed__wrapper">
<p class="responsive-video-wrap clr"><iframe title="Atividade 18ª 8° Ano Eurocentrismo" width="1200" height="675" src="https://www.youtube.com/embed/BS2LSYeZbkM?feature=oembed" frameborder="0" allow="accelerometer; autoplay; clipboard-write; encrypted-media; gyroscope; picture-in-picture" allowfullscreen></iframe></p>
</div><figcaption>Canal <a href="https://www.youtube.com/@UilsonDuarte">Prof. Uilson Duarte</a>. &#8220;Atividade 18ª 8° Ano Eurocentrismo&#8221;. Disponível em:&lt;<a href="https://www.youtube.com/watch?v=BS2LSYeZbkM" data-type="URL" data-id="https://www.youtube.com/watch?v=BS2LSYeZbkM">https://www.youtube.com/watch?v=BS2LSYeZbkM</a>>. Acesso em: 23 dez. 2022.</figcaption></figure>



<p class="has-black-color has-pale-cyan-blue-background-color has-text-color has-background has-medium-font-size"><strong>Acesse os materiais referentes a essa atividade clicando aqui</strong>:<a href="https://drive.google.com/drive/folders/1Y0q1N_l2BLfHQR1PJQJwnimiEaxvd26y" data-type="URL" data-id="https://drive.google.com/drive/folders/1Y0q1N_l2BLfHQR1PJQJwnimiEaxvd26y" target="_blank" rel="noreferrer noopener">https://drive.google.com/drive/folders/1Y0q1N_l2BLfHQR1PJQJwnimiEaxvd26y</a></p>



<figure class="wp-block-table is-style-stripes"><table><tbody><tr><td><strong>Habilidade:</strong></td><td><strong>(EF08HI24) </strong>Reconhecer os principais produtos, utilizados pelos europeus, procedentes do continente africano durante o imperialismo e analisar os impactos sobre as comunidades locais na forma de organização e exploração econômica.</td></tr></tbody></table></figure>



<figure class="wp-block-table"><table><tbody><tr><td><strong>Referencial teórico </strong><br></td><td><strong>BORBA,</strong>   Pedro,   2020.   Para   uma   teoria   crítica   do eurocentrismo:  história,  colonialismo  e  o resto  do  mundo. <strong>Revista  Estudos  Políticos</strong>:  a  publicação  semestral  do Laboratório de Estudos Hum(e)anos (UFF). Rio de Janeiro Vol.11 | N.1, pp.63-82, outubro de 2020.</td></tr></tbody></table></figure>
