{"id":155692,"date":"2022-12-18T19:37:20","date_gmt":"2022-12-18T22:37:20","guid":{"rendered":"https:\/\/sme.goiania.go.gov.br\/conexaoescola\/?post_type=ensino_fundamental&#038;p=155692"},"modified":"2022-12-18T19:37:22","modified_gmt":"2022-12-18T22:37:22","slug":"historia-os-espacos-de-convivencia-na-cidade","status":"publish","type":"ensino_fundamental","link":"https:\/\/sme.goiania.go.gov.br\/conexaoescola\/ensino_fundamental\/historia-os-espacos-de-convivencia-na-cidade\/","title":{"rendered":"Hist\u00f3ria &#8211; Os espa\u00e7os de conviv\u00eancia na cidade"},"content":{"rendered":"\n<p class=\"has-text-align-center has-black-color has-text-color has-background has-medium-font-size\" style=\"background-color:#cedae4\">Esta proposta de atividade de<strong>&nbsp;HIST\u00d3RIA&nbsp;<\/strong>\u00e9 destinada aos estudantes do <strong>3\u00ba ano&nbsp;do Ensino Fundamental<\/strong><\/p>\n\n\n\n<p class=\"has-text-align-left has-medium-font-size\">A VIDA EM SOCIEDADE REQUER MOMENTOS DE CONVIV\u00caNCIA ENTRE AS PESSOAS. NAS CIDADES PODEMOS ENCONTRAR ESPA\u00c7OS DE CONVIV\u00caNCIA P\u00daBLICOS E PRIVADOS, DESTINADOS A DIVERSOS TIPOS DE ATIVIDADE, COMO POR EXEMPLO O TRABALHO E O LAZER.<\/p>\n\n\n\n<p class=\"has-text-align-center has-black-color has-text-color has-background has-medium-font-size\" style=\"background-color:#efefef\"><strong>VAMOS RESPONDER ALGUMAS QUEST\u00d5ES?<\/strong><\/p>\n\n\n\n<figure class=\"wp-block-image size-full is-style-rounded\"><img decoding=\"async\" src=\"https:\/\/sme.goiania.go.gov.br\/conexaoescola\/wp-content\/uploads\/2022\/12\/parque-e1671402544624.jpeg\" alt=\"\" class=\"wp-image-155694\"\/><figcaption>Dispon\u00edvel em: https:\/\/www.goiania.go.gov.br\/conheca-os-42-parques-de-goiania-que-sao-opcoes-de-lazer-nas-ferias\/. Acesso em 12 dez. 2022<\/figcaption><\/figure>\n\n\n\n<p class=\"has-black-color has-text-color has-background has-medium-font-size\" style=\"background-color:#cedae4\"><strong>QUEST\u00c3O 1<\/strong><\/p>\n\n\n\n<p class=\"has-medium-font-size\">NAS CIDADES OS ESPA\u00c7OS DE CONVIV\u00caNCIA S\u00c3O CRIADOS PARA QUE AS PESSOAS POSSAM RELACIONAR-SE COM OS MEMBROS DO AGRUPAMENTO.<\/p>\n\n\n\n<p class=\"has-medium-font-size\">OBSERVE A LISTA A SEGUIR E MARQUE UM X NOS ESPA\u00c7OS DE CONVIV\u00caNCIA QUE S\u00c3O CONSIDERADOS P\u00daBLICOS:<\/p>\n\n\n\n<p class=\"has-text-align-center has-medium-font-size\">BARES<\/p>\n\n\n\n<p class=\"has-text-align-center has-medium-font-size\">PRA\u00c7AS<\/p>\n\n\n\n<p class=\"has-text-align-center has-medium-font-size\">PRAIAS<\/p>\n\n\n\n<p class=\"has-text-align-center has-medium-font-size\">SHOPPING CENTERS<\/p>\n\n\n\n<p class=\"has-text-align-center has-medium-font-size\">CAFETERIAS<\/p>\n\n\n\n<p class=\"has-black-color has-text-color has-background has-medium-font-size\" style=\"background-color:#cedae4\"><strong>QUEST\u00c3O 2<\/strong><\/p>\n\n\n\n<p class=\"has-medium-font-size\">LEIA A NOT\u00cdCIA A SEGUIR:<\/p>\n\n\n\n<p class=\"has-medium-font-size\">ATOS DE VANDALISMO EM PRA\u00c7AS E ESPA\u00c7OS P\u00daBLICOS DE GOI\u00c2NIA CUSTAM \u00c0 PREFEITURA, POR ANO, CERCA DE R$ 60 MIL. DENTRE OS PRINCIPAIS ALVOS EST\u00c3O LIXEIRAS, BANCOS, LUMIN\u00c1RIAS E EQUIPAMENTOS DE GIN\u00c1STICA, QUE S\u00c3O FEITOS PARA DURAR UMA D\u00c9CADA, MAS ACABAM TENDO VIDA \u00daTIL CURTA, EM RAZ\u00c3O DE DEPREDA\u00c7\u00c3O.SOMENTE NOS \u00daLTIMOS OITO MESES, A COMPANHIA DE URBANIZA\u00c7\u00c3O DE GOI\u00c2NIA (COMURG) REFORMOU 300 LIXEIRAS DEPREDADAS. \u201cESSE DINHEIRO QUE GASTAMOS NO CONSERTO PODERIA SER UTILIZADO PARA A CONSTRU\u00c7\u00c3O DE NOVAS LIXEIRAS, PARA SUPRIR A DEMANDA DE OUTROS ESPA\u00c7OS P\u00daBLICOS\u201d, PONTUA O PRESIDENTE DA COMURG, ALISSON BORGES. ELE PEDE O AUX\u00cdLIO DA POPULA\u00c7\u00c3O PARA REDUZIR AS OCORR\u00caNCIAS DE FURTOS OU DEPREDA\u00c7\u00c3O NAS PRA\u00c7AS DA CIDADE. \u201cO VANDALISMO CAUSA PREJU\u00cdZOS AOS COFRES P\u00daBLICOS E PREJUDICA TAMB\u00c9M TODA A SOCIEDADE. S\u00c3O CRIMES PASS\u00cdVEIS DE PUNI\u00c7\u00c3O, POR ISSO, PEDIMOS QUE A COMUNIDADE ACIONE AS FOR\u00c7AS DE SEGURAN\u00c7A, SEJA DA POL\u00cdCIA, PELO N\u00daMERO 190, SEJA DA GUARDA CIVIL METROPOLITANA, PELO 153, CASO PRESENCIE ESSE TIPO DE ATO\u201d, RESSALTA.<\/p>\n\n\n\n<p class=\"has-small-font-size\">FONTE: PREFEITURA DE GOI\u00c2NIA. <a href=\"https:\/\/www.goiania.go.gov.br\/atos-de-vandalismo-exigem-da-prefeitura-de-goiania-gastos-de-r-60-mil-por-ano-para-repor-equipamentos-danificados-em-pracas-da-capital\/\">Atos de vandalismo exigem da Prefeitura de Goi\u00e2nia gastos de R$ 60 mil por ano para repor equipamentos danificados em pra\u00e7as da capital<\/a>. Dispon\u00edvel em:https:\/\/www.goiania.go.gov.br\/atos-de-vandalismo-exigem-da-prefeitura-de-goiania-gastos-de-r-60-mil-por-ano-para-repor-equipamentos-danificados-em-pracas-da-capital\/. Acesso em 12 dez. 2022.<\/p>\n\n\n\n<ol class=\"has-medium-font-size wp-block-list\"><li>DE QUE FORMA OS ATOS DE VANDALISMO EM ESPA\u00c7OS P\u00daBLICOS PODEM TRAZER PREJU\u00cdZOS \u00c0 SOCIEDADE?<\/li><li>COMO PODEM SER EVITADOS OS ATOS DE VANDALISMO NOS ESPA\u00c7OS P\u00daBLICOS ?<\/li><\/ol>\n\n\n\n<p class=\"has-black-color has-text-color has-background has-medium-font-size\" style=\"background-color:#cedae4\"><strong>QUEST\u00c3O 3<\/strong><\/p>\n\n\n\n<p class=\"has-text-align-center has-medium-font-size\">FA\u00c7A UMA PESQUISA SOBRE ALGUM ESPA\u00c7O P\u00daBLICO DE CONVIV\u00caNCIA EXISTENTE EM SUA CIDADE E PREENCHA A TABELA COM OS DADOS OBTIDOS.ACENDEDOR DE POSTE\u00a0<\/p>\n\n\n\n<figure class=\"wp-block-image size-large\"><img fetchpriority=\"high\" decoding=\"async\" width=\"1024\" height=\"309\" src=\"https:\/\/sme.goiania.go.gov.br\/conexaoescola\/wp-content\/uploads\/2022\/12\/parque-1024x309.png\" alt=\"\" class=\"wp-image-155693\" srcset=\"https:\/\/sme.goiania.go.gov.br\/conexaoescola\/wp-content\/uploads\/2022\/12\/parque-1024x309.png 1024w, https:\/\/sme.goiania.go.gov.br\/conexaoescola\/wp-content\/uploads\/2022\/12\/parque-300x90.png 300w, https:\/\/sme.goiania.go.gov.br\/conexaoescola\/wp-content\/uploads\/2022\/12\/parque-768x232.png 768w, https:\/\/sme.goiania.go.gov.br\/conexaoescola\/wp-content\/uploads\/2022\/12\/parque.png 1035w\" sizes=\"(max-width: 1024px) 100vw, 1024px\" \/><\/figure>\n\n\n\n<p class=\"has-black-color has-text-color has-background has-medium-font-size\" style=\"background-color:#cedae4\"><strong>SAIBA MAIS<\/strong><\/p>\n\n\n\n<figure class=\"wp-block-embed is-type-video is-provider-youtube wp-block-embed-youtube wp-embed-aspect-4-3 wp-has-aspect-ratio\"><div class=\"wp-block-embed__wrapper\">\n<p class=\"responsive-video-wrap clr\"><iframe title=\"Parques de Goi\u00e2nia - Op\u00e7\u00f5es de Lazer\" width=\"1200\" height=\"900\" src=\"https:\/\/www.youtube.com\/embed\/4TY8n14LrG4?feature=oembed\" frameborder=\"0\" allow=\"accelerometer; autoplay; clipboard-write; encrypted-media; gyroscope; picture-in-picture\" allowfullscreen><\/iframe><\/p>\n<\/div><figcaption>Canal Lorena Guimar\u00e3es de Oliveira &#8220;Parques de Goi\u00e2nia&#8221; Dispon\u00edvel em: https:\/\/www.youtube.com\/watch?v=4TY8n14LrG4 Acesso em: 18 Dez 2022<\/figcaption><\/figure>\n\n\n\n<hr class=\"wp-block-separator\"\/>\n\n\n\n<p class=\"has-black-color has-text-color has-background has-medium-font-size\" style=\"background-color:#cedae4\"><strong>ACESSE OS MATERIAIS REFERENTES A ESSA ATIVIDADE CLICANDO AQUI: <\/strong><a href=\"https:\/\/sme.goiania.go.gov.br\/conexaoescola\/propostas_didaticas\/propostas-didaticas-historia-3o-ano\/\" data-type=\"URL\" data-id=\"https:\/\/sme.goiania.go.gov.br\/conexaoescola\/propostas_didaticas\/propostas-didaticas-historia-3o-ano\/\">https:\/\/sme.goiania.go.gov.br\/conexaoescola\/propostas_didaticas\/propostas-didaticas-historia-3o-ano\/<\/a><\/p>\n\n\n\n<hr class=\"wp-block-separator\"\/>\n\n\n\n<figure class=\"wp-block-table is-style-stripes\"><table><tbody><tr><td><strong>Componente Curricular:<\/strong><\/td><td>Hist\u00f3ria<\/td><\/tr><tr><td><strong>Habilidade:<\/strong><\/td><td><br>(EF03HI10) Identificar as diferen\u00e7as entre o espa\u00e7o dom\u00e9stico, os espa\u00e7os p\u00fablicos e as \u00e1reas de conserva\u00e7\u00e3o ambiental, compreendendo a import\u00e2ncia dessa distin\u00e7\u00e3o.<br><\/td><\/tr><\/tbody><\/table><\/figure>\n\n\n\n<figure class=\"wp-block-table is-style-stripes\"><table><tbody><tr><td><strong>Refer\u00eancias<\/strong><\/td><td><br>BRASIL ESCOLA. Sociologia. Dispon\u00edvel em: https:\/\/brasilescola.uol.com.br\/sociologia. Acesso em 12 dez. 2022.\u00a0<br><br>CASASBACANAS. Afinal, o que s\u00e3o espa\u00e7os p\u00fablicos?.\u00a0Dispon\u00edvel em: http:\/\/www.casasbacanas.com\/o-que-sao-espacos-publicos\/. Acesso em: 12 dez. de 2022.<br><br>CHARLIER, Anna Maria; SIMIELLI, Maria Elena. \u00c1pis hist\u00f3ria, 3\u00ba ano: ensino fundamental, anos iniciais. 2. ed. S\u00e3o Paulo : \u00c1tica, 2017.<br><br>PREFEITURA DE GOI\u00c2NIA. Conhe\u00e7a os 42 parques de Goi\u00e2nia que s\u00e3o op\u00e7\u00f5es de lazer nas f\u00e9rias. Dispon\u00edvel em: https:\/\/www.goiania.go.gov.br\/conheca-os-42-parques-de-goiania-que-sao-opcoes-de-lazer-nas-ferias\/ Acesso em: 12 dez. de 2022.<br>RECORD TV GOI\u00c1S. Viol\u00eancia urbana: vandalismo estraga pra\u00e7as de Goi\u00e2nia.<strong> <\/strong>Dispon\u00edvel em: https:\/\/www.youtube.com\/watch?v=5D3tOIdoRHo. Acesso em 12 dez. 2022<br><\/td><\/tr><\/tbody><\/table><\/figure>\n\n\n\n<p><\/p>\n","protected":false},"author":59,"featured_media":155694,"template":"","ef_categoria":[13,20],"ef_ano":[86],"ef_componente":[95],"class_list":["post-155692","ensino_fundamental","type-ensino_fundamental","status-publish","has-post-thumbnail","hentry","ef_categoria-ciclo-da-infancia-abc","ef_categoria-etica-e-cidadania","ef_ano-3o-ano","ef_componente-historia","entry","has-media"],"acf":[],"_links":{"self":[{"href":"https:\/\/sme.goiania.go.gov.br\/conexaoescola\/wp-json\/wp\/v2\/ensino_fundamental\/155692","targetHints":{"allow":["GET"]}}],"collection":[{"href":"https:\/\/sme.goiania.go.gov.br\/conexaoescola\/wp-json\/wp\/v2\/ensino_fundamental"}],"about":[{"href":"https:\/\/sme.goiania.go.gov.br\/conexaoescola\/wp-json\/wp\/v2\/types\/ensino_fundamental"}],"author":[{"embeddable":true,"href":"https:\/\/sme.goiania.go.gov.br\/conexaoescola\/wp-json\/wp\/v2\/users\/59"}],"version-history":[{"count":0,"href":"https:\/\/sme.goiania.go.gov.br\/conexaoescola\/wp-json\/wp\/v2\/ensino_fundamental\/155692\/revisions"}],"wp:featuredmedia":[{"embeddable":true,"href":"https:\/\/sme.goiania.go.gov.br\/conexaoescola\/wp-json\/wp\/v2\/media\/155694"}],"wp:attachment":[{"href":"https:\/\/sme.goiania.go.gov.br\/conexaoescola\/wp-json\/wp\/v2\/media?parent=155692"}],"wp:term":[{"taxonomy":"ef_categoria","embeddable":true,"href":"https:\/\/sme.goiania.go.gov.br\/conexaoescola\/wp-json\/wp\/v2\/ef_categoria?post=155692"},{"taxonomy":"ef_ano","embeddable":true,"href":"https:\/\/sme.goiania.go.gov.br\/conexaoescola\/wp-json\/wp\/v2\/ef_ano?post=155692"},{"taxonomy":"ef_componente","embeddable":true,"href":"https:\/\/sme.goiania.go.gov.br\/conexaoescola\/wp-json\/wp\/v2\/ef_componente?post=155692"}],"curies":[{"name":"wp","href":"https:\/\/api.w.org\/{rel}","templated":true}]}}

História &#8211; Os espaços de convivência na cidade

<p class="has-text-align-center has-black-color has-text-color has-background has-medium-font-size" style="background-color:#cedae4">Esta proposta de atividade de<strong>&nbsp;HISTÓRIA&nbsp;</strong>é destinada aos estudantes do <strong>3º ano&nbsp;do Ensino Fundamental</strong></p>



<p class="has-text-align-left has-medium-font-size">A VIDA EM SOCIEDADE REQUER MOMENTOS DE CONVIVÊNCIA ENTRE AS PESSOAS. NAS CIDADES PODEMOS ENCONTRAR ESPAÇOS DE CONVIVÊNCIA PÚBLICOS E PRIVADOS, DESTINADOS A DIVERSOS TIPOS DE ATIVIDADE, COMO POR EXEMPLO O TRABALHO E O LAZER.</p>



<p class="has-text-align-center has-black-color has-text-color has-background has-medium-font-size" style="background-color:#efefef"><strong>VAMOS RESPONDER ALGUMAS QUESTÕES?</strong></p>



<figure class="wp-block-image size-full is-style-rounded"><img decoding="async" src="https://sme.goiania.go.gov.br/conexaoescola/wp-content/uploads/2022/12/parque-e1671402544624.jpeg" alt="" class="wp-image-155694"/><figcaption>Disponível em: https://www.goiania.go.gov.br/conheca-os-42-parques-de-goiania-que-sao-opcoes-de-lazer-nas-ferias/. Acesso em 12 dez. 2022</figcaption></figure>



<p class="has-black-color has-text-color has-background has-medium-font-size" style="background-color:#cedae4"><strong>QUESTÃO 1</strong></p>



<p class="has-medium-font-size">NAS CIDADES OS ESPAÇOS DE CONVIVÊNCIA SÃO CRIADOS PARA QUE AS PESSOAS POSSAM RELACIONAR-SE COM OS MEMBROS DO AGRUPAMENTO.</p>



<p class="has-medium-font-size">OBSERVE A LISTA A SEGUIR E MARQUE UM X NOS ESPAÇOS DE CONVIVÊNCIA QUE SÃO CONSIDERADOS PÚBLICOS:</p>



<p class="has-text-align-center has-medium-font-size">BARES</p>



<p class="has-text-align-center has-medium-font-size">PRAÇAS</p>



<p class="has-text-align-center has-medium-font-size">PRAIAS</p>



<p class="has-text-align-center has-medium-font-size">SHOPPING CENTERS</p>



<p class="has-text-align-center has-medium-font-size">CAFETERIAS</p>



<p class="has-black-color has-text-color has-background has-medium-font-size" style="background-color:#cedae4"><strong>QUESTÃO 2</strong></p>



<p class="has-medium-font-size">LEIA A NOTÍCIA A SEGUIR:</p>



<p class="has-medium-font-size">ATOS DE VANDALISMO EM PRAÇAS E ESPAÇOS PÚBLICOS DE GOIÂNIA CUSTAM À PREFEITURA, POR ANO, CERCA DE R$ 60 MIL. DENTRE OS PRINCIPAIS ALVOS ESTÃO LIXEIRAS, BANCOS, LUMINÁRIAS E EQUIPAMENTOS DE GINÁSTICA, QUE SÃO FEITOS PARA DURAR UMA DÉCADA, MAS ACABAM TENDO VIDA ÚTIL CURTA, EM RAZÃO DE DEPREDAÇÃO.SOMENTE NOS ÚLTIMOS OITO MESES, A COMPANHIA DE URBANIZAÇÃO DE GOIÂNIA (COMURG) REFORMOU 300 LIXEIRAS DEPREDADAS. “ESSE DINHEIRO QUE GASTAMOS NO CONSERTO PODERIA SER UTILIZADO PARA A CONSTRUÇÃO DE NOVAS LIXEIRAS, PARA SUPRIR A DEMANDA DE OUTROS ESPAÇOS PÚBLICOS”, PONTUA O PRESIDENTE DA COMURG, ALISSON BORGES. ELE PEDE O AUXÍLIO DA POPULAÇÃO PARA REDUZIR AS OCORRÊNCIAS DE FURTOS OU DEPREDAÇÃO NAS PRAÇAS DA CIDADE. “O VANDALISMO CAUSA PREJUÍZOS AOS COFRES PÚBLICOS E PREJUDICA TAMBÉM TODA A SOCIEDADE. SÃO CRIMES PASSÍVEIS DE PUNIÇÃO, POR ISSO, PEDIMOS QUE A COMUNIDADE ACIONE AS FORÇAS DE SEGURANÇA, SEJA DA POLÍCIA, PELO NÚMERO 190, SEJA DA GUARDA CIVIL METROPOLITANA, PELO 153, CASO PRESENCIE ESSE TIPO DE ATO”, RESSALTA.</p>



<p class="has-small-font-size">FONTE: PREFEITURA DE GOIÂNIA. <a href="https://www.goiania.go.gov.br/atos-de-vandalismo-exigem-da-prefeitura-de-goiania-gastos-de-r-60-mil-por-ano-para-repor-equipamentos-danificados-em-pracas-da-capital/">Atos de vandalismo exigem da Prefeitura de Goiânia gastos de R$ 60 mil por ano para repor equipamentos danificados em praças da capital</a>. Disponível em:https://www.goiania.go.gov.br/atos-de-vandalismo-exigem-da-prefeitura-de-goiania-gastos-de-r-60-mil-por-ano-para-repor-equipamentos-danificados-em-pracas-da-capital/. Acesso em 12 dez. 2022.</p>



<ol class="has-medium-font-size wp-block-list"><li>DE QUE FORMA OS ATOS DE VANDALISMO EM ESPAÇOS PÚBLICOS PODEM TRAZER PREJUÍZOS À SOCIEDADE?</li><li>COMO PODEM SER EVITADOS OS ATOS DE VANDALISMO NOS ESPAÇOS PÚBLICOS ?</li></ol>



<p class="has-black-color has-text-color has-background has-medium-font-size" style="background-color:#cedae4"><strong>QUESTÃO 3</strong></p>



<p class="has-text-align-center has-medium-font-size">FAÇA UMA PESQUISA SOBRE ALGUM ESPAÇO PÚBLICO DE CONVIVÊNCIA EXISTENTE EM SUA CIDADE E PREENCHA A TABELA COM OS DADOS OBTIDOS.ACENDEDOR DE POSTE </p>



<figure class="wp-block-image size-large"><img fetchpriority="high" decoding="async" width="1024" height="309" src="https://sme.goiania.go.gov.br/conexaoescola/wp-content/uploads/2022/12/parque-1024x309.png" alt="" class="wp-image-155693" srcset="https://sme.goiania.go.gov.br/conexaoescola/wp-content/uploads/2022/12/parque-1024x309.png 1024w, https://sme.goiania.go.gov.br/conexaoescola/wp-content/uploads/2022/12/parque-300x90.png 300w, https://sme.goiania.go.gov.br/conexaoescola/wp-content/uploads/2022/12/parque-768x232.png 768w, https://sme.goiania.go.gov.br/conexaoescola/wp-content/uploads/2022/12/parque.png 1035w" sizes="(max-width: 1024px) 100vw, 1024px" /></figure>



<p class="has-black-color has-text-color has-background has-medium-font-size" style="background-color:#cedae4"><strong>SAIBA MAIS</strong></p>



<figure class="wp-block-embed is-type-video is-provider-youtube wp-block-embed-youtube wp-embed-aspect-4-3 wp-has-aspect-ratio"><div class="wp-block-embed__wrapper">
<p class="responsive-video-wrap clr"><iframe title="Parques de Goiânia - Opções de Lazer" width="1200" height="900" src="https://www.youtube.com/embed/4TY8n14LrG4?feature=oembed" frameborder="0" allow="accelerometer; autoplay; clipboard-write; encrypted-media; gyroscope; picture-in-picture" allowfullscreen></iframe></p>
</div><figcaption>Canal Lorena Guimarães de Oliveira &#8220;Parques de Goiânia&#8221; Disponível em: https://www.youtube.com/watch?v=4TY8n14LrG4 Acesso em: 18 Dez 2022</figcaption></figure>



<hr class="wp-block-separator"/>



<p class="has-black-color has-text-color has-background has-medium-font-size" style="background-color:#cedae4"><strong>ACESSE OS MATERIAIS REFERENTES A ESSA ATIVIDADE CLICANDO AQUI: </strong><a href="https://sme.goiania.go.gov.br/conexaoescola/propostas_didaticas/propostas-didaticas-historia-3o-ano/" data-type="URL" data-id="https://sme.goiania.go.gov.br/conexaoescola/propostas_didaticas/propostas-didaticas-historia-3o-ano/">https://sme.goiania.go.gov.br/conexaoescola/propostas_didaticas/propostas-didaticas-historia-3o-ano/</a></p>



<hr class="wp-block-separator"/>



<figure class="wp-block-table is-style-stripes"><table><tbody><tr><td><strong>Componente Curricular:</strong></td><td>História</td></tr><tr><td><strong>Habilidade:</strong></td><td><br>(EF03HI10) Identificar as diferenças entre o espaço doméstico, os espaços públicos e as áreas de conservação ambiental, compreendendo a importância dessa distinção.<br></td></tr></tbody></table></figure>



<figure class="wp-block-table is-style-stripes"><table><tbody><tr><td><strong>Referências</strong></td><td><br>BRASIL ESCOLA. Sociologia. Disponível em: https://brasilescola.uol.com.br/sociologia. Acesso em 12 dez. 2022. <br><br>CASASBACANAS. Afinal, o que são espaços públicos?. Disponível em: http://www.casasbacanas.com/o-que-sao-espacos-publicos/. Acesso em: 12 dez. de 2022.<br><br>CHARLIER, Anna Maria; SIMIELLI, Maria Elena. Ápis história, 3º ano: ensino fundamental, anos iniciais. 2. ed. São Paulo : Ática, 2017.<br><br>PREFEITURA DE GOIÂNIA. Conheça os 42 parques de Goiânia que são opções de lazer nas férias. Disponível em: https://www.goiania.go.gov.br/conheca-os-42-parques-de-goiania-que-sao-opcoes-de-lazer-nas-ferias/ Acesso em: 12 dez. de 2022.<br>RECORD TV GOIÁS. Violência urbana: vandalismo estraga praças de Goiânia.<strong> </strong>Disponível em: https://www.youtube.com/watch?v=5D3tOIdoRHo. Acesso em 12 dez. 2022<br></td></tr></tbody></table></figure>



<p></p>
