{"id":153429,"date":"2022-11-04T07:32:58","date_gmt":"2022-11-04T10:32:58","guid":{"rendered":"https:\/\/sme.goiania.go.gov.br\/conexaoescola\/?post_type=ensino_fundamental&#038;p=153429"},"modified":"2024-02-20T12:56:11","modified_gmt":"2024-02-20T15:56:11","slug":"ciencias-lixo-coleta-seletiva","status":"publish","type":"ensino_fundamental","link":"https:\/\/sme.goiania.go.gov.br\/conexaoescola\/ensino_fundamental\/ciencias-lixo-coleta-seletiva\/","title":{"rendered":"CI\u00caNCIAS DA NATUREZA &#8211; LIXO: COLETA SELETIVA"},"content":{"rendered":"\n<p class=\"has-text-align-center has-background has-medium-font-size\" style=\"background-color:#f8fef7\"> ESTA PROPOSTA DE ATIVIDADE DE<strong>&nbsp;CI\u00caNCIAS&nbsp;<\/strong>\u00c9 DESTINADA AOS ESTUDANTES DO<strong>&nbsp;1\u00ba ANO DOS ANOS INICIAIS DO<\/strong><strong> ENSINO FUNDAMENTAL.<\/strong> <\/p>\n\n\n\n<div class=\"wp-block-buttons is-content-justification-center is-layout-flex wp-container-core-buttons-is-layout-16018d1d wp-block-buttons-is-layout-flex\">\n<div class=\"wp-block-button\"><a class=\"wp-block-button__link wp-element-button\" href=\"https:\/\/docs.google.com\/document\/d\/1UIkc1hxOT9l5j1u5AVk3nnvf3pjEAOnj\/copy\" target=\"_blank\" rel=\"noreferrer noopener\">BAIXE A ATIVIDADE<\/a><\/div>\n\n\n\n<div class=\"wp-block-button\"><a class=\"wp-block-button__link wp-element-button\" href=\"https:\/\/docs.google.com\/presentation\/d\/1GrmlVoq2U6TU64HVfWEKuiePHaXrV9HO\/copy\" target=\"_blank\" rel=\"noreferrer noopener\">BAIXE OS SLIDES<\/a><\/div>\n<\/div>\n\n\n\n<p class=\"has-text-align-center\"><img decoding=\"async\" src=\"https:\/\/lh5.googleusercontent.com\/O5AN9hBZEn4Vw8CSKMs4mMCZJtQ_JPLxK-uDnGUne_FCHyNMHiF741XmP24bnXS5RtWBCUSqSRb56zKabpCRpy1o4jQVWrM1g9cq4iEe6Pr4QtbKEMB4HASE2ZJ57V-BPIgrigbOBgJoJx7Mw5pU3sLRw1HmAXU0dZfVFAkmCozuYXi1qfW6BQ0Pi03_xM1eI54=s2048\" style=\"width: 750px;\"><\/p>\n\n\n\n<hr class=\"wp-block-separator has-css-opacity\"\/>\n\n\n\n<p class=\"has-text-align-center has-background has-medium-font-size\" style=\"background-color:#f0dce1\">COLETA SELETIVA \u00c9 M\u00c9TODO QUE OTIMIZA OS PROCESSOS DE DESTINA\u00c7\u00c3O DO LIXO.&nbsp;<\/p>\n\n\n\n<p class=\"has-text-align-center has-background has-medium-font-size\" style=\"background-color:#f4f0e4\">E POR FALAR EM LIXO\u2026 VALE A PENA RESSALTAR QUE \u201cLIXO\u201d \u00c9 UMA PALAVRA GERAL PARA DESIGNAR AS <a href=\"https:\/\/www.ecycle.com.br\/residuo-e-rejeito\/\">PALAVRAS<\/a>: \u201cRES\u00cdDUO\u201d E \u201cREJEITO\u201d.<\/p>\n\n\n\n<p class=\"has-text-align-center has-background has-medium-font-size\" style=\"background-color:#ecf8f4\"><strong>RES\u00cdDUO<\/strong> S\u00c3O OS DESCARTES QUE AINDA T\u00caM ALGUMA UTILIZA\u00c7\u00c3O POSS\u00cdVEL POR MEIO DA RECICLAGEM OU REUTILIZA\u00c7\u00c3O.&nbsp;<\/p>\n\n\n\n<p class=\"has-text-align-center has-background has-medium-font-size\" style=\"background-color:#ede6f3\"><strong>REJEITO <\/strong>AQUELES QUE J\u00c1 N\u00c3O PODEM SER UTILIZADOS NOVAMENTE.<\/p>\n\n\n\n<p class=\"has-text-align-center has-background has-medium-font-size\" style=\"background-color:#f3f6f8\">\u00c9 JUSTAMENTE A REDU\u00c7\u00c3O DOS IMPACTOS AMBIENTAIS DO CONSUMO.&nbsp;<\/p>\n\n\n\n<p class=\"has-text-align-center has-background has-medium-font-size\" style=\"background-color:#edf8f4\">QUANDO SEPARAMOS O LIXO (OU O QUE SOBROU DO QUE CONSUMIMOS), FACILITAMOS MUITO O SEU TRATAMENTO E DIMINU\u00cdMOS AS CHANCES DE IMPACTOS NOCIVOS PARA O AMBIENTE E PARA A SA\u00daDE DA VIDA NO PLANETA, INCLUINDO A VIDA HUMANA.<\/p>\n\n\n\n<hr class=\"wp-block-separator has-css-opacity\"\/>\n\n\n\n<p class=\"has-text-align-center has-background has-medium-font-size\" style=\"background-color:#faf7fc\">VAMOS CONHECER O PROJETO <strong>TAMPATAS<\/strong> QUE AJUDA A RECOLHER, RECICLAR TAMPINHAS EM PROL DOS ANIMAIS DE RUA?<\/p>\n\n\n\n<figure class=\"wp-block-embed is-type-video is-provider-youtube wp-block-embed-youtube wp-embed-aspect-16-9 wp-has-aspect-ratio\"><div class=\"wp-block-embed__wrapper\">\n<p class=\"responsive-video-wrap clr\"><iframe title=\"Projeto Tampatas\" width=\"1200\" height=\"675\" src=\"https:\/\/www.youtube.com\/embed\/W1rIK5PKuMA?feature=oembed\" frameborder=\"0\" allow=\"accelerometer; autoplay; clipboard-write; encrypted-media; gyroscope; picture-in-picture; web-share\" allowfullscreen><\/iframe><\/p>\n<\/div><figcaption class=\"wp-element-caption\">FONTE: PROJETO TAMPATAS &#8211; <a href=\"https:\/\/youtu.be\/W1rIK5PKuMA\">https:\/\/youtu.be\/W1rIK5PKuMA<\/a> &#8211; ACESSO EM 03\/11\/2022.<\/figcaption><\/figure>\n\n\n\n<hr class=\"wp-block-separator has-css-opacity\"\/>\n\n\n\n<p class=\"has-text-align-center has-background has-medium-font-size\" style=\"background-color:#f2f0f5\"><strong>VAMOS FAZER AS ATIVIDADES<\/strong><\/p>\n\n\n\n<p class=\"has-text-align-left has-background has-medium-font-size\" style=\"background-color:#dee2e3\"><strong>QUEST\u00c3O 1<\/strong><\/p>\n\n\n\n<p class=\"has-medium-font-size\">FA\u00c7A UMA LISTA DE REJEITOS E RES\u00cdDUOS:<\/p>\n\n\n<div class=\"wp-block-image\">\n<figure class=\"aligncenter is-resized\"><img fetchpriority=\"high\" decoding=\"async\" src=\"https:\/\/lh6.googleusercontent.com\/mmZLEIa3Am6VHkVWnZSX1YVahrlJIpHZegd0DUEUOQdK63PzTXQfbdNBMsM7Klj9_B8pkhiCI-Wgi6wBXxN8DgBtsFCzQEl-9O-HbqyYstudKkAPsYNzei-JmMCPs-V_cxh7JTDq-tffAee64jO2vPSn8a0gbdgyhCDqJo7wFg9o0RZd6IMZInZ4-BYDPA\" alt=\"\" width=\"439\" height=\"247\"\/><\/figure><\/div>\n\n\n<figure class=\"wp-block-table is-style-regular\"><table><tbody><tr><td class=\"has-text-align-center\" data-align=\"center\"><strong>RES\u00cdDUOS<\/strong><\/td><td class=\"has-text-align-center\" data-align=\"center\"><strong>REJEITOS<\/strong><\/td><\/tr><tr><td class=\"has-text-align-center\" data-align=\"center\"><\/td><td class=\"has-text-align-center\" data-align=\"center\"><\/td><\/tr><tr><td class=\"has-text-align-center\" data-align=\"center\"><\/td><td class=\"has-text-align-center\" data-align=\"center\"><\/td><\/tr><tr><td class=\"has-text-align-center\" data-align=\"center\"><\/td><td class=\"has-text-align-center\" data-align=\"center\"><\/td><\/tr><tr><td class=\"has-text-align-center\" data-align=\"center\"><\/td><td class=\"has-text-align-center\" data-align=\"center\"><\/td><\/tr><tr><td class=\"has-text-align-center\" data-align=\"center\"><\/td><td class=\"has-text-align-center\" data-align=\"center\"><\/td><\/tr><tr><td class=\"has-text-align-center\" data-align=\"center\"><\/td><td class=\"has-text-align-center\" data-align=\"center\"><\/td><\/tr><\/tbody><\/table><\/figure>\n\n\n\n<hr class=\"wp-block-separator has-css-opacity\"\/>\n\n\n\n<p class=\"has-background has-small-font-size\" style=\"background-color:#e9eef0\"><strong>QUEST\u00c3O 2<\/strong><\/p>\n\n\n\n<p class=\"has-medium-font-size\">ESCREVA O QUE VOC\u00ca ENTENDE POR COLETA SELETIVA DE LIXO:<\/p>\n\n\n\n<figure class=\"wp-block-image is-resized\"><img decoding=\"async\" src=\"https:\/\/lh4.googleusercontent.com\/5niCkbOotaMamF-Rq7eOdg6IxsqXTuapKC8J-WCGM50QwcEhsVMm5Jad8eQ1kaBBC2zWgq4ejTHGiWVWIE0o8AjefXX_hUXaJSCq_7rfwDIMtZ7wnL68AYcFvJAb4mxdOd1gsz9uYh1frUTp8haMrY2cZMM0rkxITHKMkvvozsahOcYrapeMIsDUXWVK-w\" alt=\"\" width=\"800\" height=\"450\"\/><\/figure>\n\n\n\n<p class=\"has-text-align-center\" style=\"font-size:25px\">___________________________________________________________________<\/p>\n\n\n\n<p class=\"has-text-align-center\" style=\"font-size:25px\">___________________________________________________________________<\/p>\n\n\n\n<p class=\"has-text-align-center\" style=\"font-size:25px\">___________________________________________________________________<\/p>\n\n\n\n<p class=\"has-text-align-center\" style=\"font-size:25px\">___________________________________________________________________<\/p>\n\n\n\n<p>____________________________________________________________________________________________________________________<\/p>\n\n\n\n<hr class=\"wp-block-separator has-css-opacity\"\/>\n\n\n\n<figure class=\"wp-block-table is-style-stripes\"><table><tbody><tr><td><strong>Autoria:<\/strong><\/td><td>Maria da Luz Santos Ramos<\/td><\/tr><tr><td><strong>Forma\u00e7\u00e3o:<\/strong><\/td><td>Professora Pedagoga, Doutora em Educa\u00e7\u00e3o<\/td><\/tr><tr><td><strong>Componente Curricular:<\/strong><\/td><td>CI\u00caNCIAS DA NATUREZA<\/td><\/tr><tr><td><strong>Habilidade:<\/strong><\/td><td>(EF01CI01) comparar caracter\u00edsticas de diferentes materiais presentes em objetos de uso cotidiano, discutindo sua origem, os modos como s\u00e3o descartados e como podem ser usados de forma mais consciente.<\/td><\/tr><tr><td><strong>Refer\u00eancias: <\/strong><\/td><td>GOI\u00c1S, Governo do Estado de. Secret\u00e1ria de Estado de Educa\u00e7\u00e3o \u2013 Seduc\/Consed. Documento Curricular para Goi\u00e1s \u2013 Ampliado: Volume II Ensino Fundamental Anos Iniciais.<br><strong>Parceria<\/strong> com o Projeto @projetotampatas &#8211; Goi\u00e2nia\/GO<br><br><strong>Imagens de:<\/strong><br>canva.com<br>br.pinterest.com\/<br><a rel=\"noreferrer noopener\" href=\"https:\/\/br.freepik.com\/\" target=\"_blank\">https:\/\/br.freepik.com\/<\/a><br><a rel=\"noreferrer noopener\" href=\"https:\/\/pixabay.com\/pt\/\" target=\"_blank\">https:\/\/pixabay.com\/pt\/<\/a><\/td><\/tr><\/tbody><\/table><\/figure>\n","protected":false},"author":39,"featured_media":153433,"template":"","ef_categoria":[28],"ef_ano":[84],"ef_componente":[98],"class_list":["post-153429","ensino_fundamental","type-ensino_fundamental","status-publish","has-post-thumbnail","hentry","ef_categoria-educacao-ambiental-e-saude-ciclo-da-adolescencia-fg","ef_ano-1o-ano","ef_componente-ciencia-da-natureza-ef","entry","has-media"],"acf":[],"_links":{"self":[{"href":"https:\/\/sme.goiania.go.gov.br\/conexaoescola\/wp-json\/wp\/v2\/ensino_fundamental\/153429","targetHints":{"allow":["GET"]}}],"collection":[{"href":"https:\/\/sme.goiania.go.gov.br\/conexaoescola\/wp-json\/wp\/v2\/ensino_fundamental"}],"about":[{"href":"https:\/\/sme.goiania.go.gov.br\/conexaoescola\/wp-json\/wp\/v2\/types\/ensino_fundamental"}],"author":[{"embeddable":true,"href":"https:\/\/sme.goiania.go.gov.br\/conexaoescola\/wp-json\/wp\/v2\/users\/39"}],"version-history":[{"count":8,"href":"https:\/\/sme.goiania.go.gov.br\/conexaoescola\/wp-json\/wp\/v2\/ensino_fundamental\/153429\/revisions"}],"predecessor-version":[{"id":177379,"href":"https:\/\/sme.goiania.go.gov.br\/conexaoescola\/wp-json\/wp\/v2\/ensino_fundamental\/153429\/revisions\/177379"}],"wp:featuredmedia":[{"embeddable":true,"href":"https:\/\/sme.goiania.go.gov.br\/conexaoescola\/wp-json\/wp\/v2\/media\/153433"}],"wp:attachment":[{"href":"https:\/\/sme.goiania.go.gov.br\/conexaoescola\/wp-json\/wp\/v2\/media?parent=153429"}],"wp:term":[{"taxonomy":"ef_categoria","embeddable":true,"href":"https:\/\/sme.goiania.go.gov.br\/conexaoescola\/wp-json\/wp\/v2\/ef_categoria?post=153429"},{"taxonomy":"ef_ano","embeddable":true,"href":"https:\/\/sme.goiania.go.gov.br\/conexaoescola\/wp-json\/wp\/v2\/ef_ano?post=153429"},{"taxonomy":"ef_componente","embeddable":true,"href":"https:\/\/sme.goiania.go.gov.br\/conexaoescola\/wp-json\/wp\/v2\/ef_componente?post=153429"}],"curies":[{"name":"wp","href":"https:\/\/api.w.org\/{rel}","templated":true}]}}

CIÊNCIAS DA NATUREZA &#8211; LIXO: COLETA SELETIVA

<p class="has-text-align-center has-background has-medium-font-size" style="background-color:#f8fef7"> ESTA PROPOSTA DE ATIVIDADE DE<strong>&nbsp;CIÊNCIAS&nbsp;</strong>É DESTINADA AOS ESTUDANTES DO<strong>&nbsp;1º ANO DOS ANOS INICIAIS DO</strong><strong> ENSINO FUNDAMENTAL.</strong> </p>



<div class="wp-block-buttons is-content-justification-center is-layout-flex wp-container-core-buttons-is-layout-16018d1d wp-block-buttons-is-layout-flex">
<div class="wp-block-button"><a class="wp-block-button__link wp-element-button" href="https://docs.google.com/document/d/1UIkc1hxOT9l5j1u5AVk3nnvf3pjEAOnj/copy" target="_blank" rel="noreferrer noopener">BAIXE A ATIVIDADE</a></div>



<div class="wp-block-button"><a class="wp-block-button__link wp-element-button" href="https://docs.google.com/presentation/d/1GrmlVoq2U6TU64HVfWEKuiePHaXrV9HO/copy" target="_blank" rel="noreferrer noopener">BAIXE OS SLIDES</a></div>
</div>



<p class="has-text-align-center"><img decoding="async" src="https://lh5.googleusercontent.com/O5AN9hBZEn4Vw8CSKMs4mMCZJtQ_JPLxK-uDnGUne_FCHyNMHiF741XmP24bnXS5RtWBCUSqSRb56zKabpCRpy1o4jQVWrM1g9cq4iEe6Pr4QtbKEMB4HASE2ZJ57V-BPIgrigbOBgJoJx7Mw5pU3sLRw1HmAXU0dZfVFAkmCozuYXi1qfW6BQ0Pi03_xM1eI54=s2048" style="width: 750px;"></p>



<hr class="wp-block-separator has-css-opacity"/>



<p class="has-text-align-center has-background has-medium-font-size" style="background-color:#f0dce1">COLETA SELETIVA É MÉTODO QUE OTIMIZA OS PROCESSOS DE DESTINAÇÃO DO LIXO.&nbsp;</p>



<p class="has-text-align-center has-background has-medium-font-size" style="background-color:#f4f0e4">E POR FALAR EM LIXO… VALE A PENA RESSALTAR QUE “LIXO” É UMA PALAVRA GERAL PARA DESIGNAR AS <a href="https://www.ecycle.com.br/residuo-e-rejeito/">PALAVRAS</a>: “RESÍDUO” E “REJEITO”.</p>



<p class="has-text-align-center has-background has-medium-font-size" style="background-color:#ecf8f4"><strong>RESÍDUO</strong> SÃO OS DESCARTES QUE AINDA TÊM ALGUMA UTILIZAÇÃO POSSÍVEL POR MEIO DA RECICLAGEM OU REUTILIZAÇÃO.&nbsp;</p>



<p class="has-text-align-center has-background has-medium-font-size" style="background-color:#ede6f3"><strong>REJEITO </strong>AQUELES QUE JÁ NÃO PODEM SER UTILIZADOS NOVAMENTE.</p>



<p class="has-text-align-center has-background has-medium-font-size" style="background-color:#f3f6f8">É JUSTAMENTE A REDUÇÃO DOS IMPACTOS AMBIENTAIS DO CONSUMO.&nbsp;</p>



<p class="has-text-align-center has-background has-medium-font-size" style="background-color:#edf8f4">QUANDO SEPARAMOS O LIXO (OU O QUE SOBROU DO QUE CONSUMIMOS), FACILITAMOS MUITO O SEU TRATAMENTO E DIMINUÍMOS AS CHANCES DE IMPACTOS NOCIVOS PARA O AMBIENTE E PARA A SAÚDE DA VIDA NO PLANETA, INCLUINDO A VIDA HUMANA.</p>



<hr class="wp-block-separator has-css-opacity"/>



<p class="has-text-align-center has-background has-medium-font-size" style="background-color:#faf7fc">VAMOS CONHECER O PROJETO <strong>TAMPATAS</strong> QUE AJUDA A RECOLHER, RECICLAR TAMPINHAS EM PROL DOS ANIMAIS DE RUA?</p>



<figure class="wp-block-embed is-type-video is-provider-youtube wp-block-embed-youtube wp-embed-aspect-16-9 wp-has-aspect-ratio"><div class="wp-block-embed__wrapper">
<p class="responsive-video-wrap clr"><iframe title="Projeto Tampatas" width="1200" height="675" src="https://www.youtube.com/embed/W1rIK5PKuMA?feature=oembed" frameborder="0" allow="accelerometer; autoplay; clipboard-write; encrypted-media; gyroscope; picture-in-picture; web-share" allowfullscreen></iframe></p>
</div><figcaption class="wp-element-caption">FONTE: PROJETO TAMPATAS &#8211; <a href="https://youtu.be/W1rIK5PKuMA">https://youtu.be/W1rIK5PKuMA</a> &#8211; ACESSO EM 03/11/2022.</figcaption></figure>



<hr class="wp-block-separator has-css-opacity"/>



<p class="has-text-align-center has-background has-medium-font-size" style="background-color:#f2f0f5"><strong>VAMOS FAZER AS ATIVIDADES</strong></p>



<p class="has-text-align-left has-background has-medium-font-size" style="background-color:#dee2e3"><strong>QUESTÃO 1</strong></p>



<p class="has-medium-font-size">FAÇA UMA LISTA DE REJEITOS E RESÍDUOS:</p>


<div class="wp-block-image">
<figure class="aligncenter is-resized"><img fetchpriority="high" decoding="async" src="https://lh6.googleusercontent.com/mmZLEIa3Am6VHkVWnZSX1YVahrlJIpHZegd0DUEUOQdK63PzTXQfbdNBMsM7Klj9_B8pkhiCI-Wgi6wBXxN8DgBtsFCzQEl-9O-HbqyYstudKkAPsYNzei-JmMCPs-V_cxh7JTDq-tffAee64jO2vPSn8a0gbdgyhCDqJo7wFg9o0RZd6IMZInZ4-BYDPA" alt="" width="439" height="247"/></figure></div>


<figure class="wp-block-table is-style-regular"><table><tbody><tr><td class="has-text-align-center" data-align="center"><strong>RESÍDUOS</strong></td><td class="has-text-align-center" data-align="center"><strong>REJEITOS</strong></td></tr><tr><td class="has-text-align-center" data-align="center"></td><td class="has-text-align-center" data-align="center"></td></tr><tr><td class="has-text-align-center" data-align="center"></td><td class="has-text-align-center" data-align="center"></td></tr><tr><td class="has-text-align-center" data-align="center"></td><td class="has-text-align-center" data-align="center"></td></tr><tr><td class="has-text-align-center" data-align="center"></td><td class="has-text-align-center" data-align="center"></td></tr><tr><td class="has-text-align-center" data-align="center"></td><td class="has-text-align-center" data-align="center"></td></tr><tr><td class="has-text-align-center" data-align="center"></td><td class="has-text-align-center" data-align="center"></td></tr></tbody></table></figure>



<hr class="wp-block-separator has-css-opacity"/>



<p class="has-background has-small-font-size" style="background-color:#e9eef0"><strong>QUESTÃO 2</strong></p>



<p class="has-medium-font-size">ESCREVA O QUE VOCÊ ENTENDE POR COLETA SELETIVA DE LIXO:</p>



<figure class="wp-block-image is-resized"><img decoding="async" src="https://lh4.googleusercontent.com/5niCkbOotaMamF-Rq7eOdg6IxsqXTuapKC8J-WCGM50QwcEhsVMm5Jad8eQ1kaBBC2zWgq4ejTHGiWVWIE0o8AjefXX_hUXaJSCq_7rfwDIMtZ7wnL68AYcFvJAb4mxdOd1gsz9uYh1frUTp8haMrY2cZMM0rkxITHKMkvvozsahOcYrapeMIsDUXWVK-w" alt="" width="800" height="450"/></figure>



<p class="has-text-align-center" style="font-size:25px">___________________________________________________________________</p>



<p class="has-text-align-center" style="font-size:25px">___________________________________________________________________</p>



<p class="has-text-align-center" style="font-size:25px">___________________________________________________________________</p>



<p class="has-text-align-center" style="font-size:25px">___________________________________________________________________</p>



<p>____________________________________________________________________________________________________________________</p>



<hr class="wp-block-separator has-css-opacity"/>



<figure class="wp-block-table is-style-stripes"><table><tbody><tr><td><strong>Autoria:</strong></td><td>Maria da Luz Santos Ramos</td></tr><tr><td><strong>Formação:</strong></td><td>Professora Pedagoga, Doutora em Educação</td></tr><tr><td><strong>Componente Curricular:</strong></td><td>CIÊNCIAS DA NATUREZA</td></tr><tr><td><strong>Habilidade:</strong></td><td>(EF01CI01) comparar características de diferentes materiais presentes em objetos de uso cotidiano, discutindo sua origem, os modos como são descartados e como podem ser usados de forma mais consciente.</td></tr><tr><td><strong>Referências: </strong></td><td>GOIÁS, Governo do Estado de. Secretária de Estado de Educação – Seduc/Consed. Documento Curricular para Goiás – Ampliado: Volume II Ensino Fundamental Anos Iniciais.<br><strong>Parceria</strong> com o Projeto @projetotampatas &#8211; Goiânia/GO<br><br><strong>Imagens de:</strong><br>canva.com<br>br.pinterest.com/<br><a rel="noreferrer noopener" href="https://br.freepik.com/" target="_blank">https://br.freepik.com/</a><br><a rel="noreferrer noopener" href="https://pixabay.com/pt/" target="_blank">https://pixabay.com/pt/</a></td></tr></tbody></table></figure>
