{"id":153342,"date":"2022-11-01T15:11:02","date_gmt":"2022-11-01T18:11:02","guid":{"rendered":"https:\/\/sme.goiania.go.gov.br\/conexaoescola\/?post_type=ensino_fundamental&#038;p=153342"},"modified":"2022-11-01T15:13:31","modified_gmt":"2022-11-01T18:13:31","slug":"historia-ideologias-na-modernidade-capitalismo-socialismo-e-a-guerra-fria","status":"publish","type":"ensino_fundamental","link":"https:\/\/sme.goiania.go.gov.br\/conexaoescola\/ensino_fundamental\/historia-ideologias-na-modernidade-capitalismo-socialismo-e-a-guerra-fria\/","title":{"rendered":"Hist\u00f3ria &#8211; Ideologias na Modernidade: Capitalismo , Socialismo e a Guerra Fria."},"content":{"rendered":"\n<p class=\"has-black-color has-vivid-red-background-color has-text-color has-background has-medium-font-size\">Esta proposta de atividade de&nbsp;<strong>HIST\u00d3RIA<\/strong>&nbsp;\u00e9 destinada aos estudantes do&nbsp;<strong>9\u00b0 Ano<\/strong>&nbsp;do Ensino Fundamental Anos Finais.<\/p>\n\n\n\n<p class=\"has-black-color has-text-color has-medium-font-size\">As doutrinas liberais e socialistas e suas influ\u00eancias nas quest\u00f5es sociais, econ\u00f4micas e culturais e a Segunda Guerra Mundial com suas contradi\u00e7\u00f5es e a\u00e7\u00f5es, resultantes na Guerra Fria. Ent\u00e3o,<\/p>\n\n\n\n<p class=\"has-text-align-center has-black-color has-text-color has-medium-font-size\"><strong>VAMOS RESPONDER ALGUMAS QUEST\u00d5ES?<\/strong><\/p>\n\n\n\n<div class=\"wp-block-image is-style-default\"><figure class=\"aligncenter size-full\"><img fetchpriority=\"high\" decoding=\"async\" width=\"567\" height=\"417\" src=\"https:\/\/sme.goiania.go.gov.br\/conexaoescola\/wp-content\/uploads\/2022\/11\/Ideologias-e1667324485322.jpg\" alt=\"\" class=\"wp-image-153343\" srcset=\"https:\/\/sme.goiania.go.gov.br\/conexaoescola\/wp-content\/uploads\/2022\/11\/Ideologias-e1667324485322.jpg 567w, https:\/\/sme.goiania.go.gov.br\/conexaoescola\/wp-content\/uploads\/2022\/11\/Ideologias-e1667324485322-300x221.jpg 300w\" sizes=\"(max-width: 567px) 100vw, 567px\" \/><figcaption>Dispon\u00edvel em:&lt;<a href=\"https:\/\/conhecimentocientifico.com\/o-que-foi-a-guerra-fria\/\">https:\/\/conhecimentocientifico.com\/o-que-foi-a-guerra-fria\/<\/a>&gt;. Acesso em: 28 out. 2022.<\/figcaption><\/figure><\/div>\n\n\n\n<p class=\"has-black-color has-vivid-green-cyan-background-color has-text-color has-background has-medium-font-size\"><strong>Quest\u00e3o 1<\/strong><\/p>\n\n\n\n<p class=\"has-text-align-center\"><img decoding=\"async\" width=\"684\" height=\"116\" src=\"https:\/\/lh4.googleusercontent.com\/e2ZdPHKKiAGHocdN3Y3zOxkIi4XiyWltSpSTYGhEVHwOGPJgtSvLZebmMebgR12LWW3cTXsDgxboVPqfi6roo9AvlAYiBRzeHWQPySN1HYdnyXVIixxmyovBCee9N8YZV8dvSzNmRHdGRThiW2vGzj4FoZejvOq2f3LL0GpJwYziSgslfWsRVnnlTAMzpA\"><\/p>\n\n\n\n<p class=\"has-black-color has-text-color has-medium-font-size\">Estabele\u00e7a diferencia\u00e7\u00f5es entre as doutrinas liberais e doutrinas socialistas. Anote-as no caderno.<\/p>\n\n\n\n<p class=\"has-black-color has-vivid-green-cyan-background-color has-text-color has-background has-medium-font-size\"><strong>Quest\u00e3o 2<\/strong><\/p>\n\n\n\n<p class=\"has-black-color has-text-color has-medium-font-size\">Observe atentamente a charge abaixo:<\/p>\n\n\n\n<div class=\"wp-block-image is-style-rounded\"><figure class=\"aligncenter size-full\"><img fetchpriority=\"high\" decoding=\"async\" width=\"567\" height=\"417\" src=\"https:\/\/sme.goiania.go.gov.br\/conexaoescola\/wp-content\/uploads\/2022\/11\/Ideologias-e1667324485322.jpg\" alt=\"\" class=\"wp-image-153343\" srcset=\"https:\/\/sme.goiania.go.gov.br\/conexaoescola\/wp-content\/uploads\/2022\/11\/Ideologias-e1667324485322.jpg 567w, https:\/\/sme.goiania.go.gov.br\/conexaoescola\/wp-content\/uploads\/2022\/11\/Ideologias-e1667324485322-300x221.jpg 300w\" sizes=\"(max-width: 567px) 100vw, 567px\" \/><figcaption>Dispon\u00edvel em:&lt;<a href=\"https:\/\/conhecimentocientifico.com\/o-que-foi-a-guerra-fria\/\">https:\/\/conhecimentocientifico.com\/o-que-foi-a-guerra-fria\/<\/a>&gt;. Acesso em: 28 out. 2022.<\/figcaption><\/figure><\/div>\n\n\n\n<p class=\"has-black-color has-text-color has-medium-font-size\">Identifique a qual contexto a charge pertence e caracterize-o.<\/p>\n\n\n\n<p class=\"has-text-align-center has-black-color has-vivid-cyan-blue-background-color has-text-color has-background has-medium-font-size\"><strong>SAIBA MAIS<\/strong><\/p>\n\n\n\n<p class=\"has-black-color has-text-color has-medium-font-size\">Aperte o play e vamos conhecer mais.<\/p>\n\n\n\n<figure class=\"wp-block-embed is-type-video is-provider-youtube wp-block-embed-youtube wp-embed-aspect-16-9 wp-has-aspect-ratio\"><div class=\"wp-block-embed__wrapper\">\n<p class=\"responsive-video-wrap clr\"><iframe title=\"Atividade 15 - Guerra Fria 9\u00b0 Ano\" width=\"1200\" height=\"675\" src=\"https:\/\/www.youtube.com\/embed\/zXmhuPVfjoc?feature=oembed\" frameborder=\"0\" allow=\"accelerometer; autoplay; clipboard-write; encrypted-media; gyroscope; picture-in-picture\" allowfullscreen><\/iframe><\/p>\n<\/div><figcaption>Canal Uilson Duarte. &#8220;Atividade 14 Ideologias na Modernidade: Capitalismo , Socialismo e a Guerra Fria&#8221;. Dispon\u00edvel em:&lt;<a href=\"https:\/\/youtu.be\/zXmhuPVfjoc\" data-type=\"URL\" data-id=\"https:\/\/youtu.be\/zXmhuPVfjoc\">https:\/\/youtu.be\/zXmhuPVfjoc<\/a>.&gt; Acesso em: 20 out. 2022.<\/figcaption><\/figure>\n\n\n\n<p class=\"has-black-color has-luminous-vivid-orange-background-color has-text-color has-background has-medium-font-size\"><strong>Acesse os materiais referentes a essa atividade clicando aqui:<\/strong><a href=\"https:\/\/drive.google.com\/drive\/folders\/1C2mAVvXYbcDnx8t2EWkryfBKz_FRCwgJ\" data-type=\"URL\" data-id=\"https:\/\/drive.google.com\/drive\/folders\/1C2mAVvXYbcDnx8t2EWkryfBKz_FRCwgJ\" target=\"_blank\" rel=\"noreferrer noopener\">https:\/\/drive.google.com\/drive\/folders\/1C2mAVvXYbcDnx8t2EWkryfBKz_FRCwgJ<\/a><\/p>\n\n\n\n<figure class=\"wp-block-table is-style-stripes\"><table><tbody><tr><td><strong>Habilidade:<\/strong><\/td><td><strong>(EF09HI28)<\/strong> Identificar e analisar aspectos da Guerra Fria, seus principais conflitos e as tens\u00f5es geopol\u00edticas no interior dos blocos liderados por sovi\u00e9ticos e estadunidenses.<br><strong>(GO-EF09HI28-A)<\/strong> Conhecer os conceitos de Capitalismo e Socialismo e relacion\u00e1-los \u00e0s Revolu\u00e7\u00f5es Cubana e Chinesa, bem como aos demais conflitos na conjuntura da Guerra Fria.<strong>(GO-EF09HI28-B)<\/strong> Analisar aspectos da Guerra Fria identificando seus desdobramentos em conflitos, bem como as tens\u00f5es nas Am\u00e9ricas Latinas e Brasil ao longo da 2\u00aa metade do s\u00e9culo XX.<\/td><\/tr><\/tbody><\/table><\/figure>\n\n\n\n<figure class=\"wp-block-table\"><table><tbody><tr><td><strong>Referencial te\u00f3rico&nbsp;<\/strong><br><br><\/td><td><strong>REIS FILHO<\/strong>, Daniel Aar\u00e3o.&nbsp;<em>Esquerdas e sociedade<\/em>. Rio de Janeiro: Zahar, 2000.<br><strong>RIC\u0152UR Paul<\/strong>.&nbsp;<em>A mem\u00f3ria, a hist\u00f3ria, o esquecimento.<\/em>&nbsp;Campinas, SP: Editora da Unicamp, 2007.<\/td><\/tr><\/tbody><\/table><\/figure>\n","protected":false},"author":51,"featured_media":153343,"template":"","ef_categoria":[],"ef_ano":[92],"ef_componente":[95],"class_list":["post-153342","ensino_fundamental","type-ensino_fundamental","status-publish","has-post-thumbnail","hentry","ef_ano-9o-ano","ef_componente-historia","entry","has-media"],"acf":[],"_links":{"self":[{"href":"https:\/\/sme.goiania.go.gov.br\/conexaoescola\/wp-json\/wp\/v2\/ensino_fundamental\/153342","targetHints":{"allow":["GET"]}}],"collection":[{"href":"https:\/\/sme.goiania.go.gov.br\/conexaoescola\/wp-json\/wp\/v2\/ensino_fundamental"}],"about":[{"href":"https:\/\/sme.goiania.go.gov.br\/conexaoescola\/wp-json\/wp\/v2\/types\/ensino_fundamental"}],"author":[{"embeddable":true,"href":"https:\/\/sme.goiania.go.gov.br\/conexaoescola\/wp-json\/wp\/v2\/users\/51"}],"version-history":[{"count":0,"href":"https:\/\/sme.goiania.go.gov.br\/conexaoescola\/wp-json\/wp\/v2\/ensino_fundamental\/153342\/revisions"}],"wp:featuredmedia":[{"embeddable":true,"href":"https:\/\/sme.goiania.go.gov.br\/conexaoescola\/wp-json\/wp\/v2\/media\/153343"}],"wp:attachment":[{"href":"https:\/\/sme.goiania.go.gov.br\/conexaoescola\/wp-json\/wp\/v2\/media?parent=153342"}],"wp:term":[{"taxonomy":"ef_categoria","embeddable":true,"href":"https:\/\/sme.goiania.go.gov.br\/conexaoescola\/wp-json\/wp\/v2\/ef_categoria?post=153342"},{"taxonomy":"ef_ano","embeddable":true,"href":"https:\/\/sme.goiania.go.gov.br\/conexaoescola\/wp-json\/wp\/v2\/ef_ano?post=153342"},{"taxonomy":"ef_componente","embeddable":true,"href":"https:\/\/sme.goiania.go.gov.br\/conexaoescola\/wp-json\/wp\/v2\/ef_componente?post=153342"}],"curies":[{"name":"wp","href":"https:\/\/api.w.org\/{rel}","templated":true}]}}

História &#8211; Ideologias na Modernidade: Capitalismo , Socialismo e a Guerra Fria.

<p class="has-black-color has-vivid-red-background-color has-text-color has-background has-medium-font-size">Esta proposta de atividade de&nbsp;<strong>HISTÓRIA</strong>&nbsp;é destinada aos estudantes do&nbsp;<strong>9° Ano</strong>&nbsp;do Ensino Fundamental Anos Finais.</p>



<p class="has-black-color has-text-color has-medium-font-size">As doutrinas liberais e socialistas e suas influências nas questões sociais, econômicas e culturais e a Segunda Guerra Mundial com suas contradições e ações, resultantes na Guerra Fria. Então,</p>



<p class="has-text-align-center has-black-color has-text-color has-medium-font-size"><strong>VAMOS RESPONDER ALGUMAS QUESTÕES?</strong></p>



<div class="wp-block-image is-style-default"><figure class="aligncenter size-full"><img fetchpriority="high" decoding="async" width="567" height="417" src="https://sme.goiania.go.gov.br/conexaoescola/wp-content/uploads/2022/11/Ideologias-e1667324485322.jpg" alt="" class="wp-image-153343" srcset="https://sme.goiania.go.gov.br/conexaoescola/wp-content/uploads/2022/11/Ideologias-e1667324485322.jpg 567w, https://sme.goiania.go.gov.br/conexaoescola/wp-content/uploads/2022/11/Ideologias-e1667324485322-300x221.jpg 300w" sizes="(max-width: 567px) 100vw, 567px" /><figcaption>Disponível em:&lt;<a href="https://conhecimentocientifico.com/o-que-foi-a-guerra-fria/">https://conhecimentocientifico.com/o-que-foi-a-guerra-fria/</a>&gt;. Acesso em: 28 out. 2022.</figcaption></figure></div>



<p class="has-black-color has-vivid-green-cyan-background-color has-text-color has-background has-medium-font-size"><strong>Questão 1</strong></p>



<p class="has-text-align-center"><img decoding="async" width="684" height="116" src="https://lh4.googleusercontent.com/e2ZdPHKKiAGHocdN3Y3zOxkIi4XiyWltSpSTYGhEVHwOGPJgtSvLZebmMebgR12LWW3cTXsDgxboVPqfi6roo9AvlAYiBRzeHWQPySN1HYdnyXVIixxmyovBCee9N8YZV8dvSzNmRHdGRThiW2vGzj4FoZejvOq2f3LL0GpJwYziSgslfWsRVnnlTAMzpA"></p>



<p class="has-black-color has-text-color has-medium-font-size">Estabeleça diferenciações entre as doutrinas liberais e doutrinas socialistas. Anote-as no caderno.</p>



<p class="has-black-color has-vivid-green-cyan-background-color has-text-color has-background has-medium-font-size"><strong>Questão 2</strong></p>



<p class="has-black-color has-text-color has-medium-font-size">Observe atentamente a charge abaixo:</p>



<div class="wp-block-image is-style-rounded"><figure class="aligncenter size-full"><img fetchpriority="high" decoding="async" width="567" height="417" src="https://sme.goiania.go.gov.br/conexaoescola/wp-content/uploads/2022/11/Ideologias-e1667324485322.jpg" alt="" class="wp-image-153343" srcset="https://sme.goiania.go.gov.br/conexaoescola/wp-content/uploads/2022/11/Ideologias-e1667324485322.jpg 567w, https://sme.goiania.go.gov.br/conexaoescola/wp-content/uploads/2022/11/Ideologias-e1667324485322-300x221.jpg 300w" sizes="(max-width: 567px) 100vw, 567px" /><figcaption>Disponível em:&lt;<a href="https://conhecimentocientifico.com/o-que-foi-a-guerra-fria/">https://conhecimentocientifico.com/o-que-foi-a-guerra-fria/</a>&gt;. Acesso em: 28 out. 2022.</figcaption></figure></div>



<p class="has-black-color has-text-color has-medium-font-size">Identifique a qual contexto a charge pertence e caracterize-o.</p>



<p class="has-text-align-center has-black-color has-vivid-cyan-blue-background-color has-text-color has-background has-medium-font-size"><strong>SAIBA MAIS</strong></p>



<p class="has-black-color has-text-color has-medium-font-size">Aperte o play e vamos conhecer mais.</p>



<figure class="wp-block-embed is-type-video is-provider-youtube wp-block-embed-youtube wp-embed-aspect-16-9 wp-has-aspect-ratio"><div class="wp-block-embed__wrapper">
<p class="responsive-video-wrap clr"><iframe title="Atividade 15 - Guerra Fria 9° Ano" width="1200" height="675" src="https://www.youtube.com/embed/zXmhuPVfjoc?feature=oembed" frameborder="0" allow="accelerometer; autoplay; clipboard-write; encrypted-media; gyroscope; picture-in-picture" allowfullscreen></iframe></p>
</div><figcaption>Canal Uilson Duarte. &#8220;Atividade 14 Ideologias na Modernidade: Capitalismo , Socialismo e a Guerra Fria&#8221;. Disponível em:&lt;<a href="https://youtu.be/zXmhuPVfjoc" data-type="URL" data-id="https://youtu.be/zXmhuPVfjoc">https://youtu.be/zXmhuPVfjoc</a>.&gt; Acesso em: 20 out. 2022.</figcaption></figure>



<p class="has-black-color has-luminous-vivid-orange-background-color has-text-color has-background has-medium-font-size"><strong>Acesse os materiais referentes a essa atividade clicando aqui:</strong><a href="https://drive.google.com/drive/folders/1C2mAVvXYbcDnx8t2EWkryfBKz_FRCwgJ" data-type="URL" data-id="https://drive.google.com/drive/folders/1C2mAVvXYbcDnx8t2EWkryfBKz_FRCwgJ" target="_blank" rel="noreferrer noopener">https://drive.google.com/drive/folders/1C2mAVvXYbcDnx8t2EWkryfBKz_FRCwgJ</a></p>



<figure class="wp-block-table is-style-stripes"><table><tbody><tr><td><strong>Habilidade:</strong></td><td><strong>(EF09HI28)</strong> Identificar e analisar aspectos da Guerra Fria, seus principais conflitos e as tensões geopolíticas no interior dos blocos liderados por soviéticos e estadunidenses.<br><strong>(GO-EF09HI28-A)</strong> Conhecer os conceitos de Capitalismo e Socialismo e relacioná-los às Revoluções Cubana e Chinesa, bem como aos demais conflitos na conjuntura da Guerra Fria.<strong>(GO-EF09HI28-B)</strong> Analisar aspectos da Guerra Fria identificando seus desdobramentos em conflitos, bem como as tensões nas Américas Latinas e Brasil ao longo da 2ª metade do século XX.</td></tr></tbody></table></figure>



<figure class="wp-block-table"><table><tbody><tr><td><strong>Referencial teórico&nbsp;</strong><br><br></td><td><strong>REIS FILHO</strong>, Daniel Aarão.&nbsp;<em>Esquerdas e sociedade</em>. Rio de Janeiro: Zahar, 2000.<br><strong>RICŒUR Paul</strong>.&nbsp;<em>A memória, a história, o esquecimento.</em>&nbsp;Campinas, SP: Editora da Unicamp, 2007.</td></tr></tbody></table></figure>
