{"id":151916,"date":"2022-10-02T19:49:02","date_gmt":"2022-10-02T22:49:02","guid":{"rendered":"https:\/\/sme.goiania.go.gov.br\/conexaoescola\/?post_type=ensino_fundamental&#038;p=151916"},"modified":"2022-10-03T15:20:08","modified_gmt":"2022-10-03T18:20:08","slug":"historia-as-relacoes-economicas-do-feudo-ao-atlantico","status":"publish","type":"ensino_fundamental","link":"https:\/\/sme.goiania.go.gov.br\/conexaoescola\/ensino_fundamental\/historia-as-relacoes-economicas-do-feudo-ao-atlantico\/","title":{"rendered":"Hist\u00f3ria &#8211; As rela\u00e7\u00f5es econ\u00f4micas: do feudo ao Atl\u00e2ntico!"},"content":{"rendered":"\n<p class=\"has-black-color has-vivid-red-background-color has-text-color has-background has-medium-font-size\">Esta proposta de atividade de&nbsp;<strong>HIST\u00d3RIA<\/strong>&nbsp;\u00e9 destinada aos estudantes do&nbsp;<strong>7\u00b0 Ano<\/strong>&nbsp;do Ensino Fundamental Anos Finais.<\/p>\n\n\n\n<p class=\"has-black-color has-text-color has-medium-font-size\">Analisar os processos de mudan\u00e7as ou perman\u00eancias&nbsp; \u00e9 um dos objetivos da ci\u00eancia hist\u00f3rica. Partindo dessa premissa precisamos relacionar o passado estudado com o presente vivido e assim produzir orienta\u00e7\u00e3o.<\/p>\n\n\n\n<p class=\"has-text-align-center has-black-color has-text-color has-medium-font-size\"><strong>VAMOS RESPONDER ALGUMAS QUEST\u00d5ES?<\/strong><\/p>\n\n\n\n<div class=\"wp-block-image\"><figure class=\"aligncenter size-large\"><img fetchpriority=\"high\" decoding=\"async\" width=\"1024\" height=\"769\" src=\"https:\/\/sme.goiania.go.gov.br\/conexaoescola\/wp-content\/uploads\/2022\/10\/Mercantilismo-e1664750562554-1024x769.jpg\" alt=\"\" class=\"wp-image-151920\" srcset=\"https:\/\/sme.goiania.go.gov.br\/conexaoescola\/wp-content\/uploads\/2022\/10\/Mercantilismo-e1664750562554-1024x769.jpg 1024w, https:\/\/sme.goiania.go.gov.br\/conexaoescola\/wp-content\/uploads\/2022\/10\/Mercantilismo-e1664750562554-300x225.jpg 300w, https:\/\/sme.goiania.go.gov.br\/conexaoescola\/wp-content\/uploads\/2022\/10\/Mercantilismo-e1664750562554-768x577.jpg 768w, https:\/\/sme.goiania.go.gov.br\/conexaoescola\/wp-content\/uploads\/2022\/10\/Mercantilismo-e1664750562554.jpg 1089w\" sizes=\"(max-width: 1024px) 100vw, 1024px\" \/><figcaption>Dispon\u00edvel em:&lt;<a href=\"https:\/\/pt.wikipedia.org\/wiki\/Mercantilismo#\/media\/Ficheiro:Lorrain.seaport.jpg\" data-type=\"URL\" data-id=\"https:\/\/pt.wikipedia.org\/wiki\/Mercantilismo#\/media\/Ficheiro:Lorrain.seaport.jpg\">https:\/\/pt.wikipedia.org\/wiki\/Mercantilismo#\/media\/Ficheiro:Lorrain.seaport.jpg<\/a>&gt;. Acesso em: 02 out. 2022.<\/figcaption><\/figure><\/div>\n\n\n\n<p class=\"has-black-color has-text-color has-medium-font-size\">Leia com aten\u00e7\u00e3o o texto abaixo e em seguida responda \u00e0s quest\u00f5es:<\/p>\n\n\n\n<figure class=\"wp-block-pullquote\"><blockquote><p>&nbsp;<\/p><p>\u201cA metr\u00f3pole, por isso que \u00e9 m\u00e3e, deve prestar \u00e0s col\u00f4nias suas filhas todos os bons of\u00edcios e socorros necess\u00e1rios para a defesa e seguran\u00e7a das suas vidas e dos seus bens (\u2026). Estes benef\u00edcios pedem iguais recompensas e, ainda, alguns justos sacrif\u00edcios; e, por isso \u00e9 necess\u00e1rio que as col\u00f4nias tamb\u00e9m, da sua parte, sofram: 1) Que s\u00f3 possam comerciar diretamente com a metr\u00f3pole, exclu\u00edda toda e qualquer outra na\u00e7\u00e3o, ainda que lhes fa\u00e7a um com\u00e9rcio mais vantajoso; (\u2026) Desta sorte, os justos interesses e as relativas depend\u00eancias mutuamente ser\u00e3o ligadas.\u201d (COUTINHO, 1816, s.p).<\/p><p><\/p><cite>Dispon\u00edvel em:&lt;<a href=\"https:\/\/digital.bbm.usp.br\/handle\/bbm\/7222\">Ensaio economico sobre o comercio de Portugal e suas colonias \u2026<\/a>&gt;. Acesso em: 02 out. 2022.<\/cite><\/blockquote><\/figure>\n\n\n\n<p class=\"has-black-color has-pale-cyan-blue-background-color has-text-color has-background has-medium-font-size\"><strong>Quest\u00e3o 1<\/strong><\/p>\n\n\n\n<p class=\"has-black-color has-text-color has-medium-font-size\">Quais s\u00e3o as recompensas e os sacrif\u00edcios em ser col\u00f4nia?<\/p>\n\n\n\n<p class=\"has-black-color has-pale-cyan-blue-background-color has-text-color has-background has-medium-font-size\"><strong>Quest\u00e3o 2<\/strong><\/p>\n\n\n\n<p class=\"has-black-color has-text-color has-medium-font-size\">Se outras na\u00e7\u00f5es quisessem comerciar com o Brasil, havia esta possibilidade?&nbsp;<\/p>\n\n\n\n<p class=\"has-black-color has-pale-cyan-blue-background-color has-text-color has-background has-medium-font-size\"><strong>Quest\u00e3o 3<\/strong><\/p>\n\n\n\n<p class=\"has-black-color has-text-color has-medium-font-size\">Por que ent\u00e3o a col\u00f4nia era dependente da metr\u00f3pole?<\/p>\n\n\n\n<p class=\"has-text-align-center has-black-color has-text-color has-background has-medium-font-size\" style=\"background-color:#f7f42f\"><strong>SAIBA MAIS<\/strong><\/p>\n\n\n\n<p class=\"has-black-color has-text-color has-medium-font-size\">Bora pro conhecimento? Aperte o play e vamos navegar.<\/p>\n\n\n\n<figure class=\"wp-block-embed aligncenter is-type-video is-provider-youtube wp-block-embed-youtube wp-embed-aspect-16-9 wp-has-aspect-ratio\"><div class=\"wp-block-embed__wrapper\">\n<p class=\"responsive-video-wrap clr\"><iframe title=\"Atividade 14 7\u00b0\u2022 Ano O Pacto Colonial no Brasil\" width=\"1200\" height=\"675\" src=\"https:\/\/www.youtube.com\/embed\/JUUdTAOyYGM?feature=oembed\" frameborder=\"0\" allow=\"accelerometer; autoplay; clipboard-write; encrypted-media; gyroscope; picture-in-picture\" allowfullscreen><\/iframe><\/p>\n<\/div><figcaption>Canal Uilson Duarte. &#8220;Atividade 14 7\u00b0 Ano O Pacto Colonial no Brasil&#8221;. Dispon\u00edvel em:&lt;<a href=\"https:\/\/youtu.be\/JUUdTAOyYGM\" data-type=\"URL\" data-id=\"https:\/\/youtu.be\/JUUdTAOyYGM\">https:\/\/youtu.be\/JUUdTAOyYGM<\/a>>. Acesso em: 03 out. 2022.<\/figcaption><\/figure>\n\n\n\n<p class=\"has-black-color has-light-green-cyan-background-color has-text-color has-background has-medium-font-size\"><strong>Acesse os materiais referenstes a essa atividade clicando aqui:<\/strong><a href=\"https:\/\/drive.google.com\/drive\/folders\/1fAvDtSzDpRCTiRvSpgI5YDNIATjcBWJ3\" data-type=\"URL\" data-id=\"https:\/\/drive.google.com\/drive\/folders\/1fAvDtSzDpRCTiRvSpgI5YDNIATjcBWJ3\" target=\"_blank\" rel=\"noreferrer noopener\">https:\/\/drive.google.com\/drive\/folders\/1fAvDtSzDpRCTiRvSpgI5YDNIATjcBWJ3<\/a><\/p>\n\n\n\n<figure class=\"wp-block-table is-style-stripes\"><table><tbody><tr><td><strong>Habilidade:<\/strong><\/td><td><strong>(EF07HI13)<\/strong> Caracterizar a a\u00e7\u00e3o dos europeus e suas l\u00f3gicas mercantis visando ao dom\u00ednio no mundo atl\u00e2ntico.<br><strong>(GO-EF07HI13-A)<\/strong> Compreender a din\u00e2mica do mercantilismo enquanto pol\u00edtica econ\u00f4mica que visa a expans\u00e3o e a coloniza\u00e7\u00e3o de outros povos, territ\u00f3rios e suas implica\u00e7\u00f5es econ\u00f4micas, pol\u00edticas e sociais na Europa, Am\u00e9rica e \u00c1frica.<br><strong>(GO-EF07HI13-B)<\/strong> Analisar a expans\u00e3o e ocupa\u00e7\u00e3o da Am\u00e9rica Espanhola e Portuguesa, na \u00c1frica e regi\u00f5es do oriente por meio de mapas hist\u00f3ricos, refletindo sobre as formas de representa\u00e7\u00e3o do mundo e sua rela\u00e7\u00e3o com as invas\u00f5es, conquistas, dom\u00ednios e reparti\u00e7\u00e3o de territ\u00f3rios por povos europeus.<\/td><\/tr><\/tbody><\/table><\/figure>\n\n\n\n<figure class=\"wp-block-table\"><table><tbody><tr><td><strong>Referencial te\u00f3rico&nbsp;<\/strong><br><\/td><td><strong>DIAS<\/strong>, Adriana Machado Vontade de saber: hist\u00f3ria: 7\u00b0 ano: ensino fundamental: anos finais \/ Adriana Machado Dias, Keila Grinberg, Marco C\u00e9sar Pellegrini. \u2014 1. ed. \u2014 S\u00e3o Paulo: Quinteto Editorial, 2018.p. 124. PNLD 2020.<\/td><\/tr><\/tbody><\/table><\/figure>\n","protected":false},"author":51,"featured_media":151920,"template":"","ef_categoria":[],"ef_ano":[90],"ef_componente":[95],"class_list":["post-151916","ensino_fundamental","type-ensino_fundamental","status-publish","has-post-thumbnail","hentry","ef_ano-7o-ano","ef_componente-historia","entry","has-media"],"acf":[],"_links":{"self":[{"href":"https:\/\/sme.goiania.go.gov.br\/conexaoescola\/wp-json\/wp\/v2\/ensino_fundamental\/151916","targetHints":{"allow":["GET"]}}],"collection":[{"href":"https:\/\/sme.goiania.go.gov.br\/conexaoescola\/wp-json\/wp\/v2\/ensino_fundamental"}],"about":[{"href":"https:\/\/sme.goiania.go.gov.br\/conexaoescola\/wp-json\/wp\/v2\/types\/ensino_fundamental"}],"author":[{"embeddable":true,"href":"https:\/\/sme.goiania.go.gov.br\/conexaoescola\/wp-json\/wp\/v2\/users\/51"}],"version-history":[{"count":0,"href":"https:\/\/sme.goiania.go.gov.br\/conexaoescola\/wp-json\/wp\/v2\/ensino_fundamental\/151916\/revisions"}],"wp:featuredmedia":[{"embeddable":true,"href":"https:\/\/sme.goiania.go.gov.br\/conexaoescola\/wp-json\/wp\/v2\/media\/151920"}],"wp:attachment":[{"href":"https:\/\/sme.goiania.go.gov.br\/conexaoescola\/wp-json\/wp\/v2\/media?parent=151916"}],"wp:term":[{"taxonomy":"ef_categoria","embeddable":true,"href":"https:\/\/sme.goiania.go.gov.br\/conexaoescola\/wp-json\/wp\/v2\/ef_categoria?post=151916"},{"taxonomy":"ef_ano","embeddable":true,"href":"https:\/\/sme.goiania.go.gov.br\/conexaoescola\/wp-json\/wp\/v2\/ef_ano?post=151916"},{"taxonomy":"ef_componente","embeddable":true,"href":"https:\/\/sme.goiania.go.gov.br\/conexaoescola\/wp-json\/wp\/v2\/ef_componente?post=151916"}],"curies":[{"name":"wp","href":"https:\/\/api.w.org\/{rel}","templated":true}]}}

História &#8211; As relações econômicas: do feudo ao Atlântico!

<p class="has-black-color has-vivid-red-background-color has-text-color has-background has-medium-font-size">Esta proposta de atividade de&nbsp;<strong>HISTÓRIA</strong>&nbsp;é destinada aos estudantes do&nbsp;<strong>7° Ano</strong>&nbsp;do Ensino Fundamental Anos Finais.</p>



<p class="has-black-color has-text-color has-medium-font-size">Analisar os processos de mudanças ou permanências&nbsp; é um dos objetivos da ciência histórica. Partindo dessa premissa precisamos relacionar o passado estudado com o presente vivido e assim produzir orientação.</p>



<p class="has-text-align-center has-black-color has-text-color has-medium-font-size"><strong>VAMOS RESPONDER ALGUMAS QUESTÕES?</strong></p>



<div class="wp-block-image"><figure class="aligncenter size-large"><img fetchpriority="high" decoding="async" width="1024" height="769" src="https://sme.goiania.go.gov.br/conexaoescola/wp-content/uploads/2022/10/Mercantilismo-e1664750562554-1024x769.jpg" alt="" class="wp-image-151920" srcset="https://sme.goiania.go.gov.br/conexaoescola/wp-content/uploads/2022/10/Mercantilismo-e1664750562554-1024x769.jpg 1024w, https://sme.goiania.go.gov.br/conexaoescola/wp-content/uploads/2022/10/Mercantilismo-e1664750562554-300x225.jpg 300w, https://sme.goiania.go.gov.br/conexaoescola/wp-content/uploads/2022/10/Mercantilismo-e1664750562554-768x577.jpg 768w, https://sme.goiania.go.gov.br/conexaoescola/wp-content/uploads/2022/10/Mercantilismo-e1664750562554.jpg 1089w" sizes="(max-width: 1024px) 100vw, 1024px" /><figcaption>Disponível em:&lt;<a href="https://pt.wikipedia.org/wiki/Mercantilismo#/media/Ficheiro:Lorrain.seaport.jpg" data-type="URL" data-id="https://pt.wikipedia.org/wiki/Mercantilismo#/media/Ficheiro:Lorrain.seaport.jpg">https://pt.wikipedia.org/wiki/Mercantilismo#/media/Ficheiro:Lorrain.seaport.jpg</a>&gt;. Acesso em: 02 out. 2022.</figcaption></figure></div>



<p class="has-black-color has-text-color has-medium-font-size">Leia com atenção o texto abaixo e em seguida responda às questões:</p>



<figure class="wp-block-pullquote"><blockquote><p>&nbsp;</p><p>“A metrópole, por isso que é mãe, deve prestar às colônias suas filhas todos os bons ofícios e socorros necessários para a defesa e segurança das suas vidas e dos seus bens (…). Estes benefícios pedem iguais recompensas e, ainda, alguns justos sacrifícios; e, por isso é necessário que as colônias também, da sua parte, sofram: 1) Que só possam comerciar diretamente com a metrópole, excluída toda e qualquer outra nação, ainda que lhes faça um comércio mais vantajoso; (…) Desta sorte, os justos interesses e as relativas dependências mutuamente serão ligadas.” (COUTINHO, 1816, s.p).</p><p></p><cite>Disponível em:&lt;<a href="https://digital.bbm.usp.br/handle/bbm/7222">Ensaio economico sobre o comercio de Portugal e suas colonias …</a>&gt;. Acesso em: 02 out. 2022.</cite></blockquote></figure>



<p class="has-black-color has-pale-cyan-blue-background-color has-text-color has-background has-medium-font-size"><strong>Questão 1</strong></p>



<p class="has-black-color has-text-color has-medium-font-size">Quais são as recompensas e os sacrifícios em ser colônia?</p>



<p class="has-black-color has-pale-cyan-blue-background-color has-text-color has-background has-medium-font-size"><strong>Questão 2</strong></p>



<p class="has-black-color has-text-color has-medium-font-size">Se outras nações quisessem comerciar com o Brasil, havia esta possibilidade?&nbsp;</p>



<p class="has-black-color has-pale-cyan-blue-background-color has-text-color has-background has-medium-font-size"><strong>Questão 3</strong></p>



<p class="has-black-color has-text-color has-medium-font-size">Por que então a colônia era dependente da metrópole?</p>



<p class="has-text-align-center has-black-color has-text-color has-background has-medium-font-size" style="background-color:#f7f42f"><strong>SAIBA MAIS</strong></p>



<p class="has-black-color has-text-color has-medium-font-size">Bora pro conhecimento? Aperte o play e vamos navegar.</p>



<figure class="wp-block-embed aligncenter is-type-video is-provider-youtube wp-block-embed-youtube wp-embed-aspect-16-9 wp-has-aspect-ratio"><div class="wp-block-embed__wrapper">
<p class="responsive-video-wrap clr"><iframe title="Atividade 14 7°• Ano O Pacto Colonial no Brasil" width="1200" height="675" src="https://www.youtube.com/embed/JUUdTAOyYGM?feature=oembed" frameborder="0" allow="accelerometer; autoplay; clipboard-write; encrypted-media; gyroscope; picture-in-picture" allowfullscreen></iframe></p>
</div><figcaption>Canal Uilson Duarte. &#8220;Atividade 14 7° Ano O Pacto Colonial no Brasil&#8221;. Disponível em:&lt;<a href="https://youtu.be/JUUdTAOyYGM" data-type="URL" data-id="https://youtu.be/JUUdTAOyYGM">https://youtu.be/JUUdTAOyYGM</a>>. Acesso em: 03 out. 2022.</figcaption></figure>



<p class="has-black-color has-light-green-cyan-background-color has-text-color has-background has-medium-font-size"><strong>Acesse os materiais referenstes a essa atividade clicando aqui:</strong><a href="https://drive.google.com/drive/folders/1fAvDtSzDpRCTiRvSpgI5YDNIATjcBWJ3" data-type="URL" data-id="https://drive.google.com/drive/folders/1fAvDtSzDpRCTiRvSpgI5YDNIATjcBWJ3" target="_blank" rel="noreferrer noopener">https://drive.google.com/drive/folders/1fAvDtSzDpRCTiRvSpgI5YDNIATjcBWJ3</a></p>



<figure class="wp-block-table is-style-stripes"><table><tbody><tr><td><strong>Habilidade:</strong></td><td><strong>(EF07HI13)</strong> Caracterizar a ação dos europeus e suas lógicas mercantis visando ao domínio no mundo atlântico.<br><strong>(GO-EF07HI13-A)</strong> Compreender a dinâmica do mercantilismo enquanto política econômica que visa a expansão e a colonização de outros povos, territórios e suas implicações econômicas, políticas e sociais na Europa, América e África.<br><strong>(GO-EF07HI13-B)</strong> Analisar a expansão e ocupação da América Espanhola e Portuguesa, na África e regiões do oriente por meio de mapas históricos, refletindo sobre as formas de representação do mundo e sua relação com as invasões, conquistas, domínios e repartição de territórios por povos europeus.</td></tr></tbody></table></figure>



<figure class="wp-block-table"><table><tbody><tr><td><strong>Referencial teórico&nbsp;</strong><br></td><td><strong>DIAS</strong>, Adriana Machado Vontade de saber: história: 7° ano: ensino fundamental: anos finais / Adriana Machado Dias, Keila Grinberg, Marco César Pellegrini. — 1. ed. — São Paulo: Quinteto Editorial, 2018.p. 124. PNLD 2020.</td></tr></tbody></table></figure>
