{"id":151153,"date":"2022-09-25T10:00:32","date_gmt":"2022-09-25T13:00:32","guid":{"rendered":"https:\/\/sme.goiania.go.gov.br\/conexaoescola\/?post_type=ensino_fundamental&#038;p=151153"},"modified":"2022-09-25T12:36:36","modified_gmt":"2022-09-25T15:36:36","slug":"historia-brasil-e-o-passado-rural","status":"publish","type":"ensino_fundamental","link":"https:\/\/sme.goiania.go.gov.br\/conexaoescola\/ensino_fundamental\/historia-brasil-e-o-passado-rural\/","title":{"rendered":"Hist\u00f3ria &#8211; Brasil e o passado rural"},"content":{"rendered":"\n<p class=\"has-text-align-center has-black-color has-text-color has-background has-medium-font-size\" style=\"background-color:#85aec5\">Esta proposta de atividade de<strong>&nbsp;HIST\u00d3RIA&nbsp;<\/strong>\u00e9 destinada aos estudantes do <strong>4\u00ba ano&nbsp;do Ensino Fundamental<\/strong><\/p>\n\n\n\n<p class=\"has-medium-font-size\">O desenvolvimento do territ\u00f3rio brasileiro s\u00f3 foi poss\u00edvel gra\u00e7as \u00e0 contribui\u00e7\u00e3o das atividades agr\u00e1rias e do trabalhador rural. At\u00e9 a d\u00e9cada de 1970, a popula\u00e7\u00e3o brasileira era majoritariamente rural, ou seja, vivia no campo realizando planta\u00e7\u00e3o, colheita de g\u00eaneros aliment\u00edcios e trabalhando na lida com a pecu\u00e1ria. Na atualidade, mesmo que muitas pessoas vivam nas cidades h\u00e1 grande influ\u00eancia dos h\u00e1bitos e costumes rurais.<\/p>\n\n\n\n<p class=\"has-text-align-center has-black-color has-text-color has-background has-medium-font-size\" style=\"background-color:#efefef\"><strong>VAMOS RESPONDER ALGUMAS QUEST\u00d5ES?<\/strong><\/p>\n\n\n\n<figure class=\"wp-block-image size-large is-style-rounded\"><img decoding=\"async\" src=\"https:\/\/sme.goiania.go.gov.br\/conexaoescola\/wp-content\/uploads\/2022\/09\/agro1-1024x689.png\" alt=\"\" class=\"wp-image-151154\"\/><figcaption><strong>&nbsp;<\/strong>Dispon\u00edvel em: https:\/\/commons.wikimedia.org\/wiki\/File:CASTRO_HEREDIA_-_EL_ARADO_CON_YUNTA.jpgAcesso em 24 set. 2022<br><\/figcaption><\/figure>\n\n\n\n<p class=\"has-black-color has-text-color has-background has-medium-font-size\" style=\"background-color:#e4dcdc\"><strong>QUEST\u00c3O 1<\/strong><\/p>\n\n\n\n<p class=\"has-medium-font-size\">Goi\u00e1s \u00e9 um estado que preserva in\u00fameras tradi\u00e7\u00f5es rurais. No cotidiano das fam\u00edlias h\u00e1 h\u00e1bitos e costumes que remetem ao estilo de vida no campo.<\/p>\n\n\n\n<p class=\"has-medium-font-size\">Fa\u00e7a uma consulta aos seus familiares e responda \u00e0s seguintes quest\u00f5es:<\/p>\n\n\n\n<ol class=\"has-medium-font-size wp-block-list\"><li>Em sua fam\u00edlia h\u00e1 algum antepassado que vivia no campo ou zona rural?&nbsp;<\/li><li>No cotidiano da sua fam\u00edlia h\u00e1 alguma tradi\u00e7\u00e3o que ainda \u00e9 vivenciada e que tem as origens rurais? Qual(is)?<\/li><\/ol>\n\n\n\n<p class=\"has-black-color has-text-color has-background has-medium-font-size\" style=\"background-color:#e4dcdc\"><strong>QUEST\u00c3O 2<\/strong><\/p>\n\n\n\n<p class=\"has-medium-font-size\">Observe a imagens a seguir que representa uma produ\u00e7\u00e3o tipicamente de subsist\u00eancia:&nbsp;<\/p>\n\n\n\n<p class=\"has-text-align-center\"><img fetchpriority=\"high\" decoding=\"async\" src=\"https:\/\/lh3.googleusercontent.com\/-mRCjUBYZnpP02YRvOIi0ENMz5ohU_jmlLkBWOQQTBycmuCM66umWiDFn_HxyLAejnXsHduxGyeLS-yoLt441zIsgibLeHTq2vz_YlKc8ko8VmGtQA8qz8rJdIQwkDcunEEKs3bCGE5-8BWB_2HodUZL19in7zOGidm_pxZs9-3_OOsk9hv_EY5uTw\" width=\"550\" height=\"368\"><\/p>\n\n\n\n<p class=\"has-text-align-center has-small-font-size\">Dispon\u00edvel em: https:\/\/pixnio.com\/pt\/animais\/cavalos\/cavalos-colt-cavalaria-equino-animal-cavalo-jovem-garanhao. Acesso em 24 set. 2022<\/p>\n\n\n\n<ol class=\"has-medium-font-size wp-block-list\"><li>Quais ferramentas s\u00e3o utilizadas para o trabalho representado na imagem?<\/li><li>Em sua opini\u00e3o, quais as dificuldades e as vantagens do modo de produ\u00e7\u00e3o que est\u00e1 retratado?<\/li><\/ol>\n\n\n\n<p class=\"has-black-color has-text-color has-background has-medium-font-size\" style=\"background-color:#e4dcdc\"><strong>QUEST\u00c3O 3<\/strong><\/p>\n\n\n\n<p class=\"has-medium-font-size\">Fa\u00e7a uma pesquisa sobre alguma festa popular brasileira que tem suas origens rurais, como por exemplo Festa do Divino ou Folia de Reis, e registre as seguintes informa\u00e7\u00f5es:<\/p>\n\n\n\n<ol class=\"has-medium-font-size wp-block-list\"><li>Nome do festejo:<\/li><li>Significado ou simbolismo do festejo:<\/li><li>Datas ou ocasi\u00f5es em que a festa \u00e9 realizada:<\/li><\/ol>\n\n\n\n<p class=\"has-black-color has-text-color has-background has-medium-font-size\" style=\"background-color:#e4dcdc\"><strong>SAIBA MAIS<\/strong><\/p>\n\n\n\n<p class=\"has-black-color has-text-color has-background has-medium-font-size\" style=\"background-color:#e4dcdc\"><strong>ACESSE OS MATERIAIS REFERENTES A ESSA ATIVIDADE CLICANDO AQUI: <\/strong><a href=\"https:\/\/sme.goiania.go.gov.br\/conexaoescola\/propostas_didaticas\/propostas-didaticas-historia-3o-ano\/\" data-type=\"URL\" data-id=\"https:\/\/sme.goiania.go.gov.br\/conexaoescola\/propostas_didaticas\/propostas-didaticas-historia-3o-ano\/\">https:\/\/sme.goiania.go.gov.br\/conexaoescola\/propostas_didaticas\/propostas-didaticas-historia-4o-ano\/<\/a><\/p>\n\n\n\n<figure class=\"wp-block-embed is-type-video is-provider-youtube wp-block-embed-youtube wp-embed-aspect-16-9 wp-has-aspect-ratio\"><div class=\"wp-block-embed__wrapper\">\n<p class=\"responsive-video-wrap clr\"><iframe title=\"\u00c1rea rural\" width=\"1200\" height=\"675\" src=\"https:\/\/www.youtube.com\/embed\/BHoJgMuSnA4?feature=oembed\" frameborder=\"0\" allow=\"accelerometer; autoplay; clipboard-write; encrypted-media; gyroscope; picture-in-picture\" allowfullscreen><\/iframe><\/p>\n<\/div><figcaption>Canal Lorena Guimar\u00e3es de Oliveira &#8220;\u00c1rea rural&#8221; Dispon\u00edvel em https:\/\/www.youtube.com\/watch?v=BHoJgMuSnA4 Acesso em 25 Set 2022<\/figcaption><\/figure>\n\n\n\n<figure class=\"wp-block-table is-style-stripes\"><table><tbody><tr><td><strong>Componente Curricular:<\/strong><\/td><td>Hist\u00f3ria<\/td><\/tr><tr><td><strong>Habilidade:<\/strong><\/td><td><br>(EF04HI11) Analisar, na sociedade em que vive, a exist\u00eancia ou n\u00e3o de mudan\u00e7as associadas \u00e0 migra\u00e7\u00e3o (interna e internacional).<br><\/td><\/tr><\/tbody><\/table><\/figure>\n\n\n\n<figure class=\"wp-block-table is-style-stripes\"><table><tbody><tr><td><strong>Refer\u00eancias<\/strong><\/td><td>BRASIL ESCOLA. Agricultura de subsist\u00eancia. Dispon\u00edvel em: https:\/\/brasilescola.uol.com.br\/geografia\/agricultura-subsistencia.htmAcesso em 24 set. 2022.&nbsp;<br><br>IBGE EDUCA. Popula\u00e7\u00e3o rural e urbana. Dispon\u00edvel em: https:\/\/educa.ibge.gov.br\/jovens\/conheca-o-brasil\/populacao\/18313-populacao-rural-e-urbana.html. Acesso em: 24 set. 2022.<br><br>O AGRO NOSSO. Agricultura familiar. Dispon\u00edvel em: https:\/\/www.youtube.com\/watch?v=_xJU9sSWsbE. Acesso em 24 set. 2022.<br><\/td><\/tr><\/tbody><\/table><\/figure>\n","protected":false},"author":59,"featured_media":151154,"template":"","ef_categoria":[13,20],"ef_ano":[87],"ef_componente":[95],"class_list":["post-151153","ensino_fundamental","type-ensino_fundamental","status-publish","has-post-thumbnail","hentry","ef_categoria-ciclo-da-infancia-abc","ef_categoria-etica-e-cidadania","ef_ano-4o-ano","ef_componente-historia","entry","has-media"],"acf":[],"_links":{"self":[{"href":"https:\/\/sme.goiania.go.gov.br\/conexaoescola\/wp-json\/wp\/v2\/ensino_fundamental\/151153","targetHints":{"allow":["GET"]}}],"collection":[{"href":"https:\/\/sme.goiania.go.gov.br\/conexaoescola\/wp-json\/wp\/v2\/ensino_fundamental"}],"about":[{"href":"https:\/\/sme.goiania.go.gov.br\/conexaoescola\/wp-json\/wp\/v2\/types\/ensino_fundamental"}],"author":[{"embeddable":true,"href":"https:\/\/sme.goiania.go.gov.br\/conexaoescola\/wp-json\/wp\/v2\/users\/59"}],"version-history":[{"count":0,"href":"https:\/\/sme.goiania.go.gov.br\/conexaoescola\/wp-json\/wp\/v2\/ensino_fundamental\/151153\/revisions"}],"wp:featuredmedia":[{"embeddable":true,"href":"https:\/\/sme.goiania.go.gov.br\/conexaoescola\/wp-json\/wp\/v2\/media\/151154"}],"wp:attachment":[{"href":"https:\/\/sme.goiania.go.gov.br\/conexaoescola\/wp-json\/wp\/v2\/media?parent=151153"}],"wp:term":[{"taxonomy":"ef_categoria","embeddable":true,"href":"https:\/\/sme.goiania.go.gov.br\/conexaoescola\/wp-json\/wp\/v2\/ef_categoria?post=151153"},{"taxonomy":"ef_ano","embeddable":true,"href":"https:\/\/sme.goiania.go.gov.br\/conexaoescola\/wp-json\/wp\/v2\/ef_ano?post=151153"},{"taxonomy":"ef_componente","embeddable":true,"href":"https:\/\/sme.goiania.go.gov.br\/conexaoescola\/wp-json\/wp\/v2\/ef_componente?post=151153"}],"curies":[{"name":"wp","href":"https:\/\/api.w.org\/{rel}","templated":true}]}}

História &#8211; Brasil e o passado rural

<p class="has-text-align-center has-black-color has-text-color has-background has-medium-font-size" style="background-color:#85aec5">Esta proposta de atividade de<strong>&nbsp;HISTÓRIA&nbsp;</strong>é destinada aos estudantes do <strong>4º ano&nbsp;do Ensino Fundamental</strong></p>



<p class="has-medium-font-size">O desenvolvimento do território brasileiro só foi possível graças à contribuição das atividades agrárias e do trabalhador rural. Até a década de 1970, a população brasileira era majoritariamente rural, ou seja, vivia no campo realizando plantação, colheita de gêneros alimentícios e trabalhando na lida com a pecuária. Na atualidade, mesmo que muitas pessoas vivam nas cidades há grande influência dos hábitos e costumes rurais.</p>



<p class="has-text-align-center has-black-color has-text-color has-background has-medium-font-size" style="background-color:#efefef"><strong>VAMOS RESPONDER ALGUMAS QUESTÕES?</strong></p>



<figure class="wp-block-image size-large is-style-rounded"><img decoding="async" src="https://sme.goiania.go.gov.br/conexaoescola/wp-content/uploads/2022/09/agro1-1024x689.png" alt="" class="wp-image-151154"/><figcaption><strong>&nbsp;</strong>Disponível em: https://commons.wikimedia.org/wiki/File:CASTRO_HEREDIA_-_EL_ARADO_CON_YUNTA.jpgAcesso em 24 set. 2022<br></figcaption></figure>



<p class="has-black-color has-text-color has-background has-medium-font-size" style="background-color:#e4dcdc"><strong>QUESTÃO 1</strong></p>



<p class="has-medium-font-size">Goiás é um estado que preserva inúmeras tradições rurais. No cotidiano das famílias há hábitos e costumes que remetem ao estilo de vida no campo.</p>



<p class="has-medium-font-size">Faça uma consulta aos seus familiares e responda às seguintes questões:</p>



<ol class="has-medium-font-size wp-block-list"><li>Em sua família há algum antepassado que vivia no campo ou zona rural?&nbsp;</li><li>No cotidiano da sua família há alguma tradição que ainda é vivenciada e que tem as origens rurais? Qual(is)?</li></ol>



<p class="has-black-color has-text-color has-background has-medium-font-size" style="background-color:#e4dcdc"><strong>QUESTÃO 2</strong></p>



<p class="has-medium-font-size">Observe a imagens a seguir que representa uma produção tipicamente de subsistência:&nbsp;</p>



<p class="has-text-align-center"><img fetchpriority="high" decoding="async" src="https://lh3.googleusercontent.com/-mRCjUBYZnpP02YRvOIi0ENMz5ohU_jmlLkBWOQQTBycmuCM66umWiDFn_HxyLAejnXsHduxGyeLS-yoLt441zIsgibLeHTq2vz_YlKc8ko8VmGtQA8qz8rJdIQwkDcunEEKs3bCGE5-8BWB_2HodUZL19in7zOGidm_pxZs9-3_OOsk9hv_EY5uTw" width="550" height="368"></p>



<p class="has-text-align-center has-small-font-size">Disponível em: https://pixnio.com/pt/animais/cavalos/cavalos-colt-cavalaria-equino-animal-cavalo-jovem-garanhao. Acesso em 24 set. 2022</p>



<ol class="has-medium-font-size wp-block-list"><li>Quais ferramentas são utilizadas para o trabalho representado na imagem?</li><li>Em sua opinião, quais as dificuldades e as vantagens do modo de produção que está retratado?</li></ol>



<p class="has-black-color has-text-color has-background has-medium-font-size" style="background-color:#e4dcdc"><strong>QUESTÃO 3</strong></p>



<p class="has-medium-font-size">Faça uma pesquisa sobre alguma festa popular brasileira que tem suas origens rurais, como por exemplo Festa do Divino ou Folia de Reis, e registre as seguintes informações:</p>



<ol class="has-medium-font-size wp-block-list"><li>Nome do festejo:</li><li>Significado ou simbolismo do festejo:</li><li>Datas ou ocasiões em que a festa é realizada:</li></ol>



<p class="has-black-color has-text-color has-background has-medium-font-size" style="background-color:#e4dcdc"><strong>SAIBA MAIS</strong></p>



<p class="has-black-color has-text-color has-background has-medium-font-size" style="background-color:#e4dcdc"><strong>ACESSE OS MATERIAIS REFERENTES A ESSA ATIVIDADE CLICANDO AQUI: </strong><a href="https://sme.goiania.go.gov.br/conexaoescola/propostas_didaticas/propostas-didaticas-historia-3o-ano/" data-type="URL" data-id="https://sme.goiania.go.gov.br/conexaoescola/propostas_didaticas/propostas-didaticas-historia-3o-ano/">https://sme.goiania.go.gov.br/conexaoescola/propostas_didaticas/propostas-didaticas-historia-4o-ano/</a></p>



<figure class="wp-block-embed is-type-video is-provider-youtube wp-block-embed-youtube wp-embed-aspect-16-9 wp-has-aspect-ratio"><div class="wp-block-embed__wrapper">
<p class="responsive-video-wrap clr"><iframe title="Área rural" width="1200" height="675" src="https://www.youtube.com/embed/BHoJgMuSnA4?feature=oembed" frameborder="0" allow="accelerometer; autoplay; clipboard-write; encrypted-media; gyroscope; picture-in-picture" allowfullscreen></iframe></p>
</div><figcaption>Canal Lorena Guimarães de Oliveira &#8220;Área rural&#8221; Disponível em https://www.youtube.com/watch?v=BHoJgMuSnA4 Acesso em 25 Set 2022</figcaption></figure>



<figure class="wp-block-table is-style-stripes"><table><tbody><tr><td><strong>Componente Curricular:</strong></td><td>História</td></tr><tr><td><strong>Habilidade:</strong></td><td><br>(EF04HI11) Analisar, na sociedade em que vive, a existência ou não de mudanças associadas à migração (interna e internacional).<br></td></tr></tbody></table></figure>



<figure class="wp-block-table is-style-stripes"><table><tbody><tr><td><strong>Referências</strong></td><td>BRASIL ESCOLA. Agricultura de subsistência. Disponível em: https://brasilescola.uol.com.br/geografia/agricultura-subsistencia.htmAcesso em 24 set. 2022.&nbsp;<br><br>IBGE EDUCA. População rural e urbana. Disponível em: https://educa.ibge.gov.br/jovens/conheca-o-brasil/populacao/18313-populacao-rural-e-urbana.html. Acesso em: 24 set. 2022.<br><br>O AGRO NOSSO. Agricultura familiar. Disponível em: https://www.youtube.com/watch?v=_xJU9sSWsbE. Acesso em 24 set. 2022.<br></td></tr></tbody></table></figure>
