{"id":150263,"date":"2022-09-16T07:00:00","date_gmt":"2022-09-16T10:00:00","guid":{"rendered":"https:\/\/sme.goiania.go.gov.br\/conexaoescola\/?post_type=ensino_fundamental&#038;p=150263"},"modified":"2024-03-06T14:15:57","modified_gmt":"2024-03-06T17:15:57","slug":"arte-musica-musica-popular-brasileira","status":"publish","type":"ensino_fundamental","link":"https:\/\/sme.goiania.go.gov.br\/conexaoescola\/ensino_fundamental\/arte-musica-musica-popular-brasileira\/","title":{"rendered":"Arte\/M\u00fasica &#8211; Rock Brasileiro"},"content":{"rendered":"\n<p class=\"has-text-align-center has-background has-medium-font-size\" style=\"background-color:#de4b4b\">Esta proposta de atividade de ARTE\/M\u00daSICA \u00e9 destinada aos estudantes do 6\u00ba ano do Ensino Fundamental.<\/p>\n\n\n\n<div class=\"wp-block-buttons is-content-justification-center is-layout-flex wp-container-core-buttons-is-layout-16018d1d wp-block-buttons-is-layout-flex\">\n<div class=\"wp-block-button\"><a class=\"wp-block-button__link wp-element-button\" href=\"https:\/\/drive.google.com\/uc?export=download&amp;id=1DWSQ78OZQY9z3qc-WEurVRQKu9vFLzEw\" target=\"_blank\" rel=\"noreferrer noopener\">Baixe a atividade<\/a><\/div>\n\n\n\n<div class=\"wp-block-button\"><a class=\"wp-block-button__link wp-element-button\" href=\"https:\/\/drive.google.com\/uc?export=download&amp;id=1HnR58850ljrKvvE2kCJU3JbQIcftNCtr\" target=\"_blank\" rel=\"noreferrer noopener\">Baixe os slides<\/a><\/div>\n\n\n\n<div class=\"wp-block-button\"><a class=\"wp-block-button__link wp-element-button\" href=\"https:\/\/drive.google.com\/uc?export=download&amp;id=1-2ezo_1shNkivRu0j6vcH4Hg7igjidEO\" target=\"_blank\" rel=\"noreferrer noopener\">Baixe o texto<\/a><\/div>\n<\/div>\n\n\n\n<p><\/p>\n\n\n<div class=\"wp-block-image\">\n<figure class=\"aligncenter size-full is-resized\"><img fetchpriority=\"high\" decoding=\"async\" src=\"https:\/\/sme.goiania.go.gov.br\/conexaoescola\/wp-content\/uploads\/2023\/11\/image-64.png\" alt=\"\" class=\"wp-image-172900\" width=\"388\" height=\"218\" srcset=\"https:\/\/sme.goiania.go.gov.br\/conexaoescola\/wp-content\/uploads\/2023\/11\/image-64.png 597w, https:\/\/sme.goiania.go.gov.br\/conexaoescola\/wp-content\/uploads\/2023\/11\/image-64-300x169.png 300w\" sizes=\"(max-width: 388px) 100vw, 388px\" \/><\/figure><\/div>\n\n\n<p class=\"has-text-align-center has-small-font-size\">Dispon\u00edvel em <a href=\"https:\/\/www.deviantart.com\/clairaakami\/art\/Rock-Guitar-Wallpaper-727459689%20Acesso%20em%2016\">https:\/\/www.deviantart.com\/clairaakami\/art\/Rock-Guitar-Wallpaper-727459689 Acesso em 16<\/a>, nov. 2023.<\/p>\n\n\n\n<p class=\"has-text-align-center has-medium-font-size\"><strong>Rock Brasileiro<\/strong><\/p>\n\n\n\n<p class=\"has-medium-font-size\">O rock brasileiro \u00e9 uma manifesta\u00e7\u00e3o musical que ganhou for\u00e7a e identidade pr\u00f3pria ao longo das d\u00e9cadas, refletindo as influ\u00eancias globais desse g\u00eanero e incorporando elementos \u00fanicos da cultura brasileira. Sua origem remonta \u00e0 d\u00e9cada de 1950, quando o rock&#8217;n&#8217;roll come\u00e7ou a se popularizar internacionalmente. Contudo, foi nos anos 1960 que o rock brasileiro come\u00e7ou a tomar forma e se destacou.<\/p>\n\n\n\n<p class=\"has-medium-font-size\">Naquela \u00e9poca, artistas como Roberto Carlos e Erasmo Carlos popularizaram o rock no Brasil, trazendo uma abordagem mais suave e rom\u00e2ntica ao g\u00eanero. No entanto, foi com a Tropic\u00e1lia, movimento cultural que surgiu na segunda metade dos anos 1960, que o rock brasileiro come\u00e7ou a incorporar influ\u00eancias mais experimentais e psicod\u00e9licas.<\/p>\n\n\n<div class=\"wp-block-image\">\n<figure class=\"aligncenter size-full is-resized\"><img decoding=\"async\" src=\"https:\/\/sme.goiania.go.gov.br\/conexaoescola\/wp-content\/uploads\/2023\/11\/image-66.png\" alt=\"\" class=\"wp-image-172904\" width=\"479\" height=\"301\" srcset=\"https:\/\/sme.goiania.go.gov.br\/conexaoescola\/wp-content\/uploads\/2023\/11\/image-66.png 570w, https:\/\/sme.goiania.go.gov.br\/conexaoescola\/wp-content\/uploads\/2023\/11\/image-66-300x188.png 300w\" sizes=\"(max-width: 479px) 100vw, 479px\" \/><\/figure><\/div>\n\n\n<p class=\"has-text-align-center has-small-font-size\">Dispon\u00edvel em <a href=\"https:\/\/commons.wikimedia.org\/wiki\/File:Tropic%C3%A1lia.jpg\">https:\/\/commons.wikimedia.org\/wiki\/File:Tropic%C3%A1lia.jpg<\/a> Acesso em 14, nov. 2023.<\/p>\n\n\n\n<p class=\"has-medium-font-size\">Ao longo dos anos de 1970, surgiram diversas bandas que marcaram o cen\u00e1rio do rock brasileiro, como Os Mutantes, Secos &amp; Molhados e Novos Baianos. Essas bandas se desenvolveram para a diversifica\u00e7\u00e3o do g\u00eanero, explorando novas sonoridades e incorporando elementos da m\u00fasica brasileira tradicional.<\/p>\n\n\n\n<p class=\"has-medium-font-size\">A d\u00e9cada de 1980 foi marcada pelo surgimento de bandas que se tornaram \u00edcones do rock brasileiro. Legi\u00e3o Urbana, Paralamas do Sucesso, Tit\u00e3s e Bar\u00e3o Vermelho s\u00e3o alguns dos nomes que conquistaram o p\u00fablico e influenciaram as gera\u00e7\u00f5es subsequentes. As letras muitas vezes abordavam quest\u00f5es sociais e pol\u00edticas, refletindo o contexto turbulento da \u00e9poca.<\/p>\n\n\n<div class=\"wp-block-image\">\n<figure class=\"aligncenter size-full is-resized\"><img decoding=\"async\" src=\"https:\/\/sme.goiania.go.gov.br\/conexaoescola\/wp-content\/uploads\/2023\/11\/image-67.png\" alt=\"\" class=\"wp-image-172905\" width=\"483\" height=\"292\" srcset=\"https:\/\/sme.goiania.go.gov.br\/conexaoescola\/wp-content\/uploads\/2023\/11\/image-67.png 716w, https:\/\/sme.goiania.go.gov.br\/conexaoescola\/wp-content\/uploads\/2023\/11\/image-67-300x182.png 300w\" sizes=\"(max-width: 483px) 100vw, 483px\" \/><\/figure><\/div>\n\n\n<p class=\"has-text-align-center has-small-font-size\">Dispon\u00edvel em <a href=\"https:\/\/commons.wikimedia.org\/wiki\/File:Tit%C3%A3s2013.jpg\">https:\/\/commons.wikimedia.org\/wiki\/File:Tit%C3%A3s2013.jpg<\/a> Acesso em 16, nov. 2023.<\/p>\n\n\n\n<p class=\"has-medium-font-size\">Nos anos 1990, o rock brasileiro experimentou uma explos\u00e3o de estilos, com bandas como Raimundos, Charlie Brown Jr. e O Rappa trazendo elementos do punk e reggae para o cen\u00e1rio musical. Ao mesmo tempo, o rock alternativo ganha espa\u00e7o com grupos como Planet Hemp e Pato Fu.<\/p>\n\n\n<div class=\"wp-block-image\">\n<figure class=\"aligncenter size-full is-resized\"><img loading=\"lazy\" decoding=\"async\" src=\"https:\/\/sme.goiania.go.gov.br\/conexaoescola\/wp-content\/uploads\/2023\/11\/image-68.png\" alt=\"\" class=\"wp-image-172906\" width=\"476\" height=\"316\" srcset=\"https:\/\/sme.goiania.go.gov.br\/conexaoescola\/wp-content\/uploads\/2023\/11\/image-68.png 619w, https:\/\/sme.goiania.go.gov.br\/conexaoescola\/wp-content\/uploads\/2023\/11\/image-68-300x200.png 300w\" sizes=\"(max-width: 476px) 100vw, 476px\" \/><\/figure><\/div>\n\n\n<p class=\"has-text-align-center has-small-font-size\">Dispon\u00edvel em <a href=\"https:\/\/www.flickr.com\/photos\/grace_land\/5006955744%20Acesso%20em%2016\">https:\/\/www.flickr.com\/photos\/grace_land\/5006955744 Acesso em 16<\/a>, nov. 2023.<\/p>\n\n\n\n<p class=\"has-medium-font-size\">No in\u00edcio do s\u00e9culo XXI, novas bandas continuaram a moldar o cen\u00e1rio do rock brasileiro. Pitty, CPM 22, NX Zero e outros trouxeram abordagens contempor\u00e2neas e exploraram fus\u00f5es com outros estilos musicais.<\/p>\n\n\n\n<p class=\"has-medium-font-size\">Atualmente, o rock brasileiro continua evoluindo, com artistas que mesclam influ\u00eancias diversas, incorporam novas tecnologias e exploram fronteiras estil\u00edsticas.<\/p>\n\n\n<div class=\"wp-block-image\">\n<figure class=\"aligncenter size-full is-resized\"><img loading=\"lazy\" decoding=\"async\" src=\"https:\/\/sme.goiania.go.gov.br\/conexaoescola\/wp-content\/uploads\/2023\/11\/image-69.png\" alt=\"\" class=\"wp-image-172907\" width=\"479\" height=\"319\" srcset=\"https:\/\/sme.goiania.go.gov.br\/conexaoescola\/wp-content\/uploads\/2023\/11\/image-69.png 642w, https:\/\/sme.goiania.go.gov.br\/conexaoescola\/wp-content\/uploads\/2023\/11\/image-69-300x200.png 300w\" sizes=\"(max-width: 479px) 100vw, 479px\" \/><\/figure><\/div>\n\n\n<p class=\"has-text-align-center has-small-font-size\">Dispon\u00edvel em <a href=\"https:\/\/www.flickr.com\/photos\/midianinja\/52674269814%20Acesso%20em%2016\">https:\/\/www.flickr.com\/photos\/midianinja\/52674269814 Acesso em 16<\/a>, nov. 2023.<\/p>\n\n\n\n<p class=\"has-medium-font-size\">Embora o cen\u00e1rio musical brasileiro seja rico e diversificado, o rock permanece uma for\u00e7a poderosa, conectando gera\u00e7\u00f5es e expressando a pluralidade cultural do pa\u00eds.<\/p>\n\n\n\n<p class=\"has-black-color has-text-color has-background has-medium-font-size\" style=\"background-color:#de4b4b\"><strong>QUEST\u00c3O 1<\/strong><\/p>\n\n\n\n<p class=\"has-medium-font-size\">O rock brasileiro \u00e9 uma manifesta\u00e7\u00e3o musical que ganhou for\u00e7a e identidade pr\u00f3pria ao longo das d\u00e9cadas, refletindo as influ\u00eancias globais desse g\u00eanero e incorporando elementos \u00fanicos da cultura brasileira. Quando o rock brasileiro come\u00e7ou a ganhar destaque e identidade pr\u00f3pria?<\/p>\n\n\n\n<p class=\"has-medium-font-size\">(A) D\u00e9cada de 1950<\/p>\n\n\n\n<p class=\"has-medium-font-size\">(B) Anos 1960<\/p>\n\n\n\n<p class=\"has-medium-font-size\">(C) Anos 1970<\/p>\n\n\n\n<p class=\"has-medium-font-size\">(D) D\u00e9cada de 1980<\/p>\n\n\n\n<p class=\"has-black-color has-text-color has-background has-medium-font-size\" style=\"background-color:#de4b4b\"><strong>QUEST\u00c3O 2<\/strong><\/p>\n\n\n\n<p class=\"has-medium-font-size\">Atualmente, o rock brasileiro continua evoluindo. O que caracteriza a evolu\u00e7\u00e3o atual do rock brasileiro?<\/p>\n\n\n\n<p class=\"has-medium-font-size\">(A) Conservadorismo e tradi\u00e7\u00e3o.<\/p>\n\n\n\n<p class=\"has-medium-font-size\">(B) Fus\u00e3o de estilos e incorpora\u00e7\u00e3o de novas tecnologias.<\/p>\n\n\n\n<p class=\"has-medium-font-size\">(C) Manuten\u00e7\u00e3o das ra\u00edzes do samba e da MPB.<\/p>\n\n\n\n<p class=\"has-medium-font-size\">(D) \u00canfase na m\u00fasica cl\u00e1ssica e erudita.<\/p>\n\n\n\n<p class=\"has-black-color has-text-color has-background has-medium-font-size\" style=\"background-color:#de4b4b\"><strong>QUEST\u00c3O 3<\/strong><\/p>\n\n\n\n<p class=\"has-medium-font-size\">Qual movimento cultural influenciou o rock brasileiro na segunda metade dos anos 1960, trazendo elementos experimentais e psicod\u00e9licos?<\/p>\n\n\n\n<p class=\"has-black-color has-text-color has-background has-medium-font-size\" style=\"background-color:#de4b4b\"><strong>QUEST\u00c3O 4<\/strong><\/p>\n\n\n\n<p class=\"has-medium-font-size\">Quais estilos musicais foram incorporados ao rock brasileiro nos anos 1990, com bandas como Raimundos, Charlie Brown Jr?<\/p>\n\n\n\n<figure class=\"wp-block-table is-style-stripes\"><table><tbody><tr><td><strong>Autoria<\/strong><\/td><td>Veruska Bettiol<\/td><\/tr><tr><td><strong>Forma\u00e7\u00e3o<\/strong><\/td><td>Arte<\/td><\/tr><tr><td><strong>Componente Curricular<\/strong><\/td><td>Arte\/M\u00fasica<\/td><\/tr><tr><td><strong>Habilidade<\/strong><\/td><td>(EF69AR18) Reconhecer e apreciar o papel de m\u00fasicos e grupos de m\u00fasica brasileiros e estrangeiros que contribu\u00edram para o desenvolvimento de formas e g\u00eaneros musicais.<\/td><\/tr><tr><td><strong>Refer\u00eancias<\/strong><\/td><td><strong>BENNETT<\/strong>, Roy. Uma breve hist\u00f3ria da m\u00fasica. Rio de Janeiro: Zahar, 1986.<br><strong>CHACON<\/strong>, Paulo, O que \u00e9 rock. S\u00e3o Paulo: Brasiliense, 1982.<br><strong>JEANDOT<\/strong>, Nicole. Explorando o Universo da M\u00fasica. 3. ed. S\u00e3o Paulo: Scipione, 1993.<\/td><\/tr><\/tbody><\/table><\/figure>\n","protected":false},"author":62,"featured_media":172911,"template":"","ef_categoria":[15,27],"ef_ano":[89],"ef_componente":[99],"class_list":["post-150263","ensino_fundamental","type-ensino_fundamental","status-publish","has-post-thumbnail","hentry","ef_categoria-ciclo-da-adolescencia-fg","ef_categoria-corpo-e-movimento-ciclo-da-adolescencia-fg","ef_ano-6o-ano","ef_componente-arte-ef","entry","has-media"],"acf":[],"_links":{"self":[{"href":"https:\/\/sme.goiania.go.gov.br\/conexaoescola\/wp-json\/wp\/v2\/ensino_fundamental\/150263","targetHints":{"allow":["GET"]}}],"collection":[{"href":"https:\/\/sme.goiania.go.gov.br\/conexaoescola\/wp-json\/wp\/v2\/ensino_fundamental"}],"about":[{"href":"https:\/\/sme.goiania.go.gov.br\/conexaoescola\/wp-json\/wp\/v2\/types\/ensino_fundamental"}],"author":[{"embeddable":true,"href":"https:\/\/sme.goiania.go.gov.br\/conexaoescola\/wp-json\/wp\/v2\/users\/62"}],"version-history":[{"count":1,"href":"https:\/\/sme.goiania.go.gov.br\/conexaoescola\/wp-json\/wp\/v2\/ensino_fundamental\/150263\/revisions"}],"predecessor-version":[{"id":172912,"href":"https:\/\/sme.goiania.go.gov.br\/conexaoescola\/wp-json\/wp\/v2\/ensino_fundamental\/150263\/revisions\/172912"}],"wp:featuredmedia":[{"embeddable":true,"href":"https:\/\/sme.goiania.go.gov.br\/conexaoescola\/wp-json\/wp\/v2\/media\/172911"}],"wp:attachment":[{"href":"https:\/\/sme.goiania.go.gov.br\/conexaoescola\/wp-json\/wp\/v2\/media?parent=150263"}],"wp:term":[{"taxonomy":"ef_categoria","embeddable":true,"href":"https:\/\/sme.goiania.go.gov.br\/conexaoescola\/wp-json\/wp\/v2\/ef_categoria?post=150263"},{"taxonomy":"ef_ano","embeddable":true,"href":"https:\/\/sme.goiania.go.gov.br\/conexaoescola\/wp-json\/wp\/v2\/ef_ano?post=150263"},{"taxonomy":"ef_componente","embeddable":true,"href":"https:\/\/sme.goiania.go.gov.br\/conexaoescola\/wp-json\/wp\/v2\/ef_componente?post=150263"}],"curies":[{"name":"wp","href":"https:\/\/api.w.org\/{rel}","templated":true}]}}

Arte/Música &#8211; Rock Brasileiro

<p class="has-text-align-center has-background has-medium-font-size" style="background-color:#de4b4b">Esta proposta de atividade de ARTE/MÚSICA é destinada aos estudantes do 6º ano do Ensino Fundamental.</p>



<div class="wp-block-buttons is-content-justification-center is-layout-flex wp-container-core-buttons-is-layout-16018d1d wp-block-buttons-is-layout-flex">
<div class="wp-block-button"><a class="wp-block-button__link wp-element-button" href="https://drive.google.com/uc?export=download&amp;id=1DWSQ78OZQY9z3qc-WEurVRQKu9vFLzEw" target="_blank" rel="noreferrer noopener">Baixe a atividade</a></div>



<div class="wp-block-button"><a class="wp-block-button__link wp-element-button" href="https://drive.google.com/uc?export=download&amp;id=1HnR58850ljrKvvE2kCJU3JbQIcftNCtr" target="_blank" rel="noreferrer noopener">Baixe os slides</a></div>



<div class="wp-block-button"><a class="wp-block-button__link wp-element-button" href="https://drive.google.com/uc?export=download&amp;id=1-2ezo_1shNkivRu0j6vcH4Hg7igjidEO" target="_blank" rel="noreferrer noopener">Baixe o texto</a></div>
</div>



<p></p>


<div class="wp-block-image">
<figure class="aligncenter size-full is-resized"><img fetchpriority="high" decoding="async" src="https://sme.goiania.go.gov.br/conexaoescola/wp-content/uploads/2023/11/image-64.png" alt="" class="wp-image-172900" width="388" height="218" srcset="https://sme.goiania.go.gov.br/conexaoescola/wp-content/uploads/2023/11/image-64.png 597w, https://sme.goiania.go.gov.br/conexaoescola/wp-content/uploads/2023/11/image-64-300x169.png 300w" sizes="(max-width: 388px) 100vw, 388px" /></figure></div>


<p class="has-text-align-center has-small-font-size">Disponível em <a href="https://www.deviantart.com/clairaakami/art/Rock-Guitar-Wallpaper-727459689%20Acesso%20em%2016">https://www.deviantart.com/clairaakami/art/Rock-Guitar-Wallpaper-727459689 Acesso em 16</a>, nov. 2023.</p>



<p class="has-text-align-center has-medium-font-size"><strong>Rock Brasileiro</strong></p>



<p class="has-medium-font-size">O rock brasileiro é uma manifestação musical que ganhou força e identidade própria ao longo das décadas, refletindo as influências globais desse gênero e incorporando elementos únicos da cultura brasileira. Sua origem remonta à década de 1950, quando o rock&#8217;n&#8217;roll começou a se popularizar internacionalmente. Contudo, foi nos anos 1960 que o rock brasileiro começou a tomar forma e se destacou.</p>



<p class="has-medium-font-size">Naquela época, artistas como Roberto Carlos e Erasmo Carlos popularizaram o rock no Brasil, trazendo uma abordagem mais suave e romântica ao gênero. No entanto, foi com a Tropicália, movimento cultural que surgiu na segunda metade dos anos 1960, que o rock brasileiro começou a incorporar influências mais experimentais e psicodélicas.</p>


<div class="wp-block-image">
<figure class="aligncenter size-full is-resized"><img decoding="async" src="https://sme.goiania.go.gov.br/conexaoescola/wp-content/uploads/2023/11/image-66.png" alt="" class="wp-image-172904" width="479" height="301" srcset="https://sme.goiania.go.gov.br/conexaoescola/wp-content/uploads/2023/11/image-66.png 570w, https://sme.goiania.go.gov.br/conexaoescola/wp-content/uploads/2023/11/image-66-300x188.png 300w" sizes="(max-width: 479px) 100vw, 479px" /></figure></div>


<p class="has-text-align-center has-small-font-size">Disponível em <a href="https://commons.wikimedia.org/wiki/File:Tropic%C3%A1lia.jpg">https://commons.wikimedia.org/wiki/File:Tropic%C3%A1lia.jpg</a> Acesso em 14, nov. 2023.</p>



<p class="has-medium-font-size">Ao longo dos anos de 1970, surgiram diversas bandas que marcaram o cenário do rock brasileiro, como Os Mutantes, Secos &amp; Molhados e Novos Baianos. Essas bandas se desenvolveram para a diversificação do gênero, explorando novas sonoridades e incorporando elementos da música brasileira tradicional.</p>



<p class="has-medium-font-size">A década de 1980 foi marcada pelo surgimento de bandas que se tornaram ícones do rock brasileiro. Legião Urbana, Paralamas do Sucesso, Titãs e Barão Vermelho são alguns dos nomes que conquistaram o público e influenciaram as gerações subsequentes. As letras muitas vezes abordavam questões sociais e políticas, refletindo o contexto turbulento da época.</p>


<div class="wp-block-image">
<figure class="aligncenter size-full is-resized"><img decoding="async" src="https://sme.goiania.go.gov.br/conexaoescola/wp-content/uploads/2023/11/image-67.png" alt="" class="wp-image-172905" width="483" height="292" srcset="https://sme.goiania.go.gov.br/conexaoescola/wp-content/uploads/2023/11/image-67.png 716w, https://sme.goiania.go.gov.br/conexaoescola/wp-content/uploads/2023/11/image-67-300x182.png 300w" sizes="(max-width: 483px) 100vw, 483px" /></figure></div>


<p class="has-text-align-center has-small-font-size">Disponível em <a href="https://commons.wikimedia.org/wiki/File:Tit%C3%A3s2013.jpg">https://commons.wikimedia.org/wiki/File:Tit%C3%A3s2013.jpg</a> Acesso em 16, nov. 2023.</p>



<p class="has-medium-font-size">Nos anos 1990, o rock brasileiro experimentou uma explosão de estilos, com bandas como Raimundos, Charlie Brown Jr. e O Rappa trazendo elementos do punk e reggae para o cenário musical. Ao mesmo tempo, o rock alternativo ganha espaço com grupos como Planet Hemp e Pato Fu.</p>


<div class="wp-block-image">
<figure class="aligncenter size-full is-resized"><img loading="lazy" decoding="async" src="https://sme.goiania.go.gov.br/conexaoescola/wp-content/uploads/2023/11/image-68.png" alt="" class="wp-image-172906" width="476" height="316" srcset="https://sme.goiania.go.gov.br/conexaoescola/wp-content/uploads/2023/11/image-68.png 619w, https://sme.goiania.go.gov.br/conexaoescola/wp-content/uploads/2023/11/image-68-300x200.png 300w" sizes="(max-width: 476px) 100vw, 476px" /></figure></div>


<p class="has-text-align-center has-small-font-size">Disponível em <a href="https://www.flickr.com/photos/grace_land/5006955744%20Acesso%20em%2016">https://www.flickr.com/photos/grace_land/5006955744 Acesso em 16</a>, nov. 2023.</p>



<p class="has-medium-font-size">No início do século XXI, novas bandas continuaram a moldar o cenário do rock brasileiro. Pitty, CPM 22, NX Zero e outros trouxeram abordagens contemporâneas e exploraram fusões com outros estilos musicais.</p>



<p class="has-medium-font-size">Atualmente, o rock brasileiro continua evoluindo, com artistas que mesclam influências diversas, incorporam novas tecnologias e exploram fronteiras estilísticas.</p>


<div class="wp-block-image">
<figure class="aligncenter size-full is-resized"><img loading="lazy" decoding="async" src="https://sme.goiania.go.gov.br/conexaoescola/wp-content/uploads/2023/11/image-69.png" alt="" class="wp-image-172907" width="479" height="319" srcset="https://sme.goiania.go.gov.br/conexaoescola/wp-content/uploads/2023/11/image-69.png 642w, https://sme.goiania.go.gov.br/conexaoescola/wp-content/uploads/2023/11/image-69-300x200.png 300w" sizes="(max-width: 479px) 100vw, 479px" /></figure></div>


<p class="has-text-align-center has-small-font-size">Disponível em <a href="https://www.flickr.com/photos/midianinja/52674269814%20Acesso%20em%2016">https://www.flickr.com/photos/midianinja/52674269814 Acesso em 16</a>, nov. 2023.</p>



<p class="has-medium-font-size">Embora o cenário musical brasileiro seja rico e diversificado, o rock permanece uma força poderosa, conectando gerações e expressando a pluralidade cultural do país.</p>



<p class="has-black-color has-text-color has-background has-medium-font-size" style="background-color:#de4b4b"><strong>QUESTÃO 1</strong></p>



<p class="has-medium-font-size">O rock brasileiro é uma manifestação musical que ganhou força e identidade própria ao longo das décadas, refletindo as influências globais desse gênero e incorporando elementos únicos da cultura brasileira. Quando o rock brasileiro começou a ganhar destaque e identidade própria?</p>



<p class="has-medium-font-size">(A) Década de 1950</p>



<p class="has-medium-font-size">(B) Anos 1960</p>



<p class="has-medium-font-size">(C) Anos 1970</p>



<p class="has-medium-font-size">(D) Década de 1980</p>



<p class="has-black-color has-text-color has-background has-medium-font-size" style="background-color:#de4b4b"><strong>QUESTÃO 2</strong></p>



<p class="has-medium-font-size">Atualmente, o rock brasileiro continua evoluindo. O que caracteriza a evolução atual do rock brasileiro?</p>



<p class="has-medium-font-size">(A) Conservadorismo e tradição.</p>



<p class="has-medium-font-size">(B) Fusão de estilos e incorporação de novas tecnologias.</p>



<p class="has-medium-font-size">(C) Manutenção das raízes do samba e da MPB.</p>



<p class="has-medium-font-size">(D) Ênfase na música clássica e erudita.</p>



<p class="has-black-color has-text-color has-background has-medium-font-size" style="background-color:#de4b4b"><strong>QUESTÃO 3</strong></p>



<p class="has-medium-font-size">Qual movimento cultural influenciou o rock brasileiro na segunda metade dos anos 1960, trazendo elementos experimentais e psicodélicos?</p>



<p class="has-black-color has-text-color has-background has-medium-font-size" style="background-color:#de4b4b"><strong>QUESTÃO 4</strong></p>



<p class="has-medium-font-size">Quais estilos musicais foram incorporados ao rock brasileiro nos anos 1990, com bandas como Raimundos, Charlie Brown Jr?</p>



<figure class="wp-block-table is-style-stripes"><table><tbody><tr><td><strong>Autoria</strong></td><td>Veruska Bettiol</td></tr><tr><td><strong>Formação</strong></td><td>Arte</td></tr><tr><td><strong>Componente Curricular</strong></td><td>Arte/Música</td></tr><tr><td><strong>Habilidade</strong></td><td>(EF69AR18) Reconhecer e apreciar o papel de músicos e grupos de música brasileiros e estrangeiros que contribuíram para o desenvolvimento de formas e gêneros musicais.</td></tr><tr><td><strong>Referências</strong></td><td><strong>BENNETT</strong>, Roy. Uma breve história da música. Rio de Janeiro: Zahar, 1986.<br><strong>CHACON</strong>, Paulo, O que é rock. São Paulo: Brasiliense, 1982.<br><strong>JEANDOT</strong>, Nicole. Explorando o Universo da Música. 3. ed. São Paulo: Scipione, 1993.</td></tr></tbody></table></figure>
