{"id":150244,"date":"2022-09-18T19:15:35","date_gmt":"2022-09-18T22:15:35","guid":{"rendered":"https:\/\/sme.goiania.go.gov.br\/conexaoescola\/?post_type=ensino_fundamental&#038;p=150244"},"modified":"2022-09-25T09:30:55","modified_gmt":"2022-09-25T12:30:55","slug":"historia-o-passar-dos-dias","status":"publish","type":"ensino_fundamental","link":"https:\/\/sme.goiania.go.gov.br\/conexaoescola\/ensino_fundamental\/historia-o-passar-dos-dias\/","title":{"rendered":"Hist\u00f3ria &#8211; O passar dos dias"},"content":{"rendered":"\n<p class=\"has-text-align-center has-black-color has-text-color has-background has-medium-font-size\" style=\"background-color:#e5d29b\">Esta proposta de atividade de<strong>&nbsp;HIST\u00d3RIA&nbsp;<\/strong>\u00e9 destinada aos estudantes do <strong>2\u00ba ano&nbsp;do Ensino Fundamental<\/strong><\/p>\n\n\n\n<p class=\"has-medium-font-size\">EM COMUNIDADE AS PESSOAS REALIZAM V\u00c1RIAS ATIVIDADES DURANTE OS DIAS DA SEMANA. A ORGANIZA\u00c7\u00c3O DOS DIAS POSSIBILITA O PLANEJAMENTO E A ORDEM DOS AFAZERES.<\/p>\n\n\n\n<p class=\"has-text-align-center has-black-color has-text-color has-background has-medium-font-size\" style=\"background-color:#efefef\"><strong>VAMOS RESPONDER ALGUMAS QUEST\u00d5ES?<\/strong><\/p>\n\n\n\n<div class=\"wp-block-image\"><figure class=\"aligncenter size-full\"><img fetchpriority=\"high\" decoding=\"async\" width=\"376\" height=\"500\" src=\"https:\/\/sme.goiania.go.gov.br\/conexaoescola\/wp-content\/uploads\/2022\/09\/calendar_ico_pack.png\" alt=\"\" class=\"wp-image-150247\" srcset=\"https:\/\/sme.goiania.go.gov.br\/conexaoescola\/wp-content\/uploads\/2022\/09\/calendar_ico_pack.png 376w, https:\/\/sme.goiania.go.gov.br\/conexaoescola\/wp-content\/uploads\/2022\/09\/calendar_ico_pack-226x300.png 226w\" sizes=\"(max-width: 376px) 100vw, 376px\" \/><\/figure><\/div>\n\n\n\n<p class=\"has-text-align-center has-small-font-size\"><strong>&nbsp;<\/strong>Dispon\u00edvel em: https:\/\/publicdomainvectors.org\/pt\/vetorial-gratis\/Desenho-de-conjunto-de-%C3%ADcones-de-computador-calend%C3%A1rio-vetorial\/22261.html. Acesso em 10 set. 2022<\/p>\n\n\n\n<p class=\"has-black-color has-text-color has-background has-medium-font-size\" style=\"background-color:#e5d29b\"><strong>QUEST\u00c3O 1<\/strong><\/p>\n\n\n\n<p class=\"has-medium-font-size\">OBSERVE UM CALEND\u00c1RIO E RESPONDA \u00c0S SEGUINTES QUEST\u00d5ES:<\/p>\n\n\n\n<ol class=\"has-medium-font-size wp-block-list\"><li>IDENTIFIQUE UMA DATA QUE EST\u00c1 DESCRITA COMO FERIADO.<\/li><li>A DATA DO FERIADO \u00c9 CONSIDERADO UM DIA \u00daTIL? POR QU\u00ca?<\/li><li>FA\u00c7A UMA PESQUISA E DESCUBRA POR QUAL MOTIVO A DATA QUE VOC\u00ca IDENTIFICOU \u00c9 CONSIDERADA FERIADO.<\/li><\/ol>\n\n\n\n<p class=\"has-black-color has-text-color has-background has-medium-font-size\" style=\"background-color:#e5d29b\"><strong>QUEST\u00c3O 2<\/strong><\/p>\n\n\n\n<p class=\"has-medium-font-size\">A ORGANIZA\u00c7\u00c3O DOS DIAS DA SEMANA \u00c9 FUNDAMENTAL PARA QUE OS NOSSOS COMPROMISSOS SEJAM CUMPRIDOS.<\/p>\n\n\n\n<p class=\"has-medium-font-size\">PREENCHA A AGENDA A SEGUIR INDICANDO AS ATIVIDADES QUE VOC\u00ca PLANEJOU PARA A SEMANA:<\/p>\n\n\n\n<figure class=\"wp-block-image size-full\"><img decoding=\"async\" width=\"864\" height=\"361\" src=\"https:\/\/sme.goiania.go.gov.br\/conexaoescola\/wp-content\/uploads\/2022\/09\/tabela-2....png\" alt=\"\" class=\"wp-image-150246\" srcset=\"https:\/\/sme.goiania.go.gov.br\/conexaoescola\/wp-content\/uploads\/2022\/09\/tabela-2....png 864w, https:\/\/sme.goiania.go.gov.br\/conexaoescola\/wp-content\/uploads\/2022\/09\/tabela-2...-300x125.png 300w, https:\/\/sme.goiania.go.gov.br\/conexaoescola\/wp-content\/uploads\/2022\/09\/tabela-2...-768x321.png 768w\" sizes=\"(max-width: 864px) 100vw, 864px\" \/><\/figure>\n\n\n\n<p class=\"has-black-color has-text-color has-background has-medium-font-size\" style=\"background-color:#e5d29b\"><strong>QUEST\u00c3O 3<\/strong><\/p>\n\n\n\n<p class=\"has-medium-font-size\">OS ANTIGOS BABIL\u00d4NIOS OBSERVAVAM AS FASES DA LUA PARA FIXAR A ORGANIZA\u00c7\u00c3O DO TEMPO EM SEMANAS.<\/p>\n\n\n\n<p class=\"has-text-align-center\"><img decoding=\"async\" src=\"https:\/\/lh6.googleusercontent.com\/vuvuvRWR2m2pkD1sJJAwcisyCRqypgto07tDOP4sxONe2t6ejRgP0V3fll89rUc8e_LXnB5uGhR2v4PPY-pNzZDb-Y6Ifasg8lJR7HBmn4pwweFiHZeDRvgC6Vpcl-Ov65IoiGJ5YQNpfqs3nwgF08M2xmPdhjmupgI9oZviCAPMp5BA_DW4UfdM\" width=\"286\" height=\"286\"><\/p>\n\n\n\n<p class=\"has-text-align-center has-small-font-size\"><strong>&nbsp;<\/strong>Dispon\u00edvel em:https:\/\/www.publicdomainpictures.net\/pt\/view-image.php?image=119866&amp;picture=fases-da-lua. Acesso em 10 set. 2022<\/p>\n\n\n\n<p class=\"has-medium-font-size\">OBSERVE O C\u00c9U A NOITE E FA\u00c7A UMA CONSULTA AO CALEND\u00c1RIO PARA RESPONDER \u00c0S SEGUINTES QUEST\u00d5ES:<\/p>\n\n\n\n<ol class=\"has-medium-font-size wp-block-list\"><li>QUAL A FASE DA LUA NO DIA DE HOJE? FA\u00c7A UMA ILUSTRA\u00c7\u00c3O QUE REPRESENTA A FASE DA LUA OBSERVADA POR VOC\u00ca.<\/li><li>QUAL A PR\u00d3XIMA FASE DA LUA E QUAL A DATA INDICADA NO CALEND\u00c1RIO EM QUE HAVER\u00c1 A MUDAN\u00c7A?<\/li><\/ol>\n\n\n\n<hr class=\"wp-block-separator\"\/>\n\n\n\n<p class=\"has-black-color has-text-color has-background has-medium-font-size\" style=\"background-color:#e5d29b\"><strong>SAIBA MAIS<\/strong><\/p>\n\n\n\n<figure class=\"wp-block-embed is-type-video is-provider-youtube wp-block-embed-youtube wp-embed-aspect-16-9 wp-has-aspect-ratio\"><div class=\"wp-block-embed__wrapper\">\n<p class=\"responsive-video-wrap clr\"><iframe title=\"O passar dos dias\" width=\"1200\" height=\"675\" src=\"https:\/\/www.youtube.com\/embed\/wCcHl7aos6g?feature=oembed\" frameborder=\"0\" allow=\"accelerometer; autoplay; clipboard-write; encrypted-media; gyroscope; picture-in-picture\" allowfullscreen><\/iframe><\/p>\n<\/div><figcaption>Canal Lorena Guimar\u00e3es de Oliveira &#8220;O passar dos dias&#8221;  Dispon\u00edvel em: https:\/\/www.youtube.com\/watch?v=wCcHl7aos6g Acesso 25 Set 2022<\/figcaption><\/figure>\n\n\n\n<hr class=\"wp-block-separator\"\/>\n\n\n\n<p class=\"has-black-color has-text-color has-background has-medium-font-size\" style=\"background-color:#e5d29b\"><strong>ACESSE OS MATERIAIS REFERENTES A ESSA ATIVIDADE CLICANDO AQUI: <\/strong><a href=\"https:\/\/sme.goiania.go.gov.br\/conexaoescola\/propostas_didaticas\/propostas-didaticas-historia-2o-ano\/\" data-type=\"URL\" data-id=\"https:\/\/sme.goiania.go.gov.br\/conexaoescola\/propostas_didaticas\/propostas-didaticas-historia-2o-ano\/\">https:\/\/sme.goiania.go.gov.br\/conexaoescola\/propostas_didaticas\/propostas-didaticas-historia-2o-ano\/<\/a><\/p>\n\n\n\n<hr class=\"wp-block-separator\"\/>\n\n\n\n<figure class=\"wp-block-table is-style-stripes\"><table><tbody><tr><td><strong>Componente Curricular:<\/strong><\/td><td>Hist\u00f3ria<\/td><\/tr><tr><td><strong>Habilidade:<\/strong><\/td><td>(EF02HI06) Identificar e organizar, temporariamente, fatos da vida cotidiana, usando no\u00e7\u00f5es relacionadas ao tempo (antes, durante, ao mesmo tempo e depois).<br><br>(EF02HI07) Identificar e utilizar diferentes marcadores do tempo presentes na comunidade, como rel\u00f3gio e calend\u00e1rio.<br><br><\/td><\/tr><tr><td><strong>Refer\u00eancias<\/strong><\/td><td><a href=\"http:\/\/blog.kukos.com.br\/descubra-a-historia-do-relogio-cuco\/\" data-type=\"URL\" data-id=\"http:\/\/blog.kukos.com.br\/descubra-a-historia-do-relogio-cuco\/\"><br>CI\u00caNCIA HOJE DAS CRIAN\u00c7AS. Por que a semana tem sete dias? Dispon\u00edvel em: https:\/\/chc.org.br\/acervo\/por-que-a-semana-tem-sete-dias\/. Acesso em 10 set. 2022.&nbsp;<br><br>TODA MAT\u00c9RIA. Fases da Lua. Dispon\u00edvel em: https:\/\/www.todamateria.com.br\/fases-da-lua\/. Acesso em 10 set. 2022.<br><br>NIEAD UFAC. Dias da semana \u2013 LIBRAS &#8211; UFAC. Dispon\u00edvel em https:\/\/www.youtube.com\/watch?v=hQ9a0kZaHd4&amp;t=30s. Acesso em 10 set. 2022.<br><\/a><br><\/td><\/tr><\/tbody><\/table><\/figure>\n","protected":false},"author":59,"featured_media":150247,"template":"","ef_categoria":[13,20],"ef_ano":[85],"ef_componente":[95],"class_list":["post-150244","ensino_fundamental","type-ensino_fundamental","status-publish","has-post-thumbnail","hentry","ef_categoria-ciclo-da-infancia-abc","ef_categoria-etica-e-cidadania","ef_ano-2o-ano","ef_componente-historia","entry","has-media"],"acf":[],"_links":{"self":[{"href":"https:\/\/sme.goiania.go.gov.br\/conexaoescola\/wp-json\/wp\/v2\/ensino_fundamental\/150244","targetHints":{"allow":["GET"]}}],"collection":[{"href":"https:\/\/sme.goiania.go.gov.br\/conexaoescola\/wp-json\/wp\/v2\/ensino_fundamental"}],"about":[{"href":"https:\/\/sme.goiania.go.gov.br\/conexaoescola\/wp-json\/wp\/v2\/types\/ensino_fundamental"}],"author":[{"embeddable":true,"href":"https:\/\/sme.goiania.go.gov.br\/conexaoescola\/wp-json\/wp\/v2\/users\/59"}],"version-history":[{"count":0,"href":"https:\/\/sme.goiania.go.gov.br\/conexaoescola\/wp-json\/wp\/v2\/ensino_fundamental\/150244\/revisions"}],"wp:featuredmedia":[{"embeddable":true,"href":"https:\/\/sme.goiania.go.gov.br\/conexaoescola\/wp-json\/wp\/v2\/media\/150247"}],"wp:attachment":[{"href":"https:\/\/sme.goiania.go.gov.br\/conexaoescola\/wp-json\/wp\/v2\/media?parent=150244"}],"wp:term":[{"taxonomy":"ef_categoria","embeddable":true,"href":"https:\/\/sme.goiania.go.gov.br\/conexaoescola\/wp-json\/wp\/v2\/ef_categoria?post=150244"},{"taxonomy":"ef_ano","embeddable":true,"href":"https:\/\/sme.goiania.go.gov.br\/conexaoescola\/wp-json\/wp\/v2\/ef_ano?post=150244"},{"taxonomy":"ef_componente","embeddable":true,"href":"https:\/\/sme.goiania.go.gov.br\/conexaoescola\/wp-json\/wp\/v2\/ef_componente?post=150244"}],"curies":[{"name":"wp","href":"https:\/\/api.w.org\/{rel}","templated":true}]}}

História &#8211; O passar dos dias

<p class="has-text-align-center has-black-color has-text-color has-background has-medium-font-size" style="background-color:#e5d29b">Esta proposta de atividade de<strong>&nbsp;HISTÓRIA&nbsp;</strong>é destinada aos estudantes do <strong>2º ano&nbsp;do Ensino Fundamental</strong></p>



<p class="has-medium-font-size">EM COMUNIDADE AS PESSOAS REALIZAM VÁRIAS ATIVIDADES DURANTE OS DIAS DA SEMANA. A ORGANIZAÇÃO DOS DIAS POSSIBILITA O PLANEJAMENTO E A ORDEM DOS AFAZERES.</p>



<p class="has-text-align-center has-black-color has-text-color has-background has-medium-font-size" style="background-color:#efefef"><strong>VAMOS RESPONDER ALGUMAS QUESTÕES?</strong></p>



<div class="wp-block-image"><figure class="aligncenter size-full"><img fetchpriority="high" decoding="async" width="376" height="500" src="https://sme.goiania.go.gov.br/conexaoescola/wp-content/uploads/2022/09/calendar_ico_pack.png" alt="" class="wp-image-150247" srcset="https://sme.goiania.go.gov.br/conexaoescola/wp-content/uploads/2022/09/calendar_ico_pack.png 376w, https://sme.goiania.go.gov.br/conexaoescola/wp-content/uploads/2022/09/calendar_ico_pack-226x300.png 226w" sizes="(max-width: 376px) 100vw, 376px" /></figure></div>



<p class="has-text-align-center has-small-font-size"><strong>&nbsp;</strong>Disponível em: https://publicdomainvectors.org/pt/vetorial-gratis/Desenho-de-conjunto-de-%C3%ADcones-de-computador-calend%C3%A1rio-vetorial/22261.html. Acesso em 10 set. 2022</p>



<p class="has-black-color has-text-color has-background has-medium-font-size" style="background-color:#e5d29b"><strong>QUESTÃO 1</strong></p>



<p class="has-medium-font-size">OBSERVE UM CALENDÁRIO E RESPONDA ÀS SEGUINTES QUESTÕES:</p>



<ol class="has-medium-font-size wp-block-list"><li>IDENTIFIQUE UMA DATA QUE ESTÁ DESCRITA COMO FERIADO.</li><li>A DATA DO FERIADO É CONSIDERADO UM DIA ÚTIL? POR QUÊ?</li><li>FAÇA UMA PESQUISA E DESCUBRA POR QUAL MOTIVO A DATA QUE VOCÊ IDENTIFICOU É CONSIDERADA FERIADO.</li></ol>



<p class="has-black-color has-text-color has-background has-medium-font-size" style="background-color:#e5d29b"><strong>QUESTÃO 2</strong></p>



<p class="has-medium-font-size">A ORGANIZAÇÃO DOS DIAS DA SEMANA É FUNDAMENTAL PARA QUE OS NOSSOS COMPROMISSOS SEJAM CUMPRIDOS.</p>



<p class="has-medium-font-size">PREENCHA A AGENDA A SEGUIR INDICANDO AS ATIVIDADES QUE VOCÊ PLANEJOU PARA A SEMANA:</p>



<figure class="wp-block-image size-full"><img decoding="async" width="864" height="361" src="https://sme.goiania.go.gov.br/conexaoescola/wp-content/uploads/2022/09/tabela-2....png" alt="" class="wp-image-150246" srcset="https://sme.goiania.go.gov.br/conexaoescola/wp-content/uploads/2022/09/tabela-2....png 864w, https://sme.goiania.go.gov.br/conexaoescola/wp-content/uploads/2022/09/tabela-2...-300x125.png 300w, https://sme.goiania.go.gov.br/conexaoescola/wp-content/uploads/2022/09/tabela-2...-768x321.png 768w" sizes="(max-width: 864px) 100vw, 864px" /></figure>



<p class="has-black-color has-text-color has-background has-medium-font-size" style="background-color:#e5d29b"><strong>QUESTÃO 3</strong></p>



<p class="has-medium-font-size">OS ANTIGOS BABILÔNIOS OBSERVAVAM AS FASES DA LUA PARA FIXAR A ORGANIZAÇÃO DO TEMPO EM SEMANAS.</p>



<p class="has-text-align-center"><img decoding="async" src="https://lh6.googleusercontent.com/vuvuvRWR2m2pkD1sJJAwcisyCRqypgto07tDOP4sxONe2t6ejRgP0V3fll89rUc8e_LXnB5uGhR2v4PPY-pNzZDb-Y6Ifasg8lJR7HBmn4pwweFiHZeDRvgC6Vpcl-Ov65IoiGJ5YQNpfqs3nwgF08M2xmPdhjmupgI9oZviCAPMp5BA_DW4UfdM" width="286" height="286"></p>



<p class="has-text-align-center has-small-font-size"><strong>&nbsp;</strong>Disponível em:https://www.publicdomainpictures.net/pt/view-image.php?image=119866&amp;picture=fases-da-lua. Acesso em 10 set. 2022</p>



<p class="has-medium-font-size">OBSERVE O CÉU A NOITE E FAÇA UMA CONSULTA AO CALENDÁRIO PARA RESPONDER ÀS SEGUINTES QUESTÕES:</p>



<ol class="has-medium-font-size wp-block-list"><li>QUAL A FASE DA LUA NO DIA DE HOJE? FAÇA UMA ILUSTRAÇÃO QUE REPRESENTA A FASE DA LUA OBSERVADA POR VOCÊ.</li><li>QUAL A PRÓXIMA FASE DA LUA E QUAL A DATA INDICADA NO CALENDÁRIO EM QUE HAVERÁ A MUDANÇA?</li></ol>



<hr class="wp-block-separator"/>



<p class="has-black-color has-text-color has-background has-medium-font-size" style="background-color:#e5d29b"><strong>SAIBA MAIS</strong></p>



<figure class="wp-block-embed is-type-video is-provider-youtube wp-block-embed-youtube wp-embed-aspect-16-9 wp-has-aspect-ratio"><div class="wp-block-embed__wrapper">
<p class="responsive-video-wrap clr"><iframe title="O passar dos dias" width="1200" height="675" src="https://www.youtube.com/embed/wCcHl7aos6g?feature=oembed" frameborder="0" allow="accelerometer; autoplay; clipboard-write; encrypted-media; gyroscope; picture-in-picture" allowfullscreen></iframe></p>
</div><figcaption>Canal Lorena Guimarães de Oliveira &#8220;O passar dos dias&#8221;  Disponível em: https://www.youtube.com/watch?v=wCcHl7aos6g Acesso 25 Set 2022</figcaption></figure>



<hr class="wp-block-separator"/>



<p class="has-black-color has-text-color has-background has-medium-font-size" style="background-color:#e5d29b"><strong>ACESSE OS MATERIAIS REFERENTES A ESSA ATIVIDADE CLICANDO AQUI: </strong><a href="https://sme.goiania.go.gov.br/conexaoescola/propostas_didaticas/propostas-didaticas-historia-2o-ano/" data-type="URL" data-id="https://sme.goiania.go.gov.br/conexaoescola/propostas_didaticas/propostas-didaticas-historia-2o-ano/">https://sme.goiania.go.gov.br/conexaoescola/propostas_didaticas/propostas-didaticas-historia-2o-ano/</a></p>



<hr class="wp-block-separator"/>



<figure class="wp-block-table is-style-stripes"><table><tbody><tr><td><strong>Componente Curricular:</strong></td><td>História</td></tr><tr><td><strong>Habilidade:</strong></td><td>(EF02HI06) Identificar e organizar, temporariamente, fatos da vida cotidiana, usando noções relacionadas ao tempo (antes, durante, ao mesmo tempo e depois).<br><br>(EF02HI07) Identificar e utilizar diferentes marcadores do tempo presentes na comunidade, como relógio e calendário.<br><br></td></tr><tr><td><strong>Referências</strong></td><td><a href="http://blog.kukos.com.br/descubra-a-historia-do-relogio-cuco/" data-type="URL" data-id="http://blog.kukos.com.br/descubra-a-historia-do-relogio-cuco/"><br>CIÊNCIA HOJE DAS CRIANÇAS. Por que a semana tem sete dias? Disponível em: https://chc.org.br/acervo/por-que-a-semana-tem-sete-dias/. Acesso em 10 set. 2022.&nbsp;<br><br>TODA MATÉRIA. Fases da Lua. Disponível em: https://www.todamateria.com.br/fases-da-lua/. Acesso em 10 set. 2022.<br><br>NIEAD UFAC. Dias da semana – LIBRAS &#8211; UFAC. Disponível em https://www.youtube.com/watch?v=hQ9a0kZaHd4&amp;t=30s. Acesso em 10 set. 2022.<br></a><br></td></tr></tbody></table></figure>
