{"id":150097,"date":"2022-09-12T06:35:00","date_gmt":"2022-09-12T09:35:00","guid":{"rendered":"https:\/\/sme.goiania.go.gov.br\/conexaoescola\/?post_type=ensino_fundamental&#038;p=150097"},"modified":"2022-09-25T19:24:55","modified_gmt":"2022-09-25T22:24:55","slug":"historia-as-insurgencias-do-periodo-regencial-no-brasil","status":"publish","type":"ensino_fundamental","link":"https:\/\/sme.goiania.go.gov.br\/conexaoescola\/ensino_fundamental\/historia-as-insurgencias-do-periodo-regencial-no-brasil\/","title":{"rendered":"Hist\u00f3ria &#8211; As insurg\u00eancias do Per\u00edodo Regencial no Brasil"},"content":{"rendered":"\n<p class=\"has-black-color has-vivid-green-cyan-background-color has-text-color has-background has-medium-font-size\">Esta proposta de atividade de&nbsp;<strong>HIST\u00d3RIA<\/strong>&nbsp;\u00e9 destinada aos estudantes do&nbsp;<strong>8\u00b0 Ano<\/strong>&nbsp;do Ensino Fundamental Anos Finais.<\/p>\n\n\n\n<div class=\"wp-block-image\"><figure class=\"aligncenter size-full\"><img fetchpriority=\"high\" decoding=\"async\" width=\"567\" height=\"340\" src=\"https:\/\/sme.goiania.go.gov.br\/conexaoescola\/wp-content\/uploads\/2022\/09\/Revolta-dos-Males-e1662934784108.jpg\" alt=\"\" class=\"wp-image-150098\" srcset=\"https:\/\/sme.goiania.go.gov.br\/conexaoescola\/wp-content\/uploads\/2022\/09\/Revolta-dos-Males-e1662934784108.jpg 567w, https:\/\/sme.goiania.go.gov.br\/conexaoescola\/wp-content\/uploads\/2022\/09\/Revolta-dos-Males-e1662934784108-300x180.jpg 300w\" sizes=\"(max-width: 567px) 100vw, 567px\" \/><figcaption>Revolta dos Mal\u00eas. Dispon\u00edvel em:&lt;<a href=\"https:\/\/www.cartacapital.com.br\/opiniao\/revolta-dos-males-nossos-estudantes-precisam-conhecer-essa-historia\/\">https:\/\/www.cartacapital.com.br\/opiniao\/revolta-dos-males-nossos-estudantes-precisam-conhecer-essa-historia\/<\/a>&gt;. Acesso em: 05 set. 2022.<\/figcaption><\/figure><\/div>\n\n\n\n<p class=\"has-black-color has-text-color has-medium-font-size\">Mudan\u00e7as, altera\u00e7\u00f5es, perman\u00eancias s\u00e3o um dos objetos de estudo da hist\u00f3ria. Analisamos as revoltas do per\u00edodo regencial e as caracterizamos. Agora,&nbsp;<\/p>\n\n\n\n<p class=\"has-text-align-center has-black-color has-text-color has-medium-font-size\"><strong>VAMOS RESPONDER ALGUMAS QUEST\u00d5ES?<\/strong><\/p>\n\n\n\n<p class=\"has-black-color has-cyan-bluish-gray-background-color has-text-color has-background has-medium-font-size\"><strong>Quest\u00e3o 1<\/strong><\/p>\n\n\n\n<p class=\"has-black-color has-text-color has-medium-font-size\">Observe o mapa abaixo. Escolha duas revoltas ocorridas no Per\u00edodo Regencial e escreva um texto caracterizando-as.<\/p>\n\n\n\n<div class=\"wp-block-image\"><figure class=\"aligncenter size-full\"><img decoding=\"async\" width=\"698\" height=\"698\" src=\"https:\/\/sme.goiania.go.gov.br\/conexaoescola\/wp-content\/uploads\/2022\/09\/Revoltas-Regenciais-e1662935126826.jpg\" alt=\"\" class=\"wp-image-150101\" srcset=\"https:\/\/sme.goiania.go.gov.br\/conexaoescola\/wp-content\/uploads\/2022\/09\/Revoltas-Regenciais-e1662935126826.jpg 698w, https:\/\/sme.goiania.go.gov.br\/conexaoescola\/wp-content\/uploads\/2022\/09\/Revoltas-Regenciais-e1662935126826-300x300.jpg 300w, https:\/\/sme.goiania.go.gov.br\/conexaoescola\/wp-content\/uploads\/2022\/09\/Revoltas-Regenciais-e1662935126826-150x150.jpg 150w\" sizes=\"(max-width: 698px) 100vw, 698px\" \/><\/figure><\/div>\n\n\n\n<p class=\"has-text-align-center has-black-color has-text-color\" style=\"font-size:14px\">Revoltas Regenciais. Dispon\u00edvel em:&lt;<a href=\"https:\/\/www.facebook.com\/geografianews\/photos\/o-per%C3%ADodo-regencial-compreendido-entre-a-abdica%C3%A7%C3%A3o-de-d-pedro-i-e-a-declara%C3%A7%C3%A3o-d\/2878991185663103\/\">https:\/\/www.facebook.com\/geografianews\/photos\/o-per%C3%ADodo-regencial-compreendido-entre-a-abdica%C3%A7%C3%A3o-de-d-pedro-i-e-a-declara%C3%A7%C3%A3o-d\/2878991185663103\/<\/a>&gt;. Acesso em: 05 set. 2022.<\/p>\n\n\n\n<p class=\"has-black-color has-cyan-bluish-gray-background-color has-text-color has-background has-medium-font-size\"><strong>Quest\u00e3o 2<\/strong><\/p>\n\n\n\n<p class=\"has-black-color has-text-color has-medium-font-size\">Em algumas das revoltas regenciais os altos impostos estavam entre as principais motiva\u00e7\u00f5es. Fa\u00e7a uma pesquisa sobre os impostos pagos hoje em dia pelo cidad\u00e3o comum. Escreva um relat\u00f3rio sobre sua pesquisa e apresente-o para seus colegas e professor.<\/p>\n\n\n\n<p class=\"has-black-color has-cyan-bluish-gray-background-color has-text-color has-background has-medium-font-size\"><strong>Quest\u00e3o 3<\/strong><\/p>\n\n\n\n<p class=\"has-black-color has-text-color has-medium-font-size\">Defina o \u201cGolpe da Maioridade\u201d enfatizando os envolvidos nesse processo.<\/p>\n\n\n\n<p class=\"has-black-color has-cyan-bluish-gray-background-color has-text-color has-background has-medium-font-size\"><strong>Quest\u00e3o 4<\/strong><\/p>\n\n\n\n<p class=\"has-black-color has-text-color has-medium-font-size\">Quanto tempo durou o Per\u00edodo Regencial? Qual documento estabelecia sua cria\u00e7\u00e3o?&nbsp;<\/p>\n\n\n\n<p class=\"has-text-align-center has-black-color has-light-green-cyan-background-color has-text-color has-background has-medium-font-size\"><strong>SAIBA MAIS<\/strong><\/p>\n\n\n\n<p class=\"has-black-color has-text-color has-medium-font-size\">Aperte o paly e bora ter mais conhecimento.<\/p>\n\n\n\n<figure class=\"wp-block-embed is-type-video is-provider-youtube wp-block-embed-youtube wp-embed-aspect-16-9 wp-has-aspect-ratio\"><div class=\"wp-block-embed__wrapper\">\n<p class=\"responsive-video-wrap clr\"><iframe title=\"Atividade 12 8\u00b0 Ano   A Revolta dos Mal\u00eas\" width=\"1200\" height=\"675\" src=\"https:\/\/www.youtube.com\/embed\/5utXcspAye4?feature=oembed\" frameborder=\"0\" allow=\"accelerometer; autoplay; clipboard-write; encrypted-media; gyroscope; picture-in-picture\" allowfullscreen><\/iframe><\/p>\n<\/div><figcaption>CanalUilson Duarte. &#8220;Atividade 12 8\u00b0 Ano &#8211; A Revolta dos Mal\u00eas&#8221;. Dispon\u00edvel em:&lt;<a href=\"https:\/\/youtu.be\/5utXcspAye4\" data-type=\"URL\" data-id=\"https:\/\/youtu.be\/5utXcspAye4\">https:\/\/youtu.be\/5utXcspAye4<\/a>&gt;. Acesso em: 20 set. 2022.<\/figcaption><\/figure>\n\n\n\n<p class=\"has-black-color has-vivid-cyan-blue-background-color has-text-color has-background has-medium-font-size\"><strong>Acesse os materiais referentes a essa atividade clicando aqui<\/strong>:<a href=\"https:\/\/sme.goiania.go.gov.br\/conexaoescola\/propostas_didaticas\/propostas-didaticas-historia-8o-ano\/\" data-type=\"URL\" data-id=\"https:\/\/sme.goiania.go.gov.br\/conexaoescola\/propostas_didaticas\/propostas-didaticas-historia-8o-ano\/\" target=\"_blank\" rel=\"noreferrer noopener\">https:\/\/sme.goiania.go.gov.br\/conexaoescola\/propostas_didaticas\/propostas-didaticas-historia-8o-ano\/<\/a><\/p>\n\n\n\n<figure class=\"wp-block-table is-style-stripes\"><table><tbody><tr><td><strong>Habilidade:<\/strong><\/td><td><strong>(EF08HI15)<\/strong> Identificar e analisar o equil\u00edbrio das for\u00e7as e os sujeitos envolvidos nas disputas pol\u00edticas durante o Primeiro e o Segundo Reinado.<br><strong>(GO-EF08HI15-C)<\/strong> Identificar e conhecer os pap\u00e9is exercidos pelos sujeitos envolvidos nas disputas pol\u00edticas durante o Primeiro Reinado, Reg\u00eancias e Segundo Reinado.<\/td><\/tr><\/tbody><\/table><\/figure>\n\n\n\n<figure class=\"wp-block-table\"><table><tbody><tr><td><strong>Referencial te\u00f3rico&nbsp;<\/strong><br><\/td><td><strong>BASILE<\/strong>, Marcello Ot\u00e1vio Neri de Campos. Reg\u00eancia e imprensa: percursos historiogr\u00e1ficos. Almanack, Guarulhos, n. 20, p. 1-9, dez de 2018. Dispon\u00edvel em:&lt;<a href=\"http:\/\/dx.doi.org\/10.1590\/2236-463320182001%20Orcid:%20https:\/\/orcid.org\/0000-0002-6936-8802\">http:\/\/dx.doi.org\/10.1590\/2236-463320182001 Orcid: <\/a><a href=\"https:\/\/orcid.org\/0000-0002-6936-8802\">https:\/\/orcid.org\/0000-0002-6936-8802<\/a>&gt;. Acesso em: 05 set. 2022.<br><strong>SLEMIAN<\/strong>, Andr\u00e9a e PIMENTA, Jo\u00e3o Paulo, O \u201cnascimento pol\u00edtico\u201d do Brasil: as origens do Estado e da na\u00e7\u00e3o (1808-1825). Rio de Janeiro: DP &amp; A, 2003.<\/td><\/tr><\/tbody><\/table><\/figure>\n","protected":false},"author":51,"featured_media":150098,"template":"","ef_categoria":[],"ef_ano":[91],"ef_componente":[95],"class_list":["post-150097","ensino_fundamental","type-ensino_fundamental","status-publish","has-post-thumbnail","hentry","ef_ano-8o-ano","ef_componente-historia","entry","has-media"],"acf":[],"_links":{"self":[{"href":"https:\/\/sme.goiania.go.gov.br\/conexaoescola\/wp-json\/wp\/v2\/ensino_fundamental\/150097","targetHints":{"allow":["GET"]}}],"collection":[{"href":"https:\/\/sme.goiania.go.gov.br\/conexaoescola\/wp-json\/wp\/v2\/ensino_fundamental"}],"about":[{"href":"https:\/\/sme.goiania.go.gov.br\/conexaoescola\/wp-json\/wp\/v2\/types\/ensino_fundamental"}],"author":[{"embeddable":true,"href":"https:\/\/sme.goiania.go.gov.br\/conexaoescola\/wp-json\/wp\/v2\/users\/51"}],"version-history":[{"count":0,"href":"https:\/\/sme.goiania.go.gov.br\/conexaoescola\/wp-json\/wp\/v2\/ensino_fundamental\/150097\/revisions"}],"wp:featuredmedia":[{"embeddable":true,"href":"https:\/\/sme.goiania.go.gov.br\/conexaoescola\/wp-json\/wp\/v2\/media\/150098"}],"wp:attachment":[{"href":"https:\/\/sme.goiania.go.gov.br\/conexaoescola\/wp-json\/wp\/v2\/media?parent=150097"}],"wp:term":[{"taxonomy":"ef_categoria","embeddable":true,"href":"https:\/\/sme.goiania.go.gov.br\/conexaoescola\/wp-json\/wp\/v2\/ef_categoria?post=150097"},{"taxonomy":"ef_ano","embeddable":true,"href":"https:\/\/sme.goiania.go.gov.br\/conexaoescola\/wp-json\/wp\/v2\/ef_ano?post=150097"},{"taxonomy":"ef_componente","embeddable":true,"href":"https:\/\/sme.goiania.go.gov.br\/conexaoescola\/wp-json\/wp\/v2\/ef_componente?post=150097"}],"curies":[{"name":"wp","href":"https:\/\/api.w.org\/{rel}","templated":true}]}}

História &#8211; As insurgências do Período Regencial no Brasil

<p class="has-black-color has-vivid-green-cyan-background-color has-text-color has-background has-medium-font-size">Esta proposta de atividade de&nbsp;<strong>HISTÓRIA</strong>&nbsp;é destinada aos estudantes do&nbsp;<strong>8° Ano</strong>&nbsp;do Ensino Fundamental Anos Finais.</p>



<div class="wp-block-image"><figure class="aligncenter size-full"><img fetchpriority="high" decoding="async" width="567" height="340" src="https://sme.goiania.go.gov.br/conexaoescola/wp-content/uploads/2022/09/Revolta-dos-Males-e1662934784108.jpg" alt="" class="wp-image-150098" srcset="https://sme.goiania.go.gov.br/conexaoescola/wp-content/uploads/2022/09/Revolta-dos-Males-e1662934784108.jpg 567w, https://sme.goiania.go.gov.br/conexaoescola/wp-content/uploads/2022/09/Revolta-dos-Males-e1662934784108-300x180.jpg 300w" sizes="(max-width: 567px) 100vw, 567px" /><figcaption>Revolta dos Malês. Disponível em:&lt;<a href="https://www.cartacapital.com.br/opiniao/revolta-dos-males-nossos-estudantes-precisam-conhecer-essa-historia/">https://www.cartacapital.com.br/opiniao/revolta-dos-males-nossos-estudantes-precisam-conhecer-essa-historia/</a>&gt;. Acesso em: 05 set. 2022.</figcaption></figure></div>



<p class="has-black-color has-text-color has-medium-font-size">Mudanças, alterações, permanências são um dos objetos de estudo da história. Analisamos as revoltas do período regencial e as caracterizamos. Agora,&nbsp;</p>



<p class="has-text-align-center has-black-color has-text-color has-medium-font-size"><strong>VAMOS RESPONDER ALGUMAS QUESTÕES?</strong></p>



<p class="has-black-color has-cyan-bluish-gray-background-color has-text-color has-background has-medium-font-size"><strong>Questão 1</strong></p>



<p class="has-black-color has-text-color has-medium-font-size">Observe o mapa abaixo. Escolha duas revoltas ocorridas no Período Regencial e escreva um texto caracterizando-as.</p>



<div class="wp-block-image"><figure class="aligncenter size-full"><img decoding="async" width="698" height="698" src="https://sme.goiania.go.gov.br/conexaoescola/wp-content/uploads/2022/09/Revoltas-Regenciais-e1662935126826.jpg" alt="" class="wp-image-150101" srcset="https://sme.goiania.go.gov.br/conexaoescola/wp-content/uploads/2022/09/Revoltas-Regenciais-e1662935126826.jpg 698w, https://sme.goiania.go.gov.br/conexaoescola/wp-content/uploads/2022/09/Revoltas-Regenciais-e1662935126826-300x300.jpg 300w, https://sme.goiania.go.gov.br/conexaoescola/wp-content/uploads/2022/09/Revoltas-Regenciais-e1662935126826-150x150.jpg 150w" sizes="(max-width: 698px) 100vw, 698px" /></figure></div>



<p class="has-text-align-center has-black-color has-text-color" style="font-size:14px">Revoltas Regenciais. Disponível em:&lt;<a href="https://www.facebook.com/geografianews/photos/o-per%C3%ADodo-regencial-compreendido-entre-a-abdica%C3%A7%C3%A3o-de-d-pedro-i-e-a-declara%C3%A7%C3%A3o-d/2878991185663103/">https://www.facebook.com/geografianews/photos/o-per%C3%ADodo-regencial-compreendido-entre-a-abdica%C3%A7%C3%A3o-de-d-pedro-i-e-a-declara%C3%A7%C3%A3o-d/2878991185663103/</a>&gt;. Acesso em: 05 set. 2022.</p>



<p class="has-black-color has-cyan-bluish-gray-background-color has-text-color has-background has-medium-font-size"><strong>Questão 2</strong></p>



<p class="has-black-color has-text-color has-medium-font-size">Em algumas das revoltas regenciais os altos impostos estavam entre as principais motivações. Faça uma pesquisa sobre os impostos pagos hoje em dia pelo cidadão comum. Escreva um relatório sobre sua pesquisa e apresente-o para seus colegas e professor.</p>



<p class="has-black-color has-cyan-bluish-gray-background-color has-text-color has-background has-medium-font-size"><strong>Questão 3</strong></p>



<p class="has-black-color has-text-color has-medium-font-size">Defina o “Golpe da Maioridade” enfatizando os envolvidos nesse processo.</p>



<p class="has-black-color has-cyan-bluish-gray-background-color has-text-color has-background has-medium-font-size"><strong>Questão 4</strong></p>



<p class="has-black-color has-text-color has-medium-font-size">Quanto tempo durou o Período Regencial? Qual documento estabelecia sua criação?&nbsp;</p>



<p class="has-text-align-center has-black-color has-light-green-cyan-background-color has-text-color has-background has-medium-font-size"><strong>SAIBA MAIS</strong></p>



<p class="has-black-color has-text-color has-medium-font-size">Aperte o paly e bora ter mais conhecimento.</p>



<figure class="wp-block-embed is-type-video is-provider-youtube wp-block-embed-youtube wp-embed-aspect-16-9 wp-has-aspect-ratio"><div class="wp-block-embed__wrapper">
<p class="responsive-video-wrap clr"><iframe title="Atividade 12 8° Ano   A Revolta dos Malês" width="1200" height="675" src="https://www.youtube.com/embed/5utXcspAye4?feature=oembed" frameborder="0" allow="accelerometer; autoplay; clipboard-write; encrypted-media; gyroscope; picture-in-picture" allowfullscreen></iframe></p>
</div><figcaption>CanalUilson Duarte. &#8220;Atividade 12 8° Ano &#8211; A Revolta dos Malês&#8221;. Disponível em:&lt;<a href="https://youtu.be/5utXcspAye4" data-type="URL" data-id="https://youtu.be/5utXcspAye4">https://youtu.be/5utXcspAye4</a>&gt;. Acesso em: 20 set. 2022.</figcaption></figure>



<p class="has-black-color has-vivid-cyan-blue-background-color has-text-color has-background has-medium-font-size"><strong>Acesse os materiais referentes a essa atividade clicando aqui</strong>:<a href="https://sme.goiania.go.gov.br/conexaoescola/propostas_didaticas/propostas-didaticas-historia-8o-ano/" data-type="URL" data-id="https://sme.goiania.go.gov.br/conexaoescola/propostas_didaticas/propostas-didaticas-historia-8o-ano/" target="_blank" rel="noreferrer noopener">https://sme.goiania.go.gov.br/conexaoescola/propostas_didaticas/propostas-didaticas-historia-8o-ano/</a></p>



<figure class="wp-block-table is-style-stripes"><table><tbody><tr><td><strong>Habilidade:</strong></td><td><strong>(EF08HI15)</strong> Identificar e analisar o equilíbrio das forças e os sujeitos envolvidos nas disputas políticas durante o Primeiro e o Segundo Reinado.<br><strong>(GO-EF08HI15-C)</strong> Identificar e conhecer os papéis exercidos pelos sujeitos envolvidos nas disputas políticas durante o Primeiro Reinado, Regências e Segundo Reinado.</td></tr></tbody></table></figure>



<figure class="wp-block-table"><table><tbody><tr><td><strong>Referencial teórico&nbsp;</strong><br></td><td><strong>BASILE</strong>, Marcello Otávio Neri de Campos. Regência e imprensa: percursos historiográficos. Almanack, Guarulhos, n. 20, p. 1-9, dez de 2018. Disponível em:&lt;<a href="http://dx.doi.org/10.1590/2236-463320182001%20Orcid:%20https://orcid.org/0000-0002-6936-8802">http://dx.doi.org/10.1590/2236-463320182001 Orcid: </a><a href="https://orcid.org/0000-0002-6936-8802">https://orcid.org/0000-0002-6936-8802</a>&gt;. Acesso em: 05 set. 2022.<br><strong>SLEMIAN</strong>, Andréa e PIMENTA, João Paulo, O “nascimento político” do Brasil: as origens do Estado e da nação (1808-1825). Rio de Janeiro: DP &amp; A, 2003.</td></tr></tbody></table></figure>
