{"id":148724,"date":"2022-08-28T19:32:31","date_gmt":"2022-08-28T22:32:31","guid":{"rendered":"https:\/\/sme.goiania.go.gov.br\/conexaoescola\/?post_type=ensino_fundamental&#038;p=148724"},"modified":"2022-08-30T19:18:27","modified_gmt":"2022-08-30T22:18:27","slug":"historia-a-velocidade-da-comunicacao","status":"publish","type":"ensino_fundamental","link":"https:\/\/sme.goiania.go.gov.br\/conexaoescola\/ensino_fundamental\/historia-a-velocidade-da-comunicacao\/","title":{"rendered":"Hist\u00f3ria &#8211; A velocidade da comunica\u00e7\u00e3o"},"content":{"rendered":"\n<p class=\"has-text-align-center has-black-color has-text-color has-background has-medium-font-size\" style=\"background-color:#e6d5a7\">Esta proposta de atividade de<strong>&nbsp;HIST\u00d3RIA&nbsp;<\/strong>\u00e9 destinada aos estudantes do <strong>4\u00ba ano&nbsp;do Ensino Fundamental<\/strong><\/p>\n\n\n\n<p class=\"has-medium-font-size\">A populariza\u00e7\u00e3o da internet ou rede mundial de computadores possibilitou que as informa\u00e7\u00f5es e mensagens sejam repassadas com muita velocidade. Servi\u00e7os, compras e compartilhamento de dados podem ser feitos de forma facilitada. O uso da internet requer cuidados para a seguran\u00e7a dos usu\u00e1rios.<\/p>\n\n\n\n<p class=\"has-text-align-center has-black-color has-text-color has-background has-medium-font-size\" style=\"background-color:#efefef\"><strong>VAMOS RESPONDER ALGUMAS QUEST\u00d5ES?<\/strong><\/p>\n\n\n\n<figure class=\"wp-block-image size-large\"><img fetchpriority=\"high\" decoding=\"async\" width=\"1024\" height=\"683\" src=\"https:\/\/sme.goiania.go.gov.br\/conexaoescola\/wp-content\/uploads\/2022\/08\/tablet-gf27dbc13a_1920-e1661465465265-1024x683.jpg\" alt=\"\" class=\"wp-image-148725\" srcset=\"https:\/\/sme.goiania.go.gov.br\/conexaoescola\/wp-content\/uploads\/2022\/08\/tablet-gf27dbc13a_1920-e1661465465265-1024x683.jpg 1024w, https:\/\/sme.goiania.go.gov.br\/conexaoescola\/wp-content\/uploads\/2022\/08\/tablet-gf27dbc13a_1920-e1661465465265-300x200.jpg 300w, https:\/\/sme.goiania.go.gov.br\/conexaoescola\/wp-content\/uploads\/2022\/08\/tablet-gf27dbc13a_1920-e1661465465265-768x512.jpg 768w, https:\/\/sme.goiania.go.gov.br\/conexaoescola\/wp-content\/uploads\/2022\/08\/tablet-gf27dbc13a_1920-e1661465465265-1536x1024.jpg 1536w, https:\/\/sme.goiania.go.gov.br\/conexaoescola\/wp-content\/uploads\/2022\/08\/tablet-gf27dbc13a_1920-e1661465465265.jpg 1920w\" sizes=\"(max-width: 1024px) 100vw, 1024px\" \/><figcaption><strong>&nbsp;<\/strong>Dispon\u00edvel em:https:\/\/pixabay.com\/pt\/photos\/t%c3%a1bua-pouco-caucasiano-filho-4576139\/. Acesso em 22 ago. 2022<br><\/figcaption><\/figure>\n\n\n\n<p class=\"has-black-color has-text-color has-background has-medium-font-size\" style=\"background-color:#e4dcdc\"><strong>QUEST\u00c3O 1<\/strong><\/p>\n\n\n\n<p class=\"has-medium-font-size\">A internet est\u00e1 presente em muitos lares. O seu uso possibilita que produtos sejam comprados sem sair de casa, servi\u00e7os possam ser realizados, al\u00e9m do uso das redes sociais.<\/p>\n\n\n\n<ol class=\"has-medium-font-size wp-block-list\"><li>Voc\u00ea usa a internet com que frequ\u00eancia?<\/li><li>Quais os principais interesses que voc\u00ea procura na internet?&nbsp;<\/li><li>Em quais aparelhos voc\u00ea costuma usar a internet?<\/li><\/ol>\n\n\n\n<p class=\"has-text-align-center\"><\/p>\n\n\n\n<p class=\"has-black-color has-text-color has-background has-medium-font-size\" style=\"background-color:#e4dcdc\"><strong>QUEST\u00c3O 2<\/strong><\/p>\n\n\n\n<p class=\"has-medium-font-size\">Observe a charge a seguir:<\/p>\n\n\n\n<p class=\"has-text-align-center\"><img decoding=\"async\" src=\"https:\/\/lh4.googleusercontent.com\/aPZR1S-V6zDVeacIlMQKeLT7IPlXAUGkWPDQ6vEE4w8lH7vOs8Sf4kGEr4aOXQYWkEjllO5QCO24mnf0RSSnyzrVyjZsQ5GomwCrZu0tn8jJ2yJyZS_f2QpiTfA9AII9awK_eFAb2hXT8n9JXlEwTbA\" width=\"549\" height=\"549\"><\/p>\n\n\n\n<p class=\"has-text-align-center has-small-font-size\">Dispon\u00edvel em:https:\/\/petletras.paginas.ufsc.br\/2020\/05\/28\/as-tecnologias-o-ensino-a-distancia-e-seus-desafios\/. Acesso em 22 ago. 2022<\/p>\n\n\n\n<ol class=\"has-medium-font-size wp-block-list\"><li>Qual a cr\u00edtica social representada na charge?<\/li><li>De que forma o problema inserido na charge pode ser solucionado?<\/li><\/ol>\n\n\n\n<p class=\"has-black-color has-text-color has-background has-medium-font-size\" style=\"background-color:#e4dcdc\"><strong>QUEST\u00c3O 3<\/strong><\/p>\n\n\n\n<p class=\"has-medium-font-size\">Devemos reconhecer que o uso da tecnologia trouxe recursos interessantes para o desenvolvimento da crian\u00e7a. A Internet ajuda a estudar, brincar e comunicar de forma mais f\u00e1cil com os amigos e familiares. Apesar disso, alguns cuidados na internet s\u00e3o necess\u00e1rios para que o uso seja saud\u00e1vel e n\u00e3o gere riscos.<\/p>\n\n\n\n<p class=\"has-medium-font-size\">Em sua opini\u00e3o, quais cuidados devemos tomar ao usar a internet e evitar riscos que comprometam a nossa sa\u00fade mental e seguran\u00e7a?<\/p>\n\n\n\n<p class=\"has-black-color has-text-color has-background has-medium-font-size\" style=\"background-color:#e4dcdc\"><strong>SAIBA MAIS<\/strong><\/p>\n\n\n\n<figure class=\"wp-block-embed is-type-video is-provider-youtube wp-block-embed-youtube wp-embed-aspect-16-9 wp-has-aspect-ratio\"><div class=\"wp-block-embed__wrapper\">\n<p class=\"responsive-video-wrap clr\"><iframe title=\"Cuidados que voc\u00ea deve ter ao usar a Internet\" width=\"1200\" height=\"675\" src=\"https:\/\/www.youtube.com\/embed\/zDUiq0yfgeI?feature=oembed\" frameborder=\"0\" allow=\"accelerometer; autoplay; clipboard-write; encrypted-media; gyroscope; picture-in-picture\" allowfullscreen><\/iframe><\/p>\n<\/div><figcaption>Canal Lorena Guimar\u00e3es de Oliveira &#8220;Cuidados que voc\u00ea deve ter ao usar a Internet&#8221; https:\/\/www.youtube.com\/watch?v=zDUiq0yfgeI Acesso em 29 Ago 2022<\/figcaption><\/figure>\n\n\n\n<p class=\"has-black-color has-text-color has-background has-medium-font-size\" style=\"background-color:#e4dcdc\"><strong>ACESSE OS MATERIAIS REFERENTES A ESSA ATIVIDADE CLICANDO AQUI: <\/strong><a href=\"https:\/\/sme.goiania.go.gov.br\/conexaoescola\/propostas_didaticas\/propostas-didaticas-historia-3o-ano\/\" data-type=\"URL\" data-id=\"https:\/\/sme.goiania.go.gov.br\/conexaoescola\/propostas_didaticas\/propostas-didaticas-historia-3o-ano\/\">https:\/\/sme.goiania.go.gov.br\/conexaoescola\/propostas_didaticas\/propostas-didaticas-historia-4o-ano\/<\/a><\/p>\n\n\n\n<figure class=\"wp-block-table is-style-stripes\"><table><tbody><tr><td><strong>Componente Curricular:<\/strong><\/td><td>Hist\u00f3ria<\/td><\/tr><tr><td><strong>Habilidade:<\/strong><\/td><td><br>(EF04HI08) Identificar as transforma\u00e7\u00f5es ocorridas nos meios de comunica\u00e7\u00e3o (cultura oral, imprensa, r\u00e1dio, televis\u00e3o, cinema, internet e demais tecnologias digitais de informa\u00e7\u00e3o e comunica\u00e7\u00e3o) e discutir seus significados para os diferentes estratos sociais.<br><\/td><\/tr><\/tbody><\/table><\/figure>\n\n\n\n<figure class=\"wp-block-table is-style-stripes\"><table><tbody><tr><td><strong>Refer\u00eancias<\/strong><\/td><td>AG\u00caNCIA BRASIL. Brasil tem 152 milh\u00f5es de pessoas com acesso \u00e0 internet . Dispon\u00edvel em:https:\/\/agenciabrasil.ebc.com.br\/geral\/noticia\/2021-08\/brasil-tem-152-milhoes-de-pessoas-com-acesso-internet. Acesso em: 22 ago. 2022.<br><br>SENADO FEDERAL. Conhe\u00e7a os tipos de bullying que devem ser evitados na escola. Dispon\u00edvel em: https:\/\/www.youtube.com\/watch?v=RAfbbbALALY&amp;t=7s. Acesso em 22 ago. 2022.&nbsp;<br><br>SUA PESQUISA.COM. Hist\u00f3ria da internet. Dispon\u00edvel em: https:\/\/www.suapesquisa.com\/internet\/. Acesso em 22 ago. 2022.<br><br><\/td><\/tr><\/tbody><\/table><\/figure>\n","protected":false},"author":59,"featured_media":148725,"template":"","ef_categoria":[13,20],"ef_ano":[87],"ef_componente":[95],"class_list":["post-148724","ensino_fundamental","type-ensino_fundamental","status-publish","has-post-thumbnail","hentry","ef_categoria-ciclo-da-infancia-abc","ef_categoria-etica-e-cidadania","ef_ano-4o-ano","ef_componente-historia","entry","has-media"],"acf":[],"_links":{"self":[{"href":"https:\/\/sme.goiania.go.gov.br\/conexaoescola\/wp-json\/wp\/v2\/ensino_fundamental\/148724","targetHints":{"allow":["GET"]}}],"collection":[{"href":"https:\/\/sme.goiania.go.gov.br\/conexaoescola\/wp-json\/wp\/v2\/ensino_fundamental"}],"about":[{"href":"https:\/\/sme.goiania.go.gov.br\/conexaoescola\/wp-json\/wp\/v2\/types\/ensino_fundamental"}],"author":[{"embeddable":true,"href":"https:\/\/sme.goiania.go.gov.br\/conexaoescola\/wp-json\/wp\/v2\/users\/59"}],"version-history":[{"count":0,"href":"https:\/\/sme.goiania.go.gov.br\/conexaoescola\/wp-json\/wp\/v2\/ensino_fundamental\/148724\/revisions"}],"wp:featuredmedia":[{"embeddable":true,"href":"https:\/\/sme.goiania.go.gov.br\/conexaoescola\/wp-json\/wp\/v2\/media\/148725"}],"wp:attachment":[{"href":"https:\/\/sme.goiania.go.gov.br\/conexaoescola\/wp-json\/wp\/v2\/media?parent=148724"}],"wp:term":[{"taxonomy":"ef_categoria","embeddable":true,"href":"https:\/\/sme.goiania.go.gov.br\/conexaoescola\/wp-json\/wp\/v2\/ef_categoria?post=148724"},{"taxonomy":"ef_ano","embeddable":true,"href":"https:\/\/sme.goiania.go.gov.br\/conexaoescola\/wp-json\/wp\/v2\/ef_ano?post=148724"},{"taxonomy":"ef_componente","embeddable":true,"href":"https:\/\/sme.goiania.go.gov.br\/conexaoescola\/wp-json\/wp\/v2\/ef_componente?post=148724"}],"curies":[{"name":"wp","href":"https:\/\/api.w.org\/{rel}","templated":true}]}}

História &#8211; A velocidade da comunicação

<p class="has-text-align-center has-black-color has-text-color has-background has-medium-font-size" style="background-color:#e6d5a7">Esta proposta de atividade de<strong>&nbsp;HISTÓRIA&nbsp;</strong>é destinada aos estudantes do <strong>4º ano&nbsp;do Ensino Fundamental</strong></p>



<p class="has-medium-font-size">A popularização da internet ou rede mundial de computadores possibilitou que as informações e mensagens sejam repassadas com muita velocidade. Serviços, compras e compartilhamento de dados podem ser feitos de forma facilitada. O uso da internet requer cuidados para a segurança dos usuários.</p>



<p class="has-text-align-center has-black-color has-text-color has-background has-medium-font-size" style="background-color:#efefef"><strong>VAMOS RESPONDER ALGUMAS QUESTÕES?</strong></p>



<figure class="wp-block-image size-large"><img fetchpriority="high" decoding="async" width="1024" height="683" src="https://sme.goiania.go.gov.br/conexaoescola/wp-content/uploads/2022/08/tablet-gf27dbc13a_1920-e1661465465265-1024x683.jpg" alt="" class="wp-image-148725" srcset="https://sme.goiania.go.gov.br/conexaoescola/wp-content/uploads/2022/08/tablet-gf27dbc13a_1920-e1661465465265-1024x683.jpg 1024w, https://sme.goiania.go.gov.br/conexaoescola/wp-content/uploads/2022/08/tablet-gf27dbc13a_1920-e1661465465265-300x200.jpg 300w, https://sme.goiania.go.gov.br/conexaoescola/wp-content/uploads/2022/08/tablet-gf27dbc13a_1920-e1661465465265-768x512.jpg 768w, https://sme.goiania.go.gov.br/conexaoescola/wp-content/uploads/2022/08/tablet-gf27dbc13a_1920-e1661465465265-1536x1024.jpg 1536w, https://sme.goiania.go.gov.br/conexaoescola/wp-content/uploads/2022/08/tablet-gf27dbc13a_1920-e1661465465265.jpg 1920w" sizes="(max-width: 1024px) 100vw, 1024px" /><figcaption><strong>&nbsp;</strong>Disponível em:https://pixabay.com/pt/photos/t%c3%a1bua-pouco-caucasiano-filho-4576139/. Acesso em 22 ago. 2022<br></figcaption></figure>



<p class="has-black-color has-text-color has-background has-medium-font-size" style="background-color:#e4dcdc"><strong>QUESTÃO 1</strong></p>



<p class="has-medium-font-size">A internet está presente em muitos lares. O seu uso possibilita que produtos sejam comprados sem sair de casa, serviços possam ser realizados, além do uso das redes sociais.</p>



<ol class="has-medium-font-size wp-block-list"><li>Você usa a internet com que frequência?</li><li>Quais os principais interesses que você procura na internet?&nbsp;</li><li>Em quais aparelhos você costuma usar a internet?</li></ol>



<p class="has-text-align-center"></p>



<p class="has-black-color has-text-color has-background has-medium-font-size" style="background-color:#e4dcdc"><strong>QUESTÃO 2</strong></p>



<p class="has-medium-font-size">Observe a charge a seguir:</p>



<p class="has-text-align-center"><img decoding="async" src="https://lh4.googleusercontent.com/aPZR1S-V6zDVeacIlMQKeLT7IPlXAUGkWPDQ6vEE4w8lH7vOs8Sf4kGEr4aOXQYWkEjllO5QCO24mnf0RSSnyzrVyjZsQ5GomwCrZu0tn8jJ2yJyZS_f2QpiTfA9AII9awK_eFAb2hXT8n9JXlEwTbA" width="549" height="549"></p>



<p class="has-text-align-center has-small-font-size">Disponível em:https://petletras.paginas.ufsc.br/2020/05/28/as-tecnologias-o-ensino-a-distancia-e-seus-desafios/. Acesso em 22 ago. 2022</p>



<ol class="has-medium-font-size wp-block-list"><li>Qual a crítica social representada na charge?</li><li>De que forma o problema inserido na charge pode ser solucionado?</li></ol>



<p class="has-black-color has-text-color has-background has-medium-font-size" style="background-color:#e4dcdc"><strong>QUESTÃO 3</strong></p>



<p class="has-medium-font-size">Devemos reconhecer que o uso da tecnologia trouxe recursos interessantes para o desenvolvimento da criança. A Internet ajuda a estudar, brincar e comunicar de forma mais fácil com os amigos e familiares. Apesar disso, alguns cuidados na internet são necessários para que o uso seja saudável e não gere riscos.</p>



<p class="has-medium-font-size">Em sua opinião, quais cuidados devemos tomar ao usar a internet e evitar riscos que comprometam a nossa saúde mental e segurança?</p>



<p class="has-black-color has-text-color has-background has-medium-font-size" style="background-color:#e4dcdc"><strong>SAIBA MAIS</strong></p>



<figure class="wp-block-embed is-type-video is-provider-youtube wp-block-embed-youtube wp-embed-aspect-16-9 wp-has-aspect-ratio"><div class="wp-block-embed__wrapper">
<p class="responsive-video-wrap clr"><iframe title="Cuidados que você deve ter ao usar a Internet" width="1200" height="675" src="https://www.youtube.com/embed/zDUiq0yfgeI?feature=oembed" frameborder="0" allow="accelerometer; autoplay; clipboard-write; encrypted-media; gyroscope; picture-in-picture" allowfullscreen></iframe></p>
</div><figcaption>Canal Lorena Guimarães de Oliveira &#8220;Cuidados que você deve ter ao usar a Internet&#8221; https://www.youtube.com/watch?v=zDUiq0yfgeI Acesso em 29 Ago 2022</figcaption></figure>



<p class="has-black-color has-text-color has-background has-medium-font-size" style="background-color:#e4dcdc"><strong>ACESSE OS MATERIAIS REFERENTES A ESSA ATIVIDADE CLICANDO AQUI: </strong><a href="https://sme.goiania.go.gov.br/conexaoescola/propostas_didaticas/propostas-didaticas-historia-3o-ano/" data-type="URL" data-id="https://sme.goiania.go.gov.br/conexaoescola/propostas_didaticas/propostas-didaticas-historia-3o-ano/">https://sme.goiania.go.gov.br/conexaoescola/propostas_didaticas/propostas-didaticas-historia-4o-ano/</a></p>



<figure class="wp-block-table is-style-stripes"><table><tbody><tr><td><strong>Componente Curricular:</strong></td><td>História</td></tr><tr><td><strong>Habilidade:</strong></td><td><br>(EF04HI08) Identificar as transformações ocorridas nos meios de comunicação (cultura oral, imprensa, rádio, televisão, cinema, internet e demais tecnologias digitais de informação e comunicação) e discutir seus significados para os diferentes estratos sociais.<br></td></tr></tbody></table></figure>



<figure class="wp-block-table is-style-stripes"><table><tbody><tr><td><strong>Referências</strong></td><td>AGÊNCIA BRASIL. Brasil tem 152 milhões de pessoas com acesso à internet . Disponível em:https://agenciabrasil.ebc.com.br/geral/noticia/2021-08/brasil-tem-152-milhoes-de-pessoas-com-acesso-internet. Acesso em: 22 ago. 2022.<br><br>SENADO FEDERAL. Conheça os tipos de bullying que devem ser evitados na escola. Disponível em: https://www.youtube.com/watch?v=RAfbbbALALY&amp;t=7s. Acesso em 22 ago. 2022.&nbsp;<br><br>SUA PESQUISA.COM. História da internet. Disponível em: https://www.suapesquisa.com/internet/. Acesso em 22 ago. 2022.<br><br></td></tr></tbody></table></figure>
