{"id":147801,"date":"2022-08-12T17:07:44","date_gmt":"2022-08-12T20:07:44","guid":{"rendered":"https:\/\/sme.goiania.go.gov.br\/conexaoescola\/?post_type=ensino_fundamental&#038;p=147801"},"modified":"2022-08-15T17:26:21","modified_gmt":"2022-08-15T20:26:21","slug":"historia-poder-e-politica-no-i-reinado","status":"publish","type":"ensino_fundamental","link":"https:\/\/sme.goiania.go.gov.br\/conexaoescola\/ensino_fundamental\/historia-poder-e-politica-no-i-reinado\/","title":{"rendered":"Hist\u00f3ria &#8211; Poder e pol\u00edtica no I Reinado"},"content":{"rendered":"\n<p class=\"has-black-color has-luminous-vivid-orange-background-color has-text-color has-background has-medium-font-size\">Esta proposta de atividade de&nbsp;<strong>HIST\u00d3RIA<\/strong>&nbsp;\u00e9 destinada aos estudantes do&nbsp;<strong>8\u00b0 Ano<\/strong>&nbsp;do Ensino Fundamental Anos Finais.<\/p>\n\n\n\n<p class=\"has-black-color has-text-color has-medium-font-size\">Analisar e problematizar quest\u00f5es ligadas \u00e0 pol\u00edtica, poder e as representa\u00e7\u00f5es nas sociedades ao longo do tempo e do espa\u00e7o \u00e9 uma das prerrogativas da hist\u00f3ria. Estudamos recentemente o poder e pol\u00edtica no I Imp\u00e9rio do Brasil. E agora \u2026<\/p>\n\n\n\n<p class=\"has-text-align-center has-black-color has-text-color has-medium-font-size\"><strong>VAMOS RESPONDER ALGUMAS QUEST\u00d5ES?<\/strong><\/p>\n\n\n\n<div class=\"wp-block-image\"><figure class=\"aligncenter size-full\"><img fetchpriority=\"high\" decoding=\"async\" width=\"900\" height=\"900\" src=\"https:\/\/sme.goiania.go.gov.br\/conexaoescola\/wp-content\/uploads\/2022\/08\/Dom-Pedro-I-e1660333973872.jpeg\" alt=\"\" class=\"wp-image-147802\" srcset=\"https:\/\/sme.goiania.go.gov.br\/conexaoescola\/wp-content\/uploads\/2022\/08\/Dom-Pedro-I-e1660333973872.jpeg 900w, https:\/\/sme.goiania.go.gov.br\/conexaoescola\/wp-content\/uploads\/2022\/08\/Dom-Pedro-I-e1660333973872-300x300.jpeg 300w, https:\/\/sme.goiania.go.gov.br\/conexaoescola\/wp-content\/uploads\/2022\/08\/Dom-Pedro-I-e1660333973872-150x150.jpeg 150w, https:\/\/sme.goiania.go.gov.br\/conexaoescola\/wp-content\/uploads\/2022\/08\/Dom-Pedro-I-e1660333973872-768x768.jpeg 768w\" sizes=\"(max-width: 900px) 100vw, 900px\" \/><figcaption>Dispon\u00edvel em:&lt;<a href=\"https:\/\/ideg.com.br\/constituicao-do-imperio-do-brazil-1824\/\" data-type=\"URL\" data-id=\"https:\/\/ideg.com.br\/constituicao-do-imperio-do-brazil-1824\/\">https:\/\/ideg.com.br\/constituicao-do-imperio-do-brazil-1824\/<\/a>&gt;. Acesso em 12 ago. 2022.<\/figcaption><\/figure><\/div>\n\n\n\n<p class=\"has-black-color has-text-color has-background has-medium-font-size\" style=\"background-color:#18ab75\"><strong>Quest\u00e3o 1 <\/strong><\/p>\n\n\n\n<p class=\"has-black-color has-text-color has-medium-font-size\">Observe a charge abaixo:<\/p>\n\n\n\n<div class=\"wp-block-image\"><figure class=\"aligncenter size-full\"><img decoding=\"async\" width=\"450\" height=\"328\" src=\"https:\/\/sme.goiania.go.gov.br\/conexaoescola\/wp-content\/uploads\/2022\/08\/Charge-01-e1660334137984.jpg\" alt=\"\" class=\"wp-image-147803\" srcset=\"https:\/\/sme.goiania.go.gov.br\/conexaoescola\/wp-content\/uploads\/2022\/08\/Charge-01-e1660334137984.jpg 450w, https:\/\/sme.goiania.go.gov.br\/conexaoescola\/wp-content\/uploads\/2022\/08\/Charge-01-e1660334137984-300x219.jpg 300w\" sizes=\"(max-width: 450px) 100vw, 450px\" \/><figcaption>Dispon\u00edvel em:&lt;<a href=\"https:\/\/imagohistoria.blogspot.com\/2018\/01\/charges-historicas-brasil-imperio_36.htm\" data-type=\"URL\" data-id=\"https:\/\/imagohistoria.blogspot.com\/2018\/01\/charges-historicas-brasil-imperio_36.htm\">https:\/\/imagohistoria.blogspot.com\/2018\/01\/charges-historicas-brasil-imperio_36.htm<\/a>&gt;. Acesso em: 12 ago. 2022.<\/figcaption><\/figure><\/div>\n\n\n\n<p class=\"has-black-color has-text-color has-medium-font-size\">1 &#8211; Defina voto censit\u00e1rio.<\/p>\n\n\n\n<p class=\"has-black-color has-text-color has-medium-font-size\">2 &#8211; Ao observar a charge podemos inferir que:<\/p>\n\n\n\n<ul class=\"has-black-color has-text-color has-medium-font-size wp-block-list\"><li>Quem pode votar no Brasil hoje?<\/li><li>Quem estava apto a votar no Brasil Imp\u00e9rio?<\/li><\/ul>\n\n\n\n<p class=\"has-black-color has-text-color has-background has-medium-font-size\" style=\"background-color:#18ab75\"><strong>Quest\u00e3o 2<\/strong><\/p>\n\n\n\n<p class=\"has-black-color has-text-color has-medium-font-size\">Explique porque a Constitui\u00e7\u00e3o de 1823 ficou conhecida como Constitui\u00e7\u00e3o da Mandioca?<\/p>\n\n\n\n<p class=\"has-black-color has-text-color has-background has-medium-font-size\" style=\"background-color:#18ab75\"><strong>Quest\u00e3o 3<\/strong><\/p>\n\n\n\n<p class=\"has-black-color has-text-color has-medium-font-size\">Observe a charge abaixo, leia o texto e relacione seu conte\u00fado com a Constitui\u00e7\u00e3o de 1824 que estabeleceu o 4\u00b0 poder, ou o Poder Moderador!<\/p>\n\n\n\n<div class=\"wp-block-image is-style-default\"><figure class=\"aligncenter size-full\"><img decoding=\"async\" width=\"493\" height=\"311\" src=\"https:\/\/sme.goiania.go.gov.br\/conexaoescola\/wp-content\/uploads\/2022\/08\/Charge-002-e1660334424519.jpg\" alt=\"\" class=\"wp-image-147807\" srcset=\"https:\/\/sme.goiania.go.gov.br\/conexaoescola\/wp-content\/uploads\/2022\/08\/Charge-002-e1660334424519.jpg 493w, https:\/\/sme.goiania.go.gov.br\/conexaoescola\/wp-content\/uploads\/2022\/08\/Charge-002-e1660334424519-300x189.jpg 300w\" sizes=\"(max-width: 493px) 100vw, 493px\" \/><figcaption>Dispon\u00edvel em:&lt;<a href=\"https:\/\/www.linkedin.com\/pulse\/democracias-e-o-poder-moderador-sergio-rodrigues\/?originalSubdomain=pt\" data-type=\"URL\" data-id=\"https:\/\/www.linkedin.com\/pulse\/democracias-e-o-poder-moderador-sergio-rodrigues\/?originalSubdomain=pt\">https:\/\/www.linkedin.com\/pulse\/democracias-e-o-poder-moderador-sergio-rodrigues\/?originalSubdomain=pt<\/a>&gt;. Acesso em: 12 ago. 2022.<\/figcaption><\/figure><\/div>\n\n\n\n<p class=\"has-text-align-center has-black-color has-pale-cyan-blue-background-color has-text-color has-background has-medium-font-size\"><strong>SAIBA MAIS<\/strong><\/p>\n\n\n\n<p class=\"has-black-color has-text-color has-medium-font-size\">Somente aperte e play e veja esse v\u00eddeo com informa\u00e7\u00f5es para melhorar seu entendimento.<\/p>\n\n\n\n<figure class=\"wp-block-embed is-type-video is-provider-youtube wp-block-embed-youtube wp-embed-aspect-16-9 wp-has-aspect-ratio\"><div class=\"wp-block-embed__wrapper\">\n<p class=\"responsive-video-wrap clr\"><iframe title=\"Atividade 10 8\u00b0 Ano   Voto Censit\u00e1rio\" width=\"1200\" height=\"675\" src=\"https:\/\/www.youtube.com\/embed\/zXyqA1wml4w?feature=oembed\" frameborder=\"0\" allow=\"accelerometer; autoplay; clipboard-write; encrypted-media; gyroscope; picture-in-picture\" allowfullscreen><\/iframe><\/p>\n<\/div><figcaption>Canal Uilson Duarte. &#8220;Atividade 10 8\u00b0 ano Voto Censit\u00e1rio&#8221;. Dispon\u00edvel em:&lt;<a href=\"https:\/\/youtu.be\/zXyqA1wml4w\" data-type=\"URL\" data-id=\"https:\/\/youtu.be\/zXyqA1wml4w\">https:\/\/youtu.be\/zXyqA1wml4w<\/a>>. Acesso em: 15 ago. 2022.<\/figcaption><\/figure>\n\n\n\n<p class=\"has-black-color has-vivid-green-cyan-background-color has-text-color has-background has-medium-font-size\"><strong>Acesse os materiais referentes a essa atividade clicando aqui:<\/strong><a href=\"https:\/\/sme.goiania.go.gov.br\/conexaoescola\/propostas_didaticas\/propostas-didaticas-historia-8o-ano\/\" data-type=\"URL\" data-id=\"https:\/\/sme.goiania.go.gov.br\/conexaoescola\/propostas_didaticas\/propostas-didaticas-historia-8o-ano\/\" target=\"_blank\" rel=\"noreferrer noopener\">https:\/\/sme.goiania.go.gov.br\/conexaoescola\/propostas_didaticas\/propostas-didaticas-historia-8o-ano\/<\/a><\/p>\n\n\n\n<figure class=\"wp-block-table is-style-stripes\"><table><tbody><tr><td><strong>Habilidades:<\/strong><br><\/td><td><strong>(EF08HI15)<\/strong> Identificar e analisar o equil\u00edbrio das for\u00e7as e os sujeitos envolvidos nas disputas pol\u00edticas durante o Primeiro e o Segundo Reinado.<br><strong>(EF08HI16)<\/strong> Identificar, comparar e analisar a diversidade pol\u00edtica, social e regional nas rebeli\u00f5es e nos movimentos contestat\u00f3rios ao poder centralizado.<br><strong>(GO-EF08HI16-A)<\/strong> Analisar as diferentes propostas pol\u00edticas defendidas no Primeiro Reinado e Per\u00edodo Regencial, identificando as revoltas provinciais e os limites ao exerc\u00edcio da cidadania, nesse per\u00edodo.<\/td><\/tr><\/tbody><\/table><\/figure>\n\n\n\n<figure class=\"wp-block-table\"><table><tbody><tr><td><strong>Referencial te\u00f3rico<\/strong><\/td><td><strong>BARBOSA<\/strong>, Silvana Mota. A Sphinge Mon\u00e1rquica: o poder moderador e a pol\u00edtica imperial. Tese de Doutorado. Universidade Estadual de Campinas, 2001.&nbsp;<br><strong>DOLHNIKOFF<\/strong>, Miriam. Hist\u00f3ria do Brasil Imp\u00e9rio. S\u00e3o Paulo: Contexto, 2017.<br><strong>MALERBA<\/strong>,Jurandir (org.). Independ\u00eancia brasileira: novas dimens\u00f5es. Rio de Janeiro: FGV, 2006, pp. 125-151.<\/td><\/tr><\/tbody><\/table><\/figure>\n","protected":false},"author":51,"featured_media":147802,"template":"","ef_categoria":[],"ef_ano":[91],"ef_componente":[95],"class_list":["post-147801","ensino_fundamental","type-ensino_fundamental","status-publish","has-post-thumbnail","hentry","ef_ano-8o-ano","ef_componente-historia","entry","has-media"],"acf":[],"_links":{"self":[{"href":"https:\/\/sme.goiania.go.gov.br\/conexaoescola\/wp-json\/wp\/v2\/ensino_fundamental\/147801","targetHints":{"allow":["GET"]}}],"collection":[{"href":"https:\/\/sme.goiania.go.gov.br\/conexaoescola\/wp-json\/wp\/v2\/ensino_fundamental"}],"about":[{"href":"https:\/\/sme.goiania.go.gov.br\/conexaoescola\/wp-json\/wp\/v2\/types\/ensino_fundamental"}],"author":[{"embeddable":true,"href":"https:\/\/sme.goiania.go.gov.br\/conexaoescola\/wp-json\/wp\/v2\/users\/51"}],"version-history":[{"count":0,"href":"https:\/\/sme.goiania.go.gov.br\/conexaoescola\/wp-json\/wp\/v2\/ensino_fundamental\/147801\/revisions"}],"wp:featuredmedia":[{"embeddable":true,"href":"https:\/\/sme.goiania.go.gov.br\/conexaoescola\/wp-json\/wp\/v2\/media\/147802"}],"wp:attachment":[{"href":"https:\/\/sme.goiania.go.gov.br\/conexaoescola\/wp-json\/wp\/v2\/media?parent=147801"}],"wp:term":[{"taxonomy":"ef_categoria","embeddable":true,"href":"https:\/\/sme.goiania.go.gov.br\/conexaoescola\/wp-json\/wp\/v2\/ef_categoria?post=147801"},{"taxonomy":"ef_ano","embeddable":true,"href":"https:\/\/sme.goiania.go.gov.br\/conexaoescola\/wp-json\/wp\/v2\/ef_ano?post=147801"},{"taxonomy":"ef_componente","embeddable":true,"href":"https:\/\/sme.goiania.go.gov.br\/conexaoescola\/wp-json\/wp\/v2\/ef_componente?post=147801"}],"curies":[{"name":"wp","href":"https:\/\/api.w.org\/{rel}","templated":true}]}}

História &#8211; Poder e política no I Reinado

<p class="has-black-color has-luminous-vivid-orange-background-color has-text-color has-background has-medium-font-size">Esta proposta de atividade de&nbsp;<strong>HISTÓRIA</strong>&nbsp;é destinada aos estudantes do&nbsp;<strong>8° Ano</strong>&nbsp;do Ensino Fundamental Anos Finais.</p>



<p class="has-black-color has-text-color has-medium-font-size">Analisar e problematizar questões ligadas à política, poder e as representações nas sociedades ao longo do tempo e do espaço é uma das prerrogativas da história. Estudamos recentemente o poder e política no I Império do Brasil. E agora …</p>



<p class="has-text-align-center has-black-color has-text-color has-medium-font-size"><strong>VAMOS RESPONDER ALGUMAS QUESTÕES?</strong></p>



<div class="wp-block-image"><figure class="aligncenter size-full"><img fetchpriority="high" decoding="async" width="900" height="900" src="https://sme.goiania.go.gov.br/conexaoescola/wp-content/uploads/2022/08/Dom-Pedro-I-e1660333973872.jpeg" alt="" class="wp-image-147802" srcset="https://sme.goiania.go.gov.br/conexaoescola/wp-content/uploads/2022/08/Dom-Pedro-I-e1660333973872.jpeg 900w, https://sme.goiania.go.gov.br/conexaoescola/wp-content/uploads/2022/08/Dom-Pedro-I-e1660333973872-300x300.jpeg 300w, https://sme.goiania.go.gov.br/conexaoescola/wp-content/uploads/2022/08/Dom-Pedro-I-e1660333973872-150x150.jpeg 150w, https://sme.goiania.go.gov.br/conexaoescola/wp-content/uploads/2022/08/Dom-Pedro-I-e1660333973872-768x768.jpeg 768w" sizes="(max-width: 900px) 100vw, 900px" /><figcaption>Disponível em:&lt;<a href="https://ideg.com.br/constituicao-do-imperio-do-brazil-1824/" data-type="URL" data-id="https://ideg.com.br/constituicao-do-imperio-do-brazil-1824/">https://ideg.com.br/constituicao-do-imperio-do-brazil-1824/</a>&gt;. Acesso em 12 ago. 2022.</figcaption></figure></div>



<p class="has-black-color has-text-color has-background has-medium-font-size" style="background-color:#18ab75"><strong>Questão 1 </strong></p>



<p class="has-black-color has-text-color has-medium-font-size">Observe a charge abaixo:</p>



<div class="wp-block-image"><figure class="aligncenter size-full"><img decoding="async" width="450" height="328" src="https://sme.goiania.go.gov.br/conexaoescola/wp-content/uploads/2022/08/Charge-01-e1660334137984.jpg" alt="" class="wp-image-147803" srcset="https://sme.goiania.go.gov.br/conexaoescola/wp-content/uploads/2022/08/Charge-01-e1660334137984.jpg 450w, https://sme.goiania.go.gov.br/conexaoescola/wp-content/uploads/2022/08/Charge-01-e1660334137984-300x219.jpg 300w" sizes="(max-width: 450px) 100vw, 450px" /><figcaption>Disponível em:&lt;<a href="https://imagohistoria.blogspot.com/2018/01/charges-historicas-brasil-imperio_36.htm" data-type="URL" data-id="https://imagohistoria.blogspot.com/2018/01/charges-historicas-brasil-imperio_36.htm">https://imagohistoria.blogspot.com/2018/01/charges-historicas-brasil-imperio_36.htm</a>&gt;. Acesso em: 12 ago. 2022.</figcaption></figure></div>



<p class="has-black-color has-text-color has-medium-font-size">1 &#8211; Defina voto censitário.</p>



<p class="has-black-color has-text-color has-medium-font-size">2 &#8211; Ao observar a charge podemos inferir que:</p>



<ul class="has-black-color has-text-color has-medium-font-size wp-block-list"><li>Quem pode votar no Brasil hoje?</li><li>Quem estava apto a votar no Brasil Império?</li></ul>



<p class="has-black-color has-text-color has-background has-medium-font-size" style="background-color:#18ab75"><strong>Questão 2</strong></p>



<p class="has-black-color has-text-color has-medium-font-size">Explique porque a Constituição de 1823 ficou conhecida como Constituição da Mandioca?</p>



<p class="has-black-color has-text-color has-background has-medium-font-size" style="background-color:#18ab75"><strong>Questão 3</strong></p>



<p class="has-black-color has-text-color has-medium-font-size">Observe a charge abaixo, leia o texto e relacione seu conteúdo com a Constituição de 1824 que estabeleceu o 4° poder, ou o Poder Moderador!</p>



<div class="wp-block-image is-style-default"><figure class="aligncenter size-full"><img decoding="async" width="493" height="311" src="https://sme.goiania.go.gov.br/conexaoescola/wp-content/uploads/2022/08/Charge-002-e1660334424519.jpg" alt="" class="wp-image-147807" srcset="https://sme.goiania.go.gov.br/conexaoescola/wp-content/uploads/2022/08/Charge-002-e1660334424519.jpg 493w, https://sme.goiania.go.gov.br/conexaoescola/wp-content/uploads/2022/08/Charge-002-e1660334424519-300x189.jpg 300w" sizes="(max-width: 493px) 100vw, 493px" /><figcaption>Disponível em:&lt;<a href="https://www.linkedin.com/pulse/democracias-e-o-poder-moderador-sergio-rodrigues/?originalSubdomain=pt" data-type="URL" data-id="https://www.linkedin.com/pulse/democracias-e-o-poder-moderador-sergio-rodrigues/?originalSubdomain=pt">https://www.linkedin.com/pulse/democracias-e-o-poder-moderador-sergio-rodrigues/?originalSubdomain=pt</a>&gt;. Acesso em: 12 ago. 2022.</figcaption></figure></div>



<p class="has-text-align-center has-black-color has-pale-cyan-blue-background-color has-text-color has-background has-medium-font-size"><strong>SAIBA MAIS</strong></p>



<p class="has-black-color has-text-color has-medium-font-size">Somente aperte e play e veja esse vídeo com informações para melhorar seu entendimento.</p>



<figure class="wp-block-embed is-type-video is-provider-youtube wp-block-embed-youtube wp-embed-aspect-16-9 wp-has-aspect-ratio"><div class="wp-block-embed__wrapper">
<p class="responsive-video-wrap clr"><iframe title="Atividade 10 8° Ano   Voto Censitário" width="1200" height="675" src="https://www.youtube.com/embed/zXyqA1wml4w?feature=oembed" frameborder="0" allow="accelerometer; autoplay; clipboard-write; encrypted-media; gyroscope; picture-in-picture" allowfullscreen></iframe></p>
</div><figcaption>Canal Uilson Duarte. &#8220;Atividade 10 8° ano Voto Censitário&#8221;. Disponível em:&lt;<a href="https://youtu.be/zXyqA1wml4w" data-type="URL" data-id="https://youtu.be/zXyqA1wml4w">https://youtu.be/zXyqA1wml4w</a>>. Acesso em: 15 ago. 2022.</figcaption></figure>



<p class="has-black-color has-vivid-green-cyan-background-color has-text-color has-background has-medium-font-size"><strong>Acesse os materiais referentes a essa atividade clicando aqui:</strong><a href="https://sme.goiania.go.gov.br/conexaoescola/propostas_didaticas/propostas-didaticas-historia-8o-ano/" data-type="URL" data-id="https://sme.goiania.go.gov.br/conexaoescola/propostas_didaticas/propostas-didaticas-historia-8o-ano/" target="_blank" rel="noreferrer noopener">https://sme.goiania.go.gov.br/conexaoescola/propostas_didaticas/propostas-didaticas-historia-8o-ano/</a></p>



<figure class="wp-block-table is-style-stripes"><table><tbody><tr><td><strong>Habilidades:</strong><br></td><td><strong>(EF08HI15)</strong> Identificar e analisar o equilíbrio das forças e os sujeitos envolvidos nas disputas políticas durante o Primeiro e o Segundo Reinado.<br><strong>(EF08HI16)</strong> Identificar, comparar e analisar a diversidade política, social e regional nas rebeliões e nos movimentos contestatórios ao poder centralizado.<br><strong>(GO-EF08HI16-A)</strong> Analisar as diferentes propostas políticas defendidas no Primeiro Reinado e Período Regencial, identificando as revoltas provinciais e os limites ao exercício da cidadania, nesse período.</td></tr></tbody></table></figure>



<figure class="wp-block-table"><table><tbody><tr><td><strong>Referencial teórico</strong></td><td><strong>BARBOSA</strong>, Silvana Mota. A Sphinge Monárquica: o poder moderador e a política imperial. Tese de Doutorado. Universidade Estadual de Campinas, 2001.&nbsp;<br><strong>DOLHNIKOFF</strong>, Miriam. História do Brasil Império. São Paulo: Contexto, 2017.<br><strong>MALERBA</strong>,Jurandir (org.). Independência brasileira: novas dimensões. Rio de Janeiro: FGV, 2006, pp. 125-151.</td></tr></tbody></table></figure>
