{"id":145325,"date":"2022-06-07T15:38:04","date_gmt":"2022-06-07T18:38:04","guid":{"rendered":"https:\/\/sme.goiania.go.gov.br\/conexaoescola\/?post_type=ensino_fundamental&#038;p=145325"},"modified":"2024-02-22T10:37:06","modified_gmt":"2024-02-22T13:37:06","slug":"ciencias-da-natureza-agua-uso-consciente","status":"publish","type":"ensino_fundamental","link":"https:\/\/sme.goiania.go.gov.br\/conexaoescola\/ensino_fundamental\/ciencias-da-natureza-agua-uso-consciente\/","title":{"rendered":"CI\u00caNCIAS DA NATUREZA &#8211; \u00c1GUA: USO CONSCIENTE"},"content":{"rendered":"\n<p class=\"has-text-align-center has-background has-medium-font-size\" style=\"background-color:#ecedea\"><strong>ESTA PROPOSTA DE ATIVIDADE DE&nbsp;CI\u00caNCIAS DA NATUREZA \u00c9 DESTINADA AOS ESTUDANTES DO&nbsp;1\u00ba ANO DOS ANOS INICIAIS DO ENSINO FUNDAMENTAL.<\/strong><\/p>\n\n\n\n<p class=\"has-text-align-center\"><img decoding=\"async\" width=\"1006px;\" height=\"566px;\" src=\"https:\/\/lh3.googleusercontent.com\/amE38T1yvGf_Whyrx0VLN8GFhLcVmiIztDO_4tXrZHufzk8Qv_TLzS37Rs6REO5jByPiB1PpOqu35jM6iZsVYIJ6FwV-fE6OBOL7ZmS8mFzC7OBccsMZKwxgik9C5G38wBQ_68AWKxQ\"><\/p>\n\n\n\n<div class=\"wp-block-buttons is-content-justification-center is-layout-flex wp-container-core-buttons-is-layout-16018d1d wp-block-buttons-is-layout-flex\">\n<div class=\"wp-block-button\"><a class=\"wp-block-button__link wp-element-button\" href=\"https:\/\/docs.google.com\/document\/d\/19bVxnSpbsXP5pZr_AiMJRGHP0_TIZwnp\/copy\" target=\"_blank\" rel=\"noreferrer noopener\">BAIXE AS ATIVIDADES<\/a><\/div>\n\n\n\n<div class=\"wp-block-button\"><a class=\"wp-block-button__link wp-element-button\" href=\"https:\/\/docs.google.com\/presentation\/d\/1psbIENneJzd8ioFdrvRfYFCLcacSlGN6\/copy\" target=\"_blank\" rel=\"noreferrer noopener\">BAIXE OS SLIDES<\/a><\/div>\n<\/div>\n\n\n\n<hr class=\"wp-block-separator has-alpha-channel-opacity\"\/>\n\n\n\n<p class=\"has-text-align-center has-black-color has-text-color has-background has-medium-font-size\" style=\"background-color:#f8f6f6\"> A <strong>\u00c1GUA \u00c9 USADA<\/strong> EM IN\u00daMERAS ATIVIDADES COTIDIANAS E NA HIGIENE PESSOAL. <\/p>\n\n\n\n<p class=\"has-text-align-center has-black-color has-text-color has-background has-medium-font-size\" style=\"background-color:#fde6e6\">ELA SERVE PARA TOMAR BANHO, LAVAR LOU\u00c7AS E ROUPAS, FAZER COMIDA E PARA MATAR A SEDE.<\/p>\n\n\n\n<p class=\"has-text-align-center has-black-color has-text-color has-background has-medium-font-size\" style=\"background-color:#f0ebf6\">A \u00c1GUA OCUPA A MAIOR PARTE DE SUPERF\u00cdCIE DE NOSSO PLANETA, CERCA DE 70%&nbsp;\u00c9 \u00c1GUA, E \u00c9 ENCONTRADA NA NATUREZA. 97,5% DA \u00c1GUA \u00c9 SALGADA,&nbsp;E FORMAM OS OCEANOS E MARES. <\/p>\n\n\n\n<p class=\"has-text-align-center has-black-color has-text-color has-background has-medium-font-size\" style=\"background-color:#f3f5f6\">OS 2,5% RESTANTE CORRESPONDEM A \u00c1GUA DOCE, NOS RIOS, NOS LAGOS, NOS SUBSOLOS, NAS GELEIRAS, NOS CORPOS DOS SERES VIVOS E NA ATMOSFERA SOB FORMA DE VAPOR DA \u00c1GUA.<\/p>\n\n\n\n<p class=\"has-text-align-center has-black-color has-text-color has-background has-medium-font-size\" style=\"background-color:#f7f2e5\">A&nbsp;<strong>\u00c1GUA<\/strong>&nbsp;\u00c9 UMA SUBST\u00c2NCIA ENCONTRADA NO NOSSO PLANETA NA FORMA&nbsp;<strong>S\u00d3LIDA<\/strong>,&nbsp;<strong>L\u00cdQUIDA&nbsp;<\/strong>E&nbsp;<strong>GASOSA.<\/strong> <\/p>\n\n\n\n<p class=\"has-text-align-center has-black-color has-text-color has-background has-medium-font-size\" style=\"background-color:#f1e8f9\">\u00c9 RETIRADA DA NATUREZA E TRANSPORTADA DOS GRANDES MANANCIAIS OU REPRESAS PARA AS DIVERSAS ESTA\u00c7\u00d5ES DE TRATAMENTO POR MEIO DE GRANDES TUBOS CHAMADOS DE ADUTORAS.&nbsp;<\/p>\n\n\n\n<p class=\"has-text-align-center has-black-color has-text-color has-background has-medium-font-size\" style=\"background-color:#def4ec\">AO CHEGAR NA ESTA\u00c7\u00c3O DE TRATAMENTO, A&nbsp;<strong>\u00c1GUA<\/strong>&nbsp;\u00c9 ENT\u00c3O TRATADA E PURIFICADA.<\/p>\n\n\n\n<p class=\"has-text-align-center has-background has-medium-font-size\" style=\"background-color:#f8ecec\">A \u00c1GUA PR\u00d3PRIA PARA O CONSUMO DO SER HUMANO \u00c9 A \u00c1GUA POT\u00c1VEL.<\/p>\n\n\n\n<hr class=\"wp-block-separator has-alpha-channel-opacity\"\/>\n\n\n\n<p class=\"has-medium-font-size\">VAMOS CANTAR?<\/p>\n\n\n\n<figure class=\"wp-block-embed is-type-video is-provider-youtube wp-block-embed-youtube wp-embed-aspect-16-9 wp-has-aspect-ratio\"><div class=\"wp-block-embed__wrapper\">\n<p class=\"responsive-video-wrap clr\"><iframe title=\"Palavra Cantada | A Grande Hist\u00f3ria da \u00c1gua\" width=\"1200\" height=\"675\" src=\"https:\/\/www.youtube.com\/embed\/YNZL7nojOcs?feature=oembed\" frameborder=\"0\" allow=\"accelerometer; autoplay; clipboard-write; encrypted-media; gyroscope; picture-in-picture; web-share\" allowfullscreen><\/iframe><\/p>\n<\/div><figcaption class=\"wp-element-caption\">Canal Palavra Cantada Oficial &#8220;Palavra Cantada | A Grande Hist\u00f3ria da \u00c1gua&#8221;. Dispon\u00edvel em: &lt;https:\/\/youtu.be\/YNZL7nojOcs&gt;. Acesso em: 7 Jun 2022.<\/figcaption><\/figure>\n\n\n\n<hr class=\"wp-block-separator has-css-opacity\"\/>\n\n\n\n<figure class=\"wp-block-embed is-type-video is-provider-youtube wp-block-embed-youtube wp-embed-aspect-16-9 wp-has-aspect-ratio\"><div class=\"wp-block-embed__wrapper\">\n<p class=\"responsive-video-wrap clr\"><iframe title=\"Video 1 - Agua Recurso Finito (Projeto \u00c1gua)\" width=\"1200\" height=\"675\" src=\"https:\/\/www.youtube.com\/embed\/D7XOgvcPuus?feature=oembed\" frameborder=\"0\" allow=\"accelerometer; autoplay; clipboard-write; encrypted-media; gyroscope; picture-in-picture; web-share\" allowfullscreen><\/iframe><\/p>\n<\/div><figcaption class=\"wp-element-caption\">Canal Washington Lemos &#8220;Video 1 &#8211; Agua Recurso Finito (Projeto \u00c1gua)&#8221;. Dispon\u00edvel em: &lt;https:\/\/youtu.be\/D7XOgvcPuus&gt;. Acesso em: 7 Jun 2022.<br><\/figcaption><\/figure>\n\n\n\n<hr class=\"wp-block-separator has-css-opacity\"\/>\n\n\n\n<p class=\"has-text-align-center has-black-color has-text-color has-medium-font-size\">HORA DA ATIVIDADE<\/p>\n\n\n\n<p class=\"has-background has-medium-font-size\" style=\"background-color:#ecf5f9\"><strong>QUEST\u00c3O 1<\/strong><\/p>\n\n\n\n<p class=\"has-medium-font-size\">VAMOS FAZER UMA LISTA DE TUDO QUE PODEMOS FAZER PARA ECONOMIZAR \u00c1GUA.<\/p>\n\n\n\n<figure class=\"wp-block-image\"><img decoding=\"async\" src=\"https:\/\/lh6.googleusercontent.com\/FkcEqufcvjgvyVnEazs5umU30hKrPNb809Byvf6Paa61exyG2SYFlnSlkVkx-Udyyh6AYbByaokssSs3B2C7hkLPg1LlzcafmkKtIhMmdtJzWqKOzqHM8nsHa8s6XViVgnCLs4FvGTMns3th_Q\" alt=\"\"\/><\/figure>\n\n\n\n<p>_______________________________________________________________________________________________________________________<\/p>\n\n\n\n<p>_______________________________________________________________________________________________________________________<\/p>\n\n\n\n<p>_______________________________________________________________________________________________________________________<\/p>\n\n\n\n<p>_______________________________________________________________________________________________________________________<\/p>\n\n\n\n<p>_______________________________________________________________________________________________________________________<\/p>\n\n\n\n<p>_______________________________________________________________________________________________________________________<\/p>\n\n\n\n<hr class=\"wp-block-separator has-css-opacity\"\/>\n\n\n\n<p class=\"has-background has-medium-font-size\" style=\"background-color:#edf2f4\"><strong>QUEST\u00c3O 2<\/strong><\/p>\n\n\n\n<p class=\"has-medium-font-size\">AO ESCOVAR OS DENTES, O QUE DEVEMOS FAZER PARA ECONOMIZAR \u00c1GUA?<\/p>\n\n\n\n<figure class=\"wp-block-image\"><img decoding=\"async\" src=\"https:\/\/lh6.googleusercontent.com\/7-r6bHxnRHX9pPpLtY5XCu9l7eGKzryI7AgH9oKT8_2EKNpm5iifdlizdyns7XMB_hGzI6EJoAiZk4pqPmnwSXV2KT6YZkueUkigMxv3ao3Vn0pTJCP9Dn63dQ-v-1LEd-PnEbgdG-f4ihB1Dw\" alt=\"\"\/><\/figure>\n\n\n\n<p>___________________________________________________________________________________________________________________<\/p>\n\n\n\n<p>____________________________________________________________________________________________________________________<\/p>\n\n\n\n<p>____________________________________________________________________________________________________________________<\/p>\n\n\n\n<hr class=\"wp-block-separator has-css-opacity\"\/>\n\n\n\n<p class=\"has-background has-medium-font-size\" style=\"background-color:#e8f3f7\"><a href=\"https:\/\/sme.goiania.go.gov.br\/conexaoescola\/propostas_didaticas\/propostas-didaticas-ciencias-da-natureza-1o-ano\/\" target=\"_blank\" rel=\"noreferrer noopener\">https:\/\/sme.goiania.go.gov.br\/conexaoescola\/propostas_didaticas\/propostas-didaticas-ciencias-da-natureza-1o-ano\/<\/a><strong>Acesse os materiais referentes a essa atividade clicando aqui:<\/strong> <\/p>\n\n\n\n<figure class=\"wp-block-table is-style-stripes\"><table><tbody><tr><td><strong>Componente Curricular:<\/strong><\/td><td>CI\u00caNCIAS DA NATUREZA<\/td><\/tr><tr><td><strong>Habilidade:<\/strong><\/td><td>(GO-EF01CI07). Compreender a import\u00e2ncia do uso consciente da \u00e1gua no cotidiano.<\/td><\/tr><tr><td>REFER\u00caNCIAS<\/td><td>GOVERNO DO ESTADO DE GOI\u00c1S. SECRET\u00c1RIA DE ESTADO DE EDUCA\u00c7\u00c3O \u2013 SEDUC\/CONSED. DOCUMENTO CURRICULAR PARA GOI\u00c1S \u2013 AMPLIADO: <strong>VOLUME II ENSINO FUNDAMENTAL ANOS INICIAIS<\/strong>.&nbsp;<br>IMAGENS RETIRADAS DO SITE:<br><a href=\"https:\/\/br.freepik.com\/\">HTTPS:\/\/BR.FREEPIK.COM\/<\/a><br><a href=\"https:\/\/pixabay.com\/pt\/\">HTTPS:\/\/PIXABAY.COM\/PT\/<\/a><br>CANVA<\/td><\/tr><\/tbody><\/table><\/figure>\n\n\n\n<hr class=\"wp-block-separator has-css-opacity\"\/>\n","protected":false},"author":39,"featured_media":145328,"template":"","ef_categoria":[28],"ef_ano":[84],"ef_componente":[98],"class_list":["post-145325","ensino_fundamental","type-ensino_fundamental","status-publish","has-post-thumbnail","hentry","ef_categoria-educacao-ambiental-e-saude-ciclo-da-adolescencia-fg","ef_ano-1o-ano","ef_componente-ciencia-da-natureza-ef","entry","has-media"],"acf":[],"_links":{"self":[{"href":"https:\/\/sme.goiania.go.gov.br\/conexaoescola\/wp-json\/wp\/v2\/ensino_fundamental\/145325","targetHints":{"allow":["GET"]}}],"collection":[{"href":"https:\/\/sme.goiania.go.gov.br\/conexaoescola\/wp-json\/wp\/v2\/ensino_fundamental"}],"about":[{"href":"https:\/\/sme.goiania.go.gov.br\/conexaoescola\/wp-json\/wp\/v2\/types\/ensino_fundamental"}],"author":[{"embeddable":true,"href":"https:\/\/sme.goiania.go.gov.br\/conexaoescola\/wp-json\/wp\/v2\/users\/39"}],"version-history":[{"count":5,"href":"https:\/\/sme.goiania.go.gov.br\/conexaoescola\/wp-json\/wp\/v2\/ensino_fundamental\/145325\/revisions"}],"predecessor-version":[{"id":177330,"href":"https:\/\/sme.goiania.go.gov.br\/conexaoescola\/wp-json\/wp\/v2\/ensino_fundamental\/145325\/revisions\/177330"}],"wp:featuredmedia":[{"embeddable":true,"href":"https:\/\/sme.goiania.go.gov.br\/conexaoescola\/wp-json\/wp\/v2\/media\/145328"}],"wp:attachment":[{"href":"https:\/\/sme.goiania.go.gov.br\/conexaoescola\/wp-json\/wp\/v2\/media?parent=145325"}],"wp:term":[{"taxonomy":"ef_categoria","embeddable":true,"href":"https:\/\/sme.goiania.go.gov.br\/conexaoescola\/wp-json\/wp\/v2\/ef_categoria?post=145325"},{"taxonomy":"ef_ano","embeddable":true,"href":"https:\/\/sme.goiania.go.gov.br\/conexaoescola\/wp-json\/wp\/v2\/ef_ano?post=145325"},{"taxonomy":"ef_componente","embeddable":true,"href":"https:\/\/sme.goiania.go.gov.br\/conexaoescola\/wp-json\/wp\/v2\/ef_componente?post=145325"}],"curies":[{"name":"wp","href":"https:\/\/api.w.org\/{rel}","templated":true}]}}

CIÊNCIAS DA NATUREZA &#8211; ÁGUA: USO CONSCIENTE

<p class="has-text-align-center has-background has-medium-font-size" style="background-color:#ecedea"><strong>ESTA PROPOSTA DE ATIVIDADE DE&nbsp;CIÊNCIAS DA NATUREZA É DESTINADA AOS ESTUDANTES DO&nbsp;1º ANO DOS ANOS INICIAIS DO ENSINO FUNDAMENTAL.</strong></p>



<p class="has-text-align-center"><img decoding="async" width="1006px;" height="566px;" src="https://lh3.googleusercontent.com/amE38T1yvGf_Whyrx0VLN8GFhLcVmiIztDO_4tXrZHufzk8Qv_TLzS37Rs6REO5jByPiB1PpOqu35jM6iZsVYIJ6FwV-fE6OBOL7ZmS8mFzC7OBccsMZKwxgik9C5G38wBQ_68AWKxQ"></p>



<div class="wp-block-buttons is-content-justification-center is-layout-flex wp-container-core-buttons-is-layout-16018d1d wp-block-buttons-is-layout-flex">
<div class="wp-block-button"><a class="wp-block-button__link wp-element-button" href="https://docs.google.com/document/d/19bVxnSpbsXP5pZr_AiMJRGHP0_TIZwnp/copy" target="_blank" rel="noreferrer noopener">BAIXE AS ATIVIDADES</a></div>



<div class="wp-block-button"><a class="wp-block-button__link wp-element-button" href="https://docs.google.com/presentation/d/1psbIENneJzd8ioFdrvRfYFCLcacSlGN6/copy" target="_blank" rel="noreferrer noopener">BAIXE OS SLIDES</a></div>
</div>



<hr class="wp-block-separator has-alpha-channel-opacity"/>



<p class="has-text-align-center has-black-color has-text-color has-background has-medium-font-size" style="background-color:#f8f6f6"> A <strong>ÁGUA É USADA</strong> EM INÚMERAS ATIVIDADES COTIDIANAS E NA HIGIENE PESSOAL. </p>



<p class="has-text-align-center has-black-color has-text-color has-background has-medium-font-size" style="background-color:#fde6e6">ELA SERVE PARA TOMAR BANHO, LAVAR LOUÇAS E ROUPAS, FAZER COMIDA E PARA MATAR A SEDE.</p>



<p class="has-text-align-center has-black-color has-text-color has-background has-medium-font-size" style="background-color:#f0ebf6">A ÁGUA OCUPA A MAIOR PARTE DE SUPERFÍCIE DE NOSSO PLANETA, CERCA DE 70%&nbsp;É ÁGUA, E É ENCONTRADA NA NATUREZA. 97,5% DA ÁGUA É SALGADA,&nbsp;E FORMAM OS OCEANOS E MARES. </p>



<p class="has-text-align-center has-black-color has-text-color has-background has-medium-font-size" style="background-color:#f3f5f6">OS 2,5% RESTANTE CORRESPONDEM A ÁGUA DOCE, NOS RIOS, NOS LAGOS, NOS SUBSOLOS, NAS GELEIRAS, NOS CORPOS DOS SERES VIVOS E NA ATMOSFERA SOB FORMA DE VAPOR DA ÁGUA.</p>



<p class="has-text-align-center has-black-color has-text-color has-background has-medium-font-size" style="background-color:#f7f2e5">A&nbsp;<strong>ÁGUA</strong>&nbsp;É UMA SUBSTÂNCIA ENCONTRADA NO NOSSO PLANETA NA FORMA&nbsp;<strong>SÓLIDA</strong>,&nbsp;<strong>LÍQUIDA&nbsp;</strong>E&nbsp;<strong>GASOSA.</strong> </p>



<p class="has-text-align-center has-black-color has-text-color has-background has-medium-font-size" style="background-color:#f1e8f9">É RETIRADA DA NATUREZA E TRANSPORTADA DOS GRANDES MANANCIAIS OU REPRESAS PARA AS DIVERSAS ESTAÇÕES DE TRATAMENTO POR MEIO DE GRANDES TUBOS CHAMADOS DE ADUTORAS.&nbsp;</p>



<p class="has-text-align-center has-black-color has-text-color has-background has-medium-font-size" style="background-color:#def4ec">AO CHEGAR NA ESTAÇÃO DE TRATAMENTO, A&nbsp;<strong>ÁGUA</strong>&nbsp;É ENTÃO TRATADA E PURIFICADA.</p>



<p class="has-text-align-center has-background has-medium-font-size" style="background-color:#f8ecec">A ÁGUA PRÓPRIA PARA O CONSUMO DO SER HUMANO É A ÁGUA POTÁVEL.</p>



<hr class="wp-block-separator has-alpha-channel-opacity"/>



<p class="has-medium-font-size">VAMOS CANTAR?</p>



<figure class="wp-block-embed is-type-video is-provider-youtube wp-block-embed-youtube wp-embed-aspect-16-9 wp-has-aspect-ratio"><div class="wp-block-embed__wrapper">
<p class="responsive-video-wrap clr"><iframe title="Palavra Cantada | A Grande História da Água" width="1200" height="675" src="https://www.youtube.com/embed/YNZL7nojOcs?feature=oembed" frameborder="0" allow="accelerometer; autoplay; clipboard-write; encrypted-media; gyroscope; picture-in-picture; web-share" allowfullscreen></iframe></p>
</div><figcaption class="wp-element-caption">Canal Palavra Cantada Oficial &#8220;Palavra Cantada | A Grande História da Água&#8221;. Disponível em: &lt;https://youtu.be/YNZL7nojOcs&gt;. Acesso em: 7 Jun 2022.</figcaption></figure>



<hr class="wp-block-separator has-css-opacity"/>



<figure class="wp-block-embed is-type-video is-provider-youtube wp-block-embed-youtube wp-embed-aspect-16-9 wp-has-aspect-ratio"><div class="wp-block-embed__wrapper">
<p class="responsive-video-wrap clr"><iframe title="Video 1 - Agua Recurso Finito (Projeto Água)" width="1200" height="675" src="https://www.youtube.com/embed/D7XOgvcPuus?feature=oembed" frameborder="0" allow="accelerometer; autoplay; clipboard-write; encrypted-media; gyroscope; picture-in-picture; web-share" allowfullscreen></iframe></p>
</div><figcaption class="wp-element-caption">Canal Washington Lemos &#8220;Video 1 &#8211; Agua Recurso Finito (Projeto Água)&#8221;. Disponível em: &lt;https://youtu.be/D7XOgvcPuus&gt;. Acesso em: 7 Jun 2022.<br></figcaption></figure>



<hr class="wp-block-separator has-css-opacity"/>



<p class="has-text-align-center has-black-color has-text-color has-medium-font-size">HORA DA ATIVIDADE</p>



<p class="has-background has-medium-font-size" style="background-color:#ecf5f9"><strong>QUESTÃO 1</strong></p>



<p class="has-medium-font-size">VAMOS FAZER UMA LISTA DE TUDO QUE PODEMOS FAZER PARA ECONOMIZAR ÁGUA.</p>



<figure class="wp-block-image"><img decoding="async" src="https://lh6.googleusercontent.com/FkcEqufcvjgvyVnEazs5umU30hKrPNb809Byvf6Paa61exyG2SYFlnSlkVkx-Udyyh6AYbByaokssSs3B2C7hkLPg1LlzcafmkKtIhMmdtJzWqKOzqHM8nsHa8s6XViVgnCLs4FvGTMns3th_Q" alt=""/></figure>



<p>_______________________________________________________________________________________________________________________</p>



<p>_______________________________________________________________________________________________________________________</p>



<p>_______________________________________________________________________________________________________________________</p>



<p>_______________________________________________________________________________________________________________________</p>



<p>_______________________________________________________________________________________________________________________</p>



<p>_______________________________________________________________________________________________________________________</p>



<hr class="wp-block-separator has-css-opacity"/>



<p class="has-background has-medium-font-size" style="background-color:#edf2f4"><strong>QUESTÃO 2</strong></p>



<p class="has-medium-font-size">AO ESCOVAR OS DENTES, O QUE DEVEMOS FAZER PARA ECONOMIZAR ÁGUA?</p>



<figure class="wp-block-image"><img decoding="async" src="https://lh6.googleusercontent.com/7-r6bHxnRHX9pPpLtY5XCu9l7eGKzryI7AgH9oKT8_2EKNpm5iifdlizdyns7XMB_hGzI6EJoAiZk4pqPmnwSXV2KT6YZkueUkigMxv3ao3Vn0pTJCP9Dn63dQ-v-1LEd-PnEbgdG-f4ihB1Dw" alt=""/></figure>



<p>___________________________________________________________________________________________________________________</p>



<p>____________________________________________________________________________________________________________________</p>



<p>____________________________________________________________________________________________________________________</p>



<hr class="wp-block-separator has-css-opacity"/>



<p class="has-background has-medium-font-size" style="background-color:#e8f3f7"><a href="https://sme.goiania.go.gov.br/conexaoescola/propostas_didaticas/propostas-didaticas-ciencias-da-natureza-1o-ano/" target="_blank" rel="noreferrer noopener">https://sme.goiania.go.gov.br/conexaoescola/propostas_didaticas/propostas-didaticas-ciencias-da-natureza-1o-ano/</a><strong>Acesse os materiais referentes a essa atividade clicando aqui:</strong> </p>



<figure class="wp-block-table is-style-stripes"><table><tbody><tr><td><strong>Componente Curricular:</strong></td><td>CIÊNCIAS DA NATUREZA</td></tr><tr><td><strong>Habilidade:</strong></td><td>(GO-EF01CI07). Compreender a importância do uso consciente da água no cotidiano.</td></tr><tr><td>REFERÊNCIAS</td><td>GOVERNO DO ESTADO DE GOIÁS. SECRETÁRIA DE ESTADO DE EDUCAÇÃO – SEDUC/CONSED. DOCUMENTO CURRICULAR PARA GOIÁS – AMPLIADO: <strong>VOLUME II ENSINO FUNDAMENTAL ANOS INICIAIS</strong>.&nbsp;<br>IMAGENS RETIRADAS DO SITE:<br><a href="https://br.freepik.com/">HTTPS://BR.FREEPIK.COM/</a><br><a href="https://pixabay.com/pt/">HTTPS://PIXABAY.COM/PT/</a><br>CANVA</td></tr></tbody></table></figure>



<hr class="wp-block-separator has-css-opacity"/>
