{"id":144442,"date":"2022-05-20T19:11:23","date_gmt":"2022-05-20T22:11:23","guid":{"rendered":"https:\/\/sme.goiania.go.gov.br\/conexaoescola\/?post_type=ensino_fundamental&#038;p=144442"},"modified":"2025-09-23T21:41:10","modified_gmt":"2025-09-24T00:41:10","slug":"educacao-fisica-pilates-2","status":"publish","type":"ensino_fundamental","link":"https:\/\/sme.goiania.go.gov.br\/conexaoescola\/ensino_fundamental\/educacao-fisica-pilates-2\/","title":{"rendered":"Educa\u00e7\u00e3o F\u00edsica &#8211; Pilates"},"content":{"rendered":"\n<p class=\"has-text-align-center has-black-color has-text-color has-background has-medium-font-size\" style=\"background-color:#cadab4\">   Esta proposta de atividade de<strong>&nbsp;EDUCA\u00c7\u00c3O F\u00cdSICA&nbsp;<\/strong>\u00e9 destinada aos estudantes do<strong> 7\u00ba ANO&nbsp;<\/strong>do Ensino Fundamental &#8211; Anos Finais.<\/p>\n\n\n\n<p class=\"has-text-align-center\"> Voc\u00ea aprendeu que a pr\u00e1tica do Pilates nos proporciona v\u00e1rios benef\u00edcios e vantagens para nossa sa\u00fade e qualidade de vida. Vamos as atividades? <\/p>\n\n\n\n<p class=\"has-text-align-center\"><strong>GIN\u00c1STICA DE CONSCIENTIZA\u00c7\u00c3O CORPORAL &#8211; PILATES<\/strong><\/p>\n\n\n<div class=\"wp-block-image is-style-rounded\">\n<figure class=\"aligncenter size-large is-resized\"><img fetchpriority=\"high\" decoding=\"async\" width=\"1024\" height=\"768\" src=\"https:\/\/sme.goiania.go.gov.br\/conexaoescola\/wp-content\/uploads\/2022\/05\/IMG-20220418-WA0152-e1653084931859-1024x768.jpg\" alt=\"\" class=\"wp-image-144444\" style=\"width:842px;height:632px\" srcset=\"https:\/\/sme.goiania.go.gov.br\/conexaoescola\/wp-content\/uploads\/2022\/05\/IMG-20220418-WA0152-e1653084931859-1024x768.jpg 1024w, https:\/\/sme.goiania.go.gov.br\/conexaoescola\/wp-content\/uploads\/2022\/05\/IMG-20220418-WA0152-e1653084931859-300x225.jpg 300w, https:\/\/sme.goiania.go.gov.br\/conexaoescola\/wp-content\/uploads\/2022\/05\/IMG-20220418-WA0152-e1653084931859-768x576.jpg 768w, https:\/\/sme.goiania.go.gov.br\/conexaoescola\/wp-content\/uploads\/2022\/05\/IMG-20220418-WA0152-e1653084931859-1536x1152.jpg 1536w, https:\/\/sme.goiania.go.gov.br\/conexaoescola\/wp-content\/uploads\/2022\/05\/IMG-20220418-WA0152-e1653084931859.jpg 1600w\" sizes=\"(max-width: 1024px) 100vw, 1024px\" \/><\/figure><\/div>\n\n\n<p class=\"has-text-align-center\"><strong>Imagem: Elaine Faria de Oliveira. Data de acesso: 17 de Maio de 2022.<\/strong><\/p>\n\n\n\n<p class=\"has-text-align-center\">M\u00e9todo de condicionamento f\u00edsico criado pelo alem\u00e3o Joseph Pilates, por volta de 1920. Composto de exerc\u00edcios que s\u00e3o realizados no solo ou em equipamentos exclusivos (com molas), visando total e completo controle e conex\u00e3o entre corpo e mente, devolvendo e restaurando a sa\u00fade de indiv\u00edduos em condi\u00e7\u00f5es patol\u00f3gicas, al\u00e9m de promover um aumento da qualidade de vida para pessoas saud\u00e1veis.&nbsp;<\/p>\n\n\n\n<p class=\"has-text-align-center\"> <strong>VAMOS RESPONDER ALGUMAS QUEST\u00d5ES?<\/strong> <\/p>\n\n\n\n<p class=\"has-black-color has-cyan-bluish-gray-background-color has-text-color has-background\"><strong>Quest\u00e3o 01<\/strong><\/p>\n\n\n\n<p><strong>Preencha as lacunas do texto abaixo alusivas as caracterisicas do Pilates, com as respectivas palavras do quadro abaixo.<\/strong><\/p>\n\n\n\n<figure class=\"wp-block-table is-style-regular\"><table><tbody><tr><td class=\"has-text-align-center\" data-align=\"center\"><strong>MUSCULAR<\/strong><\/td><td class=\"has-text-align-center\" data-align=\"center\"><strong>PROFESSOR<\/strong><\/td><td class=\"has-text-align-center\" data-align=\"center\"><strong>REABILITA\u00c7\u00c3O<\/strong><\/td><td class=\"has-text-align-center\" data-align=\"center\"><strong>PILATES<\/strong><\/td><td class=\"has-text-align-center\" data-align=\"center\"><strong>BALAN\u00c7O<\/strong><\/td><\/tr><\/tbody><\/table><\/figure>\n\n\n\n<p>O m\u00e9todo ______________________ promove harmonia e ___________________________________________para todas as idades e n\u00edveis de condicionamento f\u00edsico,&nbsp; pode ser usado para ____________________________f\u00edsica, como alternativa fitness e at\u00e9 emagrecimento e defini\u00e7\u00e3o________________________________________, j\u00e1 que a atividade \u00e9 direcionada \u00e0s individualidades da pessoa. A aula pode ser individual ou em pequenos grupos, sendo supervisionada por um ____________________________.<\/p>\n\n\n\n<p class=\"has-black-color has-cyan-bluish-gray-background-color has-text-color has-background\"><strong>Quest\u00e3o 02<\/strong><\/p>\n\n\n\n<p><strong>Com rela\u00e7\u00e3o ao Pilates, marque a alternativa incorreta.<\/strong><\/p>\n\n\n\n<p>( &nbsp; &nbsp;  ) O Pilates \u00e9 uma t\u00e9cnica ocidental de cerca de 100 anos.<\/p>\n\n\n\n<p>( &nbsp;  &nbsp; ) Conhecida como um estilo de vida que coordena a harmonia entre corpo, mente e esp\u00edrito<\/p>\n\n\n\n<p>( &nbsp; &nbsp;  ) No Pilates, equil\u00edbrio e concentra\u00e7\u00e3o s\u00e3o aspectos pouco significativos<\/p>\n\n\n\n<p>( &nbsp; &nbsp;  ) Os movimentos de cada exerc\u00edcio s\u00e3o t\u00e3o complexos, que \u00e9 quase imposs\u00edvel execut\u00e1-los sem uma boa dose de concentra\u00e7\u00e3o.<\/p>\n\n\n\n<p class=\"has-black-color has-cyan-bluish-gray-background-color has-text-color has-background\"><strong>Quest\u00e3o 03<\/strong><\/p>\n\n\n\n<p>A) <strong>&#8211; Qual defini\u00e7\u00e3o de contrologia no Pilates?&nbsp;<\/strong><\/p>\n\n\n\n<p>B) &#8211; <strong>Quais s\u00e3o os princ\u00edpios b\u00e1sicos do Pilates pautados na contrologia?<\/strong><\/p>\n\n\n\n<p class=\"has-cyan-bluish-gray-background-color has-background\"> <strong>Quest\u00e3o 04<\/strong><\/p>\n\n\n\n<p class=\"has-text-align-center\"><strong>Sobre os equipamentos com molas do Pilates, relacione as colunas com a defini\u00e7\u00e3o de cada um.<\/strong><\/p>\n\n\n\n<figure class=\"wp-block-table is-style-regular\"><table><tbody><tr><td><strong>&nbsp;&nbsp;01<\/strong><\/td><td class=\"has-text-align-center\" data-align=\"center\"><strong>Aparelho vers\u00e1til Reformer<\/strong><\/td><td>&nbsp;                   <\/td><td class=\"has-text-align-center\" data-align=\"center\">Aparelho composto de 100% em madeira maci\u00e7a, robusto e de grande durabilidade. Utilizado em grande parte para tratamento postural, participa tamb\u00e9m do processo Fitness e Rehab com exerc\u00edcios de alongamento, for\u00e7a e estabilidade.<\/td><\/tr><tr><td><strong>&nbsp; 02<\/strong><\/td><td class=\"has-text-align-center\" data-align=\"center\"><strong>Aparelho&nbsp;<\/strong><strong>Cadillac<\/strong><\/td><td>&nbsp;<\/td><td class=\"has-text-align-center\" data-align=\"center\">Um dos aparelhos mais completos criados por Joseph Pilates. <br>Trata-se de um equipamento grande, confort\u00e1vel e que permite trabalhar praticamente todas as vari\u00e1veis que os praticantes possam possivelmente querer ou precisar.<\/td><\/tr><tr><td><strong>&nbsp; 03<\/strong><\/td><td class=\"has-text-align-center\" data-align=\"center\"><strong>Aparelho&nbsp;<\/strong><strong>Step Chair<\/strong><\/td><td>&nbsp;<\/td><td class=\"has-text-align-center\" data-align=\"center\">Aparelho que facilita a execu\u00e7\u00e3o de exerc\u00edcios de alta performance para atletas, praticantes de atividades f\u00edsicas e tamb\u00e9m para pacientes em reabilita\u00e7\u00e3o.<\/td><\/tr><tr><td><strong>&nbsp; 04<\/strong><\/td><td class=\"has-text-align-center\" data-align=\"center\"><strong>Aparelho Ladder Barrel<\/strong><\/td><td>&nbsp;<\/td><td class=\"has-text-align-center\" data-align=\"center\">Considerado um dos aparelhos de Pilates mais utilizados, trabalha toda a musculatura do corpo, podendo ser utilizado pelo aluno de p\u00e9, sentado, na vertical, e em quatro apoios<\/td><\/tr><\/tbody><\/table><\/figure>\n\n\n\n<p class=\"has-black-color has-text-color has-background\" style=\"background-color:#c6d4b1\"><strong>SAIBA MAIS<\/strong><\/p>\n\n\n\n<p class=\"has-text-align-center\"><strong>ASSISTA AO V\u00cdDEO SOBRE EXERC\u00cdCIOS DE  MAT PILATES <\/strong><\/p>\n\n\n\n<figure class=\"wp-block-embed is-type-video is-provider-youtube wp-block-embed-youtube wp-embed-aspect-16-9 wp-has-aspect-ratio\"><div class=\"wp-block-embed__wrapper\">\n<p class=\"responsive-video-wrap clr\"><iframe title=\"MAT PILATES\" width=\"1200\" height=\"675\" src=\"https:\/\/www.youtube.com\/embed\/xZvz4JkHErI?feature=oembed\" frameborder=\"0\" allow=\"accelerometer; autoplay; clipboard-write; encrypted-media; gyroscope; picture-in-picture\" allowfullscreen><\/iframe><\/p>\n<\/div><figcaption class=\"wp-element-caption\"><strong>CANAL: ELAINE FARIA DE OLIVEIRA &#8221; EXERC\u00cdCIS DE MAT PILATEA&#8221; &lt; https:\/\/www.youtube.com\/watch?v=xZvz4JkHErI &gt; <br>Data de acesso: 20 de maio de 2022.<\/strong><\/figcaption><\/figure>\n\n\n\n<p class=\"has-text-align-center\"> <strong>ASSISTA AO V\u00cdDEO SOBRE EXERC\u00cdCIOS DE PILATES EM M\u00c1QUINAS<\/strong><\/p>\n\n\n\n<figure class=\"wp-block-embed is-type-video is-provider-youtube wp-block-embed-youtube wp-embed-aspect-16-9 wp-has-aspect-ratio\"><div class=\"wp-block-embed__wrapper\">\n<p class=\"responsive-video-wrap clr\"><iframe title=\"PILATES EM M\u00c1QUINAS\" width=\"1200\" height=\"675\" src=\"https:\/\/www.youtube.com\/embed\/N9iEnV2dEBA?feature=oembed\" frameborder=\"0\" allow=\"accelerometer; autoplay; clipboard-write; encrypted-media; gyroscope; picture-in-picture\" allowfullscreen><\/iframe><\/p>\n<\/div><figcaption class=\"wp-element-caption\"><strong>CANAL: ELAINE FARIA DE OLIVEIRA &#8221; EXERC\u00cdCIOS DE PILATES EM M\u00c1QUINAS&#8221; &lt; https:\/\/www.youtube.com\/watch?v=N9iEnV2dEBA &gt; <br>Data de acesso: 20 de maio de 2022.<\/strong><\/figcaption><\/figure>\n\n\n\n<figure class=\"wp-block-table is-style-stripes\"><table class=\"has-background\" style=\"background-color:#edeff0\"><thead><tr><th scope=\"col\"><strong>Componente Curricular&nbsp;<\/strong><\/th><th class=\"has-text-align-left\" data-align=\"left\" scope=\"col\"><strong>EDUCA\u00c7\u00c3O F\u00cdSICA&nbsp;<\/strong><\/th><\/tr><tr><th scope=\"col\"><strong>Habilidade<\/strong><\/th><th class=\"has-text-align-left\" data-align=\"left\" scope=\"col\"><strong>(GO-EF08EF07) Vivenciar e fruir diferentes modalidades da gin\u00e1stica, contemplando a conscientiza\u00e7\u00e3o corporal, identificando as exig\u00eancias corporais dessas pr\u00e1ticas, e reconhecendo a import\u00e2ncia de uma pr\u00e1tica individualizada, adequada \u00e0s caracter\u00edsticas e necessidades de cada sujeito.<\/strong><br><\/th><\/tr><\/thead><\/table><\/figure>\n\n\n\n<figure class=\"wp-block-table is-style-stripes\"><table><tbody><tr><td class=\"has-text-align-center\" data-align=\"center\">Referencial te\u00f3rico<\/td><td>Darido, Suraya Cristina: para ensinar educa\u00e7\u00e3o f\u00edsica: possibilidades de interven\u00e7\u00e3o na escola \/ Suraya Cristina Darido, Osmar Moreira de Souza J\u00fanior. \u2013 Campinas, SP: Parpirus, 2007. &nbsp;<br><br>DC-GO Ampliado &#8211; Base&nbsp; Nacional&nbsp; Comum&nbsp; Curricular&nbsp; (BNCC)&nbsp; da Educa\u00e7\u00e3o Infantil e do Ensino Fundamental, 2017.&nbsp;<br><br>Pr\u00e1ticas corporais: educa\u00e7\u00e3o f\u00edsica: 6\u00ba ao 9\u00ba anos: manual do professor\/ Suraya Cristina Darido. et AL 1 ed. &#8211; S\u00e3o Paulo:: Moderna, 2018.<br><\/td><\/tr><\/tbody><\/table><\/figure>\n\n\n\n<p><\/p>\n","protected":false},"author":56,"featured_media":144444,"template":"","ef_categoria":[15,27],"ef_ano":[90],"ef_componente":[97],"class_list":["post-144442","ensino_fundamental","type-ensino_fundamental","status-publish","has-post-thumbnail","hentry","ef_categoria-ciclo-da-adolescencia-fg","ef_categoria-corpo-e-movimento-ciclo-da-adolescencia-fg","ef_ano-7o-ano","ef_componente-educacao-fisica","entry","has-media"],"acf":[],"_links":{"self":[{"href":"https:\/\/sme.goiania.go.gov.br\/conexaoescola\/wp-json\/wp\/v2\/ensino_fundamental\/144442","targetHints":{"allow":["GET"]}}],"collection":[{"href":"https:\/\/sme.goiania.go.gov.br\/conexaoescola\/wp-json\/wp\/v2\/ensino_fundamental"}],"about":[{"href":"https:\/\/sme.goiania.go.gov.br\/conexaoescola\/wp-json\/wp\/v2\/types\/ensino_fundamental"}],"author":[{"embeddable":true,"href":"https:\/\/sme.goiania.go.gov.br\/conexaoescola\/wp-json\/wp\/v2\/users\/56"}],"version-history":[{"count":1,"href":"https:\/\/sme.goiania.go.gov.br\/conexaoescola\/wp-json\/wp\/v2\/ensino_fundamental\/144442\/revisions"}],"predecessor-version":[{"id":199854,"href":"https:\/\/sme.goiania.go.gov.br\/conexaoescola\/wp-json\/wp\/v2\/ensino_fundamental\/144442\/revisions\/199854"}],"wp:featuredmedia":[{"embeddable":true,"href":"https:\/\/sme.goiania.go.gov.br\/conexaoescola\/wp-json\/wp\/v2\/media\/144444"}],"wp:attachment":[{"href":"https:\/\/sme.goiania.go.gov.br\/conexaoescola\/wp-json\/wp\/v2\/media?parent=144442"}],"wp:term":[{"taxonomy":"ef_categoria","embeddable":true,"href":"https:\/\/sme.goiania.go.gov.br\/conexaoescola\/wp-json\/wp\/v2\/ef_categoria?post=144442"},{"taxonomy":"ef_ano","embeddable":true,"href":"https:\/\/sme.goiania.go.gov.br\/conexaoescola\/wp-json\/wp\/v2\/ef_ano?post=144442"},{"taxonomy":"ef_componente","embeddable":true,"href":"https:\/\/sme.goiania.go.gov.br\/conexaoescola\/wp-json\/wp\/v2\/ef_componente?post=144442"}],"curies":[{"name":"wp","href":"https:\/\/api.w.org\/{rel}","templated":true}]}}

Educação Física &#8211; Pilates

<p class="has-text-align-center has-black-color has-text-color has-background has-medium-font-size" style="background-color:#cadab4">   Esta proposta de atividade de<strong>&nbsp;EDUCAÇÃO FÍSICA&nbsp;</strong>é destinada aos estudantes do<strong> 7º ANO&nbsp;</strong>do Ensino Fundamental &#8211; Anos Finais.</p>



<p class="has-text-align-center"> Você aprendeu que a prática do Pilates nos proporciona vários benefícios e vantagens para nossa saúde e qualidade de vida. Vamos as atividades? </p>



<p class="has-text-align-center"><strong>GINÁSTICA DE CONSCIENTIZAÇÃO CORPORAL &#8211; PILATES</strong></p>


<div class="wp-block-image is-style-rounded">
<figure class="aligncenter size-large is-resized"><img fetchpriority="high" decoding="async" width="1024" height="768" src="https://sme.goiania.go.gov.br/conexaoescola/wp-content/uploads/2022/05/IMG-20220418-WA0152-e1653084931859-1024x768.jpg" alt="" class="wp-image-144444" style="width:842px;height:632px" srcset="https://sme.goiania.go.gov.br/conexaoescola/wp-content/uploads/2022/05/IMG-20220418-WA0152-e1653084931859-1024x768.jpg 1024w, https://sme.goiania.go.gov.br/conexaoescola/wp-content/uploads/2022/05/IMG-20220418-WA0152-e1653084931859-300x225.jpg 300w, https://sme.goiania.go.gov.br/conexaoescola/wp-content/uploads/2022/05/IMG-20220418-WA0152-e1653084931859-768x576.jpg 768w, https://sme.goiania.go.gov.br/conexaoescola/wp-content/uploads/2022/05/IMG-20220418-WA0152-e1653084931859-1536x1152.jpg 1536w, https://sme.goiania.go.gov.br/conexaoescola/wp-content/uploads/2022/05/IMG-20220418-WA0152-e1653084931859.jpg 1600w" sizes="(max-width: 1024px) 100vw, 1024px" /></figure></div>


<p class="has-text-align-center"><strong>Imagem: Elaine Faria de Oliveira. Data de acesso: 17 de Maio de 2022.</strong></p>



<p class="has-text-align-center">Método de condicionamento físico criado pelo alemão Joseph Pilates, por volta de 1920. Composto de exercícios que são realizados no solo ou em equipamentos exclusivos (com molas), visando total e completo controle e conexão entre corpo e mente, devolvendo e restaurando a saúde de indivíduos em condições patológicas, além de promover um aumento da qualidade de vida para pessoas saudáveis.&nbsp;</p>



<p class="has-text-align-center"> <strong>VAMOS RESPONDER ALGUMAS QUESTÕES?</strong> </p>



<p class="has-black-color has-cyan-bluish-gray-background-color has-text-color has-background"><strong>Questão 01</strong></p>



<p><strong>Preencha as lacunas do texto abaixo alusivas as caracterisicas do Pilates, com as respectivas palavras do quadro abaixo.</strong></p>



<figure class="wp-block-table is-style-regular"><table><tbody><tr><td class="has-text-align-center" data-align="center"><strong>MUSCULAR</strong></td><td class="has-text-align-center" data-align="center"><strong>PROFESSOR</strong></td><td class="has-text-align-center" data-align="center"><strong>REABILITAÇÃO</strong></td><td class="has-text-align-center" data-align="center"><strong>PILATES</strong></td><td class="has-text-align-center" data-align="center"><strong>BALANÇO</strong></td></tr></tbody></table></figure>



<p>O método ______________________ promove harmonia e ___________________________________________para todas as idades e níveis de condicionamento físico,&nbsp; pode ser usado para ____________________________física, como alternativa fitness e até emagrecimento e definição________________________________________, já que a atividade é direcionada às individualidades da pessoa. A aula pode ser individual ou em pequenos grupos, sendo supervisionada por um ____________________________.</p>



<p class="has-black-color has-cyan-bluish-gray-background-color has-text-color has-background"><strong>Questão 02</strong></p>



<p><strong>Com relação ao Pilates, marque a alternativa incorreta.</strong></p>



<p>( &nbsp; &nbsp;  ) O Pilates é uma técnica ocidental de cerca de 100 anos.</p>



<p>( &nbsp;  &nbsp; ) Conhecida como um estilo de vida que coordena a harmonia entre corpo, mente e espírito</p>



<p>( &nbsp; &nbsp;  ) No Pilates, equilíbrio e concentração são aspectos pouco significativos</p>



<p>( &nbsp; &nbsp;  ) Os movimentos de cada exercício são tão complexos, que é quase impossível executá-los sem uma boa dose de concentração.</p>



<p class="has-black-color has-cyan-bluish-gray-background-color has-text-color has-background"><strong>Questão 03</strong></p>



<p>A) <strong>&#8211; Qual definição de contrologia no Pilates?&nbsp;</strong></p>



<p>B) &#8211; <strong>Quais são os princípios básicos do Pilates pautados na contrologia?</strong></p>



<p class="has-cyan-bluish-gray-background-color has-background"> <strong>Questão 04</strong></p>



<p class="has-text-align-center"><strong>Sobre os equipamentos com molas do Pilates, relacione as colunas com a definição de cada um.</strong></p>



<figure class="wp-block-table is-style-regular"><table><tbody><tr><td><strong>&nbsp;&nbsp;01</strong></td><td class="has-text-align-center" data-align="center"><strong>Aparelho versátil Reformer</strong></td><td>&nbsp;                   </td><td class="has-text-align-center" data-align="center">Aparelho composto de 100% em madeira maciça, robusto e de grande durabilidade. Utilizado em grande parte para tratamento postural, participa também do processo Fitness e Rehab com exercícios de alongamento, força e estabilidade.</td></tr><tr><td><strong>&nbsp; 02</strong></td><td class="has-text-align-center" data-align="center"><strong>Aparelho&nbsp;</strong><strong>Cadillac</strong></td><td>&nbsp;</td><td class="has-text-align-center" data-align="center">Um dos aparelhos mais completos criados por Joseph Pilates. <br>Trata-se de um equipamento grande, confortável e que permite trabalhar praticamente todas as variáveis que os praticantes possam possivelmente querer ou precisar.</td></tr><tr><td><strong>&nbsp; 03</strong></td><td class="has-text-align-center" data-align="center"><strong>Aparelho&nbsp;</strong><strong>Step Chair</strong></td><td>&nbsp;</td><td class="has-text-align-center" data-align="center">Aparelho que facilita a execução de exercícios de alta performance para atletas, praticantes de atividades físicas e também para pacientes em reabilitação.</td></tr><tr><td><strong>&nbsp; 04</strong></td><td class="has-text-align-center" data-align="center"><strong>Aparelho Ladder Barrel</strong></td><td>&nbsp;</td><td class="has-text-align-center" data-align="center">Considerado um dos aparelhos de Pilates mais utilizados, trabalha toda a musculatura do corpo, podendo ser utilizado pelo aluno de pé, sentado, na vertical, e em quatro apoios</td></tr></tbody></table></figure>



<p class="has-black-color has-text-color has-background" style="background-color:#c6d4b1"><strong>SAIBA MAIS</strong></p>



<p class="has-text-align-center"><strong>ASSISTA AO VÍDEO SOBRE EXERCÍCIOS DE  MAT PILATES </strong></p>



<figure class="wp-block-embed is-type-video is-provider-youtube wp-block-embed-youtube wp-embed-aspect-16-9 wp-has-aspect-ratio"><div class="wp-block-embed__wrapper">
<p class="responsive-video-wrap clr"><iframe title="MAT PILATES" width="1200" height="675" src="https://www.youtube.com/embed/xZvz4JkHErI?feature=oembed" frameborder="0" allow="accelerometer; autoplay; clipboard-write; encrypted-media; gyroscope; picture-in-picture" allowfullscreen></iframe></p>
</div><figcaption class="wp-element-caption"><strong>CANAL: ELAINE FARIA DE OLIVEIRA &#8221; EXERCÍCIS DE MAT PILATEA&#8221; &lt; https://www.youtube.com/watch?v=xZvz4JkHErI &gt; <br>Data de acesso: 20 de maio de 2022.</strong></figcaption></figure>



<p class="has-text-align-center"> <strong>ASSISTA AO VÍDEO SOBRE EXERCÍCIOS DE PILATES EM MÁQUINAS</strong></p>



<figure class="wp-block-embed is-type-video is-provider-youtube wp-block-embed-youtube wp-embed-aspect-16-9 wp-has-aspect-ratio"><div class="wp-block-embed__wrapper">
<p class="responsive-video-wrap clr"><iframe title="PILATES EM MÁQUINAS" width="1200" height="675" src="https://www.youtube.com/embed/N9iEnV2dEBA?feature=oembed" frameborder="0" allow="accelerometer; autoplay; clipboard-write; encrypted-media; gyroscope; picture-in-picture" allowfullscreen></iframe></p>
</div><figcaption class="wp-element-caption"><strong>CANAL: ELAINE FARIA DE OLIVEIRA &#8221; EXERCÍCIOS DE PILATES EM MÁQUINAS&#8221; &lt; https://www.youtube.com/watch?v=N9iEnV2dEBA &gt; <br>Data de acesso: 20 de maio de 2022.</strong></figcaption></figure>



<figure class="wp-block-table is-style-stripes"><table class="has-background" style="background-color:#edeff0"><thead><tr><th scope="col"><strong>Componente Curricular&nbsp;</strong></th><th class="has-text-align-left" data-align="left" scope="col"><strong>EDUCAÇÃO FÍSICA&nbsp;</strong></th></tr><tr><th scope="col"><strong>Habilidade</strong></th><th class="has-text-align-left" data-align="left" scope="col"><strong>(GO-EF08EF07) Vivenciar e fruir diferentes modalidades da ginástica, contemplando a conscientização corporal, identificando as exigências corporais dessas práticas, e reconhecendo a importância de uma prática individualizada, adequada às características e necessidades de cada sujeito.</strong><br></th></tr></thead></table></figure>



<figure class="wp-block-table is-style-stripes"><table><tbody><tr><td class="has-text-align-center" data-align="center">Referencial teórico</td><td>Darido, Suraya Cristina: para ensinar educação física: possibilidades de intervenção na escola / Suraya Cristina Darido, Osmar Moreira de Souza Júnior. – Campinas, SP: Parpirus, 2007. &nbsp;<br><br>DC-GO Ampliado &#8211; Base&nbsp; Nacional&nbsp; Comum&nbsp; Curricular&nbsp; (BNCC)&nbsp; da Educação Infantil e do Ensino Fundamental, 2017.&nbsp;<br><br>Práticas corporais: educação física: 6º ao 9º anos: manual do professor/ Suraya Cristina Darido. et AL 1 ed. &#8211; São Paulo:: Moderna, 2018.<br></td></tr></tbody></table></figure>



<p></p>
