{"id":144422,"date":"2022-05-20T16:49:19","date_gmt":"2022-05-20T19:49:19","guid":{"rendered":"https:\/\/sme.goiania.go.gov.br\/conexaoescola\/?post_type=ensino_fundamental&#038;p=144422"},"modified":"2022-05-20T16:49:20","modified_gmt":"2022-05-20T19:49:20","slug":"historia-a-era-vargas-uma-introducao","status":"publish","type":"ensino_fundamental","link":"https:\/\/sme.goiania.go.gov.br\/conexaoescola\/ensino_fundamental\/historia-a-era-vargas-uma-introducao\/","title":{"rendered":"Hist\u00f3ria &#8211; A era Vargas, uma introdu\u00e7\u00e3o"},"content":{"rendered":"\n<p class=\"has-black-color has-vivid-cyan-blue-background-color has-text-color has-background has-medium-font-size\">Esta proposta de atividade de\u00a0<strong>HIST\u00d3RIA<\/strong>\u00a0\u00e9 destinada aos estudantes do\u00a0<strong>9\u00b0 Ano<\/strong>\u00a0do Ensino Fundamental Anos Finais.<\/p>\n\n\n\n<p class=\"has-black-color has-text-color has-medium-font-size\">Estudar hist\u00f3ria \u00e9 muito mais do que olhar para o passado. Estudar hist\u00f3ria \u00e9 ter possibilidades para compreens\u00e3o do ontem e do hoje e a capacidade de se orientar temporalmente. Ent\u00e3o,<\/p>\n\n\n\n<p class=\"has-text-align-center has-black-color has-text-color has-medium-font-size\"><strong>VAMOS RESPONDER ALGUMAS QUEST\u00d5ES?<\/strong><\/p>\n\n\n\n<div class=\"wp-block-image\"><figure class=\"aligncenter size-full\"><img fetchpriority=\"high\" decoding=\"async\" width=\"457\" height=\"768\" src=\"https:\/\/sme.goiania.go.gov.br\/conexaoescola\/wp-content\/uploads\/2022\/05\/Vargas-01-e1653075546459.jpg\" alt=\"\" class=\"wp-image-144423\" srcset=\"https:\/\/sme.goiania.go.gov.br\/conexaoescola\/wp-content\/uploads\/2022\/05\/Vargas-01-e1653075546459.jpg 457w, https:\/\/sme.goiania.go.gov.br\/conexaoescola\/wp-content\/uploads\/2022\/05\/Vargas-01-e1653075546459-179x300.jpg 179w\" sizes=\"(max-width: 457px) 100vw, 457px\" \/><figcaption>Get\u00falio Vargas. Dispon\u00edvel em:&lt;<a href=\"https:\/\/museudarepublica.museus.gov.br\/exposicoes\/dedicatorias\/paginas\/gvConst.htm\" data-type=\"URL\" data-id=\"https:\/\/museudarepublica.museus.gov.br\/exposicoes\/dedicatorias\/paginas\/gvConst.htm\">https:\/\/museudarepublica.museus.gov.br\/exposicoes\/dedicatorias\/paginas\/gvConst.htm<\/a>>. Acesso em: 20, mai. 22.<\/figcaption><\/figure><\/div>\n\n\n\n<p class=\"has-black-color has-text-color has-background has-medium-font-size\" style=\"background-color:#008655\"><strong>Quest\u00e3o 1<\/strong><\/p>\n\n\n\n<p class=\"has-black-color has-text-color has-medium-font-size\">Pesquise em seu livro did\u00e1tico como a crise estadunidense de 1929 afetou a Rep\u00fablica Olig\u00e1rquica Brasileira. Escreva suas conclus\u00f5es em seu caderno.<\/p>\n\n\n\n<p class=\"has-black-color has-text-color has-background has-medium-font-size\" style=\"background-color:#008655\"><strong>Quest\u00e3o 2<\/strong><\/p>\n\n\n\n<p class=\"has-black-color has-text-color has-medium-font-size\">Identifique e transcreva para seu caderno quais era os anseios da nascente burguesia industrial brasileira.<\/p>\n\n\n\n<p class=\"has-black-color has-text-color has-background has-medium-font-size\" style=\"background-color:#008655\"><strong>Quest\u00e3o 3<\/strong><\/p>\n\n\n\n<p class=\"has-black-color has-text-color has-medium-font-size\">Apresente quais eram as condi\u00e7\u00f5es de trabalho a que os oper\u00e1rios estavam submetidos durante a Rep\u00fablica Velha?<\/p>\n\n\n\n<p class=\"has-black-color has-text-color has-background has-medium-font-size\" style=\"background-color:#008655\"><strong>Quest\u00e3o 4<\/strong><\/p>\n\n\n\n<p class=\"has-black-color has-text-color has-medium-font-size\">Quais fatores levaram \u00e0 Rep\u00fablica Velha a entrar em crise? Registre os setores da sociedade envolvidos.<\/p>\n\n\n\n<p class=\"has-black-color has-text-color has-background has-medium-font-size\" style=\"background-color:#008655\"><strong>Quest\u00e3o 5<\/strong><\/p>\n\n\n\n<p class=\"has-black-color has-text-color has-medium-font-size\">Comente sobre a elei\u00e7\u00e3o de J\u00falio Prestes redigindo coment\u00e1rios sobre o processo e resultado da elei\u00e7\u00e3o em quest\u00e3o.<\/p>\n\n\n\n<p class=\"has-black-color has-text-color has-background has-medium-font-size\" style=\"background-color:#008655\"><strong>Quest\u00e3o 6<\/strong><\/p>\n\n\n\n<p class=\"has-black-color has-text-color has-medium-font-size\">Caracterize a Revolu\u00e7\u00e3o de 1930 apresentando atores e fatores nela envolvidos.<\/p>\n\n\n\n<p class=\"has-text-align-center has-black-color has-vivid-cyan-blue-background-color has-text-color has-background has-medium-font-size\"><strong>SAIBA MAIS<\/strong><\/p>\n\n\n\n<p class=\"has-black-color has-text-color has-medium-font-size\">S\u00f3 clica no play e venha para o conhecimento.<\/p>\n\n\n\n<figure class=\"wp-block-embed aligncenter is-type-video is-provider-youtube wp-block-embed-youtube wp-embed-aspect-16-9 wp-has-aspect-ratio\"><div class=\"wp-block-embed__wrapper\">\n<p class=\"responsive-video-wrap clr\"><iframe title=\"Atividade 7   9\u00b0 Ano A Revolu\u00e7\u00e3o de 1930\" width=\"1200\" height=\"675\" src=\"https:\/\/www.youtube.com\/embed\/jKCoG9e3UEA?feature=oembed\" frameborder=\"0\" allow=\"accelerometer; autoplay; clipboard-write; encrypted-media; gyroscope; picture-in-picture\" allowfullscreen><\/iframe><\/p>\n<\/div><figcaption>Canal Uilson Duarte. Atividade 7 &#8211; 9\u00b0 Ano A Revlu\u00e7\u00e3o de 1930. Dispon\u00edvel em:&lt;<a href=\"https:\/\/youtu.be\/jKCoG9e3UEA\" data-type=\"URL\" data-id=\"https:\/\/youtu.be\/jKCoG9e3UEA\">https:\/\/youtu.be\/jKCoG9e3UEA<\/a>>. Acesso em: 20, mai. 22.<\/figcaption><\/figure>\n\n\n\n<p class=\"has-black-color has-text-color has-background has-medium-font-size\" style=\"background-color:#324ed9\"><strong>Acesse os materiais referentes a essa atividade clicando aqui:<\/strong><a href=\"https:\/\/sme.goiania.go.gov.br\/conexaoescola\/propostas_didaticas\/propostas-didaticas-historia-9-ano\/\" data-type=\"URL\" data-id=\"https:\/\/sme.goiania.go.gov.br\/conexaoescola\/propostas_didaticas\/propostas-didaticas-historia-9-ano\/\" target=\"_blank\" rel=\"noreferrer noopener\">https:\/\/sme.goiania.go.gov.br\/conexaoescola\/propostas_didaticas\/propostas-didaticas-historia-9-ano\/<\/a><\/p>\n\n\n\n<figure class=\"wp-block-table is-style-stripes\"><table><tbody><tr><td><strong>Habilidade:<\/strong><\/td><td><strong>(GO-EF09HI06-A)<\/strong> Compreender o processo de ascens\u00e3o de Get\u00falio Vargas ao poder e as diversas formas de organiza\u00e7\u00e3o pol\u00edtica, social e cultural, no per\u00edodo entre 1930 e 1945.<strong>(GO-EF09HI06-B)<\/strong> Identificar os impactos das transforma\u00e7\u00f5es pol\u00edticas, sociais e econ\u00f4micas em Goi\u00e1s, durante o governo de Get\u00falio Vargas.<\/td><\/tr><\/tbody><\/table><\/figure>\n\n\n\n<figure class=\"wp-block-table\"><table><tbody><tr><td><strong>Referencial te\u00f3rico\u00a0<\/strong><br><\/td><td><strong>ASBAUM, <\/strong>Le\u00f4ncio. Hist\u00f3ria sincera da Rep\u00fablica, de 1889 a 1930. 4. ed. S\u00e3o Paulo: Alfa\u00d4mega, 1976<br><strong>FAUSTO<\/strong>, Boris. A Revolu\u00e7\u00e3o de 1930: historiografia e hist\u00f3ria. S\u00e3o Paulo: Brasiliense, 1970.<br><strong>SCHWARCZ<\/strong>, Lilia M.; <strong>STARLING<\/strong>, Heloisa M. Brasil: uma biografia. S\u00e3o Paulo: Companhia das Letras, 2015. pp. 300-386<\/td><\/tr><\/tbody><\/table><\/figure>\n","protected":false},"author":51,"featured_media":144423,"template":"","ef_categoria":[],"ef_ano":[92],"ef_componente":[95],"class_list":["post-144422","ensino_fundamental","type-ensino_fundamental","status-publish","has-post-thumbnail","hentry","ef_ano-9o-ano","ef_componente-historia","entry","has-media"],"acf":[],"_links":{"self":[{"href":"https:\/\/sme.goiania.go.gov.br\/conexaoescola\/wp-json\/wp\/v2\/ensino_fundamental\/144422","targetHints":{"allow":["GET"]}}],"collection":[{"href":"https:\/\/sme.goiania.go.gov.br\/conexaoescola\/wp-json\/wp\/v2\/ensino_fundamental"}],"about":[{"href":"https:\/\/sme.goiania.go.gov.br\/conexaoescola\/wp-json\/wp\/v2\/types\/ensino_fundamental"}],"author":[{"embeddable":true,"href":"https:\/\/sme.goiania.go.gov.br\/conexaoescola\/wp-json\/wp\/v2\/users\/51"}],"version-history":[{"count":0,"href":"https:\/\/sme.goiania.go.gov.br\/conexaoescola\/wp-json\/wp\/v2\/ensino_fundamental\/144422\/revisions"}],"wp:featuredmedia":[{"embeddable":true,"href":"https:\/\/sme.goiania.go.gov.br\/conexaoescola\/wp-json\/wp\/v2\/media\/144423"}],"wp:attachment":[{"href":"https:\/\/sme.goiania.go.gov.br\/conexaoescola\/wp-json\/wp\/v2\/media?parent=144422"}],"wp:term":[{"taxonomy":"ef_categoria","embeddable":true,"href":"https:\/\/sme.goiania.go.gov.br\/conexaoescola\/wp-json\/wp\/v2\/ef_categoria?post=144422"},{"taxonomy":"ef_ano","embeddable":true,"href":"https:\/\/sme.goiania.go.gov.br\/conexaoescola\/wp-json\/wp\/v2\/ef_ano?post=144422"},{"taxonomy":"ef_componente","embeddable":true,"href":"https:\/\/sme.goiania.go.gov.br\/conexaoescola\/wp-json\/wp\/v2\/ef_componente?post=144422"}],"curies":[{"name":"wp","href":"https:\/\/api.w.org\/{rel}","templated":true}]}}

História &#8211; A era Vargas, uma introdução

<p class="has-black-color has-vivid-cyan-blue-background-color has-text-color has-background has-medium-font-size">Esta proposta de atividade de <strong>HISTÓRIA</strong> é destinada aos estudantes do <strong>9° Ano</strong> do Ensino Fundamental Anos Finais.</p>



<p class="has-black-color has-text-color has-medium-font-size">Estudar história é muito mais do que olhar para o passado. Estudar história é ter possibilidades para compreensão do ontem e do hoje e a capacidade de se orientar temporalmente. Então,</p>



<p class="has-text-align-center has-black-color has-text-color has-medium-font-size"><strong>VAMOS RESPONDER ALGUMAS QUESTÕES?</strong></p>



<div class="wp-block-image"><figure class="aligncenter size-full"><img fetchpriority="high" decoding="async" width="457" height="768" src="https://sme.goiania.go.gov.br/conexaoescola/wp-content/uploads/2022/05/Vargas-01-e1653075546459.jpg" alt="" class="wp-image-144423" srcset="https://sme.goiania.go.gov.br/conexaoescola/wp-content/uploads/2022/05/Vargas-01-e1653075546459.jpg 457w, https://sme.goiania.go.gov.br/conexaoescola/wp-content/uploads/2022/05/Vargas-01-e1653075546459-179x300.jpg 179w" sizes="(max-width: 457px) 100vw, 457px" /><figcaption>Getúlio Vargas. Disponível em:&lt;<a href="https://museudarepublica.museus.gov.br/exposicoes/dedicatorias/paginas/gvConst.htm" data-type="URL" data-id="https://museudarepublica.museus.gov.br/exposicoes/dedicatorias/paginas/gvConst.htm">https://museudarepublica.museus.gov.br/exposicoes/dedicatorias/paginas/gvConst.htm</a>>. Acesso em: 20, mai. 22.</figcaption></figure></div>



<p class="has-black-color has-text-color has-background has-medium-font-size" style="background-color:#008655"><strong>Questão 1</strong></p>



<p class="has-black-color has-text-color has-medium-font-size">Pesquise em seu livro didático como a crise estadunidense de 1929 afetou a República Oligárquica Brasileira. Escreva suas conclusões em seu caderno.</p>



<p class="has-black-color has-text-color has-background has-medium-font-size" style="background-color:#008655"><strong>Questão 2</strong></p>



<p class="has-black-color has-text-color has-medium-font-size">Identifique e transcreva para seu caderno quais era os anseios da nascente burguesia industrial brasileira.</p>



<p class="has-black-color has-text-color has-background has-medium-font-size" style="background-color:#008655"><strong>Questão 3</strong></p>



<p class="has-black-color has-text-color has-medium-font-size">Apresente quais eram as condições de trabalho a que os operários estavam submetidos durante a República Velha?</p>



<p class="has-black-color has-text-color has-background has-medium-font-size" style="background-color:#008655"><strong>Questão 4</strong></p>



<p class="has-black-color has-text-color has-medium-font-size">Quais fatores levaram à República Velha a entrar em crise? Registre os setores da sociedade envolvidos.</p>



<p class="has-black-color has-text-color has-background has-medium-font-size" style="background-color:#008655"><strong>Questão 5</strong></p>



<p class="has-black-color has-text-color has-medium-font-size">Comente sobre a eleição de Júlio Prestes redigindo comentários sobre o processo e resultado da eleição em questão.</p>



<p class="has-black-color has-text-color has-background has-medium-font-size" style="background-color:#008655"><strong>Questão 6</strong></p>



<p class="has-black-color has-text-color has-medium-font-size">Caracterize a Revolução de 1930 apresentando atores e fatores nela envolvidos.</p>



<p class="has-text-align-center has-black-color has-vivid-cyan-blue-background-color has-text-color has-background has-medium-font-size"><strong>SAIBA MAIS</strong></p>



<p class="has-black-color has-text-color has-medium-font-size">Só clica no play e venha para o conhecimento.</p>



<figure class="wp-block-embed aligncenter is-type-video is-provider-youtube wp-block-embed-youtube wp-embed-aspect-16-9 wp-has-aspect-ratio"><div class="wp-block-embed__wrapper">
<p class="responsive-video-wrap clr"><iframe title="Atividade 7   9° Ano A Revolução de 1930" width="1200" height="675" src="https://www.youtube.com/embed/jKCoG9e3UEA?feature=oembed" frameborder="0" allow="accelerometer; autoplay; clipboard-write; encrypted-media; gyroscope; picture-in-picture" allowfullscreen></iframe></p>
</div><figcaption>Canal Uilson Duarte. Atividade 7 &#8211; 9° Ano A Revlução de 1930. Disponível em:&lt;<a href="https://youtu.be/jKCoG9e3UEA" data-type="URL" data-id="https://youtu.be/jKCoG9e3UEA">https://youtu.be/jKCoG9e3UEA</a>>. Acesso em: 20, mai. 22.</figcaption></figure>



<p class="has-black-color has-text-color has-background has-medium-font-size" style="background-color:#324ed9"><strong>Acesse os materiais referentes a essa atividade clicando aqui:</strong><a href="https://sme.goiania.go.gov.br/conexaoescola/propostas_didaticas/propostas-didaticas-historia-9-ano/" data-type="URL" data-id="https://sme.goiania.go.gov.br/conexaoescola/propostas_didaticas/propostas-didaticas-historia-9-ano/" target="_blank" rel="noreferrer noopener">https://sme.goiania.go.gov.br/conexaoescola/propostas_didaticas/propostas-didaticas-historia-9-ano/</a></p>



<figure class="wp-block-table is-style-stripes"><table><tbody><tr><td><strong>Habilidade:</strong></td><td><strong>(GO-EF09HI06-A)</strong> Compreender o processo de ascensão de Getúlio Vargas ao poder e as diversas formas de organização política, social e cultural, no período entre 1930 e 1945.<strong>(GO-EF09HI06-B)</strong> Identificar os impactos das transformações políticas, sociais e econômicas em Goiás, durante o governo de Getúlio Vargas.</td></tr></tbody></table></figure>



<figure class="wp-block-table"><table><tbody><tr><td><strong>Referencial teórico </strong><br></td><td><strong>ASBAUM, </strong>Leôncio. História sincera da República, de 1889 a 1930. 4. ed. São Paulo: AlfaÔmega, 1976<br><strong>FAUSTO</strong>, Boris. A Revolução de 1930: historiografia e história. São Paulo: Brasiliense, 1970.<br><strong>SCHWARCZ</strong>, Lilia M.; <strong>STARLING</strong>, Heloisa M. Brasil: uma biografia. São Paulo: Companhia das Letras, 2015. pp. 300-386</td></tr></tbody></table></figure>
