{"id":143535,"date":"2022-05-10T20:15:15","date_gmt":"2022-05-10T23:15:15","guid":{"rendered":"https:\/\/sme.goiania.go.gov.br\/conexaoescola\/?post_type=ensino_fundamental&#038;p=143535"},"modified":"2024-03-15T16:48:11","modified_gmt":"2024-03-15T19:48:11","slug":"matematica-medidas-de-grandeza","status":"publish","type":"ensino_fundamental","link":"https:\/\/sme.goiania.go.gov.br\/conexaoescola\/ensino_fundamental\/matematica-medidas-de-grandeza\/","title":{"rendered":"Matem\u00e1tica &#8211; Medidas de Grandezas"},"content":{"rendered":"\n<p class=\"has-text-align-center has-black-color has-text-color has-background has-medium-font-size\" style=\"background-color:#cbf1e2\">Esta atividade de Matem\u00e1tica, tem como base as sequ\u00eancias did\u00e1ticas propostas pelo Programa Aprender Sempre, da SME-Goi\u00e2nia, com base no DC\/GO &#8211; Ampliado e est\u00e1 destinada a estudantes do <strong>7\u00ba ano do Ensino Fundamental<\/strong>.\u00a0<\/p>\n\n\n\n<div class=\"wp-block-buttons is-content-justification-center is-layout-flex wp-container-core-buttons-is-layout-51f7783f wp-block-buttons-is-layout-flex\">\n<div class=\"wp-block-button has-custom-font-size has-medium-font-size\"><a class=\"wp-block-button__link wp-element-button\" href=\"https:\/\/drive.google.com\/uc?export=download&amp;id=1u70dnTdikRXdF4bnNlbEA03i2k4en1WU\" target=\"_blank\" rel=\"noreferrer noopener\">BAIXE A ATIVIDADE<\/a><\/div>\n\n\n\n<div class=\"wp-block-button has-custom-font-size has-medium-font-size\"><a class=\"wp-block-button__link wp-element-button\" href=\"https:\/\/drive.google.com\/uc?export=download&amp;id=1WF52ttQcLUoFkAeiTZkwEGykaGP1MhhS\" target=\"_blank\" rel=\"noreferrer noopener\">BAIXE OS  SLIDES<\/a><\/div>\n\n\n\n<div class=\"wp-block-button has-custom-font-size has-medium-font-size\"><a class=\"wp-block-button__link wp-element-button\" href=\"https:\/\/drive.google.com\/uc?export=download&amp;id=182Kiw--W-WwlM-8SJ4kzeqOSisgajf21\" target=\"_blank\" rel=\"noreferrer noopener\">BAIXE O TEXTO<\/a><\/div>\n<\/div>\n\n\n<div class=\"wp-block-image\">\n<figure class=\"aligncenter size-full\"><img fetchpriority=\"high\" decoding=\"async\" width=\"340\" height=\"227\" src=\"https:\/\/sme.goiania.go.gov.br\/conexaoescola\/wp-content\/uploads\/2022\/05\/medidas-de-grandeza-1.jpg\" alt=\"\" class=\"wp-image-143538\" srcset=\"https:\/\/sme.goiania.go.gov.br\/conexaoescola\/wp-content\/uploads\/2022\/05\/medidas-de-grandeza-1.jpg 340w, https:\/\/sme.goiania.go.gov.br\/conexaoescola\/wp-content\/uploads\/2022\/05\/medidas-de-grandeza-1-300x200.jpg 300w\" sizes=\"(max-width: 340px) 100vw, 340px\" \/><\/figure><\/div>\n\n\n<p class=\"has-text-align-center has-small-font-size\">Dispon\u00edvel em: &lt;a href=&#8217;https:\/\/br.freepik.com\/fotos-vetores-gratis\/roupa&#8217;&gt;Roupa foto criado por freepik &#8211; br.freepik.com&lt;\/a&gt; Acesso em 19 abril. 22.<\/p>\n\n\n\n<p class=\"has-text-align-left has-black-color has-text-color has-medium-font-size\">Quando falamos de medidas, estamos falando de maneiras de entender e comparar grandezas diferentes ao nosso redor. Quatro grandezas importantes s\u00e3o a capacidade, o comprimento, o tempo e a temperatura . Vejamos quais as unidades de grandeza mais usadas para cada uma dessas grandezas:<\/p>\n\n\n\n<p class=\"has-text-align-left has-black-color has-text-color has-medium-font-size\"><strong>Unidades de Medida de Capacidade:<\/strong><\/p>\n\n\n\n<p class=\"has-text-align-left has-black-color has-text-color has-medium-font-size\">A medida de capacidade est\u00e1 associada \u00e0 quantidade que cabe em um recipiente. As unidades de medida de capacidade variam em diferentes sistemas de medi\u00e7\u00e3o, mas o Sistema Internacional de Unidades (SI) adota o litro como sua unidade padr\u00e3o. O litro \u00e9 amplamente utilizado para expressar volumes de l\u00edquidos e, para medir capacidades de recipientes. Para quantidades menores que 1 litro, podemos usar o mililitro. Veja que: <\/p>\n\n\n\n<p class=\"has-text-align-center has-black-color has-text-color has-medium-font-size\"><strong><mark style=\"background-color:#7bdcb5\" class=\"has-inline-color has-black-color\">1 litro = 1000 mililitros <\/mark><\/strong><\/p>\n\n\n\n<p class=\"has-text-align-center has-black-color has-text-color has-medium-font-size\"><strong><mark style=\"background-color:#7bdcb5\" class=\"has-inline-color\">1L = 1000 mL<\/mark><\/strong><\/p>\n\n\n\n<p class=\"has-text-align-left has-black-color has-text-color has-medium-font-size\"><strong>Unidades de Medida de Comprimento:<\/strong><\/p>\n\n\n\n<p class=\"has-text-align-left has-black-color has-text-color has-medium-font-size\">A medida de comprimento \u00e9 essencial para descrever as dimens\u00f5es de objetos e dist\u00e2ncias entre pontos. O metro \u00e9 a unidade fundamental de comprimento no SI, sendo definido com base na velocidade da luz. Subm\u00faltiplos do metro, como o cent\u00edmetro e o mil\u00edmetro, s\u00e3o frequentemente utilizados para medi\u00e7\u00f5es mais precisas, enquanto m\u00faltiplos como o quil\u00f4metro s\u00e3o aplicados para dist\u00e2ncias maiores. <\/p>\n\n\n\n<p class=\"has-text-align-center has-black-color has-text-color has-medium-font-size\"><strong><mark style=\"background-color:#8ed1fc\" class=\"has-inline-color\">1 quil\u00f4metro = 1000 metros <\/mark><\/strong><\/p>\n\n\n\n<p class=\"has-text-align-center has-black-color has-text-color has-medium-font-size\"><strong><mark style=\"background-color:#8ed1fc\" class=\"has-inline-color\">1 km = 1000 m<\/mark><\/strong><\/p>\n\n\n\n<p class=\"has-text-align-center has-black-color has-text-color has-medium-font-size\"><strong><mark style=\"background-color:#f2d174\" class=\"has-inline-color has-black-color\">1 metro = 100 cent\u00edmetros <\/mark><\/strong><\/p>\n\n\n\n<p class=\"has-text-align-center has-black-color has-text-color has-medium-font-size\"><strong><mark style=\"background-color:#f2d174\" class=\"has-inline-color\">1 m = 100 cm  <\/mark><\/strong><\/p>\n\n\n\n<p class=\"has-text-align-center has-black-color has-text-color has-medium-font-size\"><strong><mark style=\"background-color:#7bdcb5\" class=\"has-inline-color has-black-color\">1 cent\u00edmetro = 10 mil\u00edmetros <\/mark><\/strong><\/p>\n\n\n\n<p class=\"has-text-align-center has-black-color has-text-color has-medium-font-size\"><strong><mark style=\"background-color:#7bdcb5\" class=\"has-inline-color has-black-color\">1 cm = 10 mm<\/mark><\/strong><\/p>\n\n\n\n<p class=\"has-text-align-left has-black-color has-text-color has-medium-font-size\"><strong>Unidades de Medida de Tempo:<\/strong><\/p>\n\n\n\n<p class=\"has-text-align-left has-black-color has-text-color has-medium-font-size\">O tempo \u00e9 uma dimens\u00e3o crucial em nossas vidas, governando eventos e processos. A unidade padr\u00e3o para medir o tempo no SI \u00e9 o segundo, baseado em propriedades at\u00f4micas. Subdivis\u00f5es comuns incluem o minuto (60 segundos) e a hora (60 minutos). Unidades maiores, como o dia, s\u00e3o utilizadas para referenciar per\u00edodos mais extensos.<\/p>\n\n\n\n<p class=\"has-text-align-left has-black-color has-text-color has-medium-font-size\"><strong>Unidades de Medida de Temperatura:<\/strong><\/p>\n\n\n\n<p class=\"has-text-align-left has-black-color has-text-color has-medium-font-size\">Quando falamos de temperatura, estamos falando de qu\u00e3o quente ou frio est\u00e1 algo. A unidade de medida mais usada no nosso dia a dia \u00e9 o grau <strong>Celsius (\u00b0C)<\/strong>. Zero graus Celsius \u00e9 o ponto de congelamento da \u00e1gua, e 100 graus Celsius \u00e9 o ponto de ebuli\u00e7\u00e3o.<\/p>\n\n\n\n<p class=\"has-text-align-left has-black-color has-text-color has-medium-font-size\"><\/p>\n\n\n\n<p class=\"has-text-align-center has-black-color has-pale-cyan-blue-background-color has-text-color has-background has-medium-font-size\">Assista a videoaula da professora Priscilla com essa tem\u00e1tica.<\/p>\n\n\n\n<figure class=\"wp-block-embed is-type-video is-provider-youtube wp-block-embed-youtube wp-embed-aspect-16-9 wp-has-aspect-ratio\"><div class=\"wp-block-embed__wrapper\">\n<p class=\"responsive-video-wrap clr\"><iframe title=\"Aprender Sempre - Matem\u00e1tica - 7\u00ba ano - 2\u00ba Bim - Videoaula 4 - Medidas de grandezas\" width=\"1200\" height=\"675\" src=\"https:\/\/www.youtube.com\/embed\/6b0cSP_nF-E?list=PLxRkqxlT0AC2PaAqWeBejah1_C6yfg3T6\" frameborder=\"0\" allow=\"accelerometer; autoplay; clipboard-write; encrypted-media; gyroscope; picture-in-picture; web-share\" allowfullscreen><\/iframe><\/p>\n<\/div><\/figure>\n\n\n\n<p class=\"has-text-align-center has-black-color has-pale-cyan-blue-background-color has-text-color has-background has-medium-font-size\"><strong>Sabendo isso, responda a atividade abaixo<\/strong>:<\/p>\n\n\n\n<p class=\"has-black-color has-pale-cyan-blue-background-color has-text-color has-background has-medium-font-size\"><strong>Quest\u00e3o 1<\/strong><\/p>\n\n\n\n<p class=\"has-black-color has-text-color has-medium-font-size\">Explique, por que \u00e9 importante padronizar as unidades de medida para cada grandeza.<\/p>\n\n\n\n<p class=\"has-black-color has-pale-cyan-blue-background-color has-text-color has-background has-medium-font-size\"><strong>Quest\u00e3o 2<\/strong><\/p>\n\n\n\n<p class=\"has-black-color has-text-color has-medium-font-size\">Aline pretende fazer um painel usando apenas fotos de tamanho 10&#215;15 cm. Ele vai colocar as fotos lado a lado sem espa\u00e7o entre elas. Na largura ele usar\u00e1 doze fotos e na altura 10 fotos. Qual ser\u00e1 a largura e a altura desse mural em metros?<\/p>\n\n\n\n<p class=\"has-black-color has-pale-cyan-blue-background-color has-text-color has-background has-medium-font-size\"><strong> <strong>Quest\u00e3o 3<\/strong> <\/strong> <\/p>\n\n\n\n<p class=\"has-black-color has-text-color has-medium-font-size\">Para um jantar foram compradas 9 garrafas de 2 \u2113 de refrigerante. Quantos copos de 300 m\u2113 poder\u00e3o ser servidos?<\/p>\n\n\n\n<p class=\"has-black-color has-pale-cyan-blue-background-color has-text-color has-background has-medium-font-size\"><strong> <strong>Quest\u00e3o 4 <\/strong> <\/strong>  <\/p>\n\n\n\n<p class=\"has-black-color has-text-color has-medium-font-size\">Para enfeitar uma festa junina ser\u00e3o feitos enfeites usando fitas. Cada enfeite precisa de 20 cm de fita. Quantos metros de fita ser\u00e3o necess\u00e1rios para confeccionar 50 enfeites?<\/p>\n\n\n\n<p class=\"has-black-color has-text-color has-medium-font-size\">(A) 50 metros de fita<\/p>\n\n\n\n<p class=\"has-black-color has-text-color has-medium-font-size\">(B) 10 metros de fita<\/p>\n\n\n\n<p class=\"has-black-color has-text-color has-medium-font-size\">(C) 100 metros de fita<\/p>\n\n\n\n<p class=\"has-black-color has-text-color has-medium-font-size\">(D) 1 metro de fita<\/p>\n\n\n\n<p class=\"has-black-color has-pale-cyan-blue-background-color has-text-color has-background has-medium-font-size\"><strong>Quest\u00e3o 5 <\/strong> <\/p>\n\n\n\n<p class=\"has-black-color has-text-color has-medium-font-size\">Calcula-se que em uma festa cada convidado consome cerca de 600 mL de refrigerante. Para uma festa com 60 convidados quantos litros de refrigerante ser\u00e3o necess\u00e1rios? Quantas garrafas de 2 litros de refrigerante dever\u00e3o ser compradas? <\/p>\n\n\n\n<p class=\"has-black-color has-text-color has-medium-font-size\">(A) 3,6 litros de refrigerante; 2 garrafas de 2 litros<\/p>\n\n\n\n<p class=\"has-black-color has-text-color has-medium-font-size\">(B) 36 litros de refrigerante; 18 garrafas de 2 litros<\/p>\n\n\n\n<p class=\"has-black-color has-text-color has-medium-font-size\">(C) 60 litros de refrigerante; 30 garrafas de 2 litros<\/p>\n\n\n\n<p class=\"has-black-color has-text-color has-medium-font-size\">(D) 0,36 litros de refrigerante; 1 garrafa de 2 litros<\/p>\n\n\n\n<hr class=\"wp-block-separator has-css-opacity\"\/>\n\n\n\n<figure class=\"wp-block-table is-style-stripes\"><table><tbody><tr><td><strong>Autoria:<\/strong><\/td><td>Priscilla Nascimento Dias, licenciada em matem\u00e1tica e pedagoga.<\/td><\/tr><tr><td><strong>Componente Curricular:<\/strong><\/td><td>Matem\u00e1tica<\/td><\/tr><tr><td><strong>Habilidade:<\/strong><\/td><td>(EF07MA29) Resolver e elaborar problemas que envolvam medidas de grandezas inseridos em contextos oriundos de situa\u00e7\u00f5es cotidianas ou de outras \u00e1reas do conhecimento, reconhecendo que toda medida emp\u00edrica \u00e9 aproximada.<\/td><\/tr><tr><td><strong>Refer\u00eancias:&nbsp;<\/strong><\/td><td>GOI\u00c2NIA. Secretaria Municipal de Educa\u00e7\u00e3o. Aprender sempre. 7\u00b0. Ano &#8211; Ensino Fundamental; L\u00edngua Portuguesa e Matem\u00e1tica; 2\u00b0. Bimestre; Goi\u00e2nia, 2022.<\/td><\/tr><\/tbody><\/table><\/figure>\n","protected":false},"author":60,"featured_media":143538,"template":"","ef_categoria":[15],"ef_ano":[90],"ef_componente":[94],"class_list":["post-143535","ensino_fundamental","type-ensino_fundamental","status-publish","has-post-thumbnail","hentry","ef_categoria-ciclo-da-adolescencia-fg","ef_ano-7o-ano","ef_componente-matematica","entry","has-media"],"acf":[],"_links":{"self":[{"href":"https:\/\/sme.goiania.go.gov.br\/conexaoescola\/wp-json\/wp\/v2\/ensino_fundamental\/143535","targetHints":{"allow":["GET"]}}],"collection":[{"href":"https:\/\/sme.goiania.go.gov.br\/conexaoescola\/wp-json\/wp\/v2\/ensino_fundamental"}],"about":[{"href":"https:\/\/sme.goiania.go.gov.br\/conexaoescola\/wp-json\/wp\/v2\/types\/ensino_fundamental"}],"author":[{"embeddable":true,"href":"https:\/\/sme.goiania.go.gov.br\/conexaoescola\/wp-json\/wp\/v2\/users\/60"}],"version-history":[{"count":7,"href":"https:\/\/sme.goiania.go.gov.br\/conexaoescola\/wp-json\/wp\/v2\/ensino_fundamental\/143535\/revisions"}],"predecessor-version":[{"id":179113,"href":"https:\/\/sme.goiania.go.gov.br\/conexaoescola\/wp-json\/wp\/v2\/ensino_fundamental\/143535\/revisions\/179113"}],"wp:featuredmedia":[{"embeddable":true,"href":"https:\/\/sme.goiania.go.gov.br\/conexaoescola\/wp-json\/wp\/v2\/media\/143538"}],"wp:attachment":[{"href":"https:\/\/sme.goiania.go.gov.br\/conexaoescola\/wp-json\/wp\/v2\/media?parent=143535"}],"wp:term":[{"taxonomy":"ef_categoria","embeddable":true,"href":"https:\/\/sme.goiania.go.gov.br\/conexaoescola\/wp-json\/wp\/v2\/ef_categoria?post=143535"},{"taxonomy":"ef_ano","embeddable":true,"href":"https:\/\/sme.goiania.go.gov.br\/conexaoescola\/wp-json\/wp\/v2\/ef_ano?post=143535"},{"taxonomy":"ef_componente","embeddable":true,"href":"https:\/\/sme.goiania.go.gov.br\/conexaoescola\/wp-json\/wp\/v2\/ef_componente?post=143535"}],"curies":[{"name":"wp","href":"https:\/\/api.w.org\/{rel}","templated":true}]}}

Matemática &#8211; Medidas de Grandezas

<p class="has-text-align-center has-black-color has-text-color has-background has-medium-font-size" style="background-color:#cbf1e2">Esta atividade de Matemática, tem como base as sequências didáticas propostas pelo Programa Aprender Sempre, da SME-Goiânia, com base no DC/GO &#8211; Ampliado e está destinada a estudantes do <strong>7º ano do Ensino Fundamental</strong>. </p>



<div class="wp-block-buttons is-content-justification-center is-layout-flex wp-container-core-buttons-is-layout-51f7783f wp-block-buttons-is-layout-flex">
<div class="wp-block-button has-custom-font-size has-medium-font-size"><a class="wp-block-button__link wp-element-button" href="https://drive.google.com/uc?export=download&amp;id=1u70dnTdikRXdF4bnNlbEA03i2k4en1WU" target="_blank" rel="noreferrer noopener">BAIXE A ATIVIDADE</a></div>



<div class="wp-block-button has-custom-font-size has-medium-font-size"><a class="wp-block-button__link wp-element-button" href="https://drive.google.com/uc?export=download&amp;id=1WF52ttQcLUoFkAeiTZkwEGykaGP1MhhS" target="_blank" rel="noreferrer noopener">BAIXE OS  SLIDES</a></div>



<div class="wp-block-button has-custom-font-size has-medium-font-size"><a class="wp-block-button__link wp-element-button" href="https://drive.google.com/uc?export=download&amp;id=182Kiw--W-WwlM-8SJ4kzeqOSisgajf21" target="_blank" rel="noreferrer noopener">BAIXE O TEXTO</a></div>
</div>


<div class="wp-block-image">
<figure class="aligncenter size-full"><img fetchpriority="high" decoding="async" width="340" height="227" src="https://sme.goiania.go.gov.br/conexaoescola/wp-content/uploads/2022/05/medidas-de-grandeza-1.jpg" alt="" class="wp-image-143538" srcset="https://sme.goiania.go.gov.br/conexaoescola/wp-content/uploads/2022/05/medidas-de-grandeza-1.jpg 340w, https://sme.goiania.go.gov.br/conexaoescola/wp-content/uploads/2022/05/medidas-de-grandeza-1-300x200.jpg 300w" sizes="(max-width: 340px) 100vw, 340px" /></figure></div>


<p class="has-text-align-center has-small-font-size">Disponível em: &lt;a href=&#8217;https://br.freepik.com/fotos-vetores-gratis/roupa&#8217;&gt;Roupa foto criado por freepik &#8211; br.freepik.com&lt;/a&gt; Acesso em 19 abril. 22.</p>



<p class="has-text-align-left has-black-color has-text-color has-medium-font-size">Quando falamos de medidas, estamos falando de maneiras de entender e comparar grandezas diferentes ao nosso redor. Quatro grandezas importantes são a capacidade, o comprimento, o tempo e a temperatura . Vejamos quais as unidades de grandeza mais usadas para cada uma dessas grandezas:</p>



<p class="has-text-align-left has-black-color has-text-color has-medium-font-size"><strong>Unidades de Medida de Capacidade:</strong></p>



<p class="has-text-align-left has-black-color has-text-color has-medium-font-size">A medida de capacidade está associada à quantidade que cabe em um recipiente. As unidades de medida de capacidade variam em diferentes sistemas de medição, mas o Sistema Internacional de Unidades (SI) adota o litro como sua unidade padrão. O litro é amplamente utilizado para expressar volumes de líquidos e, para medir capacidades de recipientes. Para quantidades menores que 1 litro, podemos usar o mililitro. Veja que: </p>



<p class="has-text-align-center has-black-color has-text-color has-medium-font-size"><strong><mark style="background-color:#7bdcb5" class="has-inline-color has-black-color">1 litro = 1000 mililitros </mark></strong></p>



<p class="has-text-align-center has-black-color has-text-color has-medium-font-size"><strong><mark style="background-color:#7bdcb5" class="has-inline-color">1L = 1000 mL</mark></strong></p>



<p class="has-text-align-left has-black-color has-text-color has-medium-font-size"><strong>Unidades de Medida de Comprimento:</strong></p>



<p class="has-text-align-left has-black-color has-text-color has-medium-font-size">A medida de comprimento é essencial para descrever as dimensões de objetos e distâncias entre pontos. O metro é a unidade fundamental de comprimento no SI, sendo definido com base na velocidade da luz. Submúltiplos do metro, como o centímetro e o milímetro, são frequentemente utilizados para medições mais precisas, enquanto múltiplos como o quilômetro são aplicados para distâncias maiores. </p>



<p class="has-text-align-center has-black-color has-text-color has-medium-font-size"><strong><mark style="background-color:#8ed1fc" class="has-inline-color">1 quilômetro = 1000 metros </mark></strong></p>



<p class="has-text-align-center has-black-color has-text-color has-medium-font-size"><strong><mark style="background-color:#8ed1fc" class="has-inline-color">1 km = 1000 m</mark></strong></p>



<p class="has-text-align-center has-black-color has-text-color has-medium-font-size"><strong><mark style="background-color:#f2d174" class="has-inline-color has-black-color">1 metro = 100 centímetros </mark></strong></p>



<p class="has-text-align-center has-black-color has-text-color has-medium-font-size"><strong><mark style="background-color:#f2d174" class="has-inline-color">1 m = 100 cm  </mark></strong></p>



<p class="has-text-align-center has-black-color has-text-color has-medium-font-size"><strong><mark style="background-color:#7bdcb5" class="has-inline-color has-black-color">1 centímetro = 10 milímetros </mark></strong></p>



<p class="has-text-align-center has-black-color has-text-color has-medium-font-size"><strong><mark style="background-color:#7bdcb5" class="has-inline-color has-black-color">1 cm = 10 mm</mark></strong></p>



<p class="has-text-align-left has-black-color has-text-color has-medium-font-size"><strong>Unidades de Medida de Tempo:</strong></p>



<p class="has-text-align-left has-black-color has-text-color has-medium-font-size">O tempo é uma dimensão crucial em nossas vidas, governando eventos e processos. A unidade padrão para medir o tempo no SI é o segundo, baseado em propriedades atômicas. Subdivisões comuns incluem o minuto (60 segundos) e a hora (60 minutos). Unidades maiores, como o dia, são utilizadas para referenciar períodos mais extensos.</p>



<p class="has-text-align-left has-black-color has-text-color has-medium-font-size"><strong>Unidades de Medida de Temperatura:</strong></p>



<p class="has-text-align-left has-black-color has-text-color has-medium-font-size">Quando falamos de temperatura, estamos falando de quão quente ou frio está algo. A unidade de medida mais usada no nosso dia a dia é o grau <strong>Celsius (°C)</strong>. Zero graus Celsius é o ponto de congelamento da água, e 100 graus Celsius é o ponto de ebulição.</p>



<p class="has-text-align-left has-black-color has-text-color has-medium-font-size"></p>



<p class="has-text-align-center has-black-color has-pale-cyan-blue-background-color has-text-color has-background has-medium-font-size">Assista a videoaula da professora Priscilla com essa temática.</p>



<figure class="wp-block-embed is-type-video is-provider-youtube wp-block-embed-youtube wp-embed-aspect-16-9 wp-has-aspect-ratio"><div class="wp-block-embed__wrapper">
<p class="responsive-video-wrap clr"><iframe title="Aprender Sempre - Matemática - 7º ano - 2º Bim - Videoaula 4 - Medidas de grandezas" width="1200" height="675" src="https://www.youtube.com/embed/6b0cSP_nF-E?list=PLxRkqxlT0AC2PaAqWeBejah1_C6yfg3T6" frameborder="0" allow="accelerometer; autoplay; clipboard-write; encrypted-media; gyroscope; picture-in-picture; web-share" allowfullscreen></iframe></p>
</div></figure>



<p class="has-text-align-center has-black-color has-pale-cyan-blue-background-color has-text-color has-background has-medium-font-size"><strong>Sabendo isso, responda a atividade abaixo</strong>:</p>



<p class="has-black-color has-pale-cyan-blue-background-color has-text-color has-background has-medium-font-size"><strong>Questão 1</strong></p>



<p class="has-black-color has-text-color has-medium-font-size">Explique, por que é importante padronizar as unidades de medida para cada grandeza.</p>



<p class="has-black-color has-pale-cyan-blue-background-color has-text-color has-background has-medium-font-size"><strong>Questão 2</strong></p>



<p class="has-black-color has-text-color has-medium-font-size">Aline pretende fazer um painel usando apenas fotos de tamanho 10&#215;15 cm. Ele vai colocar as fotos lado a lado sem espaço entre elas. Na largura ele usará doze fotos e na altura 10 fotos. Qual será a largura e a altura desse mural em metros?</p>



<p class="has-black-color has-pale-cyan-blue-background-color has-text-color has-background has-medium-font-size"><strong> <strong>Questão 3</strong> </strong> </p>



<p class="has-black-color has-text-color has-medium-font-size">Para um jantar foram compradas 9 garrafas de 2 ℓ de refrigerante. Quantos copos de 300 mℓ poderão ser servidos?</p>



<p class="has-black-color has-pale-cyan-blue-background-color has-text-color has-background has-medium-font-size"><strong> <strong>Questão 4 </strong> </strong>  </p>



<p class="has-black-color has-text-color has-medium-font-size">Para enfeitar uma festa junina serão feitos enfeites usando fitas. Cada enfeite precisa de 20 cm de fita. Quantos metros de fita serão necessários para confeccionar 50 enfeites?</p>



<p class="has-black-color has-text-color has-medium-font-size">(A) 50 metros de fita</p>



<p class="has-black-color has-text-color has-medium-font-size">(B) 10 metros de fita</p>



<p class="has-black-color has-text-color has-medium-font-size">(C) 100 metros de fita</p>



<p class="has-black-color has-text-color has-medium-font-size">(D) 1 metro de fita</p>



<p class="has-black-color has-pale-cyan-blue-background-color has-text-color has-background has-medium-font-size"><strong>Questão 5 </strong> </p>



<p class="has-black-color has-text-color has-medium-font-size">Calcula-se que em uma festa cada convidado consome cerca de 600 mL de refrigerante. Para uma festa com 60 convidados quantos litros de refrigerante serão necessários? Quantas garrafas de 2 litros de refrigerante deverão ser compradas? </p>



<p class="has-black-color has-text-color has-medium-font-size">(A) 3,6 litros de refrigerante; 2 garrafas de 2 litros</p>



<p class="has-black-color has-text-color has-medium-font-size">(B) 36 litros de refrigerante; 18 garrafas de 2 litros</p>



<p class="has-black-color has-text-color has-medium-font-size">(C) 60 litros de refrigerante; 30 garrafas de 2 litros</p>



<p class="has-black-color has-text-color has-medium-font-size">(D) 0,36 litros de refrigerante; 1 garrafa de 2 litros</p>



<hr class="wp-block-separator has-css-opacity"/>



<figure class="wp-block-table is-style-stripes"><table><tbody><tr><td><strong>Autoria:</strong></td><td>Priscilla Nascimento Dias, licenciada em matemática e pedagoga.</td></tr><tr><td><strong>Componente Curricular:</strong></td><td>Matemática</td></tr><tr><td><strong>Habilidade:</strong></td><td>(EF07MA29) Resolver e elaborar problemas que envolvam medidas de grandezas inseridos em contextos oriundos de situações cotidianas ou de outras áreas do conhecimento, reconhecendo que toda medida empírica é aproximada.</td></tr><tr><td><strong>Referências:&nbsp;</strong></td><td>GOIÂNIA. Secretaria Municipal de Educação. Aprender sempre. 7°. Ano &#8211; Ensino Fundamental; Língua Portuguesa e Matemática; 2°. Bimestre; Goiânia, 2022.</td></tr></tbody></table></figure>
