{"id":143102,"date":"2022-05-05T11:35:04","date_gmt":"2022-05-05T14:35:04","guid":{"rendered":"https:\/\/sme.goiania.go.gov.br\/conexaoescola\/?post_type=ensino_fundamental&#038;p=143102"},"modified":"2023-06-13T10:01:30","modified_gmt":"2023-06-13T13:01:30","slug":"arte-artes-visuais-arte-artesanatoe-design","status":"publish","type":"ensino_fundamental","link":"https:\/\/sme.goiania.go.gov.br\/conexaoescola\/ensino_fundamental\/arte-artes-visuais-arte-artesanatoe-design\/","title":{"rendered":"Arte\/Artes Visuais \u2013 Arte, Artesanato e Design"},"content":{"rendered":"\n<p class=\"has-text-align-center has-black-color has-text-color has-background has-medium-font-size\" style=\"background-color:#ccd10078\">Esta proposta de atividade de<strong>&nbsp;Arte\/Artes Visuais&nbsp;<\/strong>\u00e9 destinada aos estudantes do 8<strong>\u00ba ANO&nbsp;<\/strong>do Ensino Fundamental \u2013 Anos Finais.<\/p>\n\n\n<div class=\"wp-block-image\">\n<figure class=\"aligncenter size-large is-resized\"><img fetchpriority=\"high\" decoding=\"async\" src=\"https:\/\/sme.goiania.go.gov.br\/conexaoescola\/wp-content\/uploads\/2023\/06\/2-3-724x1024.png\" alt=\"\" class=\"wp-image-164723\" width=\"228\" height=\"323\" srcset=\"https:\/\/sme.goiania.go.gov.br\/conexaoescola\/wp-content\/uploads\/2023\/06\/2-3-724x1024.png 724w, https:\/\/sme.goiania.go.gov.br\/conexaoescola\/wp-content\/uploads\/2023\/06\/2-3-212x300.png 212w, https:\/\/sme.goiania.go.gov.br\/conexaoescola\/wp-content\/uploads\/2023\/06\/2-3-768x1086.png 768w, https:\/\/sme.goiania.go.gov.br\/conexaoescola\/wp-content\/uploads\/2023\/06\/2-3-1086x1536.png 1086w, https:\/\/sme.goiania.go.gov.br\/conexaoescola\/wp-content\/uploads\/2023\/06\/2-3-1448x2048.png 1448w, https:\/\/sme.goiania.go.gov.br\/conexaoescola\/wp-content\/uploads\/2023\/06\/2-3.png 1587w\" sizes=\"(max-width: 228px) 100vw, 228px\" \/><\/figure><\/div>\n\n\n<div class=\"wp-block-buttons is-content-justification-center is-layout-flex wp-container-core-buttons-is-layout-16018d1d wp-block-buttons-is-layout-flex\">\n<div class=\"wp-block-button has-custom-font-size has-small-font-size\"><a class=\"wp-block-button__link wp-element-button\" href=\"https:\/\/drive.google.com\/uc?export=download&amp;id=1m7UAu2cAsPm291lS4xq_XySRYuhnSEgI\" target=\"_blank\" rel=\"noreferrer noopener\">Baixe atividade<\/a><\/div>\n\n\n\n<div class=\"wp-block-button has-custom-font-size has-small-font-size\"><a class=\"wp-block-button__link wp-element-button\" href=\"https:\/\/drive.google.com\/uc?export=download&amp;id=1R0g75VSPGlKeRR2l0BZjtllll3LCtt42\" target=\"_blank\" rel=\"noreferrer noopener\">Baixe slides<\/a><\/div>\n\n\n\n<div class=\"wp-block-button has-custom-font-size has-small-font-size\"><a class=\"wp-block-button__link wp-element-button\" href=\"https:\/\/drive.google.com\/uc?export=download&amp;id=1Vw6GATJPRCVdoZjhR1vqT9BEi1CoGgwP\" target=\"_blank\" rel=\"noreferrer noopener\">Baixe texto<\/a><\/div>\n<\/div>\n\n\n\n<p class=\"has-text-align-center has-black-color has-text-color has-medium-font-size\">\u00c9 comum surgirem uma s\u00e9rie de associa\u00e7\u00f5es e d\u00favidas quando se fala da rela\u00e7\u00e3o entre a arte, o artesanato e o design. Mas, apesar da linha t\u00eanue entre elas, percebemos a diferen\u00e7a quando analisamos o processo de constru\u00e7\u00e3o de cada um deles.<\/p>\n\n\n\n<div class=\"wp-block-group\"><div class=\"wp-block-group__inner-container is-layout-constrained wp-block-group-is-layout-constrained\">\n<p class=\"has-text-align-center has-black-color has-text-color has-medium-font-size\">Em linhas gerais, <strong>arte<\/strong> \u00e9 uma a\u00e7\u00e3o movida por t\u00e9cnica e habilidade que procura transmitir algum sentimento e\/ou pensamento para quem a contempla, tendo, geralmente, uma preocupa\u00e7\u00e3o com a est\u00e9tica. Ao longo da hist\u00f3ria da arte, esse conceito foi sendo transformado e acompanhou as mudan\u00e7as da humanidade em percep\u00e7\u00e3o e em valores.<\/p>\n\n\n\n<p class=\"has-text-align-center has-medium-font-size\">A cria\u00e7\u00e3o de um artista \u00e9 \u00fanica e, portanto, nunca far\u00e1 uma igual a outra, como por exemplo:&nbsp; uma escultura ou uma tela.<\/p>\n<\/div><\/div>\n\n\n<div class=\"wp-block-image\">\n<figure class=\"aligncenter is-resized\"><img decoding=\"async\" src=\"https:\/\/lh6.googleusercontent.com\/WCXUPfP-jZD4CBdrEJs1Cz2oBIR5B6C8wvMygeKF7NbY3POuYizGs5yR9DT0baGXBvsXu498Nhq11ouZSnFPpfvlfrGsXwZPF6UMo4apdkLlcv3FHtLvZPlo-bqgP6RxOLkEojA3hNADvcTfOw\" alt=\"\" width=\"362\" height=\"457\"\/><figcaption class=\"wp-element-caption\"><strong>Dispon\u00edvel em:<\/strong> <a href=\"https:\/\/pixabay.com\/images\/id-6274790\/\">https:\/\/pixabay.com\/images\/id-6274790\/<\/a> <strong>Acesso em 28, abr. 22.<\/strong><\/figcaption><\/figure><\/div>\n\n\n<div class=\"wp-block-group\"><div class=\"wp-block-group__inner-container is-layout-flow wp-block-group-is-layout-flow\">\n<p class=\"has-text-align-center has-black-color has-white-background-color has-text-color has-background has-medium-font-size\">Embora o artesanato possa estar contido dentro de um universo maior, que \u00e9 a arte, existem algumas grandes diferen\u00e7as entre eles, sobretudo no modo de produ\u00e7\u00e3o e nos objetivos com as cria\u00e7\u00f5es. Quem trabalha com artesanato, \u00e9 chamado de artes\u00e3o.&nbsp;<\/p>\n\n\n\n<p class=\"has-text-align-center has-black-color has-text-color has-medium-font-size\">O artes\u00e3o \u00e9 o profissional que normalmente n\u00e3o det\u00e9m uma educa\u00e7\u00e3o t\u00e9cnica, mas tem o dom de, com a ajuda de instrumentos espec\u00edficos e mat\u00e9ria-prima apropriados, criar o que se conhece como artesanato. <\/p>\n\n\n\n<p class=\"has-text-align-center\"><img decoding=\"async\" width=\"296\" height=\"394\" src=\"https:\/\/lh3.googleusercontent.com\/dd3o0mPt4jVuPwOuaNlGTByT6tfxegj_xliXg_smVTzafqqK_8KFR7bagILD7oidCfeyj3i-M1JfNK6jzorO5fxfZeDlHcAUMwpEbIIv96WFUjyvEJkEGY_J6Splczwyj2s-1zDYtOSAx9zCmwuDgDs\"><\/p>\n\n\n\n<p class=\"has-text-align-center has-small-font-size\">Acervo pessoal (Veruska Bettiol &#8211; 2022)<\/p>\n\n\n\n<p class=\"has-text-align-center has-black-color has-text-color has-medium-font-size\">O <strong>artesanato<\/strong> possui uma produ\u00e7\u00e3o manufaturada em larga escala, ou seja, produz-se muitos produtos iguais para serem comercializados e na maioria, s\u00e3o objetos manufaturados utilit\u00e1rios e\/ou decorativos, como por exemplo: bordados, pinturas, cer\u00e2mica, etc.&nbsp;<\/p>\n<\/div><\/div>\n\n\n<div class=\"wp-block-image\">\n<figure class=\"aligncenter is-resized\"><img decoding=\"async\" src=\"https:\/\/lh3.googleusercontent.com\/OyyKV70KDiv50zSJ_8bUMULWSh6LpOuBx4tJqbr6g8Vy_afXMbfflGfzfBrsz_YyNuXefO2TxGlqQ9AVAOxg2J7n6jK-FQUClkmb7DDKBu7zqi7CgKZ2SodluD9OtJ_h_ag3E97LfO5SrtSp2g\" alt=\"\" width=\"-71\" height=\"-47\"\/><figcaption class=\"wp-element-caption\"><strong>Dispon\u00edvel em: <\/strong><a href=\"https:\/\/pixabay.com\/images\/id-2756\/\">https:\/\/pixabay.com\/images\/id-2756\/<\/a> Acesso em 28, abr. 22.<\/figcaption><\/figure><\/div>\n\n\n<p class=\"has-text-align-center has-black-color has-white-background-color has-text-color has-background has-medium-font-size\">O <strong>Design<\/strong> (que no Brasil \u00e9 designado desenho Industrial) \u00e9 uma atividade que define as caracter\u00edsticas f\u00edsicas e funcionais necess\u00e1rias para que um produto possa ser fabricado industrialmente, com a m\u00e1xima efic\u00e1cia e qualidade, pois seu objetivo \u00e9 melhorar a qualidade de vida das pessoas. Os profissionais do Design s\u00e3o os designers, com infinitas linhas de trabalhos\/segmentos \u2013 os mais populares s\u00e3o: o design de produto, design visual, design de moda\/j\u00f3ias, design de interiores e de carnaval.<\/p>\n\n\n\n<p class=\"has-text-align-center\"><strong><img loading=\"lazy\" decoding=\"async\" width=\"355\" height=\"236\" src=\"https:\/\/lh6.googleusercontent.com\/k5VCVKW3dZD7_c7YoYg46BFm39vMhaiFKQmSnQg3o2ypfhUJGt0uEBNpL_wZH5ltgeBIM2dtwjvx4pnV0ayhzv6nICicspQikGTJoyyFUpeLdjii4FONN4GJ3ANsdy9IdwbzpptHTyKgKApit4zYUh0\"><\/strong><\/p>\n\n\n\n<p class=\"has-text-align-center has-small-font-size\">Dispon\u00edvel em: <a href=\"https:\/\/pixabay.com\/images\/id-2756\/\">https:\/\/pixabay.com\/images\/id-2756\/<\/a> Acesso em 28, abr. 22.<\/p>\n\n\n\n<p class=\"has-medium-font-size\">Portanto, podemos concluir que existem algumas diferen\u00e7as entre a Arte, o Artesanato e o Design, sobretudo no modo de produ\u00e7\u00e3o e nos objetivos com as cria\u00e7\u00f5es, como acabamos de ver.<\/p>\n\n\n\n<p class=\"has-black-color has-text-color has-background has-medium-font-size\" style=\"background-color:#ccd10078\"><strong>QUEST\u00c3O 1<\/strong><\/p>\n\n\n\n<p class=\"has-medium-font-size\">Quando um artista cria sua obra, procura manifestar:<\/p>\n\n\n\n<p class=\"has-medium-font-size\">(A) os seus sentimentos e emo\u00e7\u00f5es<\/p>\n\n\n\n<p class=\"has-medium-font-size\">(B) as suas qualidades e gostos pessoais<\/p>\n\n\n\n<p class=\"has-medium-font-size\">(C) os conceitos da hist\u00f3ria da arte<\/p>\n\n\n\n<p class=\"has-medium-font-size\">(D) a beleza das suas produ\u00e7\u00f5es<\/p>\n\n\n\n<p class=\"has-black-color has-text-color has-background has-medium-font-size\" style=\"background-color:#ccd10078\"><strong>QUEST\u00c3O 2<\/strong><\/p>\n\n\n\n<p class=\"has-medium-font-size\">O artes\u00e3o \u00e9 o profissional que normalmente n\u00e3o det\u00e9m uma educa\u00e7\u00e3o t\u00e9cnica, mas com a ajuda de instrumentos espec\u00edficos pode produzir manualmente:<\/p>\n\n\n\n<p class=\"has-medium-font-size\">(A) alimentos org\u00e2nicos<\/p>\n\n\n\n<p class=\"has-medium-font-size\">(B) objetos e pe\u00e7as decorativas<\/p>\n\n\n\n<p class=\"has-medium-font-size\">(C) design de carros<\/p>\n\n\n\n<p class=\"has-medium-font-size\">(D) brinquedos eletr\u00f4nicos<\/p>\n\n\n\n<p class=\"has-black-color has-text-color has-background has-medium-font-size\" style=\"background-color:#ccd10078\"><strong>QUEST\u00c3O 3<\/strong><\/p>\n\n\n\n<p class=\"has-medium-font-size\">Qual a diferen\u00e7a entre Arte, Artesanato e Design? <\/p>\n\n\n\n<p class=\"has-black-color has-text-color has-background has-medium-font-size\" style=\"background-color:#ccd10078\"><strong>QUEST\u00c3O 4<\/strong><\/p>\n\n\n\n<p class=\"has-medium-font-size\">Quais as principais caracter\u00edsticas da Arte, do Artesanato e do Design e o que h\u00e1 em comum entre eles?<\/p>\n\n\n\n<figure class=\"wp-block-table is-style-stripes\"><table><tbody><tr><td><strong>Autoria<\/strong><\/td><td>Veruska Bettiol<\/td><\/tr><tr><td><strong>Forma\u00e7\u00e3o<\/strong><\/td><td>Artes Visuais<\/td><\/tr><tr><td><strong>Componente Curricular<\/strong><\/td><td>Arte\/Artes Visuais<\/td><\/tr><tr><td><strong>Habilidade<\/strong><\/td><td>(GO-EF08AR33) Analisar aspectos hist\u00f3ricos, sociais e pol\u00edticos da produ\u00e7\u00e3o art\u00edstica, problematizando as narrativas euroc\u00eantricas e as diversas categoriza\u00e7\u00f5es da arte: arte, artesanato, folclore, design e fazer rela\u00e7\u00e3o direta e indireta entre eles.<\/td><\/tr><tr><td><strong>Refer\u00eancias<\/strong><\/td><td>BARBOSA, Ana Mae. <strong>Arte-Educa\u00e7\u00e3o no Brasil<\/strong>. 5.ed &#8211; S\u00e3o Paulo: Perspectiva, 2006.<br>DONDIS, Donis A. <strong>Sintaxe da linguagem visual<\/strong>. 2. ed. S\u00e3o Paulo: Martins Fontes, 1997.<\/td><\/tr><\/tbody><\/table><\/figure>\n","protected":false},"author":62,"featured_media":164725,"template":"","ef_categoria":[32],"ef_ano":[91],"ef_componente":[99],"class_list":["post-143102","ensino_fundamental","type-ensino_fundamental","status-publish","has-post-thumbnail","hentry","ef_categoria-corpo-e-movimento-ciclo-da-adolescencia-hi","ef_ano-8o-ano","ef_componente-arte-ef","entry","has-media"],"acf":[],"_links":{"self":[{"href":"https:\/\/sme.goiania.go.gov.br\/conexaoescola\/wp-json\/wp\/v2\/ensino_fundamental\/143102","targetHints":{"allow":["GET"]}}],"collection":[{"href":"https:\/\/sme.goiania.go.gov.br\/conexaoescola\/wp-json\/wp\/v2\/ensino_fundamental"}],"about":[{"href":"https:\/\/sme.goiania.go.gov.br\/conexaoescola\/wp-json\/wp\/v2\/types\/ensino_fundamental"}],"author":[{"embeddable":true,"href":"https:\/\/sme.goiania.go.gov.br\/conexaoescola\/wp-json\/wp\/v2\/users\/62"}],"version-history":[{"count":4,"href":"https:\/\/sme.goiania.go.gov.br\/conexaoescola\/wp-json\/wp\/v2\/ensino_fundamental\/143102\/revisions"}],"predecessor-version":[{"id":164732,"href":"https:\/\/sme.goiania.go.gov.br\/conexaoescola\/wp-json\/wp\/v2\/ensino_fundamental\/143102\/revisions\/164732"}],"wp:featuredmedia":[{"embeddable":true,"href":"https:\/\/sme.goiania.go.gov.br\/conexaoescola\/wp-json\/wp\/v2\/media\/164725"}],"wp:attachment":[{"href":"https:\/\/sme.goiania.go.gov.br\/conexaoescola\/wp-json\/wp\/v2\/media?parent=143102"}],"wp:term":[{"taxonomy":"ef_categoria","embeddable":true,"href":"https:\/\/sme.goiania.go.gov.br\/conexaoescola\/wp-json\/wp\/v2\/ef_categoria?post=143102"},{"taxonomy":"ef_ano","embeddable":true,"href":"https:\/\/sme.goiania.go.gov.br\/conexaoescola\/wp-json\/wp\/v2\/ef_ano?post=143102"},{"taxonomy":"ef_componente","embeddable":true,"href":"https:\/\/sme.goiania.go.gov.br\/conexaoescola\/wp-json\/wp\/v2\/ef_componente?post=143102"}],"curies":[{"name":"wp","href":"https:\/\/api.w.org\/{rel}","templated":true}]}}

<p class="has-text-align-center has-black-color has-text-color has-background has-medium-font-size" style="background-color:#ccd10078">Esta proposta de atividade de<strong>&nbsp;Arte/Artes Visuais&nbsp;</strong>é destinada aos estudantes do 8<strong>º ANO&nbsp;</strong>do Ensino Fundamental – Anos Finais.</p>


<div class="wp-block-image">
<figure class="aligncenter size-large is-resized"><img fetchpriority="high" decoding="async" src="https://sme.goiania.go.gov.br/conexaoescola/wp-content/uploads/2023/06/2-3-724x1024.png" alt="" class="wp-image-164723" width="228" height="323" srcset="https://sme.goiania.go.gov.br/conexaoescola/wp-content/uploads/2023/06/2-3-724x1024.png 724w, https://sme.goiania.go.gov.br/conexaoescola/wp-content/uploads/2023/06/2-3-212x300.png 212w, https://sme.goiania.go.gov.br/conexaoescola/wp-content/uploads/2023/06/2-3-768x1086.png 768w, https://sme.goiania.go.gov.br/conexaoescola/wp-content/uploads/2023/06/2-3-1086x1536.png 1086w, https://sme.goiania.go.gov.br/conexaoescola/wp-content/uploads/2023/06/2-3-1448x2048.png 1448w, https://sme.goiania.go.gov.br/conexaoescola/wp-content/uploads/2023/06/2-3.png 1587w" sizes="(max-width: 228px) 100vw, 228px" /></figure></div>


<div class="wp-block-buttons is-content-justification-center is-layout-flex wp-container-core-buttons-is-layout-16018d1d wp-block-buttons-is-layout-flex">
<div class="wp-block-button has-custom-font-size has-small-font-size"><a class="wp-block-button__link wp-element-button" href="https://drive.google.com/uc?export=download&amp;id=1m7UAu2cAsPm291lS4xq_XySRYuhnSEgI" target="_blank" rel="noreferrer noopener">Baixe atividade</a></div>



<div class="wp-block-button has-custom-font-size has-small-font-size"><a class="wp-block-button__link wp-element-button" href="https://drive.google.com/uc?export=download&amp;id=1R0g75VSPGlKeRR2l0BZjtllll3LCtt42" target="_blank" rel="noreferrer noopener">Baixe slides</a></div>



<div class="wp-block-button has-custom-font-size has-small-font-size"><a class="wp-block-button__link wp-element-button" href="https://drive.google.com/uc?export=download&amp;id=1Vw6GATJPRCVdoZjhR1vqT9BEi1CoGgwP" target="_blank" rel="noreferrer noopener">Baixe texto</a></div>
</div>



<p class="has-text-align-center has-black-color has-text-color has-medium-font-size">É comum surgirem uma série de associações e dúvidas quando se fala da relação entre a arte, o artesanato e o design. Mas, apesar da linha tênue entre elas, percebemos a diferença quando analisamos o processo de construção de cada um deles.</p>



<div class="wp-block-group"><div class="wp-block-group__inner-container is-layout-constrained wp-block-group-is-layout-constrained">
<p class="has-text-align-center has-black-color has-text-color has-medium-font-size">Em linhas gerais, <strong>arte</strong> é uma ação movida por técnica e habilidade que procura transmitir algum sentimento e/ou pensamento para quem a contempla, tendo, geralmente, uma preocupação com a estética. Ao longo da história da arte, esse conceito foi sendo transformado e acompanhou as mudanças da humanidade em percepção e em valores.</p>



<p class="has-text-align-center has-medium-font-size">A criação de um artista é única e, portanto, nunca fará uma igual a outra, como por exemplo:&nbsp; uma escultura ou uma tela.</p>
</div></div>


<div class="wp-block-image">
<figure class="aligncenter is-resized"><img decoding="async" src="https://lh6.googleusercontent.com/WCXUPfP-jZD4CBdrEJs1Cz2oBIR5B6C8wvMygeKF7NbY3POuYizGs5yR9DT0baGXBvsXu498Nhq11ouZSnFPpfvlfrGsXwZPF6UMo4apdkLlcv3FHtLvZPlo-bqgP6RxOLkEojA3hNADvcTfOw" alt="" width="362" height="457"/><figcaption class="wp-element-caption"><strong>Disponível em:</strong> <a href="https://pixabay.com/images/id-6274790/">https://pixabay.com/images/id-6274790/</a> <strong>Acesso em 28, abr. 22.</strong></figcaption></figure></div>


<div class="wp-block-group"><div class="wp-block-group__inner-container is-layout-flow wp-block-group-is-layout-flow">
<p class="has-text-align-center has-black-color has-white-background-color has-text-color has-background has-medium-font-size">Embora o artesanato possa estar contido dentro de um universo maior, que é a arte, existem algumas grandes diferenças entre eles, sobretudo no modo de produção e nos objetivos com as criações. Quem trabalha com artesanato, é chamado de artesão.&nbsp;</p>



<p class="has-text-align-center has-black-color has-text-color has-medium-font-size">O artesão é o profissional que normalmente não detém uma educação técnica, mas tem o dom de, com a ajuda de instrumentos específicos e matéria-prima apropriados, criar o que se conhece como artesanato. </p>



<p class="has-text-align-center"><img decoding="async" width="296" height="394" src="https://lh3.googleusercontent.com/dd3o0mPt4jVuPwOuaNlGTByT6tfxegj_xliXg_smVTzafqqK_8KFR7bagILD7oidCfeyj3i-M1JfNK6jzorO5fxfZeDlHcAUMwpEbIIv96WFUjyvEJkEGY_J6Splczwyj2s-1zDYtOSAx9zCmwuDgDs"></p>



<p class="has-text-align-center has-small-font-size">Acervo pessoal (Veruska Bettiol &#8211; 2022)</p>



<p class="has-text-align-center has-black-color has-text-color has-medium-font-size">O <strong>artesanato</strong> possui uma produção manufaturada em larga escala, ou seja, produz-se muitos produtos iguais para serem comercializados e na maioria, são objetos manufaturados utilitários e/ou decorativos, como por exemplo: bordados, pinturas, cerâmica, etc.&nbsp;</p>
</div></div>


<div class="wp-block-image">
<figure class="aligncenter is-resized"><img decoding="async" src="https://lh3.googleusercontent.com/OyyKV70KDiv50zSJ_8bUMULWSh6LpOuBx4tJqbr6g8Vy_afXMbfflGfzfBrsz_YyNuXefO2TxGlqQ9AVAOxg2J7n6jK-FQUClkmb7DDKBu7zqi7CgKZ2SodluD9OtJ_h_ag3E97LfO5SrtSp2g" alt="" width="-71" height="-47"/><figcaption class="wp-element-caption"><strong>Disponível em: </strong><a href="https://pixabay.com/images/id-2756/">https://pixabay.com/images/id-2756/</a> Acesso em 28, abr. 22.</figcaption></figure></div>


<p class="has-text-align-center has-black-color has-white-background-color has-text-color has-background has-medium-font-size">O <strong>Design</strong> (que no Brasil é designado desenho Industrial) é uma atividade que define as características físicas e funcionais necessárias para que um produto possa ser fabricado industrialmente, com a máxima eficácia e qualidade, pois seu objetivo é melhorar a qualidade de vida das pessoas. Os profissionais do Design são os designers, com infinitas linhas de trabalhos/segmentos – os mais populares são: o design de produto, design visual, design de moda/jóias, design de interiores e de carnaval.</p>



<p class="has-text-align-center"><strong><img loading="lazy" decoding="async" width="355" height="236" src="https://lh6.googleusercontent.com/k5VCVKW3dZD7_c7YoYg46BFm39vMhaiFKQmSnQg3o2ypfhUJGt0uEBNpL_wZH5ltgeBIM2dtwjvx4pnV0ayhzv6nICicspQikGTJoyyFUpeLdjii4FONN4GJ3ANsdy9IdwbzpptHTyKgKApit4zYUh0"></strong></p>



<p class="has-text-align-center has-small-font-size">Disponível em: <a href="https://pixabay.com/images/id-2756/">https://pixabay.com/images/id-2756/</a> Acesso em 28, abr. 22.</p>



<p class="has-medium-font-size">Portanto, podemos concluir que existem algumas diferenças entre a Arte, o Artesanato e o Design, sobretudo no modo de produção e nos objetivos com as criações, como acabamos de ver.</p>



<p class="has-black-color has-text-color has-background has-medium-font-size" style="background-color:#ccd10078"><strong>QUESTÃO 1</strong></p>



<p class="has-medium-font-size">Quando um artista cria sua obra, procura manifestar:</p>



<p class="has-medium-font-size">(A) os seus sentimentos e emoções</p>



<p class="has-medium-font-size">(B) as suas qualidades e gostos pessoais</p>



<p class="has-medium-font-size">(C) os conceitos da história da arte</p>



<p class="has-medium-font-size">(D) a beleza das suas produções</p>



<p class="has-black-color has-text-color has-background has-medium-font-size" style="background-color:#ccd10078"><strong>QUESTÃO 2</strong></p>



<p class="has-medium-font-size">O artesão é o profissional que normalmente não detém uma educação técnica, mas com a ajuda de instrumentos específicos pode produzir manualmente:</p>



<p class="has-medium-font-size">(A) alimentos orgânicos</p>



<p class="has-medium-font-size">(B) objetos e peças decorativas</p>



<p class="has-medium-font-size">(C) design de carros</p>



<p class="has-medium-font-size">(D) brinquedos eletrônicos</p>



<p class="has-black-color has-text-color has-background has-medium-font-size" style="background-color:#ccd10078"><strong>QUESTÃO 3</strong></p>



<p class="has-medium-font-size">Qual a diferença entre Arte, Artesanato e Design? </p>



<p class="has-black-color has-text-color has-background has-medium-font-size" style="background-color:#ccd10078"><strong>QUESTÃO 4</strong></p>



<p class="has-medium-font-size">Quais as principais características da Arte, do Artesanato e do Design e o que há em comum entre eles?</p>



<figure class="wp-block-table is-style-stripes"><table><tbody><tr><td><strong>Autoria</strong></td><td>Veruska Bettiol</td></tr><tr><td><strong>Formação</strong></td><td>Artes Visuais</td></tr><tr><td><strong>Componente Curricular</strong></td><td>Arte/Artes Visuais</td></tr><tr><td><strong>Habilidade</strong></td><td>(GO-EF08AR33) Analisar aspectos históricos, sociais e políticos da produção artística, problematizando as narrativas eurocêntricas e as diversas categorizações da arte: arte, artesanato, folclore, design e fazer relação direta e indireta entre eles.</td></tr><tr><td><strong>Referências</strong></td><td>BARBOSA, Ana Mae. <strong>Arte-Educação no Brasil</strong>. 5.ed &#8211; São Paulo: Perspectiva, 2006.<br>DONDIS, Donis A. <strong>Sintaxe da linguagem visual</strong>. 2. ed. São Paulo: Martins Fontes, 1997.</td></tr></tbody></table></figure>
