{"id":142959,"date":"2022-05-02T22:28:14","date_gmt":"2022-05-03T01:28:14","guid":{"rendered":"https:\/\/sme.goiania.go.gov.br\/conexaoescola\/?post_type=ensino_fundamental&#038;p=142959"},"modified":"2023-07-13T18:26:27","modified_gmt":"2023-07-13T21:26:27","slug":"lingua-inglesa-the-simple-present-tense-habits","status":"publish","type":"ensino_fundamental","link":"https:\/\/sme.goiania.go.gov.br\/conexaoescola\/ensino_fundamental\/lingua-inglesa-the-simple-present-tense-habits\/","title":{"rendered":"L\u00edngua Inglesa: The Simple Present Tense\/ Habits"},"content":{"rendered":"\n<p class=\"has-text-align-center has-black-color has-text-color has-background has-medium-font-size\" style=\"background:linear-gradient(135deg,rgba(7,212,227,0.32) 37%,rgb(155,81,224) 94%)\"><strong>Esta proposta de atividade de&nbsp;<strong>L\u00edngua Inglesa<\/strong>&nbsp;com base no DC\/GO \u2013 Ampliado e&nbsp;\u00e9 destinada aos estudantes do&nbsp;<strong>6\u00ba Ano do Ensino Fundamental<\/strong>&nbsp;<strong>Anos Finais<\/strong>.<\/strong><\/p>\n\n\n\n<p><\/p>\n\n\n\n<div class=\"wp-block-buttons is-content-justification-center is-layout-flex wp-container-core-buttons-is-layout-16018d1d wp-block-buttons-is-layout-flex\">\n<div class=\"wp-block-button\"><a class=\"wp-block-button__link wp-element-button\" href=\"https:\/\/drive.google.com\/uc?export=download&amp;id=14VmrAJ6ZYIDjqbBoQnWnHiSTAggdOhns\" target=\"_blank\" rel=\"noreferrer noopener\">BAIXAR ATIVIDADE<\/a><\/div>\n\n\n\n<div class=\"wp-block-button\"><a class=\"wp-block-button__link wp-element-button\" href=\"https:\/\/drive.google.com\/uc?export=download&amp;id=1MUDdVoH3eknC6nhJKfHnvDs4la7mf-XQ\" target=\"_blank\" rel=\"noreferrer noopener\">BAIXAR SLIDES<\/a><\/div>\n\n\n\n<div class=\"wp-block-button\"><a class=\"wp-block-button__link wp-element-button\" href=\"https:\/\/drive.google.com\/uc?export=download&amp;id=1GrUGLNqOEHXuS3tijG7RQqpd-xehrLdm\" target=\"_blank\" rel=\"noreferrer noopener\">BAIXAR TEXTO<\/a><\/div>\n<\/div>\n\n\n\n<p><\/p>\n\n\n\n<p class=\"has-medium-font-size\">The Simple Present tense is used to describe habitual actions, general truths, and facts that remain true in the present. It is formed by using the base form of the verb, adding an -s or -es ending for the third-person singular (he, she, it), and keeping the base form for all other subjects.&nbsp;<\/p>\n\n\n\n<p class=\"has-medium-font-size\">O tempo presente simples \u00e9 usado para descrever a\u00e7\u00f5es habituais, verdades gerais e fatos que permanecem verdadeiros no presente. \u00c9 formado usando a forma base do verbo, acrescentando um final -s ou -es para a terceira pessoa do singular (ele, ela, isso), e mantendo a forma base para todos os outros sujeitos.&nbsp;<\/p>\n\n\n\n<p class=\"has-text-align-center has-medium-font-size\"><strong>VAMOS RESPONDER ALGUMAS QUEST\u00d5ES?<\/strong><\/p>\n\n\n<div class=\"wp-block-image is-style-default\">\n<figure class=\"aligncenter size-full\"><img fetchpriority=\"high\" decoding=\"async\" width=\"730\" height=\"530\" src=\"https:\/\/sme.goiania.go.gov.br\/conexaoescola\/wp-content\/uploads\/2022\/05\/simple-e1651536005234.png\" alt=\"\" class=\"wp-image-142967\" srcset=\"https:\/\/sme.goiania.go.gov.br\/conexaoescola\/wp-content\/uploads\/2022\/05\/simple-e1651536005234.png 730w, https:\/\/sme.goiania.go.gov.br\/conexaoescola\/wp-content\/uploads\/2022\/05\/simple-e1651536005234-300x218.png 300w\" sizes=\"(max-width: 730px) 100vw, 730px\" \/><figcaption class=\"wp-element-caption\">Montagem para fins pedag\u00f3gicos:&nbsp; <a href=\"https:\/\/www.liveworksheets.com\/qt22073qp\">https:\/\/www.liveworksheets.com\/qt22073qp<\/a>,acesso em 20, Abr. 22<\/figcaption><\/figure><\/div>\n\n\n<h4 class=\"wp-block-heading has-text-align-center has-medium-font-size\"><strong>Leia o texto abaixo e responda as quest\u00f5es sobre o mesmo:<\/strong>&nbsp;&nbsp;&nbsp;&nbsp;&nbsp;<\/h4>\n\n\n<div class=\"wp-block-image is-style-default\">\n<figure class=\"aligncenter size-full is-resized\"><img decoding=\"async\" src=\"https:\/\/sme.goiania.go.gov.br\/conexaoescola\/wp-content\/uploads\/2022\/05\/l-e1651541479451.png\" alt=\"\" class=\"wp-image-142972\" width=\"756\" height=\"449\" srcset=\"https:\/\/sme.goiania.go.gov.br\/conexaoescola\/wp-content\/uploads\/2022\/05\/l-e1651541479451.png 554w, https:\/\/sme.goiania.go.gov.br\/conexaoescola\/wp-content\/uploads\/2022\/05\/l-e1651541479451-300x178.png 300w\" sizes=\"(max-width: 756px) 100vw, 756px\" \/><figcaption class=\"wp-element-caption\"><a href=\"https:\/\/images.vexels.com\/media\/users\/3\/204808\/isolated\/preview\/a5eb21d98760f43d7492b3d8bb9e3838-garota-feliz-em-pe.png\">https:\/\/images.vexels.com\/media\/users\/3\/204808\/isolated\/preview\/a5eb21d98760f43d7492b3d8bb9e3838-garota-feliz-em-pe.png<\/a> , acesso emm 16, Abr. 2022<br><\/figcaption><\/figure><\/div>\n\n\n<p class=\"has-black-color has-pale-cyan-blue-background-color has-text-color has-background has-medium-font-size\"><strong>QUESTION 1<\/strong><\/p>\n\n\n\n<p class=\"has-medium-font-size\">Quantos anos Louisa tem?<\/p>\n\n\n\n<p class=\"has-medium-font-size\">(A) Ela tem treze anos.<\/p>\n\n\n\n<p class=\"has-medium-font-size\">(B) Ela tem quinze anos.<\/p>\n\n\n\n<p class=\"has-medium-font-size\">(C) Ela tem doze anos.<\/p>\n\n\n\n<p class=\"has-medium-font-size\">(D) Ela tem vinte anos.<\/p>\n\n\n\n<p class=\"has-pale-cyan-blue-background-color has-background has-medium-font-size\"><strong>QUESTION 2<\/strong><\/p>\n\n\n\n<p class=\"has-medium-font-size\">O que Louisa faz toda noite?<\/p>\n\n\n\n<p class=\"has-medium-font-size\">(A) Ela pratica esportes.<\/p>\n\n\n\n<p class=\"has-medium-font-size\">(B) Ela toca piano.<\/p>\n\n\n\n<p class=\"has-medium-font-size\">(C) Ela l\u00ea e faz a li\u00e7\u00e3o de casa.<\/p>\n\n\n\n<p class=\"has-medium-font-size\">(D) Ela assiste TV.<\/p>\n\n\n\n<p class=\"has-pale-cyan-blue-background-color has-background has-medium-font-size\"><strong>QUESTION 3<\/strong><\/p>\n\n\n\n<p class=\"has-medium-font-size\">Adicione s ou es aos verbos:<\/p>\n\n\n\n<p class=\"has-medium-font-size\">1. see                                            <br>2. take<br>3. brush<br>4. kiss<br>5. call<br>6. give<br>7. play<br>8. study<br>9. watch<br>10. cry <\/p>\n\n\n\n<p class=\"has-pale-cyan-blue-background-color has-background has-medium-font-size\"><strong>QUESTION 4<\/strong><\/p>\n\n\n\n<p class=\"has-medium-font-size\">Escreva a alternativa correta:<\/p>\n\n\n\n<p class=\"has-medium-font-size\">a) Ayaan ____________ his homework at home.&nbsp; do ( )&nbsp; does ( ) Dos ( )<\/p>\n\n\n\n<p class=\"has-medium-font-size\">b) Esha &nbsp; ____________&nbsp; emails to her friends. send ( )&nbsp; sendes ( ) sends ( )<\/p>\n\n\n\n<p class=\"has-medium-font-size\">c) Samar ____________&nbsp; like eating fish and chips. don\u2019t ( )&nbsp; doesn\u2019t ( ) Dosn\u2019t ( )ou&nbsp;<\/p>\n\n\n\n<p class=\"has-medium-font-size\">d) Gita and you ____________&nbsp; many letters write ( ) writes ( )<\/p>\n\n\n\n<p class=\"has-medium-font-size\">e) Rahul ____________&nbsp; good marks at school. get ( ) getes ( )&nbsp; gets ( )<\/p>\n\n\n\n<p class=\"has-medium-font-size\">f) Madhav ____________ &nbsp; spiders.&nbsp; hate ( ) hats ( )&nbsp; hates ( )<\/p>\n\n\n\n<p class=\"has-pale-cyan-blue-background-color has-background has-medium-font-size\"><strong>Saiba Mais:<\/strong><\/p>\n\n\n\n<p class=\"has-medium-font-size\">Assista ao v\u00eddeo sobre bons h\u00e1bitos e comente sobre os h\u00e1bitos mencionados no v\u00eddeo. Qual o h\u00e1bito voc\u00ea achou mais interessante? Tem algum h\u00e1bito que n\u00e3o foi mencionado e que voc\u00ea acredita ser importante? Se sim, qual?<\/p>\n\n\n\n<figure class=\"wp-block-embed is-type-video is-provider-youtube wp-block-embed-youtube wp-embed-aspect-16-9 wp-has-aspect-ratio\"><div class=\"wp-block-embed__wrapper\">\n<p class=\"responsive-video-wrap clr\"><iframe title=\"Healthy Habits \/ H\u00e1bitos Saud\u00e1veis\" width=\"1200\" height=\"675\" src=\"https:\/\/www.youtube.com\/embed\/6hgeB2HRI5g?feature=oembed\" frameborder=\"0\" allow=\"accelerometer; autoplay; clipboard-write; encrypted-media; gyroscope; picture-in-picture; web-share\" allowfullscreen><\/iframe><\/p>\n<\/div><figcaption class=\"wp-element-caption\">Canal Teacher Sueidy Lourencio &#8220;Healthy Habits \/ H\u00e1bitos Saud\u00e1veis&#8221;. Dispon\u00edvel em: &lt;<a href=\"https:\/\/www.youtube.com\/watch?v=6hgeB2HRI5g\">https:\/\/www.youtube.com\/watch?v=6hgeB2HRI5g<\/a>&gt; .Acesso em: 01 Mai 2022.<br><\/figcaption><\/figure>\n\n\n\n<p class=\"has-pale-cyan-blue-background-color has-background has-medium-font-size\"><strong>Saiba Mais:<\/strong><\/p>\n\n\n\n<p class=\"has-medium-font-size\">Assista ao v\u00eddeo a seguir &nbsp;e&nbsp; fa\u00e7a uma lista dos verbos citados no poema:<\/p>\n\n\n\n<figure class=\"wp-block-embed is-type-video is-provider-youtube wp-block-embed-youtube wp-embed-aspect-16-9 wp-has-aspect-ratio\"><div class=\"wp-block-embed__wrapper\">\n<p class=\"responsive-video-wrap clr\"><iframe title=\"Action Verbs\/ Verbos de A\u00e7\u00e3o\" width=\"1200\" height=\"675\" src=\"https:\/\/www.youtube.com\/embed\/fyq91PzHuzk?feature=oembed\" frameborder=\"0\" allow=\"accelerometer; autoplay; clipboard-write; encrypted-media; gyroscope; picture-in-picture; web-share\" allowfullscreen><\/iframe><\/p>\n<\/div><figcaption class=\"wp-element-caption\">Canal Teacher Sueidy Lourencio &#8220;Action Verbs\/ Verbos de A\u00e7\u00e3o&#8221;. Dispon\u00edvel em: &lt;<strong>https:\/\/www.youtube.com\/watch?v=fyq91PzHuzk&gt;<\/strong>. Acesso em: 20 Abr. 2022.<\/figcaption><\/figure>\n\n\n\n<hr class=\"wp-block-separator has-css-opacity\"\/>\n\n\n\n<figure class=\"wp-block-table\"><table><tbody><tr><td><strong>Autoria:<\/strong><\/td><td>Sueidy Ferreira Lourencio<\/td><\/tr><tr><td><strong>Forma\u00e7\u00e3o:<\/strong><\/td><td>Letras Portuguese\/Ingl\u00eas<\/td><\/tr><tr><td><strong>Componente Curricular:<\/strong><\/td><td>L\u00edngua Inglesa<\/td><\/tr><tr><td><strong>Habilidade:<\/strong><\/td><td>(EF06LI01-B) Interagir com diferentes pares e em diferentes situa\u00e7\u00f5es comunicativas, sala de aula, restaurantes, hot\u00e9is, supermercados, redes sociais, utilizando recursos lingu\u00edsticos no presente simples e presente cont\u00ednuo para ampliar a produ\u00e7\u00e3o oral.<\/td><\/tr><tr><td><strong>Referencial Te\u00f3rico:<\/strong><\/td><td>Dispon\u00edvel em: <a href=\"https:\/\/www.liveworksheets.com\/qt22073qp\">https:\/\/www.liveworksheets.com\/qt22073qp<\/a>,acesso em 20, Abr. 22&nbsp;&nbsp;&nbsp;&nbsp;&nbsp;<a href=\"https:\/\/images.vexels.com\/media\/users\/3\/204808\/isolated\/preview\/a5eb21d98760f43d7492b3d8bb9e3838-garota-feliz-em-pe.png\">https:\/\/images.vexels.com\/media\/users\/3\/204808\/isolated\/preview\/a5eb21d98760f43d7492b3d8bb9e3838-garota-feliz-em-pe.png<\/a> , acesso emm 16, Abr. 2022<br><\/td><\/tr><\/tbody><\/table><\/figure>\n\n\n\n<hr class=\"wp-block-separator has-css-opacity\"\/>\n","protected":false},"author":37,"featured_media":142967,"template":"","ef_categoria":[15,31],"ef_ano":[89],"ef_componente":[101],"class_list":["post-142959","ensino_fundamental","type-ensino_fundamental","status-publish","has-post-thumbnail","hentry","ef_categoria-ciclo-da-adolescencia-fg","ef_categoria-experiencias-e-curiosidades-ciclo-da-adolescencia-fg","ef_ano-6o-ano","ef_componente-lingua-inglesa","entry","has-media"],"acf":[],"_links":{"self":[{"href":"https:\/\/sme.goiania.go.gov.br\/conexaoescola\/wp-json\/wp\/v2\/ensino_fundamental\/142959","targetHints":{"allow":["GET"]}}],"collection":[{"href":"https:\/\/sme.goiania.go.gov.br\/conexaoescola\/wp-json\/wp\/v2\/ensino_fundamental"}],"about":[{"href":"https:\/\/sme.goiania.go.gov.br\/conexaoescola\/wp-json\/wp\/v2\/types\/ensino_fundamental"}],"author":[{"embeddable":true,"href":"https:\/\/sme.goiania.go.gov.br\/conexaoescola\/wp-json\/wp\/v2\/users\/37"}],"version-history":[{"count":2,"href":"https:\/\/sme.goiania.go.gov.br\/conexaoescola\/wp-json\/wp\/v2\/ensino_fundamental\/142959\/revisions"}],"predecessor-version":[{"id":166119,"href":"https:\/\/sme.goiania.go.gov.br\/conexaoescola\/wp-json\/wp\/v2\/ensino_fundamental\/142959\/revisions\/166119"}],"wp:featuredmedia":[{"embeddable":true,"href":"https:\/\/sme.goiania.go.gov.br\/conexaoescola\/wp-json\/wp\/v2\/media\/142967"}],"wp:attachment":[{"href":"https:\/\/sme.goiania.go.gov.br\/conexaoescola\/wp-json\/wp\/v2\/media?parent=142959"}],"wp:term":[{"taxonomy":"ef_categoria","embeddable":true,"href":"https:\/\/sme.goiania.go.gov.br\/conexaoescola\/wp-json\/wp\/v2\/ef_categoria?post=142959"},{"taxonomy":"ef_ano","embeddable":true,"href":"https:\/\/sme.goiania.go.gov.br\/conexaoescola\/wp-json\/wp\/v2\/ef_ano?post=142959"},{"taxonomy":"ef_componente","embeddable":true,"href":"https:\/\/sme.goiania.go.gov.br\/conexaoescola\/wp-json\/wp\/v2\/ef_componente?post=142959"}],"curies":[{"name":"wp","href":"https:\/\/api.w.org\/{rel}","templated":true}]}}

Língua Inglesa: The Simple Present Tense/ Habits

<p class="has-text-align-center has-black-color has-text-color has-background has-medium-font-size" style="background:linear-gradient(135deg,rgba(7,212,227,0.32) 37%,rgb(155,81,224) 94%)"><strong>Esta proposta de atividade de&nbsp;<strong>Língua Inglesa</strong>&nbsp;com base no DC/GO – Ampliado e&nbsp;é destinada aos estudantes do&nbsp;<strong>6º Ano do Ensino Fundamental</strong>&nbsp;<strong>Anos Finais</strong>.</strong></p>



<p></p>



<div class="wp-block-buttons is-content-justification-center is-layout-flex wp-container-core-buttons-is-layout-16018d1d wp-block-buttons-is-layout-flex">
<div class="wp-block-button"><a class="wp-block-button__link wp-element-button" href="https://drive.google.com/uc?export=download&amp;id=14VmrAJ6ZYIDjqbBoQnWnHiSTAggdOhns" target="_blank" rel="noreferrer noopener">BAIXAR ATIVIDADE</a></div>



<div class="wp-block-button"><a class="wp-block-button__link wp-element-button" href="https://drive.google.com/uc?export=download&amp;id=1MUDdVoH3eknC6nhJKfHnvDs4la7mf-XQ" target="_blank" rel="noreferrer noopener">BAIXAR SLIDES</a></div>



<div class="wp-block-button"><a class="wp-block-button__link wp-element-button" href="https://drive.google.com/uc?export=download&amp;id=1GrUGLNqOEHXuS3tijG7RQqpd-xehrLdm" target="_blank" rel="noreferrer noopener">BAIXAR TEXTO</a></div>
</div>



<p></p>



<p class="has-medium-font-size">The Simple Present tense is used to describe habitual actions, general truths, and facts that remain true in the present. It is formed by using the base form of the verb, adding an -s or -es ending for the third-person singular (he, she, it), and keeping the base form for all other subjects.&nbsp;</p>



<p class="has-medium-font-size">O tempo presente simples é usado para descrever ações habituais, verdades gerais e fatos que permanecem verdadeiros no presente. É formado usando a forma base do verbo, acrescentando um final -s ou -es para a terceira pessoa do singular (ele, ela, isso), e mantendo a forma base para todos os outros sujeitos.&nbsp;</p>



<p class="has-text-align-center has-medium-font-size"><strong>VAMOS RESPONDER ALGUMAS QUESTÕES?</strong></p>


<div class="wp-block-image is-style-default">
<figure class="aligncenter size-full"><img fetchpriority="high" decoding="async" width="730" height="530" src="https://sme.goiania.go.gov.br/conexaoescola/wp-content/uploads/2022/05/simple-e1651536005234.png" alt="" class="wp-image-142967" srcset="https://sme.goiania.go.gov.br/conexaoescola/wp-content/uploads/2022/05/simple-e1651536005234.png 730w, https://sme.goiania.go.gov.br/conexaoescola/wp-content/uploads/2022/05/simple-e1651536005234-300x218.png 300w" sizes="(max-width: 730px) 100vw, 730px" /><figcaption class="wp-element-caption">Montagem para fins pedagógicos:&nbsp; <a href="https://www.liveworksheets.com/qt22073qp">https://www.liveworksheets.com/qt22073qp</a>,acesso em 20, Abr. 22</figcaption></figure></div>


<h4 class="wp-block-heading has-text-align-center has-medium-font-size"><strong>Leia o texto abaixo e responda as questões sobre o mesmo:</strong>&nbsp;&nbsp;&nbsp;&nbsp;&nbsp;</h4>


<div class="wp-block-image is-style-default">
<figure class="aligncenter size-full is-resized"><img decoding="async" src="https://sme.goiania.go.gov.br/conexaoescola/wp-content/uploads/2022/05/l-e1651541479451.png" alt="" class="wp-image-142972" width="756" height="449" srcset="https://sme.goiania.go.gov.br/conexaoescola/wp-content/uploads/2022/05/l-e1651541479451.png 554w, https://sme.goiania.go.gov.br/conexaoescola/wp-content/uploads/2022/05/l-e1651541479451-300x178.png 300w" sizes="(max-width: 756px) 100vw, 756px" /><figcaption class="wp-element-caption"><a href="https://images.vexels.com/media/users/3/204808/isolated/preview/a5eb21d98760f43d7492b3d8bb9e3838-garota-feliz-em-pe.png">https://images.vexels.com/media/users/3/204808/isolated/preview/a5eb21d98760f43d7492b3d8bb9e3838-garota-feliz-em-pe.png</a> , acesso emm 16, Abr. 2022<br></figcaption></figure></div>


<p class="has-black-color has-pale-cyan-blue-background-color has-text-color has-background has-medium-font-size"><strong>QUESTION 1</strong></p>



<p class="has-medium-font-size">Quantos anos Louisa tem?</p>



<p class="has-medium-font-size">(A) Ela tem treze anos.</p>



<p class="has-medium-font-size">(B) Ela tem quinze anos.</p>



<p class="has-medium-font-size">(C) Ela tem doze anos.</p>



<p class="has-medium-font-size">(D) Ela tem vinte anos.</p>



<p class="has-pale-cyan-blue-background-color has-background has-medium-font-size"><strong>QUESTION 2</strong></p>



<p class="has-medium-font-size">O que Louisa faz toda noite?</p>



<p class="has-medium-font-size">(A) Ela pratica esportes.</p>



<p class="has-medium-font-size">(B) Ela toca piano.</p>



<p class="has-medium-font-size">(C) Ela lê e faz a lição de casa.</p>



<p class="has-medium-font-size">(D) Ela assiste TV.</p>



<p class="has-pale-cyan-blue-background-color has-background has-medium-font-size"><strong>QUESTION 3</strong></p>



<p class="has-medium-font-size">Adicione s ou es aos verbos:</p>



<p class="has-medium-font-size">1. see                                            <br>2. take<br>3. brush<br>4. kiss<br>5. call<br>6. give<br>7. play<br>8. study<br>9. watch<br>10. cry </p>



<p class="has-pale-cyan-blue-background-color has-background has-medium-font-size"><strong>QUESTION 4</strong></p>



<p class="has-medium-font-size">Escreva a alternativa correta:</p>



<p class="has-medium-font-size">a) Ayaan ____________ his homework at home.&nbsp; do ( )&nbsp; does ( ) Dos ( )</p>



<p class="has-medium-font-size">b) Esha &nbsp; ____________&nbsp; emails to her friends. send ( )&nbsp; sendes ( ) sends ( )</p>



<p class="has-medium-font-size">c) Samar ____________&nbsp; like eating fish and chips. don’t ( )&nbsp; doesn’t ( ) Dosn’t ( )ou&nbsp;</p>



<p class="has-medium-font-size">d) Gita and you ____________&nbsp; many letters write ( ) writes ( )</p>



<p class="has-medium-font-size">e) Rahul ____________&nbsp; good marks at school. get ( ) getes ( )&nbsp; gets ( )</p>



<p class="has-medium-font-size">f) Madhav ____________ &nbsp; spiders.&nbsp; hate ( ) hats ( )&nbsp; hates ( )</p>



<p class="has-pale-cyan-blue-background-color has-background has-medium-font-size"><strong>Saiba Mais:</strong></p>



<p class="has-medium-font-size">Assista ao vídeo sobre bons hábitos e comente sobre os hábitos mencionados no vídeo. Qual o hábito você achou mais interessante? Tem algum hábito que não foi mencionado e que você acredita ser importante? Se sim, qual?</p>



<figure class="wp-block-embed is-type-video is-provider-youtube wp-block-embed-youtube wp-embed-aspect-16-9 wp-has-aspect-ratio"><div class="wp-block-embed__wrapper">
<p class="responsive-video-wrap clr"><iframe title="Healthy Habits / Hábitos Saudáveis" width="1200" height="675" src="https://www.youtube.com/embed/6hgeB2HRI5g?feature=oembed" frameborder="0" allow="accelerometer; autoplay; clipboard-write; encrypted-media; gyroscope; picture-in-picture; web-share" allowfullscreen></iframe></p>
</div><figcaption class="wp-element-caption">Canal Teacher Sueidy Lourencio &#8220;Healthy Habits / Hábitos Saudáveis&#8221;. Disponível em: &lt;<a href="https://www.youtube.com/watch?v=6hgeB2HRI5g">https://www.youtube.com/watch?v=6hgeB2HRI5g</a>&gt; .Acesso em: 01 Mai 2022.<br></figcaption></figure>



<p class="has-pale-cyan-blue-background-color has-background has-medium-font-size"><strong>Saiba Mais:</strong></p>



<p class="has-medium-font-size">Assista ao vídeo a seguir &nbsp;e&nbsp; faça uma lista dos verbos citados no poema:</p>



<figure class="wp-block-embed is-type-video is-provider-youtube wp-block-embed-youtube wp-embed-aspect-16-9 wp-has-aspect-ratio"><div class="wp-block-embed__wrapper">
<p class="responsive-video-wrap clr"><iframe title="Action Verbs/ Verbos de Ação" width="1200" height="675" src="https://www.youtube.com/embed/fyq91PzHuzk?feature=oembed" frameborder="0" allow="accelerometer; autoplay; clipboard-write; encrypted-media; gyroscope; picture-in-picture; web-share" allowfullscreen></iframe></p>
</div><figcaption class="wp-element-caption">Canal Teacher Sueidy Lourencio &#8220;Action Verbs/ Verbos de Ação&#8221;. Disponível em: &lt;<strong>https://www.youtube.com/watch?v=fyq91PzHuzk&gt;</strong>. Acesso em: 20 Abr. 2022.</figcaption></figure>



<hr class="wp-block-separator has-css-opacity"/>



<figure class="wp-block-table"><table><tbody><tr><td><strong>Autoria:</strong></td><td>Sueidy Ferreira Lourencio</td></tr><tr><td><strong>Formação:</strong></td><td>Letras Portuguese/Inglês</td></tr><tr><td><strong>Componente Curricular:</strong></td><td>Língua Inglesa</td></tr><tr><td><strong>Habilidade:</strong></td><td>(EF06LI01-B) Interagir com diferentes pares e em diferentes situações comunicativas, sala de aula, restaurantes, hotéis, supermercados, redes sociais, utilizando recursos linguísticos no presente simples e presente contínuo para ampliar a produção oral.</td></tr><tr><td><strong>Referencial Teórico:</strong></td><td>Disponível em: <a href="https://www.liveworksheets.com/qt22073qp">https://www.liveworksheets.com/qt22073qp</a>,acesso em 20, Abr. 22&nbsp;&nbsp;&nbsp;&nbsp;&nbsp;<a href="https://images.vexels.com/media/users/3/204808/isolated/preview/a5eb21d98760f43d7492b3d8bb9e3838-garota-feliz-em-pe.png">https://images.vexels.com/media/users/3/204808/isolated/preview/a5eb21d98760f43d7492b3d8bb9e3838-garota-feliz-em-pe.png</a> , acesso emm 16, Abr. 2022<br></td></tr></tbody></table></figure>



<hr class="wp-block-separator has-css-opacity"/>
