{"id":139498,"date":"2022-03-27T19:51:08","date_gmt":"2022-03-27T22:51:08","guid":{"rendered":"https:\/\/sme.goiania.go.gov.br\/conexaoescola\/?post_type=ensino_fundamental&#038;p=139498"},"modified":"2025-02-18T09:25:32","modified_gmt":"2025-02-18T12:25:32","slug":"educacao-fisica-muay-thai-2","status":"publish","type":"ensino_fundamental","link":"https:\/\/sme.goiania.go.gov.br\/conexaoescola\/ensino_fundamental\/educacao-fisica-muay-thai-2\/","title":{"rendered":"Educa\u00e7\u00e3o F\u00edsica &#8211; Muay Thai &#8211; Caracter\u00edsticas hist\u00f3ricas e culturais."},"content":{"rendered":"\n<p class=\"has-text-align-center has-black-color has-luminous-vivid-orange-background-color has-text-color has-background has-medium-font-size\">   Esta proposta de atividade de<strong>&nbsp;EDUCA\u00c7\u00c3O F\u00cdSICA&nbsp;<\/strong>\u00e9 destinada aos estudantes do<strong> 9\u00ba ANO&nbsp;<\/strong>do Ensino Fundamental &#8211; Anos Finais.<\/p>\n\n\n\n<p><\/p>\n\n\n\n<div class=\"wp-block-buttons is-content-justification-center is-layout-flex wp-container-core-buttons-is-layout-16018d1d wp-block-buttons-is-layout-flex\">\n<div class=\"wp-block-button has-custom-font-size has-medium-font-size\"><a class=\"wp-block-button__link wp-element-button\" href=\"https:\/\/drive.google.com\/uc?export=douwnload&amp;id=1H5BfXXCkhKaSyCHpCxxudHIVFeEEGHpL\" target=\"_blank\" rel=\"noreferrer noopener\"><strong>BAIXE A ATIVIDADE<\/strong><\/a><\/div>\n\n\n\n<div class=\"wp-block-button has-custom-font-size has-medium-font-size\"><a class=\"wp-block-button__link wp-element-button\" href=\"https:\/\/drive.google.com\/uc?export=douwnload&amp;id=1ZCqgGtmj4418q0R9C0ot6Ei5vLXeFNk0\" target=\"_blank\" rel=\"noreferrer noopener\"><strong>BAIXE OS SLIDES<\/strong><\/a><\/div>\n\n\n\n<div class=\"wp-block-button has-custom-font-size has-medium-font-size\"><a class=\"wp-block-button__link wp-element-button\" href=\"https:\/\/drive.google.com\/uc?export=douwnload&amp;id=1ReZYERk0_dGCKlX20QJFB9egXpiv2NXI\" target=\"_blank\" rel=\"noreferrer noopener\"><strong>BAIXE O TEXTO<\/strong><\/a><\/div>\n<\/div>\n\n\n\n<div style=\"height:19px\" aria-hidden=\"true\" class=\"wp-block-spacer\"><\/div>\n\n\n\n<figure class=\"wp-block-image is-resized is-style-rounded\"><img decoding=\"async\" src=\"https:\/\/p2.piqsels.com\/preview\/406\/636\/16\/mma-mixed-martial-arts-japan-maza-thumbnail.jpg\" alt=\"libre de regal\u00edas cuadril\u00e1tero fotos descarga gratuita | Piqsels\" style=\"width:839px;height:559px\"\/><figcaption class=\"wp-element-caption\"><strong>Dispon\u00edvel em: https:\/\/p2.piqsels.com\/preview\/406\/636\/16\/mma-mixed-martial-arts-japan-maza-thumbnail.jpg. <br>Data de acesso: 25 de mar\u00e7o de 2022.<\/strong><\/figcaption><\/figure>\n\n\n\n<p class=\"has-text-align-center has-luminous-vivid-amber-background-color has-background has-medium-font-size\"><strong>ORIGEM<\/strong><\/p>\n\n\n\n<p class=\"has-text-align-center wp-embed-aspect-16-9 wp-has-aspect-ratio has-medium-font-size\">O <strong>MUAY THAI<\/strong> \u00e9 uma arte marcial origin\u00e1ria da <strong>Tail\u00e2ndia,<\/strong> tamb\u00e9m em conhecida como <strong>\u201cA ARTE DAS OITO ARMAS\u201d <\/strong>(punhos, cotovelos, joelhos, chute circulares, chutes frontais, chute laterais, canh\u00e3o de perna ou chute com a canela e golpes com a sola do p\u00e9). Acredita-se que sua origem remonta ao <strong>s\u00e9culo XVI<\/strong>, quando os tailandeses precisavam defender seu territ\u00f3rio de invasores estrangeiros.<\/p>\n\n\n\n<p class=\"has-text-align-center has-luminous-vivid-amber-background-color has-background has-medium-font-size\"><strong>CARACTER\u00cdSTICAS <\/strong><\/p>\n\n\n\n<p class=\"has-text-align-center has-medium-font-size\">Inicialmente, o Muay Thai era praticado como uma forma de combate corpo a corpo, utilizando-se de t\u00e9cnicas de socos, chutes, joelhadas e cotoveladas. Com o tempo, a arte marcial foi se desenvolvendo e se tornando mais complexa, incorporando t\u00e9cnicas de defesa e ataque com as oito partes do corpo, punhos, cotovelos, joelhos e pernas.<\/p>\n\n\n\n<p class=\"has-text-align-center has-luminous-vivid-amber-background-color has-background has-medium-font-size\"><strong>POPULARIDADE <\/strong><\/p>\n\n\n\n<p class=\"has-text-align-center has-medium-font-size\">Durante muito tempo, o Muay thai foi praticado apenas por soldados e lutadores profissionais, mas a partir do s\u00e9culo XX, a arte marcial come\u00e7ou a se popularizar entre a popula\u00e7\u00e3o em geral. Hoje em dia, o Muay thai \u00e9 praticado em todo mundo, tanto como uma forma de defesa pessoal quanto como um esporte de competi\u00e7\u00e3o.<\/p>\n\n\n\n<p class=\"has-text-align-center wp-embed-aspect-16-9 wp-has-aspect-ratio has-luminous-vivid-amber-background-color has-background has-medium-font-size\"><strong>BENEF\u00cdCIOS <\/strong><\/p>\n\n\n\n<p class=\"has-text-align-center has-medium-font-size\">O muay thai \u00e9 uma das artes marciais mais respeitadas e admiradas do mundo, sendo considerada uma das mais eficientes em termos de defesa pessoal. Al\u00e9m disso, a pr\u00e1tica do Muay thai tamb\u00e9m traz benef\u00edcios para a sa\u00fade, como o aumento da resist\u00eancia f\u00edsica, a melhora da coordena\u00e7\u00e3o motora e o fortalecimento muscular<\/p>\n\n\n\n<p class=\"wp-embed-aspect-16-9 wp-has-aspect-ratio has-light-green-cyan-background-color has-background has-medium-font-size\"><strong>QUEST\u00c3O 01<\/strong><\/p>\n\n\n\n<p class=\"wp-embed-aspect-16-9 wp-has-aspect-ratio has-medium-font-size\"><strong>O muay thai originou-se<\/strong><\/p>\n\n\n\n<p class=\"wp-embed-aspect-16-9 wp-has-aspect-ratio has-medium-font-size\">(A) do Jap\u00e3o.<\/p>\n\n\n\n<p class=\"wp-embed-aspect-16-9 wp-has-aspect-ratio has-medium-font-size\">(B) da China.<\/p>\n\n\n\n<p class=\"wp-embed-aspect-16-9 wp-has-aspect-ratio has-medium-font-size\">(C) da Tail\u00e2ndia.<\/p>\n\n\n\n<p class=\"wp-embed-aspect-16-9 wp-has-aspect-ratio has-medium-font-size\">(D) da Cor\u00e9ia.<\/p>\n\n\n\n<p class=\"wp-embed-aspect-16-9 wp-has-aspect-ratio has-light-green-cyan-background-color has-background has-medium-font-size\"><strong>QUEST\u00c3O 02<\/strong><\/p>\n\n\n\n<p class=\"wp-embed-aspect-16-9 wp-has-aspect-ratio has-medium-font-size\"><strong>O prop\u00f3sito original do Muay thai refere-se principalmente<\/strong><\/p>\n\n\n\n<p class=\"wp-embed-aspect-16-9 wp-has-aspect-ratio has-medium-font-size\">(A) a defesa pessoal.<\/p>\n\n\n\n<p class=\"wp-embed-aspect-16-9 wp-has-aspect-ratio has-medium-font-size\">(B) a competi\u00e7\u00e3o esportiva.<\/p>\n\n\n\n<p class=\"wp-embed-aspect-16-9 wp-has-aspect-ratio has-medium-font-size\">(C) ao desenvolvimento espiritual.<\/p>\n\n\n\n<p class=\"wp-embed-aspect-16-9 wp-has-aspect-ratio has-medium-font-size\">(D) todos os enunciados anteriores.<\/p>\n\n\n\n<p class=\"wp-embed-aspect-16-9 wp-has-aspect-ratio has-light-green-cyan-background-color has-background has-medium-font-size\"><strong>QUEST\u00c3O 03<\/strong><\/p>\n\n\n\n<p class=\"wp-embed-aspect-16-9 wp-has-aspect-ratio has-medium-font-size\"><strong>Para responder em seu caderno. <\/strong>Quais partes do corpo s\u00e3o permitidas pata atacar no Muay thai?<\/p>\n\n\n\n<p class=\"wp-embed-aspect-16-9 wp-has-aspect-ratio has-light-green-cyan-background-color has-background has-medium-font-size\"><strong>QUEST\u00c3O 0<\/strong>4<\/p>\n\n\n\n<p class=\"wp-embed-aspect-16-9 wp-has-aspect-ratio has-medium-font-size\"><strong>Para responder em seu caderno. <\/strong>Realize uma pesquisa e identifique qual a diferen\u00e7a entre o Muay thai tradicional e o Muay thay esportivo.<\/p>\n\n\n\n<p class=\"wp-embed-aspect-16-9 wp-has-aspect-ratio has-black-color has-luminous-vivid-amber-background-color has-text-color has-background\"><strong>SAIBA MAI<\/strong>S<\/p>\n\n\n\n<p class=\"has-text-align-center wp-embed-aspect-16-9 wp-has-aspect-ratio\"><strong>ASSISTA AO V\u00cdDEO: APRENDENDO MUAY THAI.<\/strong><\/p>\n\n\n\n<figure class=\"wp-block-embed is-type-video is-provider-youtube wp-block-embed-youtube wp-embed-aspect-16-9 wp-has-aspect-ratio\"><div class=\"wp-block-embed__wrapper\">\n<p class=\"responsive-video-wrap clr\"><iframe title=\"APRENDENDO MUAY THAI\" width=\"1200\" height=\"675\" src=\"https:\/\/www.youtube.com\/embed\/4A899yxlpzQ?feature=oembed\" frameborder=\"0\" allow=\"accelerometer; autoplay; clipboard-write; encrypted-media; gyroscope; picture-in-picture; web-share\" referrerpolicy=\"strict-origin-when-cross-origin\" allowfullscreen><\/iframe><\/p>\n<\/div><figcaption class=\"wp-element-caption\"><strong>CANAL: 100 % MOVIMENTO &#8221; APRENDENDO MUAY THAI&#8221; &lt; https:\/\/www.youtube.com\/watch?v=4A899yxlpzQ &gt; <br>Data de acesso: 25 de mar\u00e7o de 2022.<\/strong><\/figcaption><\/figure>\n\n\n\n<figure class=\"wp-block-table is-style-stripes has-medium-font-size\"><table><tbody><tr><td><strong>Autoria<\/strong><\/td><td>Elaine Faria de Oliveira <\/td><\/tr><tr><td><strong>Forma\u00e7\u00e3o<\/strong><\/td><td>Educa\u00e7\u00e3o F\u00edsica <\/td><\/tr><tr><td><strong>Componentes Curriculares<\/strong><\/td><td>Educa\u00e7\u00e3o F\u00edsica <\/td><\/tr><tr><td><strong>Objetivos de Aprendizagem e Desenvolvimento<\/strong><\/td><td>(EF89EF18) Discutir as transforma\u00e7\u00f5es hist\u00f3ricas, o processo de esportiviza\u00e7\u00e3o e a midiatiza\u00e7\u00e3o das lutas, valorizando e respeitando as culturas de origem.<\/td><\/tr><tr><td><strong>Refer\u00eancias<\/strong><\/td><td>DC-GO Ampliado &#8211; Base&nbsp; Nacional&nbsp; Comum&nbsp; Curricular&nbsp; (BNCC)&nbsp; da Educa\u00e7\u00e3o Infantil e do Ensino&nbsp;Fundamental, 2017.<br><br>Pr\u00e1ticas corporais: educa\u00e7\u00e3o f\u00edsica: 6\u00ba ao 9\u00ba anos: manual do professor\/ Suraya Cristina Darido. et AL 1 ed. &#8211; S\u00e3o Paulo:: Moderna, 2018<br>Gin\u00e1stica, dan\u00e7a e atividades circenses \/ Fernando Jaime Gonz\u00e1lez; Suraya Cristina Darido; Amauri Aparecido B\u00e1ssoli de Oliveira, org.; pref\u00e1cio de Leandro Cruz Fr\u00f3es da Silva. 2. ed. \u2013 Maring\u00e1 : Eduem, 2017. v. 3 (232 p.) : il. (algumas color); 25,0&#215;17,6 cm.&#8211; (Pr\u00e1ticas corporais e a organiza\u00e7\u00e3o do conhecimento).&nbsp;<br><br>&nbsp;Gin\u00e1stica. 2. Dan\u00e7a. 3.Artes circenses.I. Jaime Gonz\u00e1lez, Fernando. II. Darido, Suraya Cristina. III. Oliveira, Amauri Aparecido B\u00e1ssoli de. IV. Cappelli, Ricardo Garcia, pref. V. T\u00edtulo&nbsp;Cdd 22.ed.796.<\/td><\/tr><\/tbody><\/table><\/figure>\n","protected":false},"author":56,"featured_media":139527,"template":"","ef_categoria":[15,27],"ef_ano":[92],"ef_componente":[97],"class_list":["post-139498","ensino_fundamental","type-ensino_fundamental","status-publish","has-post-thumbnail","hentry","ef_categoria-ciclo-da-adolescencia-fg","ef_categoria-corpo-e-movimento-ciclo-da-adolescencia-fg","ef_ano-9o-ano","ef_componente-educacao-fisica","entry","has-media"],"acf":[],"_links":{"self":[{"href":"https:\/\/sme.goiania.go.gov.br\/conexaoescola\/wp-json\/wp\/v2\/ensino_fundamental\/139498","targetHints":{"allow":["GET"]}}],"collection":[{"href":"https:\/\/sme.goiania.go.gov.br\/conexaoescola\/wp-json\/wp\/v2\/ensino_fundamental"}],"about":[{"href":"https:\/\/sme.goiania.go.gov.br\/conexaoescola\/wp-json\/wp\/v2\/types\/ensino_fundamental"}],"author":[{"embeddable":true,"href":"https:\/\/sme.goiania.go.gov.br\/conexaoescola\/wp-json\/wp\/v2\/users\/56"}],"version-history":[{"count":39,"href":"https:\/\/sme.goiania.go.gov.br\/conexaoescola\/wp-json\/wp\/v2\/ensino_fundamental\/139498\/revisions"}],"predecessor-version":[{"id":192334,"href":"https:\/\/sme.goiania.go.gov.br\/conexaoescola\/wp-json\/wp\/v2\/ensino_fundamental\/139498\/revisions\/192334"}],"wp:featuredmedia":[{"embeddable":true,"href":"https:\/\/sme.goiania.go.gov.br\/conexaoescola\/wp-json\/wp\/v2\/media\/139527"}],"wp:attachment":[{"href":"https:\/\/sme.goiania.go.gov.br\/conexaoescola\/wp-json\/wp\/v2\/media?parent=139498"}],"wp:term":[{"taxonomy":"ef_categoria","embeddable":true,"href":"https:\/\/sme.goiania.go.gov.br\/conexaoescola\/wp-json\/wp\/v2\/ef_categoria?post=139498"},{"taxonomy":"ef_ano","embeddable":true,"href":"https:\/\/sme.goiania.go.gov.br\/conexaoescola\/wp-json\/wp\/v2\/ef_ano?post=139498"},{"taxonomy":"ef_componente","embeddable":true,"href":"https:\/\/sme.goiania.go.gov.br\/conexaoescola\/wp-json\/wp\/v2\/ef_componente?post=139498"}],"curies":[{"name":"wp","href":"https:\/\/api.w.org\/{rel}","templated":true}]}}

Educação Física &#8211; Muay Thai &#8211; Características históricas e culturais.

<p class="has-text-align-center has-black-color has-luminous-vivid-orange-background-color has-text-color has-background has-medium-font-size">   Esta proposta de atividade de<strong>&nbsp;EDUCAÇÃO FÍSICA&nbsp;</strong>é destinada aos estudantes do<strong> 9º ANO&nbsp;</strong>do Ensino Fundamental &#8211; Anos Finais.</p>



<p></p>



<div class="wp-block-buttons is-content-justification-center is-layout-flex wp-container-core-buttons-is-layout-16018d1d wp-block-buttons-is-layout-flex">
<div class="wp-block-button has-custom-font-size has-medium-font-size"><a class="wp-block-button__link wp-element-button" href="https://drive.google.com/uc?export=douwnload&amp;id=1H5BfXXCkhKaSyCHpCxxudHIVFeEEGHpL" target="_blank" rel="noreferrer noopener"><strong>BAIXE A ATIVIDADE</strong></a></div>



<div class="wp-block-button has-custom-font-size has-medium-font-size"><a class="wp-block-button__link wp-element-button" href="https://drive.google.com/uc?export=douwnload&amp;id=1ZCqgGtmj4418q0R9C0ot6Ei5vLXeFNk0" target="_blank" rel="noreferrer noopener"><strong>BAIXE OS SLIDES</strong></a></div>



<div class="wp-block-button has-custom-font-size has-medium-font-size"><a class="wp-block-button__link wp-element-button" href="https://drive.google.com/uc?export=douwnload&amp;id=1ReZYERk0_dGCKlX20QJFB9egXpiv2NXI" target="_blank" rel="noreferrer noopener"><strong>BAIXE O TEXTO</strong></a></div>
</div>



<div style="height:19px" aria-hidden="true" class="wp-block-spacer"></div>



<figure class="wp-block-image is-resized is-style-rounded"><img decoding="async" src="https://p2.piqsels.com/preview/406/636/16/mma-mixed-martial-arts-japan-maza-thumbnail.jpg" alt="libre de regalías cuadrilátero fotos descarga gratuita | Piqsels" style="width:839px;height:559px"/><figcaption class="wp-element-caption"><strong>Disponível em: https://p2.piqsels.com/preview/406/636/16/mma-mixed-martial-arts-japan-maza-thumbnail.jpg. <br>Data de acesso: 25 de março de 2022.</strong></figcaption></figure>



<p class="has-text-align-center has-luminous-vivid-amber-background-color has-background has-medium-font-size"><strong>ORIGEM</strong></p>



<p class="has-text-align-center wp-embed-aspect-16-9 wp-has-aspect-ratio has-medium-font-size">O <strong>MUAY THAI</strong> é uma arte marcial originária da <strong>Tailândia,</strong> também em conhecida como <strong>“A ARTE DAS OITO ARMAS” </strong>(punhos, cotovelos, joelhos, chute circulares, chutes frontais, chute laterais, canhão de perna ou chute com a canela e golpes com a sola do pé). Acredita-se que sua origem remonta ao <strong>século XVI</strong>, quando os tailandeses precisavam defender seu território de invasores estrangeiros.</p>



<p class="has-text-align-center has-luminous-vivid-amber-background-color has-background has-medium-font-size"><strong>CARACTERÍSTICAS </strong></p>



<p class="has-text-align-center has-medium-font-size">Inicialmente, o Muay Thai era praticado como uma forma de combate corpo a corpo, utilizando-se de técnicas de socos, chutes, joelhadas e cotoveladas. Com o tempo, a arte marcial foi se desenvolvendo e se tornando mais complexa, incorporando técnicas de defesa e ataque com as oito partes do corpo, punhos, cotovelos, joelhos e pernas.</p>



<p class="has-text-align-center has-luminous-vivid-amber-background-color has-background has-medium-font-size"><strong>POPULARIDADE </strong></p>



<p class="has-text-align-center has-medium-font-size">Durante muito tempo, o Muay thai foi praticado apenas por soldados e lutadores profissionais, mas a partir do século XX, a arte marcial começou a se popularizar entre a população em geral. Hoje em dia, o Muay thai é praticado em todo mundo, tanto como uma forma de defesa pessoal quanto como um esporte de competição.</p>



<p class="has-text-align-center wp-embed-aspect-16-9 wp-has-aspect-ratio has-luminous-vivid-amber-background-color has-background has-medium-font-size"><strong>BENEFÍCIOS </strong></p>



<p class="has-text-align-center has-medium-font-size">O muay thai é uma das artes marciais mais respeitadas e admiradas do mundo, sendo considerada uma das mais eficientes em termos de defesa pessoal. Além disso, a prática do Muay thai também traz benefícios para a saúde, como o aumento da resistência física, a melhora da coordenação motora e o fortalecimento muscular</p>



<p class="wp-embed-aspect-16-9 wp-has-aspect-ratio has-light-green-cyan-background-color has-background has-medium-font-size"><strong>QUESTÃO 01</strong></p>



<p class="wp-embed-aspect-16-9 wp-has-aspect-ratio has-medium-font-size"><strong>O muay thai originou-se</strong></p>



<p class="wp-embed-aspect-16-9 wp-has-aspect-ratio has-medium-font-size">(A) do Japão.</p>



<p class="wp-embed-aspect-16-9 wp-has-aspect-ratio has-medium-font-size">(B) da China.</p>



<p class="wp-embed-aspect-16-9 wp-has-aspect-ratio has-medium-font-size">(C) da Tailândia.</p>



<p class="wp-embed-aspect-16-9 wp-has-aspect-ratio has-medium-font-size">(D) da Coréia.</p>



<p class="wp-embed-aspect-16-9 wp-has-aspect-ratio has-light-green-cyan-background-color has-background has-medium-font-size"><strong>QUESTÃO 02</strong></p>



<p class="wp-embed-aspect-16-9 wp-has-aspect-ratio has-medium-font-size"><strong>O propósito original do Muay thai refere-se principalmente</strong></p>



<p class="wp-embed-aspect-16-9 wp-has-aspect-ratio has-medium-font-size">(A) a defesa pessoal.</p>



<p class="wp-embed-aspect-16-9 wp-has-aspect-ratio has-medium-font-size">(B) a competição esportiva.</p>



<p class="wp-embed-aspect-16-9 wp-has-aspect-ratio has-medium-font-size">(C) ao desenvolvimento espiritual.</p>



<p class="wp-embed-aspect-16-9 wp-has-aspect-ratio has-medium-font-size">(D) todos os enunciados anteriores.</p>



<p class="wp-embed-aspect-16-9 wp-has-aspect-ratio has-light-green-cyan-background-color has-background has-medium-font-size"><strong>QUESTÃO 03</strong></p>



<p class="wp-embed-aspect-16-9 wp-has-aspect-ratio has-medium-font-size"><strong>Para responder em seu caderno. </strong>Quais partes do corpo são permitidas pata atacar no Muay thai?</p>



<p class="wp-embed-aspect-16-9 wp-has-aspect-ratio has-light-green-cyan-background-color has-background has-medium-font-size"><strong>QUESTÃO 0</strong>4</p>



<p class="wp-embed-aspect-16-9 wp-has-aspect-ratio has-medium-font-size"><strong>Para responder em seu caderno. </strong>Realize uma pesquisa e identifique qual a diferença entre o Muay thai tradicional e o Muay thay esportivo.</p>



<p class="wp-embed-aspect-16-9 wp-has-aspect-ratio has-black-color has-luminous-vivid-amber-background-color has-text-color has-background"><strong>SAIBA MAI</strong>S</p>



<p class="has-text-align-center wp-embed-aspect-16-9 wp-has-aspect-ratio"><strong>ASSISTA AO VÍDEO: APRENDENDO MUAY THAI.</strong></p>



<figure class="wp-block-embed is-type-video is-provider-youtube wp-block-embed-youtube wp-embed-aspect-16-9 wp-has-aspect-ratio"><div class="wp-block-embed__wrapper">
<p class="responsive-video-wrap clr"><iframe title="APRENDENDO MUAY THAI" width="1200" height="675" src="https://www.youtube.com/embed/4A899yxlpzQ?feature=oembed" frameborder="0" allow="accelerometer; autoplay; clipboard-write; encrypted-media; gyroscope; picture-in-picture; web-share" referrerpolicy="strict-origin-when-cross-origin" allowfullscreen></iframe></p>
</div><figcaption class="wp-element-caption"><strong>CANAL: 100 % MOVIMENTO &#8221; APRENDENDO MUAY THAI&#8221; &lt; https://www.youtube.com/watch?v=4A899yxlpzQ &gt; <br>Data de acesso: 25 de março de 2022.</strong></figcaption></figure>



<figure class="wp-block-table is-style-stripes has-medium-font-size"><table><tbody><tr><td><strong>Autoria</strong></td><td>Elaine Faria de Oliveira </td></tr><tr><td><strong>Formação</strong></td><td>Educação Física </td></tr><tr><td><strong>Componentes Curriculares</strong></td><td>Educação Física </td></tr><tr><td><strong>Objetivos de Aprendizagem e Desenvolvimento</strong></td><td>(EF89EF18) Discutir as transformações históricas, o processo de esportivização e a midiatização das lutas, valorizando e respeitando as culturas de origem.</td></tr><tr><td><strong>Referências</strong></td><td>DC-GO Ampliado &#8211; Base&nbsp; Nacional&nbsp; Comum&nbsp; Curricular&nbsp; (BNCC)&nbsp; da Educação Infantil e do Ensino&nbsp;Fundamental, 2017.<br><br>Práticas corporais: educação física: 6º ao 9º anos: manual do professor/ Suraya Cristina Darido. et AL 1 ed. &#8211; São Paulo:: Moderna, 2018<br>Ginástica, dança e atividades circenses / Fernando Jaime González; Suraya Cristina Darido; Amauri Aparecido Bássoli de Oliveira, org.; prefácio de Leandro Cruz Fróes da Silva. 2. ed. – Maringá : Eduem, 2017. v. 3 (232 p.) : il. (algumas color); 25,0&#215;17,6 cm.&#8211; (Práticas corporais e a organização do conhecimento).&nbsp;<br><br>&nbsp;Ginástica. 2. Dança. 3.Artes circenses.I. Jaime González, Fernando. II. Darido, Suraya Cristina. III. Oliveira, Amauri Aparecido Bássoli de. IV. Cappelli, Ricardo Garcia, pref. V. Título&nbsp;Cdd 22.ed.796.</td></tr></tbody></table></figure>
