{"id":139121,"date":"2022-03-23T16:30:21","date_gmt":"2022-03-23T19:30:21","guid":{"rendered":"https:\/\/sme.goiania.go.gov.br\/conexaoescola\/?post_type=ensino_fundamental&#038;p=139121"},"modified":"2024-02-23T14:36:35","modified_gmt":"2024-02-23T17:36:35","slug":"lingua-portuguesa-rimas","status":"publish","type":"ensino_fundamental","link":"https:\/\/sme.goiania.go.gov.br\/conexaoescola\/ensino_fundamental\/lingua-portuguesa-rimas\/","title":{"rendered":"LINGUA PORTUGUESA &#8211; RIMAS"},"content":{"rendered":"\n<p class=\"has-text-align-center has-black-color has-text-color has-background has-medium-font-size\" style=\"background-color:#f3f5e9\"> ESTA ATIVIDADE TEM COMO BASE AS SEQU\u00caNCIAS DID\u00c1TICAS PROPOSTAS PELO <strong>PROGRAMA APRENDER SEMPRE<\/strong>, DA SME- GOI\u00c2NIA, COM BASE NO DC\\GO &#8211; AMPLIADO E EST\u00c1 DESTINADA A ESTUDANTES DO <strong>1\u00ba ANO DO ENSINO FUNAMENTAL<\/strong>.<\/p>\n\n\n\n<p><img decoding=\"async\" width=\"1045px;\" height=\"588px;\" src=\"https:\/\/lh6.googleusercontent.com\/oh63vA6zJ6NdTlUCDB7yb7YGbp-icxmW7b9AFuFMDZUPQbhaGnATWDIXcnXbPpEO6MfEgJE_HZqtgtea3utsL7UfZJhXvf7E3im2P_CMoGHbdcoNjRJgtLmzv1hBq9V3rv-kBFQP\"><\/p>\n\n\n\n<div class=\"wp-block-buttons is-content-justification-center is-layout-flex wp-container-core-buttons-is-layout-16018d1d wp-block-buttons-is-layout-flex\">\n<div class=\"wp-block-button\"><a class=\"wp-block-button__link wp-element-button\" href=\"https:\/\/docs.google.com\/document\/d\/1rzrzt3L9iHborw6r8M5eiHKdK-BuoYZW\/copy\" target=\"_blank\" rel=\"noreferrer noopener\">BAIXE AS ATIVIDADES<\/a><\/div>\n\n\n\n<div class=\"wp-block-button\"><a class=\"wp-block-button__link wp-element-button\" href=\"https:\/\/docs.google.com\/presentation\/d\/1qfqFOzNjkJQz3S0b8WDY7Rv96uZz15rf\/copy\" target=\"_blank\" rel=\"noreferrer noopener\">BAIXE OS SLIDES<\/a><\/div>\n<\/div>\n\n\n\n<hr class=\"wp-block-separator has-css-opacity\"\/>\n\n\n\n<p class=\"has-text-align-center has-black-color has-text-color has-background has-medium-font-size\" style=\"background-color:#faf9f9\">RIMAS S\u00c3O <strong>REPETI\u00c7\u00d5ES DE SONS<\/strong> <strong>VOCAIS OU CONSONANTAIS <\/strong>(OU OS DOIS COMBINADOS) QUE ACONTECEM EM INTERVALOS REGULARES DENTRO DE UM TEXTO.&nbsp;<\/p>\n\n\n\n<p class=\"has-text-align-center has-black-color has-text-color has-background has-medium-font-size\" style=\"background-color:#f1f9f6\">TRATA-SE DE UM RECURSO SONORO BASTANTE USADO POR POETAS.&nbsp;<\/p>\n\n\n\n<hr class=\"wp-block-separator has-alpha-channel-opacity\"\/>\n\n\n\n<p class=\"has-text-align-center has-black-color has-text-color has-background has-medium-font-size\" style=\"background-color:#cdecff\">VAMOS VER A VIDEOAULA A SEGUIR E ENTENDER UM POUCO MAIS SOBRE ESSE ASSUNTO.<\/p>\n\n\n\n<figure class=\"wp-block-embed is-type-video is-provider-youtube wp-block-embed-youtube wp-embed-aspect-16-9 wp-has-aspect-ratio\"><div class=\"wp-block-embed__wrapper\">\n<p class=\"responsive-video-wrap clr\"><iframe title=\"Aprender Sempre - L\u00edngua Portuguesa - 1\u00ba ano - 1\u00ba Bim - Videoaula 3 - O que s\u00e3o rimas?\" width=\"1200\" height=\"675\" src=\"https:\/\/www.youtube.com\/embed\/Ww-gvKXKEhw?feature=oembed\" frameborder=\"0\" allow=\"accelerometer; autoplay; clipboard-write; encrypted-media; gyroscope; picture-in-picture; web-share\" allowfullscreen><\/iframe><\/p>\n<\/div><figcaption class=\"wp-element-caption\">Canal <a href=\"https:\/\/www.youtube.com\/channel\/UCtoYS7J0PS_iO3KMA1JsnCA\">Portal Conex\u00e3o Escola<\/a> &#8220;1\u00ba ano L\u00edngua Portuguesa &#8211; Aprender Sempre &#8211; 1\u00baBi &#8211; Videoaula 3&#8221;. Dispon\u00edvel em: &lt;https:\/\/www.youtube.com\/watch?v=Ww-gvKXKEhw&gt; Acesso em 31 mar 2022.<\/figcaption><\/figure>\n\n\n\n<hr class=\"wp-block-separator has-css-opacity\"\/>\n\n\n\n<p class=\"has-medium-font-size\">AGORA, VAMOS FAZER AS ATIVIDADES PROPOSTAS?<\/p>\n\n\n\n<p class=\"has-black-color has-text-color has-background has-medium-font-size\" style=\"background-color:#dae9f0\">QUEST\u00c3O 1<\/p>\n\n\n\n<p class=\"has-black-color has-text-color has-medium-font-size\">PINTE AS PALAVRAS GATO E, DEPOIS, CONTE QUANTAS VEZES ELA APARECE NO FRAGMENTO DO TEXTO<\/p>\n\n\n\n<p class=\"has-black-color has-text-color has-medium-font-size\">ERA UMA VEZ UM GATO XADREZ.<\/p>\n\n\n\n<p class=\"has-black-color has-text-color has-medium-font-size\">CAIU DA JANELA E FOI S\u00d3 UMA VEZ.<\/p>\n\n\n\n<p class=\"has-black-color has-text-color has-medium-font-size\">ERA UMA VEZ UM GATO AZUL.<\/p>\n\n\n\n<p class=\"has-black-color has-text-color has-medium-font-size\">LEVOU UM SUSTO E FUGIU PRO SUL.<\/p>\n\n\n\n<p class=\"has-black-color has-text-color has-medium-font-size\">ERA UMA VEZ UM GATO VERMELHO.<\/p>\n\n\n\n<p class=\"has-black-color has-text-color has-medium-font-size\">ENTROU NO BANHEIRO E FEZ CARETA NO ESPELHO.<\/p>\n\n\n\n<p class=\"has-text-align-center has-black-color has-text-color has-medium-font-size\">A PALAVRA GATO APARECE ___________________ VEZES<\/p>\n\n\n\n<hr class=\"wp-block-separator has-css-opacity\"\/>\n\n\n\n<p class=\"has-black-color has-text-color has-background has-medium-font-size\" style=\"background-color:#dce8ed\">QUEST\u00c3O 2<\/p>\n\n\n\n<p class=\"has-black-color has-text-color has-medium-font-size\">VAMOS TENTAR RESPONDER AS PERGUNTAS SOBRE O TEXTO<br><img fetchpriority=\"high\" decoding=\"async\" width=\"252\" height=\"331\" src=\"https:\/\/lh6.googleusercontent.com\/eYZcweV_m_yOvmvk62Ir1xJ5i8kvQpvCpr-4WbkmfbtkLi2vG5pv3-_gk6GyJIQpdXi7k-9H_GO9pm_3CoQbrUR_JhyyROVeA-CH8FkXUpoqW7XPn-LjQOXQXiadh2MZS3J8RYpd\"><\/p>\n\n\n\n<p class=\"has-black-color has-text-color has-medium-font-size\">QUAL \u00c9 O NOME DO POEMA?&nbsp;<\/p>\n\n\n\n<p class=\"has-black-color has-text-color has-medium-font-size\">E DA SUA AUTORA?<\/p>\n\n\n\n<p class=\"has-black-color has-text-color has-medium-font-size\">QUANTAS VEZES A PALAVRA <strong>GATO<\/strong> APARECE NO FRAGMENTO DO POEMA?<\/p>\n\n\n\n<hr class=\"wp-block-separator has-css-opacity\"\/>\n\n\n\n<p class=\"has-text-align-center has-background has-medium-font-size\" style=\"background-color:#e5edf1\"><strong>Para acessar o material desta atividade clique no link:<\/strong> <a href=\"https:\/\/sme.goiania.go.gov.br\/conexaoescola\/propostas_didaticas\/propostas-didaticas-lingua-portuguesa-1o-ano\/\" target=\"_blank\" rel=\"noreferrer noopener\">https:\/\/sme.goiania.go.gov.br\/conexaoescola\/propostas_didaticas\/propostas-didaticas-lingua-portuguesa-1o-ano\/<\/a><\/p>\n\n\n\n<hr class=\"wp-block-separator has-css-opacity\"\/>\n\n\n\n<figure class=\"wp-block-table is-style-stripes\"><table><tbody><tr><td><strong>Componente Curricular:<\/strong><\/td><td>L\u00edngua Portuguesa<\/td><\/tr><tr><td><strong>Habilidade:<\/strong><\/td><td>(EF01LP16) Ler e compreender, em colabora\u00e7\u00e3o com os colegas e com a ajuda do professor, quadras, quadrinhas, parlendas, trava-l\u00ednguas, dentre outros g\u00eaneros, considerando a situa\u00e7\u00e3o comunicativa e o tema\/assunto do texto e relacionando sua forma de organiza\u00e7\u00e3o a sua finalidade.<br>(EF01LP19-A) Recitar parlendas, quadras, quadrinhas, traval\u00ednguas, dentre outros, com entona\u00e7\u00e3o adequada e observando as rimas, em sala de aula e em apresenta\u00e7\u00f5es p\u00fablicas.&nbsp;<br>(EF01LP19-B) Compreender os sentidos do texto a ser recitado e\/ou declamado.&nbsp;<br>(EF01LP19-D) Refletir sobre o sistema de escrita, observando as rimas.<br>(EF01LP20) Identificar e reproduzir, em listas, bilhetes, agendas, calend\u00e1rios, regras, avisos, convites, receitas,&nbsp; instru\u00e7\u00f5es de montagem, legendas para \u00e1lbuns, fotos ou ilustra\u00e7\u00f5es (digitais ou impressos), a formata\u00e7\u00e3o e diagrama\u00e7\u00e3o espec\u00edfica de cada um desses g\u00eaneros.(EF12LP03) Copiar textos breves, mantendo suas caracter\u00edsticas e voltando para o texto sempre que tiver d\u00favidas sobre sua distribui\u00e7\u00e3o gr\u00e1fica, espa\u00e7amento entre as palavras, escrita das palavras e pontua\u00e7\u00e3o.<br>(EF01LP02) Escrever, espontaneamente ou por ditado, palavras e frases de forma alfab\u00e9tica \u2013 usando letras\/grafemas que representem fonemas.<br>(EF01LP04) Distinguir as letras do alfabeto de outros sinais gr\u00e1ficos.&nbsp;<br>(EF01LP10) Nomear as letras do alfabeto e recit\u00e1-lo na ordem das letras.&nbsp;<br>(GO-EF01LP28) Conhecer e identificar, a partir da leitura e escrita de textos, diferentes tipos de fontes e caracteres usados para escrever<\/td><\/tr><\/tbody><\/table><\/figure>\n\n\n\n<hr class=\"wp-block-separator has-css-opacity\"\/>\n\n\n\n<figure class=\"wp-block-table is-style-stripes\"><table><tbody><tr><td>REFER\u00caNCIAS<\/td><td class=\"has-text-align-left\" data-align=\"left\">GOI\u00c2NIA. Secretaria Municipal de Educa\u00e7\u00e3o. <strong style=\"font-family: inherit; font-size: inherit;\">Aprender sempre. <\/strong><span style=\"font-family: inherit; font-size: inherit; font-weight: inherit;\">1o. Ano &#8211; Ensino Fundamental; L\u00edngua Portuguesa e Matem\u00e1tica; 1o. Bimestre; Goi\u00e2nia, 2022.<\/span><br>GOVERNO DO ESTADO DE GOI\u00c1S. SECRET\u00c1RIA DE ESTADO DE EDUCA\u00c7\u00c3O \u2013 SEDUC\/CONSED. DOCUMENTO CURRICULAR PARA GOI\u00c1S \u2013 AMPLIADO: <strong style=\"font-family: inherit; font-size: inherit;\">VOLUME II ENSINO FUNDAMENTAL ANOS INICIAIS<\/strong><span style=\"font-family: inherit; font-size: inherit; font-weight: inherit;\">.&nbsp;<\/span><br><span style=\"font-family: inherit; font-size: inherit; font-weight: inherit;\">Diversidade textual: os g\u00eaneros na sala de aula \/ organizado por Carmi Ferraz Santos, M\u00e1rcia Mendon\u00e7a, Marianne C.B. Cavalcanti . 1.ed., 1. reimp. \u2014 Belo Horizonte : Aut\u00eantica , 2007. 136 p. ISBN 857526-190-8 1.Alfabetiza\u00e7\u00e3o. I.Santos, Carmi Ferraz. II.Mendon\u00e7a, M\u00e1rcia. III. Cavalcanti, Marianne C.B. IV. T\u00edtulo.<\/span><br><span style=\"font-family: inherit; font-size: inherit; font-weight: inherit;\">Caderno de orienta\u00e7\u00f5es: Parlendas. S\u00e3o Paulo, 2011. 24p,: il,; 28cm. (Trilhas; vol 12).MEIRELES, Cec\u00edlia. <\/span><strong style=\"font-family: inherit; font-size: inherit;\">Ou isto, ou aquilo.<\/strong><span style=\"font-family: inherit; font-size: inherit; font-weight: inherit;\"> S\u00e3o Paulo: Global, 2012.&nbsp;VILLELA, Bia. <\/span><strong style=\"font-family: inherit; font-size: inherit;\">Era uma vez um gato xadrez\u2026<\/strong><span style=\"font-family: inherit; font-size: inherit; font-weight: inherit;\"> S\u00e3o Paulo: Moderna, 2016.<\/span><br>IMAGENS RETIRADAS DO SITE:<br><a style=\"font-family: inherit; font-size: inherit; font-weight: inherit;\" href=\"https:\/\/br.freepik.com\/\">HTTPS:\/\/BR.FREEPIK.COM\/<\/a><br><a style=\"font-family: inherit; font-size: inherit; font-weight: inherit;\" href=\"https:\/\/pixabay.com\/pt\/\">HTTPS:\/\/PIXABAY.COM\/PT\/<\/a><br><span style=\"background-color: rgba(34, 34, 34, 0.2); font-family: inherit; font-size: inherit; font-weight: inherit;\">CANVA<\/span><span style=\"font-family: inherit; font-size: inherit; font-weight: inherit;\"><\/span> <\/td><\/tr><\/tbody><\/table><\/figure>\n\n\n\n<hr class=\"wp-block-separator has-css-opacity\"\/>\n","protected":false},"author":39,"featured_media":139124,"template":"","ef_categoria":[30],"ef_ano":[84],"ef_componente":[93],"class_list":["post-139121","ensino_fundamental","type-ensino_fundamental","status-publish","has-post-thumbnail","hentry","ef_categoria-etica-e-cidadania-ciclo-da-adolescencia-fg","ef_ano-1o-ano","ef_componente-portugues","entry","has-media"],"acf":[],"_links":{"self":[{"href":"https:\/\/sme.goiania.go.gov.br\/conexaoescola\/wp-json\/wp\/v2\/ensino_fundamental\/139121","targetHints":{"allow":["GET"]}}],"collection":[{"href":"https:\/\/sme.goiania.go.gov.br\/conexaoescola\/wp-json\/wp\/v2\/ensino_fundamental"}],"about":[{"href":"https:\/\/sme.goiania.go.gov.br\/conexaoescola\/wp-json\/wp\/v2\/types\/ensino_fundamental"}],"author":[{"embeddable":true,"href":"https:\/\/sme.goiania.go.gov.br\/conexaoescola\/wp-json\/wp\/v2\/users\/39"}],"version-history":[{"count":4,"href":"https:\/\/sme.goiania.go.gov.br\/conexaoescola\/wp-json\/wp\/v2\/ensino_fundamental\/139121\/revisions"}],"predecessor-version":[{"id":177653,"href":"https:\/\/sme.goiania.go.gov.br\/conexaoescola\/wp-json\/wp\/v2\/ensino_fundamental\/139121\/revisions\/177653"}],"wp:featuredmedia":[{"embeddable":true,"href":"https:\/\/sme.goiania.go.gov.br\/conexaoescola\/wp-json\/wp\/v2\/media\/139124"}],"wp:attachment":[{"href":"https:\/\/sme.goiania.go.gov.br\/conexaoescola\/wp-json\/wp\/v2\/media?parent=139121"}],"wp:term":[{"taxonomy":"ef_categoria","embeddable":true,"href":"https:\/\/sme.goiania.go.gov.br\/conexaoescola\/wp-json\/wp\/v2\/ef_categoria?post=139121"},{"taxonomy":"ef_ano","embeddable":true,"href":"https:\/\/sme.goiania.go.gov.br\/conexaoescola\/wp-json\/wp\/v2\/ef_ano?post=139121"},{"taxonomy":"ef_componente","embeddable":true,"href":"https:\/\/sme.goiania.go.gov.br\/conexaoescola\/wp-json\/wp\/v2\/ef_componente?post=139121"}],"curies":[{"name":"wp","href":"https:\/\/api.w.org\/{rel}","templated":true}]}}

<p class="has-text-align-center has-black-color has-text-color has-background has-medium-font-size" style="background-color:#f3f5e9"> ESTA ATIVIDADE TEM COMO BASE AS SEQUÊNCIAS DIDÁTICAS PROPOSTAS PELO <strong>PROGRAMA APRENDER SEMPRE</strong>, DA SME- GOIÂNIA, COM BASE NO DC\GO &#8211; AMPLIADO E ESTÁ DESTINADA A ESTUDANTES DO <strong>1º ANO DO ENSINO FUNAMENTAL</strong>.</p>



<p><img decoding="async" width="1045px;" height="588px;" src="https://lh6.googleusercontent.com/oh63vA6zJ6NdTlUCDB7yb7YGbp-icxmW7b9AFuFMDZUPQbhaGnATWDIXcnXbPpEO6MfEgJE_HZqtgtea3utsL7UfZJhXvf7E3im2P_CMoGHbdcoNjRJgtLmzv1hBq9V3rv-kBFQP"></p>



<div class="wp-block-buttons is-content-justification-center is-layout-flex wp-container-core-buttons-is-layout-16018d1d wp-block-buttons-is-layout-flex">
<div class="wp-block-button"><a class="wp-block-button__link wp-element-button" href="https://docs.google.com/document/d/1rzrzt3L9iHborw6r8M5eiHKdK-BuoYZW/copy" target="_blank" rel="noreferrer noopener">BAIXE AS ATIVIDADES</a></div>



<div class="wp-block-button"><a class="wp-block-button__link wp-element-button" href="https://docs.google.com/presentation/d/1qfqFOzNjkJQz3S0b8WDY7Rv96uZz15rf/copy" target="_blank" rel="noreferrer noopener">BAIXE OS SLIDES</a></div>
</div>



<hr class="wp-block-separator has-css-opacity"/>



<p class="has-text-align-center has-black-color has-text-color has-background has-medium-font-size" style="background-color:#faf9f9">RIMAS SÃO <strong>REPETIÇÕES DE SONS</strong> <strong>VOCAIS OU CONSONANTAIS </strong>(OU OS DOIS COMBINADOS) QUE ACONTECEM EM INTERVALOS REGULARES DENTRO DE UM TEXTO.&nbsp;</p>



<p class="has-text-align-center has-black-color has-text-color has-background has-medium-font-size" style="background-color:#f1f9f6">TRATA-SE DE UM RECURSO SONORO BASTANTE USADO POR POETAS.&nbsp;</p>



<hr class="wp-block-separator has-alpha-channel-opacity"/>



<p class="has-text-align-center has-black-color has-text-color has-background has-medium-font-size" style="background-color:#cdecff">VAMOS VER A VIDEOAULA A SEGUIR E ENTENDER UM POUCO MAIS SOBRE ESSE ASSUNTO.</p>



<figure class="wp-block-embed is-type-video is-provider-youtube wp-block-embed-youtube wp-embed-aspect-16-9 wp-has-aspect-ratio"><div class="wp-block-embed__wrapper">
<p class="responsive-video-wrap clr"><iframe title="Aprender Sempre - Língua Portuguesa - 1º ano - 1º Bim - Videoaula 3 - O que são rimas?" width="1200" height="675" src="https://www.youtube.com/embed/Ww-gvKXKEhw?feature=oembed" frameborder="0" allow="accelerometer; autoplay; clipboard-write; encrypted-media; gyroscope; picture-in-picture; web-share" allowfullscreen></iframe></p>
</div><figcaption class="wp-element-caption">Canal <a href="https://www.youtube.com/channel/UCtoYS7J0PS_iO3KMA1JsnCA">Portal Conexão Escola</a> &#8220;1º ano Língua Portuguesa &#8211; Aprender Sempre &#8211; 1ºBi &#8211; Videoaula 3&#8221;. Disponível em: &lt;https://www.youtube.com/watch?v=Ww-gvKXKEhw&gt; Acesso em 31 mar 2022.</figcaption></figure>



<hr class="wp-block-separator has-css-opacity"/>



<p class="has-medium-font-size">AGORA, VAMOS FAZER AS ATIVIDADES PROPOSTAS?</p>



<p class="has-black-color has-text-color has-background has-medium-font-size" style="background-color:#dae9f0">QUESTÃO 1</p>



<p class="has-black-color has-text-color has-medium-font-size">PINTE AS PALAVRAS GATO E, DEPOIS, CONTE QUANTAS VEZES ELA APARECE NO FRAGMENTO DO TEXTO</p>



<p class="has-black-color has-text-color has-medium-font-size">ERA UMA VEZ UM GATO XADREZ.</p>



<p class="has-black-color has-text-color has-medium-font-size">CAIU DA JANELA E FOI SÓ UMA VEZ.</p>



<p class="has-black-color has-text-color has-medium-font-size">ERA UMA VEZ UM GATO AZUL.</p>



<p class="has-black-color has-text-color has-medium-font-size">LEVOU UM SUSTO E FUGIU PRO SUL.</p>



<p class="has-black-color has-text-color has-medium-font-size">ERA UMA VEZ UM GATO VERMELHO.</p>



<p class="has-black-color has-text-color has-medium-font-size">ENTROU NO BANHEIRO E FEZ CARETA NO ESPELHO.</p>



<p class="has-text-align-center has-black-color has-text-color has-medium-font-size">A PALAVRA GATO APARECE ___________________ VEZES</p>



<hr class="wp-block-separator has-css-opacity"/>



<p class="has-black-color has-text-color has-background has-medium-font-size" style="background-color:#dce8ed">QUESTÃO 2</p>



<p class="has-black-color has-text-color has-medium-font-size">VAMOS TENTAR RESPONDER AS PERGUNTAS SOBRE O TEXTO<br><img fetchpriority="high" decoding="async" width="252" height="331" src="https://lh6.googleusercontent.com/eYZcweV_m_yOvmvk62Ir1xJ5i8kvQpvCpr-4WbkmfbtkLi2vG5pv3-_gk6GyJIQpdXi7k-9H_GO9pm_3CoQbrUR_JhyyROVeA-CH8FkXUpoqW7XPn-LjQOXQXiadh2MZS3J8RYpd"></p>



<p class="has-black-color has-text-color has-medium-font-size">QUAL É O NOME DO POEMA?&nbsp;</p>



<p class="has-black-color has-text-color has-medium-font-size">E DA SUA AUTORA?</p>



<p class="has-black-color has-text-color has-medium-font-size">QUANTAS VEZES A PALAVRA <strong>GATO</strong> APARECE NO FRAGMENTO DO POEMA?</p>



<hr class="wp-block-separator has-css-opacity"/>



<p class="has-text-align-center has-background has-medium-font-size" style="background-color:#e5edf1"><strong>Para acessar o material desta atividade clique no link:</strong> <a href="https://sme.goiania.go.gov.br/conexaoescola/propostas_didaticas/propostas-didaticas-lingua-portuguesa-1o-ano/" target="_blank" rel="noreferrer noopener">https://sme.goiania.go.gov.br/conexaoescola/propostas_didaticas/propostas-didaticas-lingua-portuguesa-1o-ano/</a></p>



<hr class="wp-block-separator has-css-opacity"/>



<figure class="wp-block-table is-style-stripes"><table><tbody><tr><td><strong>Componente Curricular:</strong></td><td>Língua Portuguesa</td></tr><tr><td><strong>Habilidade:</strong></td><td>(EF01LP16) Ler e compreender, em colaboração com os colegas e com a ajuda do professor, quadras, quadrinhas, parlendas, trava-línguas, dentre outros gêneros, considerando a situação comunicativa e o tema/assunto do texto e relacionando sua forma de organização a sua finalidade.<br>(EF01LP19-A) Recitar parlendas, quadras, quadrinhas, travalínguas, dentre outros, com entonação adequada e observando as rimas, em sala de aula e em apresentações públicas.&nbsp;<br>(EF01LP19-B) Compreender os sentidos do texto a ser recitado e/ou declamado.&nbsp;<br>(EF01LP19-D) Refletir sobre o sistema de escrita, observando as rimas.<br>(EF01LP20) Identificar e reproduzir, em listas, bilhetes, agendas, calendários, regras, avisos, convites, receitas,&nbsp; instruções de montagem, legendas para álbuns, fotos ou ilustrações (digitais ou impressos), a formatação e diagramação específica de cada um desses gêneros.(EF12LP03) Copiar textos breves, mantendo suas características e voltando para o texto sempre que tiver dúvidas sobre sua distribuição gráfica, espaçamento entre as palavras, escrita das palavras e pontuação.<br>(EF01LP02) Escrever, espontaneamente ou por ditado, palavras e frases de forma alfabética – usando letras/grafemas que representem fonemas.<br>(EF01LP04) Distinguir as letras do alfabeto de outros sinais gráficos.&nbsp;<br>(EF01LP10) Nomear as letras do alfabeto e recitá-lo na ordem das letras.&nbsp;<br>(GO-EF01LP28) Conhecer e identificar, a partir da leitura e escrita de textos, diferentes tipos de fontes e caracteres usados para escrever</td></tr></tbody></table></figure>



<hr class="wp-block-separator has-css-opacity"/>



<figure class="wp-block-table is-style-stripes"><table><tbody><tr><td>REFERÊNCIAS</td><td class="has-text-align-left" data-align="left">GOIÂNIA. Secretaria Municipal de Educação. <strong style="font-family: inherit; font-size: inherit;">Aprender sempre. </strong><span style="font-family: inherit; font-size: inherit; font-weight: inherit;">1o. Ano &#8211; Ensino Fundamental; Língua Portuguesa e Matemática; 1o. Bimestre; Goiânia, 2022.</span><br>GOVERNO DO ESTADO DE GOIÁS. SECRETÁRIA DE ESTADO DE EDUCAÇÃO – SEDUC/CONSED. DOCUMENTO CURRICULAR PARA GOIÁS – AMPLIADO: <strong style="font-family: inherit; font-size: inherit;">VOLUME II ENSINO FUNDAMENTAL ANOS INICIAIS</strong><span style="font-family: inherit; font-size: inherit; font-weight: inherit;">.&nbsp;</span><br><span style="font-family: inherit; font-size: inherit; font-weight: inherit;">Diversidade textual: os gêneros na sala de aula / organizado por Carmi Ferraz Santos, Márcia Mendonça, Marianne C.B. Cavalcanti . 1.ed., 1. reimp. — Belo Horizonte : Autêntica , 2007. 136 p. ISBN 857526-190-8 1.Alfabetização. I.Santos, Carmi Ferraz. II.Mendonça, Márcia. III. Cavalcanti, Marianne C.B. IV. Título.</span><br><span style="font-family: inherit; font-size: inherit; font-weight: inherit;">Caderno de orientações: Parlendas. São Paulo, 2011. 24p,: il,; 28cm. (Trilhas; vol 12).MEIRELES, Cecília. </span><strong style="font-family: inherit; font-size: inherit;">Ou isto, ou aquilo.</strong><span style="font-family: inherit; font-size: inherit; font-weight: inherit;"> São Paulo: Global, 2012.&nbsp;VILLELA, Bia. </span><strong style="font-family: inherit; font-size: inherit;">Era uma vez um gato xadrez…</strong><span style="font-family: inherit; font-size: inherit; font-weight: inherit;"> São Paulo: Moderna, 2016.</span><br>IMAGENS RETIRADAS DO SITE:<br><a style="font-family: inherit; font-size: inherit; font-weight: inherit;" href="https://br.freepik.com/">HTTPS://BR.FREEPIK.COM/</a><br><a style="font-family: inherit; font-size: inherit; font-weight: inherit;" href="https://pixabay.com/pt/">HTTPS://PIXABAY.COM/PT/</a><br><span style="background-color: rgba(34, 34, 34, 0.2); font-family: inherit; font-size: inherit; font-weight: inherit;">CANVA</span><span style="font-family: inherit; font-size: inherit; font-weight: inherit;"></span> </td></tr></tbody></table></figure>



<hr class="wp-block-separator has-css-opacity"/>
