{"id":139091,"date":"2022-03-23T15:47:30","date_gmt":"2022-03-23T18:47:30","guid":{"rendered":"https:\/\/sme.goiania.go.gov.br\/conexaoescola\/?post_type=ensino_fundamental&#038;p=139091"},"modified":"2024-02-22T10:32:00","modified_gmt":"2024-02-22T13:32:00","slug":"ciencias-vida-e-evolucao-partes-do-corpo-humano","status":"publish","type":"ensino_fundamental","link":"https:\/\/sme.goiania.go.gov.br\/conexaoescola\/ensino_fundamental\/ciencias-vida-e-evolucao-partes-do-corpo-humano\/","title":{"rendered":"CI\u00caNCIAS &#8211; VIDA E EVOLU\u00c7\u00c3O: PARTES DO CORPO HUMANO"},"content":{"rendered":"\n<p class=\"has-text-align-center has-black-color has-text-color has-background has-medium-font-size\" style=\"background-color:#f2efd8\"> ESTA PROPOSTA DE ATIVIDADE DE <strong>CI\u00caNCIAS<\/strong> \u00c9 DESTINADA AOS ESTUDANTES DO <strong>1\u00ba ANO DOS ANOS INICIAIS DO ENSINO FUNDAMENTAL<\/strong>.<\/p>\n\n\n\n<p class=\"has-text-align-center\"><img decoding=\"async\" width=\"527px;\" height=\"743px;\" src=\"https:\/\/lh6.googleusercontent.com\/DMHaPnxxbY9jYHtRX1nIASKc0fqYt0To96pxPru1feIFXagDgNh1zcWBEf5f3_I8s9m2QJvl7SpoD6amH4pQnnbbaDXN0HdDR42UaIxnX1CmtBzNMVioHhSIIkdfoI7F0g\"><\/p>\n\n\n\n<p style=\"font-size:10px\"><a href=\"https:\/\/www.elo7.com.br\/brinquedo-jogo-educativo-encaixe-corpo-humano-menino-madeira\/dp\/142BEC4?elo7_source=google_shop&amp;elo7_medium=cpc&amp;elo7_campaign=Shopping-google_shop-cpc-Shopping-Bebe_Infantil-Smart&amp;elo7_content=Bebe_Infantil_Smart&amp;gclid=Cj0KCQjwuMuRBhCJARIsAHXdnqO-EHv-WXm0ARkckyUDgZQBhCQEs9p0Gxy5aKTG5N9-0PbQwTlAPewaAs0nEALw_wcB\">Brinquedo Jogo Educativo Encaixe Corpo Humano Menino Madeira no Elo7 | Mega Impress &#8211; Brinquedos Educativos (142BEC4)<\/a><\/p>\n\n\n\n<hr class=\"wp-block-separator has-css-opacity\"\/>\n\n\n\n<p class=\"has-text-align-center has-black-color has-text-color has-background has-medium-font-size\" style=\"background-color:#eaf2f6\">SOMOS IGUAIS E DIFERENTES.<\/p>\n\n\n\n<p class=\"has-text-align-center has-black-color has-text-color has-background has-medium-font-size\" style=\"background-color:#f4eef9\">J\u00c1 PERCEBEU COMO SOMOS IGUAIS E AO MESMO TEMPO DIFERENTES? <\/p>\n\n\n\n<p class=\"has-text-align-center has-black-color has-text-color has-background has-medium-font-size\" style=\"background-color:#f7efea\">OBSERVE NOSSO CORPO. <\/p>\n\n\n\n<p class=\"has-text-align-center has-black-color has-text-color has-background has-medium-font-size\" style=\"background-color:#e9f6f1\">NOSSO CORPO E AS PARTES DELE S\u00c3O SEMELHANTES ENTRE AS PESSOAS. CADA PARTE DO CORPO TEM UM NOME.&nbsp; <\/p>\n\n\n\n<p class=\"has-text-align-center has-black-color has-text-color has-background has-medium-font-size\" style=\"background-color:#e3eff6\">VAMOS VER SE VOC\u00ca LEMBRA DE TODOS?<\/p>\n\n\n\n<hr class=\"wp-block-separator has-alpha-channel-opacity\"\/>\n\n\n\n<p class=\"has-text-align-center has-black-color has-text-color has-background has-medium-font-size\" style=\"background-color:#f7f6ec\">VAMOS OUVIR UMA HIST\u00d3RIA QUE FALA DE UMA PARTE DO CORPO HUMANO!<\/p>\n\n\n\n<figure class=\"wp-block-embed is-type-video is-provider-youtube wp-block-embed-youtube wp-embed-aspect-16-9 wp-has-aspect-ratio\"><div class=\"wp-block-embed__wrapper\">\n<p class=\"responsive-video-wrap clr\"><iframe title=\"O joelho Juvenal - Ziraldo\" width=\"1200\" height=\"675\" src=\"https:\/\/www.youtube.com\/embed\/sjJBh1vgw_U?feature=oembed\" frameborder=\"0\" allow=\"accelerometer; autoplay; clipboard-write; encrypted-media; gyroscope; picture-in-picture; web-share\" allowfullscreen><\/iframe><\/p>\n<\/div><figcaption class=\"wp-element-caption\">Canal <a href=\"https:\/\/www.youtube.com\/channel\/UCfrbtD5mFuBr0tCEo7nJ6qA\">Malu Ramos<\/a> &#8220;O joelho Juvenal &#8211; Ziraldo&#8221;. Dispon\u00edvel em: &lt;https:\/\/youtu.be\/sjJBh1vgw_U&gt; acesso em 28 mar 2022.<br><\/figcaption><\/figure>\n\n\n\n<hr class=\"wp-block-separator has-css-opacity\"\/>\n\n\n\n<p class=\"has-black-color has-text-color has-medium-font-size\">VAMOS FAZER AS ATIVIDADES PROPOSTAS?<\/p>\n\n\n\n<p class=\"has-black-color has-text-color has-background has-medium-font-size\" style=\"background-color:#e2ecf0\">QUEST\u00c3O 1<\/p>\n\n\n\n<p class=\"has-black-color has-text-color has-medium-font-size\">QUE TAL FAZERMOS O DESENHO DO JUVENAL NO SEU JOELHO?<\/p>\n\n\n\n<p class=\"has-medium-font-size\">QUE NOME VOC\u00ca DARIA PARA O SEU JOELHO?<\/p>\n\n\n<div class=\"wp-block-image\">\n<figure class=\"aligncenter\"><img decoding=\"async\" src=\"https:\/\/lh3.googleusercontent.com\/ozjVg0rBAqgCJYpyy0waO5YPEq9iMJ_GwO4JYoX9BoivwnXfgaKmTlBdOxxLUkmBrceYXtYGhsBnVSHCMn2P7AHvYdtdmx2qq2Vxq1J55LzLN9mfFa8zEcG1n5vE3NixjNcbLQqO\" alt=\"\"\/><\/figure><\/div>\n\n\n<p class=\"has-text-align-center has-black-color has-text-color has-medium-font-size\"><strong>JUVENAL TINHA UM PROBLEMA, COITADO:&nbsp;<\/strong><\/p>\n\n\n\n<p class=\"has-text-align-center has-black-color has-text-color has-medium-font-size\"><strong>VIVIA TODO ESCALAVRADO<\/strong><\/p>\n\n\n\n<p class=\"has-text-align-center\"><strong>_____________________<\/strong>_________________________________________________________________<\/p>\n\n\n\n<hr class=\"wp-block-separator has-css-opacity\"\/>\n\n\n\n<p class=\"has-black-color has-text-color has-background has-medium-font-size\" style=\"background-color:#dee6e9\">QUEST\u00c3O 2<\/p>\n\n\n\n<p class=\"has-black-color has-text-color has-medium-font-size\">QUE LEGAL! VAMOS PINTAR, RECORTAR E MONTAR O CORPO DA <strong>BONECA<\/strong>?<\/p>\n\n\n<div class=\"wp-block-image\">\n<figure class=\"aligncenter\"><img decoding=\"async\" src=\"https:\/\/lh5.googleusercontent.com\/SzEuus9x-lBM_uVVnH22-7L3gGGLeur0QeiSPOpAXTQPeQxkYz6gX3LBwq5FFbP5Ioms_QXfWvGTDOopQOZux_doN5RpsIntmo66Bu08NLWBGDvqaoBvp84vMGrHvE3QrcmAQBS1\" alt=\"\"\/><\/figure><\/div>\n\n\n<p style=\"font-size:10px\">FONTE: <a href=\"https:\/\/cantinhopreferidodamah.blogspot.com\/2012\/02\/corpo-humano-para-montar.html\">Meu Cantinho Preferido: Corpo humano &#8211; para montar (cantinhopreferidodamah.blogspot.com)<\/a><\/p>\n\n\n\n<p class=\"has-black-color has-text-color has-medium-font-size\">ESCREVA OS NOMES DAS PARTES DA BONECA:<\/p>\n\n\n\n<p>_____________________________________________________________<\/p>\n\n\n\n<p>______________________________________________________________<\/p>\n\n\n\n<p>______________________________________________________________<\/p>\n\n\n\n<p>______________________________________________________________<\/p>\n\n\n\n<hr class=\"wp-block-separator has-css-opacity\"\/>\n\n\n\n<p class=\"has-text-align-center has-background has-medium-font-size\" style=\"background-color:#e9f2f6\"><a href=\"https:\/\/sme.goiania.go.gov.br\/conexaoescola\/propostas_didaticas\/propostas-didaticas-ciencias-da-natureza-1o-ano\/\" target=\"_blank\" rel=\"noreferrer noopener\">https:\/\/sme.goiania.go.gov.br\/conexaoescola\/propostas_didaticas\/propostas-didaticas-ciencias-da-natureza-1o-ano\/<\/a><strong>Acesse os materiais referentes a essa atividade clicando aqui:<\/strong> <\/p>\n\n\n\n<hr class=\"wp-block-separator has-css-opacity\"\/>\n\n\n\n<figure class=\"wp-block-table is-style-stripes\"><table><tbody><tr><td><strong>Componente Curricular:<\/strong><\/td><td>CI\u00caNCIAS DA NATUREZA<\/td><\/tr><tr><td><strong>Habilidade:<\/strong><\/td><td>(EF01CI02-A\/B\/C) Localizar, nomear e representar, por meio de desenhos, partes do corpo humano (incluindo \u00f3rg\u00e3os dos sentidos) e explicar oralmente suas fun\u00e7\u00f5es.&nbsp;<\/td><\/tr><\/tbody><\/table><\/figure>\n\n\n\n<p>&nbsp;<\/p>\n\n\n\n<hr class=\"wp-block-separator has-css-opacity\"\/>\n\n\n\n<figure class=\"wp-block-table is-style-stripes\"><table><tbody><tr><td> REFER\u00caNCIAS <\/td><td> GOI\u00c2NIA. Secretaria Municipal de Educa\u00e7\u00e3o. <strong style=\"font-family: inherit; font-size: inherit;\">Aprender sempre. <\/strong><span style=\"font-family: inherit; font-size: inherit; font-weight: inherit;\">1o. Ano &#8211; Ensino Fundamental; L\u00edngua Portuguesa e Matem\u00e1tica; 1o. Bimestre; Goi\u00e2nia, 2022.<\/span><br><br><span style=\"font-family: inherit; font-size: inherit; font-weight: inherit;\">GOVERNO DO ESTADO DE GOI\u00c1S. SECRET\u00c1RIA DE ESTADO DE EDUCA\u00c7\u00c3O \u2013 SEDUC\/CONSED. DOCUMENTO CURRICULAR PARA GOI\u00c1S \u2013 AMPLIADO: <\/span><strong style=\"font-family: inherit; font-size: inherit;\">VOLUME II ENSINO FUNDAMENTAL ANOS INICIAIS<\/strong><span style=\"font-family: inherit; font-size: inherit; font-weight: inherit;\">.&nbsp;<\/span><br><span style=\"font-family: inherit; font-size: inherit; font-weight: inherit;\">ZIRALDO.<\/span><strong style=\"font-family: inherit; font-size: inherit;\"> O joelho Juvenal.<\/strong><span style=\"font-family: inherit; font-size: inherit; font-weight: inherit;\"> 2 ed. S\u00e3o Paulo: Melhoramentos, 2009.<\/span><br>IMAGENS RETIRADAS DO SITE:<a style=\"font-family: inherit; font-size: inherit; font-weight: inherit;\" href=\"https:\/\/br.freepik.com\/\">HTTPS:\/\/BR.FREEPIK.COM\/<\/a><br><a style=\"font-family: inherit; font-size: inherit; font-weight: inherit;\" href=\"https:\/\/pixabay.com\/pt\/\">HTTPS:\/\/PIXABAY.COM\/PT\/<\/a><br><span style=\"background-color: rgba(34, 34, 34, 0.2); font-family: inherit; font-size: inherit; font-weight: inherit;\"><mark style=\"background-color:rgba(0, 0, 0, 0)\" class=\"has-inline-color has-black-color\">CANVA<\/mark><\/span><\/td><\/tr><\/tbody><\/table><\/figure>\n\n\n\n<p><\/p>\n\n\n\n<p><\/p>\n\n\n\n<p><\/p>\n","protected":false},"author":39,"featured_media":139109,"template":"","ef_categoria":[28],"ef_ano":[84],"ef_componente":[98],"class_list":["post-139091","ensino_fundamental","type-ensino_fundamental","status-publish","has-post-thumbnail","hentry","ef_categoria-educacao-ambiental-e-saude-ciclo-da-adolescencia-fg","ef_ano-1o-ano","ef_componente-ciencia-da-natureza-ef","entry","has-media"],"acf":[],"_links":{"self":[{"href":"https:\/\/sme.goiania.go.gov.br\/conexaoescola\/wp-json\/wp\/v2\/ensino_fundamental\/139091","targetHints":{"allow":["GET"]}}],"collection":[{"href":"https:\/\/sme.goiania.go.gov.br\/conexaoescola\/wp-json\/wp\/v2\/ensino_fundamental"}],"about":[{"href":"https:\/\/sme.goiania.go.gov.br\/conexaoescola\/wp-json\/wp\/v2\/types\/ensino_fundamental"}],"author":[{"embeddable":true,"href":"https:\/\/sme.goiania.go.gov.br\/conexaoescola\/wp-json\/wp\/v2\/users\/39"}],"version-history":[{"count":5,"href":"https:\/\/sme.goiania.go.gov.br\/conexaoescola\/wp-json\/wp\/v2\/ensino_fundamental\/139091\/revisions"}],"predecessor-version":[{"id":177523,"href":"https:\/\/sme.goiania.go.gov.br\/conexaoescola\/wp-json\/wp\/v2\/ensino_fundamental\/139091\/revisions\/177523"}],"wp:featuredmedia":[{"embeddable":true,"href":"https:\/\/sme.goiania.go.gov.br\/conexaoescola\/wp-json\/wp\/v2\/media\/139109"}],"wp:attachment":[{"href":"https:\/\/sme.goiania.go.gov.br\/conexaoescola\/wp-json\/wp\/v2\/media?parent=139091"}],"wp:term":[{"taxonomy":"ef_categoria","embeddable":true,"href":"https:\/\/sme.goiania.go.gov.br\/conexaoescola\/wp-json\/wp\/v2\/ef_categoria?post=139091"},{"taxonomy":"ef_ano","embeddable":true,"href":"https:\/\/sme.goiania.go.gov.br\/conexaoescola\/wp-json\/wp\/v2\/ef_ano?post=139091"},{"taxonomy":"ef_componente","embeddable":true,"href":"https:\/\/sme.goiania.go.gov.br\/conexaoescola\/wp-json\/wp\/v2\/ef_componente?post=139091"}],"curies":[{"name":"wp","href":"https:\/\/api.w.org\/{rel}","templated":true}]}}

CIÊNCIAS &#8211; VIDA E EVOLUÇÃO: PARTES DO CORPO HUMANO

<p class="has-text-align-center has-black-color has-text-color has-background has-medium-font-size" style="background-color:#f2efd8"> ESTA PROPOSTA DE ATIVIDADE DE <strong>CIÊNCIAS</strong> É DESTINADA AOS ESTUDANTES DO <strong>1º ANO DOS ANOS INICIAIS DO ENSINO FUNDAMENTAL</strong>.</p>



<p class="has-text-align-center"><img decoding="async" width="527px;" height="743px;" src="https://lh6.googleusercontent.com/DMHaPnxxbY9jYHtRX1nIASKc0fqYt0To96pxPru1feIFXagDgNh1zcWBEf5f3_I8s9m2QJvl7SpoD6amH4pQnnbbaDXN0HdDR42UaIxnX1CmtBzNMVioHhSIIkdfoI7F0g"></p>



<p style="font-size:10px"><a href="https://www.elo7.com.br/brinquedo-jogo-educativo-encaixe-corpo-humano-menino-madeira/dp/142BEC4?elo7_source=google_shop&amp;elo7_medium=cpc&amp;elo7_campaign=Shopping-google_shop-cpc-Shopping-Bebe_Infantil-Smart&amp;elo7_content=Bebe_Infantil_Smart&amp;gclid=Cj0KCQjwuMuRBhCJARIsAHXdnqO-EHv-WXm0ARkckyUDgZQBhCQEs9p0Gxy5aKTG5N9-0PbQwTlAPewaAs0nEALw_wcB">Brinquedo Jogo Educativo Encaixe Corpo Humano Menino Madeira no Elo7 | Mega Impress &#8211; Brinquedos Educativos (142BEC4)</a></p>



<hr class="wp-block-separator has-css-opacity"/>



<p class="has-text-align-center has-black-color has-text-color has-background has-medium-font-size" style="background-color:#eaf2f6">SOMOS IGUAIS E DIFERENTES.</p>



<p class="has-text-align-center has-black-color has-text-color has-background has-medium-font-size" style="background-color:#f4eef9">JÁ PERCEBEU COMO SOMOS IGUAIS E AO MESMO TEMPO DIFERENTES? </p>



<p class="has-text-align-center has-black-color has-text-color has-background has-medium-font-size" style="background-color:#f7efea">OBSERVE NOSSO CORPO. </p>



<p class="has-text-align-center has-black-color has-text-color has-background has-medium-font-size" style="background-color:#e9f6f1">NOSSO CORPO E AS PARTES DELE SÃO SEMELHANTES ENTRE AS PESSOAS. CADA PARTE DO CORPO TEM UM NOME.&nbsp; </p>



<p class="has-text-align-center has-black-color has-text-color has-background has-medium-font-size" style="background-color:#e3eff6">VAMOS VER SE VOCÊ LEMBRA DE TODOS?</p>



<hr class="wp-block-separator has-alpha-channel-opacity"/>



<p class="has-text-align-center has-black-color has-text-color has-background has-medium-font-size" style="background-color:#f7f6ec">VAMOS OUVIR UMA HISTÓRIA QUE FALA DE UMA PARTE DO CORPO HUMANO!</p>



<figure class="wp-block-embed is-type-video is-provider-youtube wp-block-embed-youtube wp-embed-aspect-16-9 wp-has-aspect-ratio"><div class="wp-block-embed__wrapper">
<p class="responsive-video-wrap clr"><iframe title="O joelho Juvenal - Ziraldo" width="1200" height="675" src="https://www.youtube.com/embed/sjJBh1vgw_U?feature=oembed" frameborder="0" allow="accelerometer; autoplay; clipboard-write; encrypted-media; gyroscope; picture-in-picture; web-share" allowfullscreen></iframe></p>
</div><figcaption class="wp-element-caption">Canal <a href="https://www.youtube.com/channel/UCfrbtD5mFuBr0tCEo7nJ6qA">Malu Ramos</a> &#8220;O joelho Juvenal &#8211; Ziraldo&#8221;. Disponível em: &lt;https://youtu.be/sjJBh1vgw_U&gt; acesso em 28 mar 2022.<br></figcaption></figure>



<hr class="wp-block-separator has-css-opacity"/>



<p class="has-black-color has-text-color has-medium-font-size">VAMOS FAZER AS ATIVIDADES PROPOSTAS?</p>



<p class="has-black-color has-text-color has-background has-medium-font-size" style="background-color:#e2ecf0">QUESTÃO 1</p>



<p class="has-black-color has-text-color has-medium-font-size">QUE TAL FAZERMOS O DESENHO DO JUVENAL NO SEU JOELHO?</p>



<p class="has-medium-font-size">QUE NOME VOCÊ DARIA PARA O SEU JOELHO?</p>


<div class="wp-block-image">
<figure class="aligncenter"><img decoding="async" src="https://lh3.googleusercontent.com/ozjVg0rBAqgCJYpyy0waO5YPEq9iMJ_GwO4JYoX9BoivwnXfgaKmTlBdOxxLUkmBrceYXtYGhsBnVSHCMn2P7AHvYdtdmx2qq2Vxq1J55LzLN9mfFa8zEcG1n5vE3NixjNcbLQqO" alt=""/></figure></div>


<p class="has-text-align-center has-black-color has-text-color has-medium-font-size"><strong>JUVENAL TINHA UM PROBLEMA, COITADO:&nbsp;</strong></p>



<p class="has-text-align-center has-black-color has-text-color has-medium-font-size"><strong>VIVIA TODO ESCALAVRADO</strong></p>



<p class="has-text-align-center"><strong>_____________________</strong>_________________________________________________________________</p>



<hr class="wp-block-separator has-css-opacity"/>



<p class="has-black-color has-text-color has-background has-medium-font-size" style="background-color:#dee6e9">QUESTÃO 2</p>



<p class="has-black-color has-text-color has-medium-font-size">QUE LEGAL! VAMOS PINTAR, RECORTAR E MONTAR O CORPO DA <strong>BONECA</strong>?</p>


<div class="wp-block-image">
<figure class="aligncenter"><img decoding="async" src="https://lh5.googleusercontent.com/SzEuus9x-lBM_uVVnH22-7L3gGGLeur0QeiSPOpAXTQPeQxkYz6gX3LBwq5FFbP5Ioms_QXfWvGTDOopQOZux_doN5RpsIntmo66Bu08NLWBGDvqaoBvp84vMGrHvE3QrcmAQBS1" alt=""/></figure></div>


<p style="font-size:10px">FONTE: <a href="https://cantinhopreferidodamah.blogspot.com/2012/02/corpo-humano-para-montar.html">Meu Cantinho Preferido: Corpo humano &#8211; para montar (cantinhopreferidodamah.blogspot.com)</a></p>



<p class="has-black-color has-text-color has-medium-font-size">ESCREVA OS NOMES DAS PARTES DA BONECA:</p>



<p>_____________________________________________________________</p>



<p>______________________________________________________________</p>



<p>______________________________________________________________</p>



<p>______________________________________________________________</p>



<hr class="wp-block-separator has-css-opacity"/>



<p class="has-text-align-center has-background has-medium-font-size" style="background-color:#e9f2f6"><a href="https://sme.goiania.go.gov.br/conexaoescola/propostas_didaticas/propostas-didaticas-ciencias-da-natureza-1o-ano/" target="_blank" rel="noreferrer noopener">https://sme.goiania.go.gov.br/conexaoescola/propostas_didaticas/propostas-didaticas-ciencias-da-natureza-1o-ano/</a><strong>Acesse os materiais referentes a essa atividade clicando aqui:</strong> </p>



<hr class="wp-block-separator has-css-opacity"/>



<figure class="wp-block-table is-style-stripes"><table><tbody><tr><td><strong>Componente Curricular:</strong></td><td>CIÊNCIAS DA NATUREZA</td></tr><tr><td><strong>Habilidade:</strong></td><td>(EF01CI02-A/B/C) Localizar, nomear e representar, por meio de desenhos, partes do corpo humano (incluindo órgãos dos sentidos) e explicar oralmente suas funções.&nbsp;</td></tr></tbody></table></figure>



<p>&nbsp;</p>



<hr class="wp-block-separator has-css-opacity"/>



<figure class="wp-block-table is-style-stripes"><table><tbody><tr><td> REFERÊNCIAS </td><td> GOIÂNIA. Secretaria Municipal de Educação. <strong style="font-family: inherit; font-size: inherit;">Aprender sempre. </strong><span style="font-family: inherit; font-size: inherit; font-weight: inherit;">1o. Ano &#8211; Ensino Fundamental; Língua Portuguesa e Matemática; 1o. Bimestre; Goiânia, 2022.</span><br><br><span style="font-family: inherit; font-size: inherit; font-weight: inherit;">GOVERNO DO ESTADO DE GOIÁS. SECRETÁRIA DE ESTADO DE EDUCAÇÃO – SEDUC/CONSED. DOCUMENTO CURRICULAR PARA GOIÁS – AMPLIADO: </span><strong style="font-family: inherit; font-size: inherit;">VOLUME II ENSINO FUNDAMENTAL ANOS INICIAIS</strong><span style="font-family: inherit; font-size: inherit; font-weight: inherit;">.&nbsp;</span><br><span style="font-family: inherit; font-size: inherit; font-weight: inherit;">ZIRALDO.</span><strong style="font-family: inherit; font-size: inherit;"> O joelho Juvenal.</strong><span style="font-family: inherit; font-size: inherit; font-weight: inherit;"> 2 ed. São Paulo: Melhoramentos, 2009.</span><br>IMAGENS RETIRADAS DO SITE:<a style="font-family: inherit; font-size: inherit; font-weight: inherit;" href="https://br.freepik.com/">HTTPS://BR.FREEPIK.COM/</a><br><a style="font-family: inherit; font-size: inherit; font-weight: inherit;" href="https://pixabay.com/pt/">HTTPS://PIXABAY.COM/PT/</a><br><span style="background-color: rgba(34, 34, 34, 0.2); font-family: inherit; font-size: inherit; font-weight: inherit;"><mark style="background-color:rgba(0, 0, 0, 0)" class="has-inline-color has-black-color">CANVA</mark></span></td></tr></tbody></table></figure>



<p></p>



<p></p>



<p></p>
