{"id":138043,"date":"2022-03-13T08:14:57","date_gmt":"2022-03-13T11:14:57","guid":{"rendered":"https:\/\/sme.goiania.go.gov.br\/conexaoescola\/?post_type=ensino_fundamental&#038;p=138043"},"modified":"2022-06-28T21:22:37","modified_gmt":"2022-06-29T00:22:37","slug":"ciencias-da-natureza-saude-auditiva-e-visual","status":"publish","type":"ensino_fundamental","link":"https:\/\/sme.goiania.go.gov.br\/conexaoescola\/ensino_fundamental\/ciencias-da-natureza-saude-auditiva-e-visual\/","title":{"rendered":"CI\u00caNCIAS DA NATUREZA &#8211; SA\u00daDE AUDITIVA E VISUAL"},"content":{"rendered":"\n<p class=\"has-text-align-center has-luminous-vivid-amber-background-color has-background has-medium-font-size\"> ESTA PROPOSTA DE ATIVIDADE DE <strong>CI\u00caNCIAS DA NATUREZA<\/strong> \u00c9 DESTINADA AOS ESTUDANTES DO <strong>3\u00ba ANO DOS ANOS INICIAIS DO ENSINO FUNDAMENTAL.<\/strong> <\/p>\n\n\n\n<p class=\"has-text-align-center has-medium-font-size\"><strong>A POLUI\u00c7\u00c3O REFERE-SE \u00c0 DEGRADA\u00c7\u00c3O DA QUALIDADE AMBIENTAL, QUE LEVA AO PREJU\u00cdZO DA SA\u00daDE, SEGURAN\u00c7A E BEM-ESTAR DOS SUJEITOS. NESSE SENTIDO, H\u00c1 UMA DIVERSIDADE DE POLUI\u00c7\u00c3O, A CITAR A DA ATMOSFERA, DA \u00c1GUA E DO SOLO. A POLUI\u00c7\u00c3O SONORA E VISUAL, QUER SEJA, O EXCESSO DE SONS E APARATOS VISUAIS, SOBRETUDO NOS CENTROS URBANOS, OCASIONAM DESCONFORTO AOS SUJEITOS E AT\u00c9 MESMO, PODE LEVAR A SURDEZ NO CASO DE EXPOSI\u00c7\u00c3O ELEVADA AOS RU\u00cdDOS.<\/strong><\/p>\n\n\n\n<p class=\"has-text-align-center has-medium-font-size\"><strong>VAMOS RESPONDER ALGUMAS QUEST\u00d5ES?<\/strong><\/p>\n\n\n\n<div class=\"wp-block-image\"><figure class=\"aligncenter size-full is-resized\"><img fetchpriority=\"high\" decoding=\"async\" src=\"https:\/\/sme.goiania.go.gov.br\/conexaoescola\/wp-content\/uploads\/2022\/03\/Times-Square-e1647113743459.jpg\" alt=\"\" class=\"wp-image-138064\" width=\"719\" height=\"479\" srcset=\"https:\/\/sme.goiania.go.gov.br\/conexaoescola\/wp-content\/uploads\/2022\/03\/Times-Square-e1647113743459.jpg 959w, https:\/\/sme.goiania.go.gov.br\/conexaoescola\/wp-content\/uploads\/2022\/03\/Times-Square-e1647113743459-300x200.jpg 300w, https:\/\/sme.goiania.go.gov.br\/conexaoescola\/wp-content\/uploads\/2022\/03\/Times-Square-e1647113743459-768x512.jpg 768w\" sizes=\"(max-width: 719px) 100vw, 719px\" \/><figcaption>Dispon\u00edvel em: &lt;https:\/\/pixabay.com\/pt\/photos\/times-square-edif%c3%adcios-propaganda-5476715\/&gt;. acesso em 09, mar\u00e7o. 2022.<\/figcaption><\/figure><\/div>\n\n\n\n<p class=\"has-light-green-cyan-background-color has-background has-medium-font-size\"><strong>QUEST\u00c3O 1<\/strong><\/p>\n\n\n\n<p class=\"has-medium-font-size\">COM AS SUAS PALAVRAS, RESPONDA O QUE \u00c9 POLUI\u00c7\u00c3O SONORA E POLUI\u00c7\u00c3O VISUAL?<\/p>\n\n\n\n<p class=\"has-light-green-cyan-background-color has-background has-medium-font-size\"><strong>QUEST\u00c3O 2<\/strong><\/p>\n\n\n\n<p class=\"has-medium-font-size\">PARE E PENSE! POR QUAL MOTIVO TORNA-SE NECESS\u00c1RIO DISCUTIRMOS H\u00c1BITOS NECESS\u00c1RIOS PARA A MANUTEN\u00c7\u00c3O DA SA\u00daDE AUDITIVA E VISUAL?<\/p>\n\n\n\n<p class=\"has-light-green-cyan-background-color has-background has-medium-font-size\"><strong>QUEST\u00c3O 3<\/strong><\/p>\n\n\n\n<p class=\"has-medium-font-size\">OBSERVE A IMAGEM ABAIXO E ESCREVA TR\u00caS FRASES QUE ABORDEM RELA\u00c7\u00d5ES PREJUDICIAIS A NOSSA SA\u00daDE AUDITIVA E VISUAL NOS CENTROS URBANOS.<\/p>\n\n\n\n<div class=\"wp-block-image\"><figure class=\"aligncenter size-full is-resized\"><img decoding=\"async\" src=\"https:\/\/sme.goiania.go.gov.br\/conexaoescola\/wp-content\/uploads\/2022\/03\/Imagem_Atividade-3-e1647114013852.jpg\" alt=\"\" class=\"wp-image-138065\" width=\"720\" height=\"480\" srcset=\"https:\/\/sme.goiania.go.gov.br\/conexaoescola\/wp-content\/uploads\/2022\/03\/Imagem_Atividade-3-e1647114013852.jpg 960w, https:\/\/sme.goiania.go.gov.br\/conexaoescola\/wp-content\/uploads\/2022\/03\/Imagem_Atividade-3-e1647114013852-300x200.jpg 300w, https:\/\/sme.goiania.go.gov.br\/conexaoescola\/wp-content\/uploads\/2022\/03\/Imagem_Atividade-3-e1647114013852-768x512.jpg 768w\" sizes=\"(max-width: 720px) 100vw, 720px\" \/><figcaption>Dispon\u00edvel em: &lt; https:\/\/pixabay.com\/pt\/photos\/nova-york-times-square-am%c3%a9rica-5276112\/&gt;. acesso em 09, mar\u00e7o. 2022.<\/figcaption><\/figure><\/div>\n\n\n\n<ol type=\"1\" class=\"has-medium-font-size wp-block-list\"><li>______________________________________________________________<\/li><li>______________________________________________________________<\/li><li>______________________________________________________________<\/li><\/ol>\n\n\n\n<hr class=\"wp-block-separator\"\/>\n\n\n\n<p class=\"has-text-align-center has-luminous-vivid-amber-background-color has-background has-medium-font-size\">  <strong>Acesse os materiais referentes a essa atividade clicando aqui:  <\/strong>    <a href=\"https:\/\/drive.google.com\/drive\/folders\/1Gp1kqDcLhLTkrFHnj9TaeKI4nPDsWR4U?usp=sharing\" target=\"_blank\" rel=\"noreferrer noopener\">https:\/\/drive.google.com\/drive\/folders\/1Gp1kqDcLhLTkrFHnj9TaeKI4nPDsWR4U?usp=sharing  <\/a><\/p>\n\n\n\n<hr class=\"wp-block-separator\"\/>\n\n\n\n<p class=\"has-luminous-vivid-amber-background-color has-background has-medium-font-size\"><strong>SAIBA MAIS<\/strong><\/p>\n\n\n\n<figure class=\"wp-block-embed is-type-video is-provider-youtube wp-block-embed-youtube wp-embed-aspect-16-9 wp-has-aspect-ratio\"><div class=\"wp-block-embed__wrapper\">\n<p class=\"responsive-video-wrap clr\"><iframe title=\"Sa\u00fade auditiva e visual\" width=\"1200\" height=\"675\" src=\"https:\/\/www.youtube.com\/embed\/1sBwKZD16tI?feature=oembed\" frameborder=\"0\" allow=\"accelerometer; autoplay; clipboard-write; encrypted-media; gyroscope; picture-in-picture\" allowfullscreen><\/iframe><\/p>\n<\/div><figcaption> Canal Jos\u00e9 Firmino de Oliveira Neto &#8220;Sa\u00fade auditiva e visual&#8221;. Dispon\u00edvel em: &lt;<a href=\"https:\/\/www.youtube.com\/watch?v=HcoG2iXgsiA\">https:\/\/youtu.be\/1sBwKZD16tI<\/a>&gt;. acesso 13, fev. 2022.   <\/figcaption><\/figure>\n\n\n\n<figure class=\"wp-block-table\"><table><tbody><tr><td>COMPONENTE CURRICULAR<\/td><td>CI\u00caNCIAS DA NATUREZA<\/td><\/tr><tr><td>HABILIDADE<\/td><td>(EF03CI03-B\/C) DISCUTIR H\u00c1BITOS NECESS\u00c1RIOS PARA MANUTEN\u00c7\u00c3O DA SA\u00daDE AUDITIVA E VISUAL, CONSIDERANDO AS CONDI\u00c7\u00d5ES DO AMBIENTE EM TERMOS DE SOM E LUZ.<\/td><\/tr><tr><td>REFER\u00caNCIAS<\/td><td>ALVES, F. I. A. B.; SOUZA, J. L.; CORREIO, L. B. P. Avalia\u00e7\u00e3o dos fatores que influenciam os autos de infra\u00e7\u00e3o por polui\u00e7\u00e3o sonora. <em>Revista Textura<\/em>, v. 14, n. 1, 2020.<br><br>LIMA, I. F.; SILVA, M. P. <em>Impacto ambiental sonoro e visual na Regi\u00e3o Central do Munic\u00edpio de Goi\u00e2nia \u2013 GO<\/em>. In: Anais do XVII Simp\u00f3sio Brasileiro de Geografia F\u00edsica Aplicada e I Congresso Nacional de Geografia F\u00edsica, Campinas \u2013 SP, 2017.<\/td><\/tr><\/tbody><\/table><\/figure>\n","protected":false},"author":49,"featured_media":138064,"template":"","ef_categoria":[13,18],"ef_ano":[86],"ef_componente":[98],"class_list":["post-138043","ensino_fundamental","type-ensino_fundamental","status-publish","has-post-thumbnail","hentry","ef_categoria-ciclo-da-infancia-abc","ef_categoria-educacao-ambiental-e-saude","ef_ano-3o-ano","ef_componente-ciencia-da-natureza-ef","entry","has-media"],"acf":[],"_links":{"self":[{"href":"https:\/\/sme.goiania.go.gov.br\/conexaoescola\/wp-json\/wp\/v2\/ensino_fundamental\/138043","targetHints":{"allow":["GET"]}}],"collection":[{"href":"https:\/\/sme.goiania.go.gov.br\/conexaoescola\/wp-json\/wp\/v2\/ensino_fundamental"}],"about":[{"href":"https:\/\/sme.goiania.go.gov.br\/conexaoescola\/wp-json\/wp\/v2\/types\/ensino_fundamental"}],"author":[{"embeddable":true,"href":"https:\/\/sme.goiania.go.gov.br\/conexaoescola\/wp-json\/wp\/v2\/users\/49"}],"version-history":[{"count":0,"href":"https:\/\/sme.goiania.go.gov.br\/conexaoescola\/wp-json\/wp\/v2\/ensino_fundamental\/138043\/revisions"}],"wp:featuredmedia":[{"embeddable":true,"href":"https:\/\/sme.goiania.go.gov.br\/conexaoescola\/wp-json\/wp\/v2\/media\/138064"}],"wp:attachment":[{"href":"https:\/\/sme.goiania.go.gov.br\/conexaoescola\/wp-json\/wp\/v2\/media?parent=138043"}],"wp:term":[{"taxonomy":"ef_categoria","embeddable":true,"href":"https:\/\/sme.goiania.go.gov.br\/conexaoescola\/wp-json\/wp\/v2\/ef_categoria?post=138043"},{"taxonomy":"ef_ano","embeddable":true,"href":"https:\/\/sme.goiania.go.gov.br\/conexaoescola\/wp-json\/wp\/v2\/ef_ano?post=138043"},{"taxonomy":"ef_componente","embeddable":true,"href":"https:\/\/sme.goiania.go.gov.br\/conexaoescola\/wp-json\/wp\/v2\/ef_componente?post=138043"}],"curies":[{"name":"wp","href":"https:\/\/api.w.org\/{rel}","templated":true}]}}

CIÊNCIAS DA NATUREZA &#8211; SAÚDE AUDITIVA E VISUAL

<p class="has-text-align-center has-luminous-vivid-amber-background-color has-background has-medium-font-size"> ESTA PROPOSTA DE ATIVIDADE DE <strong>CIÊNCIAS DA NATUREZA</strong> É DESTINADA AOS ESTUDANTES DO <strong>3º ANO DOS ANOS INICIAIS DO ENSINO FUNDAMENTAL.</strong> </p>



<p class="has-text-align-center has-medium-font-size"><strong>A POLUIÇÃO REFERE-SE À DEGRADAÇÃO DA QUALIDADE AMBIENTAL, QUE LEVA AO PREJUÍZO DA SAÚDE, SEGURANÇA E BEM-ESTAR DOS SUJEITOS. NESSE SENTIDO, HÁ UMA DIVERSIDADE DE POLUIÇÃO, A CITAR A DA ATMOSFERA, DA ÁGUA E DO SOLO. A POLUIÇÃO SONORA E VISUAL, QUER SEJA, O EXCESSO DE SONS E APARATOS VISUAIS, SOBRETUDO NOS CENTROS URBANOS, OCASIONAM DESCONFORTO AOS SUJEITOS E ATÉ MESMO, PODE LEVAR A SURDEZ NO CASO DE EXPOSIÇÃO ELEVADA AOS RUÍDOS.</strong></p>



<p class="has-text-align-center has-medium-font-size"><strong>VAMOS RESPONDER ALGUMAS QUESTÕES?</strong></p>



<div class="wp-block-image"><figure class="aligncenter size-full is-resized"><img fetchpriority="high" decoding="async" src="https://sme.goiania.go.gov.br/conexaoescola/wp-content/uploads/2022/03/Times-Square-e1647113743459.jpg" alt="" class="wp-image-138064" width="719" height="479" srcset="https://sme.goiania.go.gov.br/conexaoescola/wp-content/uploads/2022/03/Times-Square-e1647113743459.jpg 959w, https://sme.goiania.go.gov.br/conexaoescola/wp-content/uploads/2022/03/Times-Square-e1647113743459-300x200.jpg 300w, https://sme.goiania.go.gov.br/conexaoescola/wp-content/uploads/2022/03/Times-Square-e1647113743459-768x512.jpg 768w" sizes="(max-width: 719px) 100vw, 719px" /><figcaption>Disponível em: &lt;https://pixabay.com/pt/photos/times-square-edif%c3%adcios-propaganda-5476715/&gt;. acesso em 09, março. 2022.</figcaption></figure></div>



<p class="has-light-green-cyan-background-color has-background has-medium-font-size"><strong>QUESTÃO 1</strong></p>



<p class="has-medium-font-size">COM AS SUAS PALAVRAS, RESPONDA O QUE É POLUIÇÃO SONORA E POLUIÇÃO VISUAL?</p>



<p class="has-light-green-cyan-background-color has-background has-medium-font-size"><strong>QUESTÃO 2</strong></p>



<p class="has-medium-font-size">PARE E PENSE! POR QUAL MOTIVO TORNA-SE NECESSÁRIO DISCUTIRMOS HÁBITOS NECESSÁRIOS PARA A MANUTENÇÃO DA SAÚDE AUDITIVA E VISUAL?</p>



<p class="has-light-green-cyan-background-color has-background has-medium-font-size"><strong>QUESTÃO 3</strong></p>



<p class="has-medium-font-size">OBSERVE A IMAGEM ABAIXO E ESCREVA TRÊS FRASES QUE ABORDEM RELAÇÕES PREJUDICIAIS A NOSSA SAÚDE AUDITIVA E VISUAL NOS CENTROS URBANOS.</p>



<div class="wp-block-image"><figure class="aligncenter size-full is-resized"><img decoding="async" src="https://sme.goiania.go.gov.br/conexaoescola/wp-content/uploads/2022/03/Imagem_Atividade-3-e1647114013852.jpg" alt="" class="wp-image-138065" width="720" height="480" srcset="https://sme.goiania.go.gov.br/conexaoescola/wp-content/uploads/2022/03/Imagem_Atividade-3-e1647114013852.jpg 960w, https://sme.goiania.go.gov.br/conexaoescola/wp-content/uploads/2022/03/Imagem_Atividade-3-e1647114013852-300x200.jpg 300w, https://sme.goiania.go.gov.br/conexaoescola/wp-content/uploads/2022/03/Imagem_Atividade-3-e1647114013852-768x512.jpg 768w" sizes="(max-width: 720px) 100vw, 720px" /><figcaption>Disponível em: &lt; https://pixabay.com/pt/photos/nova-york-times-square-am%c3%a9rica-5276112/&gt;. acesso em 09, março. 2022.</figcaption></figure></div>



<ol type="1" class="has-medium-font-size wp-block-list"><li>______________________________________________________________</li><li>______________________________________________________________</li><li>______________________________________________________________</li></ol>



<hr class="wp-block-separator"/>



<p class="has-text-align-center has-luminous-vivid-amber-background-color has-background has-medium-font-size">  <strong>Acesse os materiais referentes a essa atividade clicando aqui:  </strong>    <a href="https://drive.google.com/drive/folders/1Gp1kqDcLhLTkrFHnj9TaeKI4nPDsWR4U?usp=sharing" target="_blank" rel="noreferrer noopener">https://drive.google.com/drive/folders/1Gp1kqDcLhLTkrFHnj9TaeKI4nPDsWR4U?usp=sharing  </a></p>



<hr class="wp-block-separator"/>



<p class="has-luminous-vivid-amber-background-color has-background has-medium-font-size"><strong>SAIBA MAIS</strong></p>



<figure class="wp-block-embed is-type-video is-provider-youtube wp-block-embed-youtube wp-embed-aspect-16-9 wp-has-aspect-ratio"><div class="wp-block-embed__wrapper">
<p class="responsive-video-wrap clr"><iframe title="Saúde auditiva e visual" width="1200" height="675" src="https://www.youtube.com/embed/1sBwKZD16tI?feature=oembed" frameborder="0" allow="accelerometer; autoplay; clipboard-write; encrypted-media; gyroscope; picture-in-picture" allowfullscreen></iframe></p>
</div><figcaption> Canal José Firmino de Oliveira Neto &#8220;Saúde auditiva e visual&#8221;. Disponível em: &lt;<a href="https://www.youtube.com/watch?v=HcoG2iXgsiA">https://youtu.be/1sBwKZD16tI</a>&gt;. acesso 13, fev. 2022.   </figcaption></figure>



<figure class="wp-block-table"><table><tbody><tr><td>COMPONENTE CURRICULAR</td><td>CIÊNCIAS DA NATUREZA</td></tr><tr><td>HABILIDADE</td><td>(EF03CI03-B/C) DISCUTIR HÁBITOS NECESSÁRIOS PARA MANUTENÇÃO DA SAÚDE AUDITIVA E VISUAL, CONSIDERANDO AS CONDIÇÕES DO AMBIENTE EM TERMOS DE SOM E LUZ.</td></tr><tr><td>REFERÊNCIAS</td><td>ALVES, F. I. A. B.; SOUZA, J. L.; CORREIO, L. B. P. Avaliação dos fatores que influenciam os autos de infração por poluição sonora. <em>Revista Textura</em>, v. 14, n. 1, 2020.<br><br>LIMA, I. F.; SILVA, M. P. <em>Impacto ambiental sonoro e visual na Região Central do Município de Goiânia – GO</em>. In: Anais do XVII Simpósio Brasileiro de Geografia Física Aplicada e I Congresso Nacional de Geografia Física, Campinas – SP, 2017.</td></tr></tbody></table></figure>
