{"id":138037,"date":"2022-03-13T08:19:09","date_gmt":"2022-03-13T11:19:09","guid":{"rendered":"https:\/\/sme.goiania.go.gov.br\/conexaoescola\/?post_type=ensino_fundamental&#038;p=138037"},"modified":"2026-02-19T13:41:36","modified_gmt":"2026-02-19T16:41:36","slug":"ciencias-da-natureza-acidentes-domesticos","status":"publish","type":"ensino_fundamental","link":"https:\/\/sme.goiania.go.gov.br\/conexaoescola\/ensino_fundamental\/ciencias-da-natureza-acidentes-domesticos\/","title":{"rendered":"CI\u00caNCIAS DA NATUREZA &#8211; ACIDENTES DOM\u00c9STICOS"},"content":{"rendered":"\n<p class=\"has-text-align-center has-pale-cyan-blue-background-color has-background has-medium-font-size\">ESTA PROPOSTA DE ATIVIDADE DE <strong>CI\u00caNCIAS DA NATUREZA<\/strong> \u00c9 DESTINADA AOS ESTUDANTES DO <strong>2\u00ba ANO DOS ANOS INICIAIS DO ENSINO FUNDAMENTAL.<\/strong><\/p>\n\n\n\n<p class=\"has-text-align-center has-medium-font-size\"><strong>OS ACIDENTES DOM\u00c9TICOS S\u00c3O AQUELES ACONTECIMENTOS INESPERADOS QUE ACONTECEM EM AMBIENTES QUE HABITAMOS.  ELES EST\u00c3O LIGADOS A OBJETOS CORTANTES E INFLAM\u00c1VEIS, ELETRICIDADE, PRODUTOS DE LIMPEZA, MEDICAMENTOS E OUTROS. DESSA MANEIRA, \u00c9 IMPORTANTE QUE OS ADULTOS ESTEJAM VIGILANTES E BUSQUEM MEDIDAS PARA EVITAR OS ACIDENTES.<\/strong><\/p>\n\n\n\n<p class=\"has-text-align-center has-medium-font-size\"><strong>VAMOS RESPONDER ALGUMAS QUEST\u00d5ES?<\/strong><\/p>\n\n\n<div class=\"wp-block-image\">\n<figure class=\"aligncenter size-full is-resized\"><img fetchpriority=\"high\" decoding=\"async\" width=\"959\" height=\"639\" src=\"https:\/\/sme.goiania.go.gov.br\/conexaoescola\/wp-content\/uploads\/2022\/03\/Fogo_Fogao-e1647087204612.jpg\" alt=\"\" class=\"wp-image-138038\" style=\"width:719px;height:479px\" srcset=\"https:\/\/sme.goiania.go.gov.br\/conexaoescola\/wp-content\/uploads\/2022\/03\/Fogo_Fogao-e1647087204612.jpg 959w, https:\/\/sme.goiania.go.gov.br\/conexaoescola\/wp-content\/uploads\/2022\/03\/Fogo_Fogao-e1647087204612-300x200.jpg 300w, https:\/\/sme.goiania.go.gov.br\/conexaoescola\/wp-content\/uploads\/2022\/03\/Fogo_Fogao-e1647087204612-768x512.jpg 768w\" sizes=\"(max-width: 959px) 100vw, 959px\" \/><figcaption class=\"wp-element-caption\">Dispon\u00edvel em: &lt;<a href=\"https:\/\/pixabay.com\/pt\/photos\/utens%c3%adlio-queimar-queimador-2257\/\">https:\/\/pixabay.com\/pt\/photos\/utens%c3%adlio-queimar-queimador-2257\/<\/a>&gt;. acesso em 08, mar. 2022.<\/figcaption><\/figure><\/div>\n\n\n<p class=\"has-background\" style=\"background-color:#eeee1c\"><strong>QUEST\u00c3O 1<\/strong><\/p>\n\n\n\n<p class=\"has-medium-font-size\">OBSERVE AS IMAGENS ABAIXO E PRODUZA, COM A AJUDA DO PROFESSOR E FAMILIARES, FRASES SOBRE OS RISCOS QUE PODEM PROVOCAR QUANDO EST\u00c3O EM LUGARES DE F\u00c1CIL ACESSO AS CRIAN\u00c7AS:<\/p>\n\n\n<div class=\"wp-block-image\">\n<figure class=\"aligncenter size-full is-resized\"><img decoding=\"async\" width=\"960\" height=\"640\" src=\"https:\/\/sme.goiania.go.gov.br\/conexaoescola\/wp-content\/uploads\/2022\/03\/1_ATIVIDADE-e1647087706748.jpg\" alt=\"\" class=\"wp-image-138040\" style=\"width:720px;height:480px\" srcset=\"https:\/\/sme.goiania.go.gov.br\/conexaoescola\/wp-content\/uploads\/2022\/03\/1_ATIVIDADE-e1647087706748.jpg 960w, https:\/\/sme.goiania.go.gov.br\/conexaoescola\/wp-content\/uploads\/2022\/03\/1_ATIVIDADE-e1647087706748-300x200.jpg 300w, https:\/\/sme.goiania.go.gov.br\/conexaoescola\/wp-content\/uploads\/2022\/03\/1_ATIVIDADE-e1647087706748-768x512.jpg 768w\" sizes=\"(max-width: 960px) 100vw, 960px\" \/><figcaption class=\"wp-element-caption\">Dispon\u00edvel em: &lt; https:\/\/pixabay.com\/pt\/photos\/medicamentos-comprimidos-rem%c3%a9dio-1853400\/&gt;. acesso em 08, mar\u00e7o. 2022.<\/figcaption><\/figure><\/div>\n\n<div class=\"wp-block-image\">\n<figure class=\"aligncenter size-full is-resized\"><img decoding=\"async\" width=\"960\" height=\"517\" src=\"https:\/\/sme.goiania.go.gov.br\/conexaoescola\/wp-content\/uploads\/2022\/03\/Faca-e1647087960365.jpg\" alt=\"\" class=\"wp-image-138041\" style=\"width:720px;height:388px\" srcset=\"https:\/\/sme.goiania.go.gov.br\/conexaoescola\/wp-content\/uploads\/2022\/03\/Faca-e1647087960365.jpg 960w, https:\/\/sme.goiania.go.gov.br\/conexaoescola\/wp-content\/uploads\/2022\/03\/Faca-e1647087960365-300x162.jpg 300w, https:\/\/sme.goiania.go.gov.br\/conexaoescola\/wp-content\/uploads\/2022\/03\/Faca-e1647087960365-768x414.jpg 768w\" sizes=\"(max-width: 960px) 100vw, 960px\" \/><figcaption class=\"wp-element-caption\">Dispon\u00edvel em: &lt;<a href=\"https:\/\/pixabay.com\/pt\/photos\/utens%c3%adlio-queimar-queimador-2257\/\">https:\/\/pixabay.com\/pt\/photos\/utens%c3%adlio-queimar-queimador-2257\/<\/a>&gt;. acesso em 08, mar\u00e7o. 2022.<\/figcaption><\/figure><\/div>\n\n<div class=\"wp-block-image\">\n<figure class=\"aligncenter size-full is-resized\"><img loading=\"lazy\" decoding=\"async\" width=\"960\" height=\"640\" src=\"https:\/\/sme.goiania.go.gov.br\/conexaoescola\/wp-content\/uploads\/2022\/03\/gas-stove-2728100_960_720-e1647088085131.jpg\" alt=\"\" class=\"wp-image-138042\" style=\"width:720px;height:480px\" srcset=\"https:\/\/sme.goiania.go.gov.br\/conexaoescola\/wp-content\/uploads\/2022\/03\/gas-stove-2728100_960_720-e1647088085131.jpg 960w, https:\/\/sme.goiania.go.gov.br\/conexaoescola\/wp-content\/uploads\/2022\/03\/gas-stove-2728100_960_720-e1647088085131-300x200.jpg 300w, https:\/\/sme.goiania.go.gov.br\/conexaoescola\/wp-content\/uploads\/2022\/03\/gas-stove-2728100_960_720-e1647088085131-768x512.jpg 768w\" sizes=\"(max-width: 960px) 100vw, 960px\" \/><figcaption class=\"wp-element-caption\">Dispon\u00edvel em: &lt; https:\/\/pixabay.com\/pt\/photos\/fog%c3%a3o-a-g%c3%a1s-g%c3%a1s-fogo-2728100\/&gt;. acesso em 08, mar\u00e7o. 2022.<\/figcaption><\/figure><\/div>\n\n\n<p class=\"has-background has-medium-font-size\" style=\"background-color:#eeee1c\">QUEST\u00c3O 2<\/p>\n\n\n\n<p class=\"has-medium-font-size\">NA TABELA ABAIXO APRESENTAMOS ALGUMAS SITUA\u00c7\u00d5ES DOM\u00c9STICAS QUE PODEM RESULTAR EM ACIDENTES. DESSA FORMA, ESCREVA AO LADO FRASES QUE INDIQUEM MUDAN\u00c7AS E CUIDADOS POSS\u00cdVEIS PARA EVITAR ACIDENTES NESTAS SITUA\u00c7\u00d5ES.<\/p>\n\n\n\n<figure class=\"wp-block-table aligncenter\"><table><tbody><tr><td class=\"has-text-align-center\" data-align=\"center\">SITUA\u00c7\u00d5ES DOM\u00c9STICAS<\/td><td class=\"has-text-align-center\" data-align=\"center\">PREVEN\u00c7\u00c3O   <\/td><\/tr><tr><td class=\"has-text-align-center\" data-align=\"center\">AO COZINHAR OS CABOS DAS PANELAS EST\u00c3O SEMPRE VIRADOS PARA FORA DO FOG\u00c3O<\/td><td class=\"has-text-align-center\" data-align=\"center\"><\/td><\/tr><tr><td class=\"has-text-align-center\" data-align=\"center\">AS TOMADAS DA RESID\u00caNCIA ENCONTRAM-SE SEM MANUTEN\u00c7\u00c3O E EXPOSTAS<\/td><td class=\"has-text-align-center\" data-align=\"center\"><\/td><\/tr><tr><td class=\"has-text-align-center\" data-align=\"center\">OS DEGRAUS QUE LEVAM A PARTE EXTERNA DA CASA S\u00c3O ALTOS E N\u00c3O POSSUEM PROTE\u00c7\u00c3O<\/td><td class=\"has-text-align-center\" data-align=\"center\"><\/td><\/tr><tr><td class=\"has-text-align-center\" data-align=\"center\">OS PRODUTOS DE LIMPEZA ENCONTRAM-SE SEM R\u00d3TULO E EXPOSTOS EMBAIXO DA PIA DA COZINHA<br>&nbsp;<\/td><td class=\"has-text-align-center\" data-align=\"center\"><\/td><\/tr><\/tbody><\/table><\/figure>\n\n\n\n<p class=\"has-background has-medium-font-size\" style=\"background-color:#eeee1c\"><strong>QUEST\u00c3O 3<\/strong><\/p>\n\n\n\n<p class=\"has-medium-font-size\">REFLEX\u00c3O! CONVERSE COM SEUS FAMILIARES (PAIS, AV\u00d3S, TIOS(AS), E OUTROS) SOBRE MEDIDAS DE PREVEN\u00c7\u00c3O QUE PODEM MOBILIZAR PARA EVITAR QUE ACIDENTES DOM\u00c9STICOS ACONTE\u00c7AM NA SUA RESID\u00caNCIA.<\/p>\n\n\n\n<hr class=\"wp-block-separator has-css-opacity\"\/>\n\n\n\n<p class=\"has-text-align-center has-pale-cyan-blue-background-color has-background has-medium-font-size\">  <strong>Acesse os materiais referentes a essa atividade clicando aqui:  <\/strong><a href=\"https:\/\/drive.google.com\/drive\/folders\/1l8jAHXPBqEBFHuXU5Q-4tBwo6EF2RrY7?usp=sharing\" target=\"_blank\" rel=\"noreferrer noopener\">https:\/\/drive.google.com\/drive\/folders\/1Gp1kqDcLhLTkrFHnj9TaeKI4nPDsWR4U?usp=sharing   <\/a><\/p>\n\n\n\n<hr class=\"wp-block-separator has-css-opacity\"\/>\n\n\n\n<p class=\"has-pale-cyan-blue-background-color has-background has-medium-font-size\"><strong>SAIBA MAIS<\/strong><\/p>\n\n\n\n<figure class=\"wp-block-embed is-type-video is-provider-youtube wp-block-embed-youtube wp-embed-aspect-16-9 wp-has-aspect-ratio\"><div class=\"wp-block-embed__wrapper\">\n<p class=\"responsive-video-wrap clr\"><iframe title=\"Acidentes dom\u00e9sticos (Audiov\u00eddeo)\" width=\"1200\" height=\"675\" src=\"https:\/\/www.youtube.com\/embed\/P4ItvUrMx0Y?feature=oembed\" frameborder=\"0\" allow=\"accelerometer; autoplay; clipboard-write; encrypted-media; gyroscope; picture-in-picture\" allowfullscreen><\/iframe><\/p>\n<\/div><figcaption class=\"wp-element-caption\"> Canal Jos\u00e9 Firmino de Oliveira Neto &#8220;Acidentes dom\u00e9sticos&#8221;. Dispon\u00edvel em: &lt;<a href=\"https:\/\/youtu.be\/P4ItvUrMx0Y\">https:\/\/youtu.be\/P4ItvUrMx0Y<\/a>&gt;. acesso 13, fev. 2022.    <\/figcaption><\/figure>\n\n\n\n<figure class=\"wp-block-table\"><table><tbody><tr><td>Componente Curricular<\/td><td>Ci\u00eancias da Natureza<\/td><\/tr><tr><td>Habilidade<\/td><td>(EF02CI03) Discutir os cuidados necess\u00e1rios \u00e0 preven\u00e7\u00e3o de acidentes dom\u00e9sticos (objetos cortantes e inflam\u00e1veis, eletricidade, produtos de limpeza, medicamentos etc.).<\/td><\/tr><tr><td>Refer\u00eancias<\/td><td>OLIVEIRA, K. Acidentes dom\u00e9sticos crescem na pandemia e crian\u00e7as s\u00e3o as principais v\u00edtimas. <em>Jornal da USP<\/em>, 2021. Dispon\u00edvel em: &lt;https:\/\/jornal.usp.br\/atualidades\/acidentes-domesticos-crescem-na-pandemia-e-criancas-sao-as-principais-vitimas\/&gt;. Acessado em: 08 de mar\u00e7o de 2022.<br><br>ONGARATTO, S. Acidentes dom\u00e9sticos com crian\u00e7as e adolescentes crescem 112% na pandemia. <em>Revista Crescer<\/em>, 2021. Dispon\u00edvel em: &lt;https:\/\/revistacrescer.globo.com\/Saude\/noticia\/2021\/01\/acidentes-domesticos-com-criancas-e-adolescentes-cresce-112-na-pandemia.html&gt;. Acessado em: 08 de mar\u00e7o de 2022.<\/td><\/tr><\/tbody><\/table><\/figure>\n","protected":false},"author":17,"featured_media":138038,"template":"","ef_categoria":[13,18],"ef_ano":[85],"ef_componente":[98],"class_list":["post-138037","ensino_fundamental","type-ensino_fundamental","status-publish","has-post-thumbnail","hentry","ef_categoria-ciclo-da-infancia-abc","ef_categoria-educacao-ambiental-e-saude","ef_ano-2o-ano","ef_componente-ciencia-da-natureza-ef","entry","has-media"],"acf":[],"_links":{"self":[{"href":"https:\/\/sme.goiania.go.gov.br\/conexaoescola\/wp-json\/wp\/v2\/ensino_fundamental\/138037","targetHints":{"allow":["GET"]}}],"collection":[{"href":"https:\/\/sme.goiania.go.gov.br\/conexaoescola\/wp-json\/wp\/v2\/ensino_fundamental"}],"about":[{"href":"https:\/\/sme.goiania.go.gov.br\/conexaoescola\/wp-json\/wp\/v2\/types\/ensino_fundamental"}],"author":[{"embeddable":true,"href":"https:\/\/sme.goiania.go.gov.br\/conexaoescola\/wp-json\/wp\/v2\/users\/17"}],"version-history":[{"count":1,"href":"https:\/\/sme.goiania.go.gov.br\/conexaoescola\/wp-json\/wp\/v2\/ensino_fundamental\/138037\/revisions"}],"predecessor-version":[{"id":202694,"href":"https:\/\/sme.goiania.go.gov.br\/conexaoescola\/wp-json\/wp\/v2\/ensino_fundamental\/138037\/revisions\/202694"}],"wp:featuredmedia":[{"embeddable":true,"href":"https:\/\/sme.goiania.go.gov.br\/conexaoescola\/wp-json\/wp\/v2\/media\/138038"}],"wp:attachment":[{"href":"https:\/\/sme.goiania.go.gov.br\/conexaoescola\/wp-json\/wp\/v2\/media?parent=138037"}],"wp:term":[{"taxonomy":"ef_categoria","embeddable":true,"href":"https:\/\/sme.goiania.go.gov.br\/conexaoescola\/wp-json\/wp\/v2\/ef_categoria?post=138037"},{"taxonomy":"ef_ano","embeddable":true,"href":"https:\/\/sme.goiania.go.gov.br\/conexaoescola\/wp-json\/wp\/v2\/ef_ano?post=138037"},{"taxonomy":"ef_componente","embeddable":true,"href":"https:\/\/sme.goiania.go.gov.br\/conexaoescola\/wp-json\/wp\/v2\/ef_componente?post=138037"}],"curies":[{"name":"wp","href":"https:\/\/api.w.org\/{rel}","templated":true}]}}

CIÊNCIAS DA NATUREZA &#8211; ACIDENTES DOMÉSTICOS

<p class="has-text-align-center has-pale-cyan-blue-background-color has-background has-medium-font-size">ESTA PROPOSTA DE ATIVIDADE DE <strong>CIÊNCIAS DA NATUREZA</strong> É DESTINADA AOS ESTUDANTES DO <strong>2º ANO DOS ANOS INICIAIS DO ENSINO FUNDAMENTAL.</strong></p>



<p class="has-text-align-center has-medium-font-size"><strong>OS ACIDENTES DOMÉTICOS SÃO AQUELES ACONTECIMENTOS INESPERADOS QUE ACONTECEM EM AMBIENTES QUE HABITAMOS.  ELES ESTÃO LIGADOS A OBJETOS CORTANTES E INFLAMÁVEIS, ELETRICIDADE, PRODUTOS DE LIMPEZA, MEDICAMENTOS E OUTROS. DESSA MANEIRA, É IMPORTANTE QUE OS ADULTOS ESTEJAM VIGILANTES E BUSQUEM MEDIDAS PARA EVITAR OS ACIDENTES.</strong></p>



<p class="has-text-align-center has-medium-font-size"><strong>VAMOS RESPONDER ALGUMAS QUESTÕES?</strong></p>


<div class="wp-block-image">
<figure class="aligncenter size-full is-resized"><img fetchpriority="high" decoding="async" width="959" height="639" src="https://sme.goiania.go.gov.br/conexaoescola/wp-content/uploads/2022/03/Fogo_Fogao-e1647087204612.jpg" alt="" class="wp-image-138038" style="width:719px;height:479px" srcset="https://sme.goiania.go.gov.br/conexaoescola/wp-content/uploads/2022/03/Fogo_Fogao-e1647087204612.jpg 959w, https://sme.goiania.go.gov.br/conexaoescola/wp-content/uploads/2022/03/Fogo_Fogao-e1647087204612-300x200.jpg 300w, https://sme.goiania.go.gov.br/conexaoescola/wp-content/uploads/2022/03/Fogo_Fogao-e1647087204612-768x512.jpg 768w" sizes="(max-width: 959px) 100vw, 959px" /><figcaption class="wp-element-caption">Disponível em: &lt;<a href="https://pixabay.com/pt/photos/utens%c3%adlio-queimar-queimador-2257/">https://pixabay.com/pt/photos/utens%c3%adlio-queimar-queimador-2257/</a>&gt;. acesso em 08, mar. 2022.</figcaption></figure></div>


<p class="has-background" style="background-color:#eeee1c"><strong>QUESTÃO 1</strong></p>



<p class="has-medium-font-size">OBSERVE AS IMAGENS ABAIXO E PRODUZA, COM A AJUDA DO PROFESSOR E FAMILIARES, FRASES SOBRE OS RISCOS QUE PODEM PROVOCAR QUANDO ESTÃO EM LUGARES DE FÁCIL ACESSO AS CRIANÇAS:</p>


<div class="wp-block-image">
<figure class="aligncenter size-full is-resized"><img decoding="async" width="960" height="640" src="https://sme.goiania.go.gov.br/conexaoescola/wp-content/uploads/2022/03/1_ATIVIDADE-e1647087706748.jpg" alt="" class="wp-image-138040" style="width:720px;height:480px" srcset="https://sme.goiania.go.gov.br/conexaoescola/wp-content/uploads/2022/03/1_ATIVIDADE-e1647087706748.jpg 960w, https://sme.goiania.go.gov.br/conexaoescola/wp-content/uploads/2022/03/1_ATIVIDADE-e1647087706748-300x200.jpg 300w, https://sme.goiania.go.gov.br/conexaoescola/wp-content/uploads/2022/03/1_ATIVIDADE-e1647087706748-768x512.jpg 768w" sizes="(max-width: 960px) 100vw, 960px" /><figcaption class="wp-element-caption">Disponível em: &lt; https://pixabay.com/pt/photos/medicamentos-comprimidos-rem%c3%a9dio-1853400/&gt;. acesso em 08, março. 2022.</figcaption></figure></div>

<div class="wp-block-image">
<figure class="aligncenter size-full is-resized"><img decoding="async" width="960" height="517" src="https://sme.goiania.go.gov.br/conexaoescola/wp-content/uploads/2022/03/Faca-e1647087960365.jpg" alt="" class="wp-image-138041" style="width:720px;height:388px" srcset="https://sme.goiania.go.gov.br/conexaoescola/wp-content/uploads/2022/03/Faca-e1647087960365.jpg 960w, https://sme.goiania.go.gov.br/conexaoescola/wp-content/uploads/2022/03/Faca-e1647087960365-300x162.jpg 300w, https://sme.goiania.go.gov.br/conexaoescola/wp-content/uploads/2022/03/Faca-e1647087960365-768x414.jpg 768w" sizes="(max-width: 960px) 100vw, 960px" /><figcaption class="wp-element-caption">Disponível em: &lt;<a href="https://pixabay.com/pt/photos/utens%c3%adlio-queimar-queimador-2257/">https://pixabay.com/pt/photos/utens%c3%adlio-queimar-queimador-2257/</a>&gt;. acesso em 08, março. 2022.</figcaption></figure></div>

<div class="wp-block-image">
<figure class="aligncenter size-full is-resized"><img loading="lazy" decoding="async" width="960" height="640" src="https://sme.goiania.go.gov.br/conexaoescola/wp-content/uploads/2022/03/gas-stove-2728100_960_720-e1647088085131.jpg" alt="" class="wp-image-138042" style="width:720px;height:480px" srcset="https://sme.goiania.go.gov.br/conexaoescola/wp-content/uploads/2022/03/gas-stove-2728100_960_720-e1647088085131.jpg 960w, https://sme.goiania.go.gov.br/conexaoescola/wp-content/uploads/2022/03/gas-stove-2728100_960_720-e1647088085131-300x200.jpg 300w, https://sme.goiania.go.gov.br/conexaoescola/wp-content/uploads/2022/03/gas-stove-2728100_960_720-e1647088085131-768x512.jpg 768w" sizes="(max-width: 960px) 100vw, 960px" /><figcaption class="wp-element-caption">Disponível em: &lt; https://pixabay.com/pt/photos/fog%c3%a3o-a-g%c3%a1s-g%c3%a1s-fogo-2728100/&gt;. acesso em 08, março. 2022.</figcaption></figure></div>


<p class="has-background has-medium-font-size" style="background-color:#eeee1c">QUESTÃO 2</p>



<p class="has-medium-font-size">NA TABELA ABAIXO APRESENTAMOS ALGUMAS SITUAÇÕES DOMÉSTICAS QUE PODEM RESULTAR EM ACIDENTES. DESSA FORMA, ESCREVA AO LADO FRASES QUE INDIQUEM MUDANÇAS E CUIDADOS POSSÍVEIS PARA EVITAR ACIDENTES NESTAS SITUAÇÕES.</p>



<figure class="wp-block-table aligncenter"><table><tbody><tr><td class="has-text-align-center" data-align="center">SITUAÇÕES DOMÉSTICAS</td><td class="has-text-align-center" data-align="center">PREVENÇÃO   </td></tr><tr><td class="has-text-align-center" data-align="center">AO COZINHAR OS CABOS DAS PANELAS ESTÃO SEMPRE VIRADOS PARA FORA DO FOGÃO</td><td class="has-text-align-center" data-align="center"></td></tr><tr><td class="has-text-align-center" data-align="center">AS TOMADAS DA RESIDÊNCIA ENCONTRAM-SE SEM MANUTENÇÃO E EXPOSTAS</td><td class="has-text-align-center" data-align="center"></td></tr><tr><td class="has-text-align-center" data-align="center">OS DEGRAUS QUE LEVAM A PARTE EXTERNA DA CASA SÃO ALTOS E NÃO POSSUEM PROTEÇÃO</td><td class="has-text-align-center" data-align="center"></td></tr><tr><td class="has-text-align-center" data-align="center">OS PRODUTOS DE LIMPEZA ENCONTRAM-SE SEM RÓTULO E EXPOSTOS EMBAIXO DA PIA DA COZINHA<br>&nbsp;</td><td class="has-text-align-center" data-align="center"></td></tr></tbody></table></figure>



<p class="has-background has-medium-font-size" style="background-color:#eeee1c"><strong>QUESTÃO 3</strong></p>



<p class="has-medium-font-size">REFLEXÃO! CONVERSE COM SEUS FAMILIARES (PAIS, AVÓS, TIOS(AS), E OUTROS) SOBRE MEDIDAS DE PREVENÇÃO QUE PODEM MOBILIZAR PARA EVITAR QUE ACIDENTES DOMÉSTICOS ACONTEÇAM NA SUA RESIDÊNCIA.</p>



<hr class="wp-block-separator has-css-opacity"/>



<p class="has-text-align-center has-pale-cyan-blue-background-color has-background has-medium-font-size">  <strong>Acesse os materiais referentes a essa atividade clicando aqui:  </strong><a href="https://drive.google.com/drive/folders/1l8jAHXPBqEBFHuXU5Q-4tBwo6EF2RrY7?usp=sharing" target="_blank" rel="noreferrer noopener">https://drive.google.com/drive/folders/1Gp1kqDcLhLTkrFHnj9TaeKI4nPDsWR4U?usp=sharing   </a></p>



<hr class="wp-block-separator has-css-opacity"/>



<p class="has-pale-cyan-blue-background-color has-background has-medium-font-size"><strong>SAIBA MAIS</strong></p>



<figure class="wp-block-embed is-type-video is-provider-youtube wp-block-embed-youtube wp-embed-aspect-16-9 wp-has-aspect-ratio"><div class="wp-block-embed__wrapper">
<p class="responsive-video-wrap clr"><iframe title="Acidentes domésticos (Audiovídeo)" width="1200" height="675" src="https://www.youtube.com/embed/P4ItvUrMx0Y?feature=oembed" frameborder="0" allow="accelerometer; autoplay; clipboard-write; encrypted-media; gyroscope; picture-in-picture" allowfullscreen></iframe></p>
</div><figcaption class="wp-element-caption"> Canal José Firmino de Oliveira Neto &#8220;Acidentes domésticos&#8221;. Disponível em: &lt;<a href="https://youtu.be/P4ItvUrMx0Y">https://youtu.be/P4ItvUrMx0Y</a>&gt;. acesso 13, fev. 2022.    </figcaption></figure>



<figure class="wp-block-table"><table><tbody><tr><td>Componente Curricular</td><td>Ciências da Natureza</td></tr><tr><td>Habilidade</td><td>(EF02CI03) Discutir os cuidados necessários à prevenção de acidentes domésticos (objetos cortantes e inflamáveis, eletricidade, produtos de limpeza, medicamentos etc.).</td></tr><tr><td>Referências</td><td>OLIVEIRA, K. Acidentes domésticos crescem na pandemia e crianças são as principais vítimas. <em>Jornal da USP</em>, 2021. Disponível em: &lt;https://jornal.usp.br/atualidades/acidentes-domesticos-crescem-na-pandemia-e-criancas-sao-as-principais-vitimas/&gt;. Acessado em: 08 de março de 2022.<br><br>ONGARATTO, S. Acidentes domésticos com crianças e adolescentes crescem 112% na pandemia. <em>Revista Crescer</em>, 2021. Disponível em: &lt;https://revistacrescer.globo.com/Saude/noticia/2021/01/acidentes-domesticos-com-criancas-e-adolescentes-cresce-112-na-pandemia.html&gt;. Acessado em: 08 de março de 2022.</td></tr></tbody></table></figure>
