{"id":137925,"date":"2022-03-10T17:51:25","date_gmt":"2022-03-10T20:51:25","guid":{"rendered":"https:\/\/sme.goiania.go.gov.br\/conexaoescola\/?post_type=ensino_fundamental&#038;p=137925"},"modified":"2023-01-12T13:42:45","modified_gmt":"2023-01-12T16:42:45","slug":"historia-modernidade-indo-onde-nenhum-homem-jamais-esteve","status":"publish","type":"ensino_fundamental","link":"https:\/\/sme.goiania.go.gov.br\/conexaoescola\/ensino_fundamental\/historia-modernidade-indo-onde-nenhum-homem-jamais-esteve\/","title":{"rendered":"Hist\u00f3ria &#8211; Modernidade: Indo onde nenhum homem jamais esteve"},"content":{"rendered":"\n<p class=\"has-black-color has-text-color has-background has-medium-font-size\" style=\"background-color:#e0f2fc\">Esta proposta de atividade de&nbsp;<strong>Hist\u00f3ria<\/strong>&nbsp;\u00e9 destinada aos estudantes do<strong>&nbsp;7\u00ba ano&nbsp;<\/strong>dos Anos Finais do Ensino Fundamental.  <\/p>\n\n\n\n<p class=\"has-black-color has-text-color has-medium-font-size\">A Era Moderna, a modernidade, uma era de mudan\u00e7as no pensamento, nas ci\u00eancias e no viver. Para que apreendas isso:<\/p>\n\n\n\n<p class=\"has-text-align-center has-black-color has-text-color has-medium-font-size\"><strong>VAMOS RESPONDER ALGUMAS QUEST\u00d5ES?<\/strong><\/p>\n\n\n\n<div class=\"wp-block-image\"><figure class=\"aligncenter size-full\"><img fetchpriority=\"high\" decoding=\"async\" width=\"960\" height=\"387\" src=\"https:\/\/sme.goiania.go.gov.br\/conexaoescola\/wp-content\/uploads\/2022\/03\/Via-Lactea-e1646944083909.jpg\" alt=\"\" class=\"wp-image-137926\" srcset=\"https:\/\/sme.goiania.go.gov.br\/conexaoescola\/wp-content\/uploads\/2022\/03\/Via-Lactea-e1646944083909.jpg 960w, https:\/\/sme.goiania.go.gov.br\/conexaoescola\/wp-content\/uploads\/2022\/03\/Via-Lactea-e1646944083909-300x121.jpg 300w, https:\/\/sme.goiania.go.gov.br\/conexaoescola\/wp-content\/uploads\/2022\/03\/Via-Lactea-e1646944083909-768x310.jpg 768w\" sizes=\"(max-width: 960px) 100vw, 960px\" \/><figcaption>Dispon\u00edvel em:&lt;https:\/\/www.ufmg.br\/espacodoconhecimento\/10-curiosidades-incriveis-sobre-a-via-lactea\/&gt;. Acesso em: 10, Marc\u00e7o, 22.<\/figcaption><\/figure><\/div>\n\n\n\n<p class=\"has-black-color has-text-color has-background has-medium-font-size\" style=\"background-color:#dfbdfe\"><strong>QUEST\u00c3O 1<\/strong><\/p>\n\n\n\n<div class=\"wp-block-image\"><figure class=\"aligncenter size-full\"><img decoding=\"async\" width=\"567\" height=\"313\" src=\"https:\/\/sme.goiania.go.gov.br\/conexaoescola\/wp-content\/uploads\/2022\/03\/SpaceX-1-e1646944307700.jpg\" alt=\"\" class=\"wp-image-137928\" srcset=\"https:\/\/sme.goiania.go.gov.br\/conexaoescola\/wp-content\/uploads\/2022\/03\/SpaceX-1-e1646944307700.jpg 567w, https:\/\/sme.goiania.go.gov.br\/conexaoescola\/wp-content\/uploads\/2022\/03\/SpaceX-1-e1646944307700-300x166.jpg 300w\" sizes=\"(max-width: 567px) 100vw, 567px\" \/><figcaption>Dispon\u00edvel em:&lt;<a href=\"https:\/\/www.aeroflap.com.br\/spacex-ja-tem-prototipo-sn11-pronto-para-lancamento\/\">https:\/\/www.aeroflap.com.br\/spacex-ja-tem-prototipo-sn11-pronto-para-lancamento\/<\/a>&gt;. Acesso em: 09, mar\u00e7o. 22<br><\/figcaption><\/figure><\/div>\n\n\n\n<p class=\"has-text-align-center has-black-color has-text-color has-medium-font-size\"><\/p>\n\n\n\n<p class=\"has-black-color has-text-color has-medium-font-size\">Leia o t\u00edtulo da mat\u00e9ria jornal\u00edstica e o t\u00edtulo da aula. Pense e em seguida redija um pequeno texto explicando o que significou as a\u00e7\u00f5es desencadeadas pela era moderna na vida das pessoas, ci\u00eancia e sociedades.<\/p>\n\n\n\n<p class=\"has-black-color has-text-color has-background has-medium-font-size\" style=\"background-color:#dfbdfe\"><strong>QUEST\u00c3O 2<\/strong><\/p>\n\n\n\n<p class=\"has-black-color has-text-color has-medium-font-size\">Qual faculdade mental ou intelectual foi amplamente valorizada no contexto da Modernidade?<\/p>\n\n\n\n<p class=\"has-black-color has-text-color has-background has-medium-font-size\" style=\"background-color:#dfbdfe\"><strong> QUEST\u00c3O 3 <\/strong><\/p>\n\n\n\n<p class=\"has-black-color has-text-color has-medium-font-size\">Apresente as diferen\u00e7as existentes entre os modelos \u201cGeoc\u00eantrico e Helioc\u00eantrico\u201d. Quem prop\u00f4s cada um desses modelos?<\/p>\n\n\n\n<p class=\"has-black-color has-text-color has-background has-medium-font-size\" style=\"background-color:#dfbdfe\"> <strong> QUEST\u00c3O 4 <\/strong> <\/p>\n\n\n\n<p class=\"has-black-color has-text-color has-medium-font-size\">Quais as contribui\u00e7\u00f5es de Galileu Galilei para a ci\u00eancia moderna?&nbsp;<\/p>\n\n\n\n<p class=\"has-text-align-center has-black-color has-text-color has-background has-medium-font-size\" style=\"background-color:#c7e5a7\"><strong>  SAIBA MAIS  <\/strong><\/p>\n\n\n\n<figure class=\"wp-block-embed is-type-video is-provider-youtube wp-block-embed-youtube wp-embed-aspect-16-9 wp-has-aspect-ratio\"><div class=\"wp-block-embed__wrapper\">\n<p class=\"responsive-video-wrap clr\"><iframe title=\"Atividade 3 - Giordano Bruno - 7\u00b0 Ano\" width=\"1200\" height=\"675\" src=\"https:\/\/www.youtube.com\/embed\/yKrCYE4troU?feature=oembed\" frameborder=\"0\" allow=\"accelerometer; autoplay; clipboard-write; encrypted-media; gyroscope; picture-in-picture; web-share\" allowfullscreen><\/iframe><\/p>\n<\/div><figcaption>Canal Uilson Duarte. &#8220;Atividade 3 &#8211; Giordano Bruno &#8211; 7\u00b0 Ano&#8221;. Dispon\u00edvel em:&lt;https:\/\/www.youtube.com\/watch?v=yKrCYE4troU&gt;. Acesso em: 10, mar. 22<\/figcaption><\/figure>\n\n\n\n<p class=\"has-black-color has-text-color has-background has-medium-font-size\" style=\"background-color:#c1e8ff\"><strong>Acesse os materiais referentes a essa atividade clicando aqui:<\/strong> <a href=\"https:\/\/sme.goiania.go.gov.br\/conexaoescola\/propostas_didaticas\/propostas-didaticas-historia-7o-ano\/\" data-type=\"URL\" data-id=\"https:\/\/sme.goiania.go.gov.br\/conexaoescola\/propostas_didaticas\/propostas-didaticas-historia-7o-ano\/\" target=\"_blank\" rel=\"noreferrer noopener\">https:\/\/drive.google.com\/drive\/folders\/1VJ7vZuTmAQNwKkfflnmuD3sA71GVUdfP?usp=sharing<\/a><\/p>\n\n\n\n<figure class=\"wp-block-table is-style-stripes\"><table><tbody><tr><td><strong>Habilidade:<\/strong><\/td><td><strong>(EF07HI01) <\/strong>Explicar o significado de \u201cModernidade\u201d e suas l\u00f3gicas de inclus\u00e3o e exclus\u00e3o, com base em uma concep\u00e7\u00e3o europeia.<br><strong>(GO-EF07HI01-A) <\/strong>Compreender que a constitui\u00e7\u00e3o da modernidade n\u00e3o ocorreu de forma abrupta, mas foi um processo de m\u00faltiplas temporalidades e acontecimentos simult\u00e2neos em lugares diferentes, como: crise de produ\u00e7\u00e3o, fome, epidemias, guerras, fartura, progresso e inven\u00e7\u00f5es<strong>.<\/strong><\/td><\/tr><\/tbody><\/table><\/figure>\n\n\n\n<figure class=\"wp-block-table is-style-stripes\"><table><tbody><tr><td><strong>Referencial Te\u00f3rico&nbsp;<\/strong><br><\/td><td><strong>ACKER<\/strong>, Maria Teresa Vianna Van. Renascimento e humanismo: o homem e o mundo europeu do s\u00e9culo XIX ao s\u00e9culo XVI. S\u00e3o Paulo: Atual, 1992. p. 6-7. (Hist\u00f3ria geral em documentos).<br><strong>Dauwe<\/strong>, Fabiano. Caderno de estudos : hist\u00f3ria moderna \/ Fabiano Dauwe,&nbsp; Centro Universit\u00e1rio Leonardo Da Vinci. \u2013&nbsp; Indaial :UNIASSELVI, 2008.<br><strong>Durant<\/strong>, Will. Cole\u00e7\u00e3o: Hist\u00f3ria da Civiliza\u00e7\u00e3o. Editora: Record. 1994<br>Revista Cr\u00edtica de Ci\u00eancias Sociais. 80, Mar\u00e7o 2008: 115-147. <strong>MIGNOLO<\/strong>, Walter. Colonialidade: O lado mais obscuro da modernidade.<br><strong>TERNES<\/strong>, Jos\u00e9. Michel Foucault e o nascimento da modernidade.&nbsp; Tempo Social;&nbsp; Rev.&nbsp; Sociol.&nbsp; USP,&nbsp; S.&nbsp; Paulo,&nbsp; 7(1-2): 45-52, outubro de 1995.<\/td><\/tr><\/tbody><\/table><\/figure>\n","protected":false},"author":51,"featured_media":137926,"template":"","ef_categoria":[],"ef_ano":[90],"ef_componente":[95],"class_list":["post-137925","ensino_fundamental","type-ensino_fundamental","status-publish","has-post-thumbnail","hentry","ef_ano-7o-ano","ef_componente-historia","entry","has-media"],"acf":[],"_links":{"self":[{"href":"https:\/\/sme.goiania.go.gov.br\/conexaoescola\/wp-json\/wp\/v2\/ensino_fundamental\/137925","targetHints":{"allow":["GET"]}}],"collection":[{"href":"https:\/\/sme.goiania.go.gov.br\/conexaoescola\/wp-json\/wp\/v2\/ensino_fundamental"}],"about":[{"href":"https:\/\/sme.goiania.go.gov.br\/conexaoescola\/wp-json\/wp\/v2\/types\/ensino_fundamental"}],"author":[{"embeddable":true,"href":"https:\/\/sme.goiania.go.gov.br\/conexaoescola\/wp-json\/wp\/v2\/users\/51"}],"version-history":[{"count":0,"href":"https:\/\/sme.goiania.go.gov.br\/conexaoescola\/wp-json\/wp\/v2\/ensino_fundamental\/137925\/revisions"}],"wp:featuredmedia":[{"embeddable":true,"href":"https:\/\/sme.goiania.go.gov.br\/conexaoescola\/wp-json\/wp\/v2\/media\/137926"}],"wp:attachment":[{"href":"https:\/\/sme.goiania.go.gov.br\/conexaoescola\/wp-json\/wp\/v2\/media?parent=137925"}],"wp:term":[{"taxonomy":"ef_categoria","embeddable":true,"href":"https:\/\/sme.goiania.go.gov.br\/conexaoescola\/wp-json\/wp\/v2\/ef_categoria?post=137925"},{"taxonomy":"ef_ano","embeddable":true,"href":"https:\/\/sme.goiania.go.gov.br\/conexaoescola\/wp-json\/wp\/v2\/ef_ano?post=137925"},{"taxonomy":"ef_componente","embeddable":true,"href":"https:\/\/sme.goiania.go.gov.br\/conexaoescola\/wp-json\/wp\/v2\/ef_componente?post=137925"}],"curies":[{"name":"wp","href":"https:\/\/api.w.org\/{rel}","templated":true}]}}

História &#8211; Modernidade: Indo onde nenhum homem jamais esteve

<p class="has-black-color has-text-color has-background has-medium-font-size" style="background-color:#e0f2fc">Esta proposta de atividade de&nbsp;<strong>História</strong>&nbsp;é destinada aos estudantes do<strong>&nbsp;7º ano&nbsp;</strong>dos Anos Finais do Ensino Fundamental.  </p>



<p class="has-black-color has-text-color has-medium-font-size">A Era Moderna, a modernidade, uma era de mudanças no pensamento, nas ciências e no viver. Para que apreendas isso:</p>



<p class="has-text-align-center has-black-color has-text-color has-medium-font-size"><strong>VAMOS RESPONDER ALGUMAS QUESTÕES?</strong></p>



<div class="wp-block-image"><figure class="aligncenter size-full"><img fetchpriority="high" decoding="async" width="960" height="387" src="https://sme.goiania.go.gov.br/conexaoescola/wp-content/uploads/2022/03/Via-Lactea-e1646944083909.jpg" alt="" class="wp-image-137926" srcset="https://sme.goiania.go.gov.br/conexaoescola/wp-content/uploads/2022/03/Via-Lactea-e1646944083909.jpg 960w, https://sme.goiania.go.gov.br/conexaoescola/wp-content/uploads/2022/03/Via-Lactea-e1646944083909-300x121.jpg 300w, https://sme.goiania.go.gov.br/conexaoescola/wp-content/uploads/2022/03/Via-Lactea-e1646944083909-768x310.jpg 768w" sizes="(max-width: 960px) 100vw, 960px" /><figcaption>Disponível em:&lt;https://www.ufmg.br/espacodoconhecimento/10-curiosidades-incriveis-sobre-a-via-lactea/&gt;. Acesso em: 10, Marcço, 22.</figcaption></figure></div>



<p class="has-black-color has-text-color has-background has-medium-font-size" style="background-color:#dfbdfe"><strong>QUESTÃO 1</strong></p>



<div class="wp-block-image"><figure class="aligncenter size-full"><img decoding="async" width="567" height="313" src="https://sme.goiania.go.gov.br/conexaoescola/wp-content/uploads/2022/03/SpaceX-1-e1646944307700.jpg" alt="" class="wp-image-137928" srcset="https://sme.goiania.go.gov.br/conexaoescola/wp-content/uploads/2022/03/SpaceX-1-e1646944307700.jpg 567w, https://sme.goiania.go.gov.br/conexaoescola/wp-content/uploads/2022/03/SpaceX-1-e1646944307700-300x166.jpg 300w" sizes="(max-width: 567px) 100vw, 567px" /><figcaption>Disponível em:&lt;<a href="https://www.aeroflap.com.br/spacex-ja-tem-prototipo-sn11-pronto-para-lancamento/">https://www.aeroflap.com.br/spacex-ja-tem-prototipo-sn11-pronto-para-lancamento/</a>&gt;. Acesso em: 09, março. 22<br></figcaption></figure></div>



<p class="has-text-align-center has-black-color has-text-color has-medium-font-size"></p>



<p class="has-black-color has-text-color has-medium-font-size">Leia o título da matéria jornalística e o título da aula. Pense e em seguida redija um pequeno texto explicando o que significou as ações desencadeadas pela era moderna na vida das pessoas, ciência e sociedades.</p>



<p class="has-black-color has-text-color has-background has-medium-font-size" style="background-color:#dfbdfe"><strong>QUESTÃO 2</strong></p>



<p class="has-black-color has-text-color has-medium-font-size">Qual faculdade mental ou intelectual foi amplamente valorizada no contexto da Modernidade?</p>



<p class="has-black-color has-text-color has-background has-medium-font-size" style="background-color:#dfbdfe"><strong> QUESTÃO 3 </strong></p>



<p class="has-black-color has-text-color has-medium-font-size">Apresente as diferenças existentes entre os modelos “Geocêntrico e Heliocêntrico”. Quem propôs cada um desses modelos?</p>



<p class="has-black-color has-text-color has-background has-medium-font-size" style="background-color:#dfbdfe"> <strong> QUESTÃO 4 </strong> </p>



<p class="has-black-color has-text-color has-medium-font-size">Quais as contribuições de Galileu Galilei para a ciência moderna?&nbsp;</p>



<p class="has-text-align-center has-black-color has-text-color has-background has-medium-font-size" style="background-color:#c7e5a7"><strong>  SAIBA MAIS  </strong></p>



<figure class="wp-block-embed is-type-video is-provider-youtube wp-block-embed-youtube wp-embed-aspect-16-9 wp-has-aspect-ratio"><div class="wp-block-embed__wrapper">
<p class="responsive-video-wrap clr"><iframe title="Atividade 3 - Giordano Bruno - 7° Ano" width="1200" height="675" src="https://www.youtube.com/embed/yKrCYE4troU?feature=oembed" frameborder="0" allow="accelerometer; autoplay; clipboard-write; encrypted-media; gyroscope; picture-in-picture; web-share" allowfullscreen></iframe></p>
</div><figcaption>Canal Uilson Duarte. &#8220;Atividade 3 &#8211; Giordano Bruno &#8211; 7° Ano&#8221;. Disponível em:&lt;https://www.youtube.com/watch?v=yKrCYE4troU&gt;. Acesso em: 10, mar. 22</figcaption></figure>



<p class="has-black-color has-text-color has-background has-medium-font-size" style="background-color:#c1e8ff"><strong>Acesse os materiais referentes a essa atividade clicando aqui:</strong> <a href="https://sme.goiania.go.gov.br/conexaoescola/propostas_didaticas/propostas-didaticas-historia-7o-ano/" data-type="URL" data-id="https://sme.goiania.go.gov.br/conexaoescola/propostas_didaticas/propostas-didaticas-historia-7o-ano/" target="_blank" rel="noreferrer noopener">https://drive.google.com/drive/folders/1VJ7vZuTmAQNwKkfflnmuD3sA71GVUdfP?usp=sharing</a></p>



<figure class="wp-block-table is-style-stripes"><table><tbody><tr><td><strong>Habilidade:</strong></td><td><strong>(EF07HI01) </strong>Explicar o significado de “Modernidade” e suas lógicas de inclusão e exclusão, com base em uma concepção europeia.<br><strong>(GO-EF07HI01-A) </strong>Compreender que a constituição da modernidade não ocorreu de forma abrupta, mas foi um processo de múltiplas temporalidades e acontecimentos simultâneos em lugares diferentes, como: crise de produção, fome, epidemias, guerras, fartura, progresso e invenções<strong>.</strong></td></tr></tbody></table></figure>



<figure class="wp-block-table is-style-stripes"><table><tbody><tr><td><strong>Referencial Teórico&nbsp;</strong><br></td><td><strong>ACKER</strong>, Maria Teresa Vianna Van. Renascimento e humanismo: o homem e o mundo europeu do século XIX ao século XVI. São Paulo: Atual, 1992. p. 6-7. (História geral em documentos).<br><strong>Dauwe</strong>, Fabiano. Caderno de estudos : história moderna / Fabiano Dauwe,&nbsp; Centro Universitário Leonardo Da Vinci. –&nbsp; Indaial :UNIASSELVI, 2008.<br><strong>Durant</strong>, Will. Coleção: História da Civilização. Editora: Record. 1994<br>Revista Crítica de Ciências Sociais. 80, Março 2008: 115-147. <strong>MIGNOLO</strong>, Walter. Colonialidade: O lado mais obscuro da modernidade.<br><strong>TERNES</strong>, José. Michel Foucault e o nascimento da modernidade.&nbsp; Tempo Social;&nbsp; Rev.&nbsp; Sociol.&nbsp; USP,&nbsp; S.&nbsp; Paulo,&nbsp; 7(1-2): 45-52, outubro de 1995.</td></tr></tbody></table></figure>
