{"id":136831,"date":"2022-02-16T09:17:21","date_gmt":"2022-02-16T11:17:21","guid":{"rendered":"https:\/\/sme.goiania.go.gov.br\/conexaoescola\/?post_type=ensino_fundamental&#038;p=136831"},"modified":"2022-09-12T07:10:27","modified_gmt":"2022-09-12T10:10:27","slug":"ciencias-da-natureza-vida-e-evolucao-respeito-a-diversidade","status":"publish","type":"ensino_fundamental","link":"https:\/\/sme.goiania.go.gov.br\/conexaoescola\/ensino_fundamental\/ciencias-da-natureza-vida-e-evolucao-respeito-a-diversidade\/","title":{"rendered":"Ci\u00eancias da Natureza &#8211; Vida e evolu\u00e7\u00e3o: respeito \u00e0 diversidade"},"content":{"rendered":"\n<p class=\"has-text-align-center\"><img decoding=\"async\" width=\"1064px;\" height=\"599px;\" src=\"https:\/\/lh4.googleusercontent.com\/eB6CAOpoxeXnImUbxXp2yRR8pNX_zFFkMw7-JNkcdWjIlWsAjrpftrh7eiY1caa-FxjWEj1zPSpcmFjOndR3PY-4sncppyYsXA1eDXzu4WmPGD4VfEtocxj1075wJIOBS6iLXHT6\" alt=\"Boneca de pano com desenho de personagem de desenho animado\n\nDescri\u00e7\u00e3o gerada automaticamente com confian\u00e7a m\u00e9dia\"><\/p>\n\n\n\n<p class=\"has-text-align-center has-background has-medium-font-size\" style=\"background-color:#eadbf0\"><strong>Esta proposta de atividade de Ci\u00eancias \u00e9 destinada aos estudantes do 1<sup>o<\/sup> ano do Ensino Fundamental.<\/strong><\/p>\n\n\n\n<p class=\"has-text-align-center has-white-background-color has-background has-medium-font-size\">O SER HUMANO TEM UM CICLO VITAL E CADA UMA DAS FASES \u00c9 MARCADA POR TRANSFORMA\u00c7\u00d5ES DO CORPO E DE COMPORTAMENTO. A MEDIDA QUE O TEMPO VAI PASSANDO E VAMOS CRESCENDO, APRENDEMOS A FAZER MUITAS COISAS.&nbsp;&nbsp;<\/p>\n\n\n\n<p class=\"has-text-align-center\"><img decoding=\"async\" width=\"1354px;\" height=\"761px;\" src=\"https:\/\/lh6.googleusercontent.com\/PyJJ5XzHlMFM-DzXvAol4jq4rwtvnLb7fCCecbHfJZ4l9PXEqp4mFpO7iSuIZ2EDpXMuRSByqsrYPEjBYvY4DJEyt5jk3mmrGJSzRLINm6flrOKwa60sLQeEEBSRGjuKw2pABCMg\" alt=\"Uma imagem contendo vestindo, foto, jovem, segurando\n\nDescri\u00e7\u00e3o gerada automaticamente\"><\/p>\n\n\n\n<figure class=\"wp-block-embed is-type-video is-provider-youtube wp-block-embed-youtube wp-embed-aspect-16-9 wp-has-aspect-ratio\"><div class=\"wp-block-embed__wrapper\">\n<p class=\"responsive-video-wrap clr\"><iframe title=\"Livro   Fam\u00edlia de todo jeito\" width=\"1200\" height=\"675\" src=\"https:\/\/www.youtube.com\/embed\/JRlcSvu2Y7E?feature=oembed\" frameborder=\"0\" allow=\"accelerometer; autoplay; clipboard-write; encrypted-media; gyroscope; picture-in-picture\" allowfullscreen><\/iframe><\/p>\n<\/div><figcaption>Canal: <a href=\"https:\/\/www.youtube.com\/channel\/UCFeG1bWymkmuYA6PA9v2fmg\">Darlice Boaventura<\/a> &#8220;Livro Fam\u00edlia de todo jeito&#8221;. Dispon\u00edvel em: &lt;https:\/\/www.youtube.com\/watch?v=JRlcSvu2Y7E&gt; acesso em 18 fev 2022.<\/figcaption><\/figure>\n\n\n\n<p class=\"has-text-align-center has-background has-medium-font-size\" style=\"background-color:#eadbf0\">A INF\u00c2NCIA \u00c9 A FASE QUE VAI&nbsp;<strong>DESDE O NASCIMENTO AT\u00c9 OS ONZE ANOS DE IDADE.&nbsp;<\/strong>ELA \u00c9 UM PER\u00cdODO DE MUITA APRENDIZAGEM, J\u00c1 QUE \u00c9 QUANDO COME\u00c7AMOS A DESCOBRIR O MUNDO \u00c0 NOSSA VOLTA E AS RELA\u00c7\u00d5ES ENTRE AS PESSOAS; COME\u00c7AMOS A FALAR E A ANDAR.<\/p>\n\n\n\n<p class=\"has-text-align-center has-white-background-color has-background has-medium-font-size\"><strong>VAMOS FAZER AS ATIVIDADES PROPOSTAS?<\/strong><\/p>\n\n\n\n<p class=\"has-background has-medium-font-size\" style=\"background-color:#eadbf0\"><strong>QUEST\u00c3O 1<\/strong><\/p>\n\n\n\n<p class=\"has-medium-font-size\">QUE TAL FAZER UM DESENHO BEM BACANA MOSTRANDO O QUE VOC\u00ca J\u00c1 APRENDEU A FAZER SEM AJUDA DE UM ADULTO?<\/p>\n\n\n\n<div class=\"wp-block-image\"><figure class=\"alignleft\"><img decoding=\"async\" src=\"https:\/\/lh4.googleusercontent.com\/syEdrKWX81EYT8GBhVwihhOjeneGd3RrePQ60q6WWkYHE9G8FN_JbmfuyHCR4ZNWWVZOR-UOBEOlgNPDcN2gu6JmhYLeXiyBZGDaF4a1AWuNHNkHsStuf-RlNmDWtu_xlj2n6OnK\" alt=\"\"\/><\/figure><\/div>\n\n\n\n<p><\/p>\n\n\n\n<p class=\"has-background\" style=\"background-color:#eadbf0;font-size:25px\"><strong>QUEST\u00c3O 2<\/strong><\/p>\n\n\n\n<p class=\"has-text-align-center has-white-background-color has-background has-medium-font-size\">A FASE ADULTA&nbsp;<strong>SE INICIA POR VOLTA DOS VINTE E UM ANOS DE IDADE.<\/strong> AS MUDAN\u00c7AS QUE OCORREM NA ADOLESC\u00caNCIA J\u00c1 SE ESTABILIZARAM, E A RESPONSABILIDADE AUMENTA BASTANTE. ASSIM, OS SEUS RESPONS\u00c1VEIS ENCONTRAM-SE NESTA FASE. OU TALVEZ, NA VELHICE.<\/p>\n\n\n\n<p class=\"has-medium-font-size\">PE\u00c7A AJUDA DO SEU RESPONS\u00c1VEL PARA ESCREVER O NOME DELE E, DEPOIS, TENTE DESENH\u00c1-LO.<\/p>\n\n\n\n<div class=\"wp-block-image\"><figure class=\"aligncenter\"><img decoding=\"async\" src=\"https:\/\/lh4.googleusercontent.com\/2vxTpSgLd59uC4GvB_H9yhMD0Xe6WpyMEzVBYvTEBThfijbQPuyZWhkJBx-MgdlGi0QOWvZwOA1CCTq2ZEJiV5ubhE_uwlW3t4g5drOZ88lSGjpFkHgPX6yNG-pdgYe4eOG0Jwfd\" alt=\"Tela de celular com foto de homem\n\nDescri\u00e7\u00e3o gerada automaticamente\"\/><\/figure><\/div>\n\n\n\n<hr class=\"wp-block-separator\"\/>\n\n\n\n<p class=\"has-background has-medium-font-size\" style=\"background-color:#e5ebed\"><strong>Acesse os materiais referentes a essa atividade clicando aqui:<\/strong><a href=\"https:\/\/sme.goiania.go.gov.br\/conexaoescola\/propostas_didaticas\/propostas-didaticas-ciencias-da-natureza-1o-ano\/\" target=\"_blank\" rel=\"noreferrer noopener\">https:\/\/sme.goiania.go.gov.br\/conexaoescola\/propostas_didaticas\/propostas-didaticas-ciencias-da-natureza-1o-ano\/<\/a><\/p>\n\n\n\n<hr class=\"wp-block-separator\"\/>\n\n\n\n<figure class=\"wp-block-table is-style-stripes\"><table><tbody><tr><td> <strong>Componente Curricular:<\/strong> <\/td><td> CI\u00caNCIAS DA NATUREZA <\/td><\/tr><tr><td> <strong>Habilidade:<\/strong> <\/td><td> (GO-EF01CI10) Reconhecer as diferentes fases da vida do&nbsp; ser humano, suas caracter\u00edsticas e necessidades. <\/td><\/tr><tr><td>Refer\u00eancias:<\/td><td>BASTOS, Ana Cl\u00e1udia. <strong>Fam\u00edlia de todo jeito.<\/strong> Rio de Janeiro: Zit Editora, 2016.<br>GOI\u00c2NIA. Secretaria Municipal de Educa\u00e7\u00e3o. <strong>Aprender sempre. <\/strong>1o. Ano &#8211; Ensino Fundamental; L\u00edngua Portuguesa e Matem\u00e1tica; 1o. Bimestre; Goi\u00e2nia, 2022.<br>GOVERNO DO ESTADO DE GOI\u00c1S. SECRET\u00c1RIA DE ESTADO DE EDUCA\u00c7\u00c3O \u2013 SEDUC\/CONSED. DOCUMENTO CURRICULAR PARA GOI\u00c1S \u2013 AMPLIADO: <strong>VOLUME II ENSINO FUNDAMENTAL ANOS INICIAIS<\/strong>.&nbsp;<\/td><\/tr><\/tbody><\/table><\/figure>\n","protected":false},"author":26,"featured_media":136833,"template":"","ef_categoria":[28],"ef_ano":[84],"ef_componente":[98],"class_list":["post-136831","ensino_fundamental","type-ensino_fundamental","status-publish","has-post-thumbnail","hentry","ef_categoria-educacao-ambiental-e-saude-ciclo-da-adolescencia-fg","ef_ano-1o-ano","ef_componente-ciencia-da-natureza-ef","entry","has-media"],"acf":[],"_links":{"self":[{"href":"https:\/\/sme.goiania.go.gov.br\/conexaoescola\/wp-json\/wp\/v2\/ensino_fundamental\/136831","targetHints":{"allow":["GET"]}}],"collection":[{"href":"https:\/\/sme.goiania.go.gov.br\/conexaoescola\/wp-json\/wp\/v2\/ensino_fundamental"}],"about":[{"href":"https:\/\/sme.goiania.go.gov.br\/conexaoescola\/wp-json\/wp\/v2\/types\/ensino_fundamental"}],"author":[{"embeddable":true,"href":"https:\/\/sme.goiania.go.gov.br\/conexaoescola\/wp-json\/wp\/v2\/users\/26"}],"version-history":[{"count":0,"href":"https:\/\/sme.goiania.go.gov.br\/conexaoescola\/wp-json\/wp\/v2\/ensino_fundamental\/136831\/revisions"}],"wp:featuredmedia":[{"embeddable":true,"href":"https:\/\/sme.goiania.go.gov.br\/conexaoescola\/wp-json\/wp\/v2\/media\/136833"}],"wp:attachment":[{"href":"https:\/\/sme.goiania.go.gov.br\/conexaoescola\/wp-json\/wp\/v2\/media?parent=136831"}],"wp:term":[{"taxonomy":"ef_categoria","embeddable":true,"href":"https:\/\/sme.goiania.go.gov.br\/conexaoescola\/wp-json\/wp\/v2\/ef_categoria?post=136831"},{"taxonomy":"ef_ano","embeddable":true,"href":"https:\/\/sme.goiania.go.gov.br\/conexaoescola\/wp-json\/wp\/v2\/ef_ano?post=136831"},{"taxonomy":"ef_componente","embeddable":true,"href":"https:\/\/sme.goiania.go.gov.br\/conexaoescola\/wp-json\/wp\/v2\/ef_componente?post=136831"}],"curies":[{"name":"wp","href":"https:\/\/api.w.org\/{rel}","templated":true}]}}

Ciências da Natureza &#8211; Vida e evolução: respeito à diversidade

<p class="has-text-align-center"><img decoding="async" width="1064px;" height="599px;" src="https://lh4.googleusercontent.com/eB6CAOpoxeXnImUbxXp2yRR8pNX_zFFkMw7-JNkcdWjIlWsAjrpftrh7eiY1caa-FxjWEj1zPSpcmFjOndR3PY-4sncppyYsXA1eDXzu4WmPGD4VfEtocxj1075wJIOBS6iLXHT6" alt="Boneca de pano com desenho de personagem de desenho animado

Descrição gerada automaticamente com confiança média"></p>



<p class="has-text-align-center has-background has-medium-font-size" style="background-color:#eadbf0"><strong>Esta proposta de atividade de Ciências é destinada aos estudantes do 1<sup>o</sup> ano do Ensino Fundamental.</strong></p>



<p class="has-text-align-center has-white-background-color has-background has-medium-font-size">O SER HUMANO TEM UM CICLO VITAL E CADA UMA DAS FASES É MARCADA POR TRANSFORMAÇÕES DO CORPO E DE COMPORTAMENTO. A MEDIDA QUE O TEMPO VAI PASSANDO E VAMOS CRESCENDO, APRENDEMOS A FAZER MUITAS COISAS.&nbsp;&nbsp;</p>



<p class="has-text-align-center"><img decoding="async" width="1354px;" height="761px;" src="https://lh6.googleusercontent.com/PyJJ5XzHlMFM-DzXvAol4jq4rwtvnLb7fCCecbHfJZ4l9PXEqp4mFpO7iSuIZ2EDpXMuRSByqsrYPEjBYvY4DJEyt5jk3mmrGJSzRLINm6flrOKwa60sLQeEEBSRGjuKw2pABCMg" alt="Uma imagem contendo vestindo, foto, jovem, segurando

Descrição gerada automaticamente"></p>



<figure class="wp-block-embed is-type-video is-provider-youtube wp-block-embed-youtube wp-embed-aspect-16-9 wp-has-aspect-ratio"><div class="wp-block-embed__wrapper">
<p class="responsive-video-wrap clr"><iframe title="Livro   Família de todo jeito" width="1200" height="675" src="https://www.youtube.com/embed/JRlcSvu2Y7E?feature=oembed" frameborder="0" allow="accelerometer; autoplay; clipboard-write; encrypted-media; gyroscope; picture-in-picture" allowfullscreen></iframe></p>
</div><figcaption>Canal: <a href="https://www.youtube.com/channel/UCFeG1bWymkmuYA6PA9v2fmg">Darlice Boaventura</a> &#8220;Livro Família de todo jeito&#8221;. Disponível em: &lt;https://www.youtube.com/watch?v=JRlcSvu2Y7E&gt; acesso em 18 fev 2022.</figcaption></figure>



<p class="has-text-align-center has-background has-medium-font-size" style="background-color:#eadbf0">A INFÂNCIA É A FASE QUE VAI&nbsp;<strong>DESDE O NASCIMENTO ATÉ OS ONZE ANOS DE IDADE.&nbsp;</strong>ELA É UM PERÍODO DE MUITA APRENDIZAGEM, JÁ QUE É QUANDO COMEÇAMOS A DESCOBRIR O MUNDO À NOSSA VOLTA E AS RELAÇÕES ENTRE AS PESSOAS; COMEÇAMOS A FALAR E A ANDAR.</p>



<p class="has-text-align-center has-white-background-color has-background has-medium-font-size"><strong>VAMOS FAZER AS ATIVIDADES PROPOSTAS?</strong></p>



<p class="has-background has-medium-font-size" style="background-color:#eadbf0"><strong>QUESTÃO 1</strong></p>



<p class="has-medium-font-size">QUE TAL FAZER UM DESENHO BEM BACANA MOSTRANDO O QUE VOCÊ JÁ APRENDEU A FAZER SEM AJUDA DE UM ADULTO?</p>



<div class="wp-block-image"><figure class="alignleft"><img decoding="async" src="https://lh4.googleusercontent.com/syEdrKWX81EYT8GBhVwihhOjeneGd3RrePQ60q6WWkYHE9G8FN_JbmfuyHCR4ZNWWVZOR-UOBEOlgNPDcN2gu6JmhYLeXiyBZGDaF4a1AWuNHNkHsStuf-RlNmDWtu_xlj2n6OnK" alt=""/></figure></div>



<p></p>



<p class="has-background" style="background-color:#eadbf0;font-size:25px"><strong>QUESTÃO 2</strong></p>



<p class="has-text-align-center has-white-background-color has-background has-medium-font-size">A FASE ADULTA&nbsp;<strong>SE INICIA POR VOLTA DOS VINTE E UM ANOS DE IDADE.</strong> AS MUDANÇAS QUE OCORREM NA ADOLESCÊNCIA JÁ SE ESTABILIZARAM, E A RESPONSABILIDADE AUMENTA BASTANTE. ASSIM, OS SEUS RESPONSÁVEIS ENCONTRAM-SE NESTA FASE. OU TALVEZ, NA VELHICE.</p>



<p class="has-medium-font-size">PEÇA AJUDA DO SEU RESPONSÁVEL PARA ESCREVER O NOME DELE E, DEPOIS, TENTE DESENHÁ-LO.</p>



<div class="wp-block-image"><figure class="aligncenter"><img decoding="async" src="https://lh4.googleusercontent.com/2vxTpSgLd59uC4GvB_H9yhMD0Xe6WpyMEzVBYvTEBThfijbQPuyZWhkJBx-MgdlGi0QOWvZwOA1CCTq2ZEJiV5ubhE_uwlW3t4g5drOZ88lSGjpFkHgPX6yNG-pdgYe4eOG0Jwfd" alt="Tela de celular com foto de homem

Descrição gerada automaticamente"/></figure></div>



<hr class="wp-block-separator"/>



<p class="has-background has-medium-font-size" style="background-color:#e5ebed"><strong>Acesse os materiais referentes a essa atividade clicando aqui:</strong><a href="https://sme.goiania.go.gov.br/conexaoescola/propostas_didaticas/propostas-didaticas-ciencias-da-natureza-1o-ano/" target="_blank" rel="noreferrer noopener">https://sme.goiania.go.gov.br/conexaoescola/propostas_didaticas/propostas-didaticas-ciencias-da-natureza-1o-ano/</a></p>



<hr class="wp-block-separator"/>



<figure class="wp-block-table is-style-stripes"><table><tbody><tr><td> <strong>Componente Curricular:</strong> </td><td> CIÊNCIAS DA NATUREZA </td></tr><tr><td> <strong>Habilidade:</strong> </td><td> (GO-EF01CI10) Reconhecer as diferentes fases da vida do&nbsp; ser humano, suas características e necessidades. </td></tr><tr><td>Referências:</td><td>BASTOS, Ana Cláudia. <strong>Família de todo jeito.</strong> Rio de Janeiro: Zit Editora, 2016.<br>GOIÂNIA. Secretaria Municipal de Educação. <strong>Aprender sempre. </strong>1o. Ano &#8211; Ensino Fundamental; Língua Portuguesa e Matemática; 1o. Bimestre; Goiânia, 2022.<br>GOVERNO DO ESTADO DE GOIÁS. SECRETÁRIA DE ESTADO DE EDUCAÇÃO – SEDUC/CONSED. DOCUMENTO CURRICULAR PARA GOIÁS – AMPLIADO: <strong>VOLUME II ENSINO FUNDAMENTAL ANOS INICIAIS</strong>.&nbsp;</td></tr></tbody></table></figure>
