{"id":136790,"date":"2022-02-15T14:50:43","date_gmt":"2022-02-15T16:50:43","guid":{"rendered":"https:\/\/sme.goiania.go.gov.br\/conexaoescola\/?post_type=ensino_fundamental&#038;p=136790"},"modified":"2022-09-12T07:16:38","modified_gmt":"2022-09-12T10:16:38","slug":"parlendas-alfabeto","status":"publish","type":"ensino_fundamental","link":"https:\/\/sme.goiania.go.gov.br\/conexaoescola\/ensino_fundamental\/parlendas-alfabeto\/","title":{"rendered":"L\u00edngua Portuguesa &#8211; Parlendas: Alfabeto"},"content":{"rendered":"\n<p class=\"has-text-align-center has-black-color has-text-color has-background has-medium-font-size\" style=\"background-color:#bfe6fc\">Esta proposta de atividade de <strong>L\u00edngua Portuguesa<\/strong> \u00e9 destinada aos estudantes do <strong>1\u00ba Ano<\/strong> do Ensino Fundamental.<\/p>\n\n\n\n<p class=\"has-text-align-center has-medium-font-size\">SABEMOS QUE O ALFABETO COMPLETO DA L\u00cdNGUA PORTUGUESA \u00c9 COMPOSTO POR VINTE E SEIS LETRAS, DIVIDIDAS EM VOGAIS E CONSOANTES. AS DIVERSAS LETRAS DO ABECED\u00c1RIO PODEM SER ESCRITAS DE FORMA MIN\u00daSCULA OU MAI\u00daSCULA.<\/p>\n\n\n\n<p class=\"has-text-align-center\"><strong><img fetchpriority=\"high\" decoding=\"async\" width=\"488\" height=\"325\" src=\"https:\/\/lh3.googleusercontent.com\/fJpJuZ05PES7L0HLc56_ugU9JmuEfd90KSDaWQwvNFdCp-m_HGxO3uF41cp74P8xIskRbVrmlNxpa_nS9ysTpZnQwmdDY1KLRwo02FVdqbi8MuVUFgUDEsH7vxY3as3KoySenleL\"><\/strong><\/p>\n\n\n\n<p class=\"has-text-align-center\">Dispon\u00edvel em: <a href=\"https:\/\/br.freepik.com\/fotos-gratis\/dados-de-madeira-com-letras-entre-as-paginas-de-um-livro_17182417.htm\">Dados de madeira com letras entre as p\u00e1ginas de um livro. | Foto Gr\u00e1tis (freepik.com)<\/a><\/p>\n\n\n\n<hr class=\"wp-block-separator\"\/>\n\n\n\n<p class=\"has-text-align-center has-black-color has-text-color has-background has-medium-font-size\" style=\"background-color:#fff4d5\">ASSISTA A VIDEOAULA E APRENDA UM POUCO MAIS SOBRE ESSE TEMA:<\/p>\n\n\n\n<figure class=\"wp-block-embed is-type-video is-provider-youtube wp-block-embed-youtube wp-embed-aspect-16-9 wp-has-aspect-ratio\"><div class=\"wp-block-embed__wrapper\">\n<p class=\"responsive-video-wrap clr\"><iframe title=\"Aprender Sempre - L. Portuguesa - 1\u00ba Ano - 1\u00ba Bim - Videoaula1 - Conhecendo as parlendas - Alfabeto\" width=\"1200\" height=\"675\" src=\"https:\/\/www.youtube.com\/embed\/z-K_Zhv4yBw?feature=oembed\" frameborder=\"0\" allow=\"accelerometer; autoplay; clipboard-write; encrypted-media; gyroscope; picture-in-picture\" allowfullscreen><\/iframe><\/p>\n<\/div><figcaption>Canal Portal Conex\u00e3o Escola &#8220;Aprender Sempre &#8211; L. Portuguesa &#8211; 1\u00ba Ano &#8211; 1\u00baBi &#8211; Videoaula1 &#8211; CONHECENDO AS PARLENDAS &#8211; ALFABETO&#8221; .Dispon\u00edvel em: &lt;https:\/\/youtu.be\/z-K_Zhv4yBw&gt; acesso em 17 fev 2022.<\/figcaption><\/figure>\n\n\n\n<p class=\"has-text-align-center has-medium-font-size\">VAMOS RESOLVER AS ATIVIDADES PROPOSTAS?<\/p>\n\n\n\n<p class=\"has-text-align-left has-background has-medium-font-size\" style=\"background-color:#fff4d5\"><strong>QUEST\u00c3O 1<\/strong><\/p>\n\n\n\n<p class=\"has-medium-font-size\">QUE LEGAL! VAMOS VER SE VOC\u00ca CONHECE TODAS AS LETRAS DO SEU NOME? PINTE CADA LETRA DE UMA COR BEM BONITA.<\/p>\n\n\n\n<figure class=\"wp-block-table is-style-regular\"><table><tbody><tr><td class=\"has-text-align-center\" data-align=\"center\">A<\/td><td class=\"has-text-align-center\" data-align=\"center\">N<\/td><td class=\"has-text-align-center\" data-align=\"center\">X<\/td><td class=\"has-text-align-center\" data-align=\"center\">O<\/td><td class=\"has-text-align-center\" data-align=\"center\">M<\/td><td class=\"has-text-align-center\" data-align=\"center\">R<\/td><td class=\"has-text-align-center\" data-align=\"center\">G<\/td><td class=\"has-text-align-center\" data-align=\"center\">I<\/td><\/tr><tr><td class=\"has-text-align-center\" data-align=\"center\">H<\/td><td class=\"has-text-align-center\" data-align=\"center\">T<\/td><td class=\"has-text-align-center\" data-align=\"center\">B<\/td><td class=\"has-text-align-center\" data-align=\"center\">P<\/td><td class=\"has-text-align-center\" data-align=\"center\">C<\/td><td class=\"has-text-align-center\" data-align=\"center\">Y<\/td><td class=\"has-text-align-center\" data-align=\"center\">S<\/td><td class=\"has-text-align-center\" data-align=\"center\">F<\/td><\/tr><tr><td class=\"has-text-align-center\" data-align=\"center\">W<\/td><td class=\"has-text-align-center\" data-align=\"center\">J<\/td><td class=\"has-text-align-center\" data-align=\"center\">Q<\/td><td class=\"has-text-align-center\" data-align=\"center\">K<\/td><td class=\"has-text-align-center\" data-align=\"center\">Z<\/td><td class=\"has-text-align-center\" data-align=\"center\">D<\/td><td class=\"has-text-align-center\" data-align=\"center\">L<\/td><td class=\"has-text-align-center\" data-align=\"center\">*<\/td><\/tr><\/tbody><\/table><\/figure>\n\n\n\n<p class=\"has-medium-font-size\">AGORA, ESCREVA SEU NOME:<\/p>\n\n\n\n<p class=\"has-medium-font-size\">ESCREVA O NOME DE DOIS COLEGAS DA SUA SALA:<\/p>\n\n\n\n<p class=\"has-black-color has-text-color has-background has-medium-font-size\" style=\"background-color:#fff4d5\"><strong>QUEST\u00c3O 2<\/strong><\/p>\n\n\n\n<p class=\"has-medium-font-size\">VAMOS RELER A PARLENDA ABAIXO E, EM SEGUIDA, PINTE TODAS AS PALAVRAS QUE CONT\u00caM A LETRA \u201cC\u201d<\/p>\n\n\n\n<p class=\"has-text-align-center has-medium-font-size\">&#8220;CORRE CUTIA,<\/p>\n\n\n\n<p class=\"has-text-align-center has-medium-font-size\">NA CASA DA TIA.<\/p>\n\n\n\n<p class=\"has-text-align-center has-medium-font-size\">CORRE CIP\u00d3,<\/p>\n\n\n\n<p class=\"has-text-align-center has-medium-font-size\">NA CASA DA AV\u00d3.<\/p>\n\n\n\n<p class=\"has-text-align-center has-medium-font-size\">LENCINHO NA M\u00c3O,<\/p>\n\n\n\n<p class=\"has-text-align-center has-medium-font-size\">CAIU NO CH\u00c3O.<\/p>\n\n\n\n<p class=\"has-text-align-center has-medium-font-size\">MO\u00c7A BONITA,<\/p>\n\n\n\n<p class=\"has-text-align-center has-medium-font-size\">DO MEU CORA\u00c7\u00c3O&#8230;<\/p>\n\n\n\n<p class=\"has-text-align-center has-medium-font-size\">UM, DOIS, TR\u00caS!&#8221;<\/p>\n\n\n\n<p class=\"has-text-align-center\"><img decoding=\"async\" width=\"667.0974982436611\" height=\"374\" src=\"https:\/\/lh3.googleusercontent.com\/T_vpBHYtL2PSvjWCTyYwwl_LFs9dPXjVuA4eFsl0RbUxd2oP9bPktQnWJPWnM_dkiGhmpTRJa2dJb7ThJV1vK7TpKqNtyXe3-wqC971IoaMhqy468mYBAc95pnGQd0GedBFltJNt\"><\/p>\n\n\n\n<hr class=\"wp-block-separator\"\/>\n\n\n\n<p class=\"has-background has-medium-font-size\" style=\"background-color:#e4f0f6\"><a href=\"https:\/\/sme.goiania.go.gov.br\/conexaoescola\/propostas_didaticas\/propostas-didaticas-lingua-portuguesa-1o-ano\/\" target=\"_blank\" rel=\"noreferrer noopener\">https:\/\/sme.goiania.go.gov.br\/conexaoescola\/propostas_didaticas\/propostas-didaticas-lingua-portuguesa-1o-ano\/<\/a><strong>Acesse os materiais referentes a essa atividade clicando aqui:<\/strong> <\/p>\n\n\n\n<hr class=\"wp-block-separator\"\/>\n\n\n\n<figure class=\"wp-block-table is-style-stripes\"><table><tbody><tr><td><strong>Habilidade:<\/strong><\/td><td>(EF15LP02) estabelecer expectativas em rela\u00e7\u00e3o ao texto que vai ler (pressuposi\u00e7\u00f5es antecipadoras dos sentidos, da forma e da fun\u00e7\u00e3o social do texto), apoiando-se em seus conhecimentos pr\u00e9vios sobre as condi\u00e7\u00f5es de produ\u00e7\u00e3o e recep\u00e7\u00e3o desse texto, o g\u00eanero, o suporte e o universo tem\u00e1tico, bem como sobre sali\u00eancias textuais, recursos gr\u00e1ficos, imagens, dados da pr\u00f3pria obra (\u00edndice, pref\u00e1cio etc.), confirmando antecipa\u00e7\u00f5es e infer\u00eancias realizadas antes e durante a leitura de textos, checando a adequa\u00e7\u00e3o das hip\u00f3teses realizadas.<br>(EF15LP03) localizar informa\u00e7\u00f5es expl\u00edcitas em textos.<br>(GO-EF01LP40) reconhecer, a partir de textos como quadrinhas, cantigas, parlendas, entre outros g\u00eaneros as caracter\u00edsticas do sistema de escrita: letras e palavras; rela\u00e7\u00e3o entre fala e escrita.<br>(EF01LP02) escrever, espontaneamente ou por ditado, palavras e frases de forma alfab\u00e9tica \u2013 usando letras\/grafemas que representem fonemas. <br>(EFF01LP03) observar escritas convencionais, comparando-as \u00e0s suas produ\u00e7\u00f5es escritas, percebendo semelhan\u00e7as e diferen\u00e7as.<br>(GO-EF01LP37) reconhecer que letras representam sons e que as combina\u00e7\u00f5es das mesmas formam s\u00edlabas e palavras.&nbsp;&nbsp;<\/td><\/tr><tr><td>Refer\u00eancias<\/td><td>GOI\u00c2NIA. Secretaria Municipal de Educa\u00e7\u00e3o. <strong>Aprender sempre. <\/strong>1o. Ano &#8211; Ensino Fundamental; L\u00edngua Portuguesa e Matem\u00e1tica; 1o. Bimestre; Goi\u00e2nia, 2022.<br>GOVERNO DO ESTADO DE GOI\u00c1S. SECRET\u00c1RIA DE ESTADO DE EDUCA\u00c7\u00c3O \u2013 SEDUC\/CONSED. DOCUMENTO CURRICULAR PARA GOI\u00c1S \u2013 AMPLIADO: <strong>VOLUME II ENSINO FUNDAMENTAL ANOS INICIAIS<\/strong>.&nbsp;<br>Diversidade textual: os g\u00eaneros na sala de aula \/ organizado por Carmi Ferraz Santos, M\u00e1rcia Mendon\u00e7a, Marianne C.B. Cavalcanti . 1.ed., 1. reimp. \u2014 Belo Horizonte : Aut\u00eantica , 2007. 136 p. ISBN 857526-190-8 1.Alfabetiza\u00e7\u00e3o. I. Santos, Carmi Ferraz. II. Mendon\u00e7a, M\u00e1rcia. III. Cavalcanti, Marianne C.B. IV. T\u00edtulo.<br>Caderno de orienta\u00e7\u00f5es: Parlendas. S\u00e3o Paulo, 2011. 24p,: il,; 28cm. (Trilhas; vol 12).<\/td><\/tr><\/tbody><\/table><\/figure>\n","protected":false},"author":26,"featured_media":129506,"template":"","ef_categoria":[30],"ef_ano":[84],"ef_componente":[93],"class_list":["post-136790","ensino_fundamental","type-ensino_fundamental","status-publish","has-post-thumbnail","hentry","ef_categoria-etica-e-cidadania-ciclo-da-adolescencia-fg","ef_ano-1o-ano","ef_componente-portugues","entry","has-media"],"acf":[],"_links":{"self":[{"href":"https:\/\/sme.goiania.go.gov.br\/conexaoescola\/wp-json\/wp\/v2\/ensino_fundamental\/136790","targetHints":{"allow":["GET"]}}],"collection":[{"href":"https:\/\/sme.goiania.go.gov.br\/conexaoescola\/wp-json\/wp\/v2\/ensino_fundamental"}],"about":[{"href":"https:\/\/sme.goiania.go.gov.br\/conexaoescola\/wp-json\/wp\/v2\/types\/ensino_fundamental"}],"author":[{"embeddable":true,"href":"https:\/\/sme.goiania.go.gov.br\/conexaoescola\/wp-json\/wp\/v2\/users\/26"}],"version-history":[{"count":0,"href":"https:\/\/sme.goiania.go.gov.br\/conexaoescola\/wp-json\/wp\/v2\/ensino_fundamental\/136790\/revisions"}],"wp:featuredmedia":[{"embeddable":true,"href":"https:\/\/sme.goiania.go.gov.br\/conexaoescola\/wp-json\/wp\/v2\/media\/129506"}],"wp:attachment":[{"href":"https:\/\/sme.goiania.go.gov.br\/conexaoescola\/wp-json\/wp\/v2\/media?parent=136790"}],"wp:term":[{"taxonomy":"ef_categoria","embeddable":true,"href":"https:\/\/sme.goiania.go.gov.br\/conexaoescola\/wp-json\/wp\/v2\/ef_categoria?post=136790"},{"taxonomy":"ef_ano","embeddable":true,"href":"https:\/\/sme.goiania.go.gov.br\/conexaoescola\/wp-json\/wp\/v2\/ef_ano?post=136790"},{"taxonomy":"ef_componente","embeddable":true,"href":"https:\/\/sme.goiania.go.gov.br\/conexaoescola\/wp-json\/wp\/v2\/ef_componente?post=136790"}],"curies":[{"name":"wp","href":"https:\/\/api.w.org\/{rel}","templated":true}]}}

Língua Portuguesa &#8211; Parlendas: Alfabeto

<p class="has-text-align-center has-black-color has-text-color has-background has-medium-font-size" style="background-color:#bfe6fc">Esta proposta de atividade de <strong>Língua Portuguesa</strong> é destinada aos estudantes do <strong>1º Ano</strong> do Ensino Fundamental.</p>



<p class="has-text-align-center has-medium-font-size">SABEMOS QUE O ALFABETO COMPLETO DA LÍNGUA PORTUGUESA É COMPOSTO POR VINTE E SEIS LETRAS, DIVIDIDAS EM VOGAIS E CONSOANTES. AS DIVERSAS LETRAS DO ABECEDÁRIO PODEM SER ESCRITAS DE FORMA MINÚSCULA OU MAIÚSCULA.</p>



<p class="has-text-align-center"><strong><img fetchpriority="high" decoding="async" width="488" height="325" src="https://lh3.googleusercontent.com/fJpJuZ05PES7L0HLc56_ugU9JmuEfd90KSDaWQwvNFdCp-m_HGxO3uF41cp74P8xIskRbVrmlNxpa_nS9ysTpZnQwmdDY1KLRwo02FVdqbi8MuVUFgUDEsH7vxY3as3KoySenleL"></strong></p>



<p class="has-text-align-center">Disponível em: <a href="https://br.freepik.com/fotos-gratis/dados-de-madeira-com-letras-entre-as-paginas-de-um-livro_17182417.htm">Dados de madeira com letras entre as páginas de um livro. | Foto Grátis (freepik.com)</a></p>



<hr class="wp-block-separator"/>



<p class="has-text-align-center has-black-color has-text-color has-background has-medium-font-size" style="background-color:#fff4d5">ASSISTA A VIDEOAULA E APRENDA UM POUCO MAIS SOBRE ESSE TEMA:</p>



<figure class="wp-block-embed is-type-video is-provider-youtube wp-block-embed-youtube wp-embed-aspect-16-9 wp-has-aspect-ratio"><div class="wp-block-embed__wrapper">
<p class="responsive-video-wrap clr"><iframe title="Aprender Sempre - L. Portuguesa - 1º Ano - 1º Bim - Videoaula1 - Conhecendo as parlendas - Alfabeto" width="1200" height="675" src="https://www.youtube.com/embed/z-K_Zhv4yBw?feature=oembed" frameborder="0" allow="accelerometer; autoplay; clipboard-write; encrypted-media; gyroscope; picture-in-picture" allowfullscreen></iframe></p>
</div><figcaption>Canal Portal Conexão Escola &#8220;Aprender Sempre &#8211; L. Portuguesa &#8211; 1º Ano &#8211; 1ºBi &#8211; Videoaula1 &#8211; CONHECENDO AS PARLENDAS &#8211; ALFABETO&#8221; .Disponível em: &lt;https://youtu.be/z-K_Zhv4yBw&gt; acesso em 17 fev 2022.</figcaption></figure>



<p class="has-text-align-center has-medium-font-size">VAMOS RESOLVER AS ATIVIDADES PROPOSTAS?</p>



<p class="has-text-align-left has-background has-medium-font-size" style="background-color:#fff4d5"><strong>QUESTÃO 1</strong></p>



<p class="has-medium-font-size">QUE LEGAL! VAMOS VER SE VOCÊ CONHECE TODAS AS LETRAS DO SEU NOME? PINTE CADA LETRA DE UMA COR BEM BONITA.</p>



<figure class="wp-block-table is-style-regular"><table><tbody><tr><td class="has-text-align-center" data-align="center">A</td><td class="has-text-align-center" data-align="center">N</td><td class="has-text-align-center" data-align="center">X</td><td class="has-text-align-center" data-align="center">O</td><td class="has-text-align-center" data-align="center">M</td><td class="has-text-align-center" data-align="center">R</td><td class="has-text-align-center" data-align="center">G</td><td class="has-text-align-center" data-align="center">I</td></tr><tr><td class="has-text-align-center" data-align="center">H</td><td class="has-text-align-center" data-align="center">T</td><td class="has-text-align-center" data-align="center">B</td><td class="has-text-align-center" data-align="center">P</td><td class="has-text-align-center" data-align="center">C</td><td class="has-text-align-center" data-align="center">Y</td><td class="has-text-align-center" data-align="center">S</td><td class="has-text-align-center" data-align="center">F</td></tr><tr><td class="has-text-align-center" data-align="center">W</td><td class="has-text-align-center" data-align="center">J</td><td class="has-text-align-center" data-align="center">Q</td><td class="has-text-align-center" data-align="center">K</td><td class="has-text-align-center" data-align="center">Z</td><td class="has-text-align-center" data-align="center">D</td><td class="has-text-align-center" data-align="center">L</td><td class="has-text-align-center" data-align="center">*</td></tr></tbody></table></figure>



<p class="has-medium-font-size">AGORA, ESCREVA SEU NOME:</p>



<p class="has-medium-font-size">ESCREVA O NOME DE DOIS COLEGAS DA SUA SALA:</p>



<p class="has-black-color has-text-color has-background has-medium-font-size" style="background-color:#fff4d5"><strong>QUESTÃO 2</strong></p>



<p class="has-medium-font-size">VAMOS RELER A PARLENDA ABAIXO E, EM SEGUIDA, PINTE TODAS AS PALAVRAS QUE CONTÊM A LETRA “C”</p>



<p class="has-text-align-center has-medium-font-size">&#8220;CORRE CUTIA,</p>



<p class="has-text-align-center has-medium-font-size">NA CASA DA TIA.</p>



<p class="has-text-align-center has-medium-font-size">CORRE CIPÓ,</p>



<p class="has-text-align-center has-medium-font-size">NA CASA DA AVÓ.</p>



<p class="has-text-align-center has-medium-font-size">LENCINHO NA MÃO,</p>



<p class="has-text-align-center has-medium-font-size">CAIU NO CHÃO.</p>



<p class="has-text-align-center has-medium-font-size">MOÇA BONITA,</p>



<p class="has-text-align-center has-medium-font-size">DO MEU CORAÇÃO&#8230;</p>



<p class="has-text-align-center has-medium-font-size">UM, DOIS, TRÊS!&#8221;</p>



<p class="has-text-align-center"><img decoding="async" width="667.0974982436611" height="374" src="https://lh3.googleusercontent.com/T_vpBHYtL2PSvjWCTyYwwl_LFs9dPXjVuA4eFsl0RbUxd2oP9bPktQnWJPWnM_dkiGhmpTRJa2dJb7ThJV1vK7TpKqNtyXe3-wqC971IoaMhqy468mYBAc95pnGQd0GedBFltJNt"></p>



<hr class="wp-block-separator"/>



<p class="has-background has-medium-font-size" style="background-color:#e4f0f6"><a href="https://sme.goiania.go.gov.br/conexaoescola/propostas_didaticas/propostas-didaticas-lingua-portuguesa-1o-ano/" target="_blank" rel="noreferrer noopener">https://sme.goiania.go.gov.br/conexaoescola/propostas_didaticas/propostas-didaticas-lingua-portuguesa-1o-ano/</a><strong>Acesse os materiais referentes a essa atividade clicando aqui:</strong> </p>



<hr class="wp-block-separator"/>



<figure class="wp-block-table is-style-stripes"><table><tbody><tr><td><strong>Habilidade:</strong></td><td>(EF15LP02) estabelecer expectativas em relação ao texto que vai ler (pressuposições antecipadoras dos sentidos, da forma e da função social do texto), apoiando-se em seus conhecimentos prévios sobre as condições de produção e recepção desse texto, o gênero, o suporte e o universo temático, bem como sobre saliências textuais, recursos gráficos, imagens, dados da própria obra (índice, prefácio etc.), confirmando antecipações e inferências realizadas antes e durante a leitura de textos, checando a adequação das hipóteses realizadas.<br>(EF15LP03) localizar informações explícitas em textos.<br>(GO-EF01LP40) reconhecer, a partir de textos como quadrinhas, cantigas, parlendas, entre outros gêneros as características do sistema de escrita: letras e palavras; relação entre fala e escrita.<br>(EF01LP02) escrever, espontaneamente ou por ditado, palavras e frases de forma alfabética – usando letras/grafemas que representem fonemas. <br>(EFF01LP03) observar escritas convencionais, comparando-as às suas produções escritas, percebendo semelhanças e diferenças.<br>(GO-EF01LP37) reconhecer que letras representam sons e que as combinações das mesmas formam sílabas e palavras.&nbsp;&nbsp;</td></tr><tr><td>Referências</td><td>GOIÂNIA. Secretaria Municipal de Educação. <strong>Aprender sempre. </strong>1o. Ano &#8211; Ensino Fundamental; Língua Portuguesa e Matemática; 1o. Bimestre; Goiânia, 2022.<br>GOVERNO DO ESTADO DE GOIÁS. SECRETÁRIA DE ESTADO DE EDUCAÇÃO – SEDUC/CONSED. DOCUMENTO CURRICULAR PARA GOIÁS – AMPLIADO: <strong>VOLUME II ENSINO FUNDAMENTAL ANOS INICIAIS</strong>.&nbsp;<br>Diversidade textual: os gêneros na sala de aula / organizado por Carmi Ferraz Santos, Márcia Mendonça, Marianne C.B. Cavalcanti . 1.ed., 1. reimp. — Belo Horizonte : Autêntica , 2007. 136 p. ISBN 857526-190-8 1.Alfabetização. I. Santos, Carmi Ferraz. II. Mendonça, Márcia. III. Cavalcanti, Marianne C.B. IV. Título.<br>Caderno de orientações: Parlendas. São Paulo, 2011. 24p,: il,; 28cm. (Trilhas; vol 12).</td></tr></tbody></table></figure>
