{"id":136481,"date":"2022-02-17T09:03:02","date_gmt":"2022-02-17T11:03:02","guid":{"rendered":"https:\/\/sme.goiania.go.gov.br\/conexaoescola\/?post_type=ensino_fundamental&#038;p=136481"},"modified":"2023-03-14T15:18:21","modified_gmt":"2023-03-14T18:18:21","slug":"lingua-portuguesa-mural-de-apresentacoes-legenda","status":"publish","type":"ensino_fundamental","link":"https:\/\/sme.goiania.go.gov.br\/conexaoescola\/ensino_fundamental\/lingua-portuguesa-mural-de-apresentacoes-legenda\/","title":{"rendered":"L\u00edngua Portuguesa &#8211; Mural de apresenta\u00e7\u00f5es: legenda"},"content":{"rendered":"\n<p class=\"has-text-align-center has-black-color has-text-color has-background has-medium-font-size\" style=\"background-color:#fff7e1\">Esta atividade tem como base as sequ\u00eancias did\u00e1ticas propostas pelo <strong>Programa Aprender Sempre<\/strong>, da SME-Goi\u00e2nia, com base no DC\/GO &#8211; Ampliado e est\u00e1 destinada a estudantes do <strong>2\u00ba ano do Ensino Fundamental<\/strong>.\u00a0<\/p>\n\n\n\n<p><\/p>\n\n\n\n<div class=\"wp-block-buttons is-content-justification-center is-layout-flex wp-container-core-buttons-is-layout-16018d1d wp-block-buttons-is-layout-flex\">\n<div class=\"wp-block-button\"><a class=\"wp-block-button__link wp-element-button\" href=\"https:\/\/docs.google.com\/document\/d\/1M6iHKVgMz1LVqM06KcjvCZLJblVL-utx\/edit?usp=sharing&amp;ouid=102688739607323323114&amp;rtpof=true&amp;sd=true\" target=\"_blank\" rel=\"noreferrer noopener\">Baixe texto<\/a><\/div>\n\n\n\n<div class=\"wp-block-button\"><a class=\"wp-block-button__link wp-element-button\" href=\"https:\/\/docs.google.com\/presentation\/d\/1rRceDXHQb17ep30pCXkpKmZJFzXs4oSi\/edit?usp=sharing&amp;ouid=102688739607323323114&amp;rtpof=true&amp;sd=true\" target=\"_blank\" rel=\"noreferrer noopener\">Baixe slide<\/a><\/div>\n\n\n\n<div class=\"wp-block-button\"><a class=\"wp-block-button__link wp-element-button\" href=\"https:\/\/docs.google.com\/document\/d\/1XUe8M0HWhjmsf0IV0V1hYv0j5dJzZCPk890_LIVZQGQ\/edit?usp=sharing\" target=\"_blank\" rel=\"noreferrer noopener\">Baixe atividade<\/a><\/div>\n<\/div>\n\n\n<div class=\"wp-block-image\">\n<figure class=\"aligncenter size-full is-resized\"><img fetchpriority=\"high\" decoding=\"async\" src=\"https:\/\/sme.goiania.go.gov.br\/conexaoescola\/wp-content\/uploads\/2022\/02\/Captura-de-Tela-2022-02-09-a\u0300s-16.25.36-e1644434788737.png\" alt=\"\" class=\"wp-image-136479\" width=\"592\" height=\"462\" srcset=\"https:\/\/sme.goiania.go.gov.br\/conexaoescola\/wp-content\/uploads\/2022\/02\/Captura-de-Tela-2022-02-09-a\u0300s-16.25.36-e1644434788737.png 752w, https:\/\/sme.goiania.go.gov.br\/conexaoescola\/wp-content\/uploads\/2022\/02\/Captura-de-Tela-2022-02-09-a\u0300s-16.25.36-e1644434788737-300x234.png 300w\" sizes=\"(max-width: 592px) 100vw, 592px\" \/><figcaption class=\"wp-element-caption\">Dispon\u00edvel em: CADERNO APRENDER SEMPRE- 1\u00ba Bimestre 2022- 2\u00baAno\/ Ensino Fundamental\/ L\u00edngua Portuguesa e Matem\u00e1tica\/ Prefeitura de Goi\u00e2nia- Secretaria Municipal de Educa\u00e7\u00e3o.<\/figcaption><\/figure><\/div>\n\n\n<p class=\"has-text-align-center has-black-color has-text-color has-background has-medium-font-size\" style=\"background-color:#fff7e1\"><strong>ASSISTA A VIDEOAULA A SEGUIR:<\/strong><\/p>\n\n\n\n<figure class=\"wp-block-embed is-type-video is-provider-youtube wp-block-embed-youtube wp-embed-aspect-16-9 wp-has-aspect-ratio\"><div class=\"wp-block-embed__wrapper\">\n<p class=\"responsive-video-wrap clr\"><iframe title=\"Aprender Sempre - L. Portuguesa - 2\u00ba Ano - 1\u00ba Bim - Videoaula 1 - Mural de Apresenta\u00e7\u00f5es: Legenda\" width=\"1200\" height=\"675\" src=\"https:\/\/www.youtube.com\/embed\/DsNZLHnTQ-I?feature=oembed\" frameborder=\"0\" allow=\"accelerometer; autoplay; clipboard-write; encrypted-media; gyroscope; picture-in-picture; web-share\" allowfullscreen><\/iframe><\/p>\n<\/div><figcaption class=\"wp-element-caption\">Aprender Sempre &#8211; L\u00edngua Portuguesa &#8211; 2\u00ba Ano &#8211; 1\u00baBim &#8211; Videoaula 1 &#8211; Mural de Apresenta\u00e7\u00f5es: Legenda<\/figcaption><\/figure>\n\n\n\n<p class=\"has-text-align-center has-black-color has-text-color has-background has-medium-font-size\" style=\"background-color:#e2eef9\"><strong>MURAL DE APRESENTA\u00c7\u00d5ES: LEGENDA<\/strong><\/p>\n\n\n\n<p class=\"has-medium-font-size\">VOC\u00ca SABIA QUE QUANDO OBSERVAMOS REVISTAS, JORNAIS, LIVROS E SITES DE INTERNET, PODEMOS IDENTIFICAR TEXTOS QUE ACOMPANHAM AS IMAGENS DESCREVENDO-AS E ADICIONANDO A ELAS ALGUMA INFORMA\u00c7\u00c3O?&nbsp;<\/p>\n\n\n\n<p class=\"has-medium-font-size\">ISSO MESMO! O TEXTO BREVE QUE APARECE\u00a0 ACOMPANHANDO A IMAGEM, IDENTIFICANDO-A, CONTEXTUALIZANDO-A E ACRESCENTANDO ALGUMA INFORMA\u00c7\u00c3O, SIGNIFICADO OU ESCLARECIMENTO \u00c9 CONHECIDO COMO LEGENDA.<\/p>\n\n\n\n<p class=\"has-medium-font-size\">AS LEGENDAS APRESENTAM UMA ESTRUTURA SIMPLES E UM TEXTO CURTO, PODEM SER\u00a0 INFORMATIVAS, JORNAL\u00cdSTICAS OU PESSOAIS.<\/p>\n\n\n<div class=\"wp-block-image\">\n<figure class=\"aligncenter size-full is-resized\"><img decoding=\"async\" src=\"https:\/\/sme.goiania.go.gov.br\/conexaoescola\/wp-content\/uploads\/2022\/02\/1-4-e1678817250986.jpg\" alt=\"\" class=\"wp-image-158795\" width=\"611\" height=\"348\" srcset=\"https:\/\/sme.goiania.go.gov.br\/conexaoescola\/wp-content\/uploads\/2022\/02\/1-4-e1678817250986.jpg 500w, https:\/\/sme.goiania.go.gov.br\/conexaoescola\/wp-content\/uploads\/2022\/02\/1-4-e1678817250986-300x171.jpg 300w\" sizes=\"(max-width: 611px) 100vw, 611px\" \/><figcaption class=\"wp-element-caption\">Dispon\u00edvel em: GOI\u00c2NIA. Secretaria Municipal de Educa\u00e7\u00e3o. Aprender sempre. 2\u00b0. Ano &#8211; Ensino Fundamental; L\u00edngua Portuguesa e Matem\u00e1tica; 1\u00b0. Bimestre; Goi\u00e2nia, 2022. Acesso em 24, jan. 2022.<br><\/figcaption><\/figure><\/div>\n\n\n<p class=\"has-medium-font-size\">\u00c9 IMPORTANTE SABER QUE A FUN\u00c7\u00c3O PRINCIPAL DA LEGENDA \u00c9 AJUDAR O LEITOR A COMPREENDER UMA IMAGEM OU SEJA, A IMAGEM \u00c9 COMPREENDIDA MELHOR ATRAV\u00c9S DA LEITURA DA LEGENDA, DOS DADOS DESCRITOS NELA.<\/p>\n\n\n\n<p class=\"has-text-align-center has-black-color has-text-color has-background has-medium-font-size\" style=\"background-color:#e2eef9\"><strong>ATIVIDADES<\/strong><\/p>\n\n\n\n<p class=\"has-black-color has-text-color has-background has-medium-font-size\" style=\"background-color:#fbf3e0\"><strong>QUEST\u00c3O 1<\/strong><\/p>\n\n\n\n<p class=\"has-black-color has-text-color has-medium-font-size\">AGORA \u00c9 COM VOC\u00ca! OBSERVE AS IMAGENS DE ALGUMAS BRINCADEIRAS DIVERTIDAS E REGISTRE A LEGENDA QUE DEFINE MELHOR CADA UMA:<\/p>\n\n\n\n<p class=\"has-text-align-center has-black-color has-text-color has-background has-medium-font-size\" style=\"background-color:#fff7e1\"><strong>BRINCADEIRAS DIVERTIDAS<\/strong><\/p>\n\n\n<div class=\"wp-block-image\">\n<figure class=\"aligncenter size-large\"><img decoding=\"async\" src=\"https:\/\/sme.goiania.go.gov.br\/conexaoescola\/wp-content\/uploads\/2022\/02\/BRINCADEIRA-e1644445131527-1024x385.jpg\" alt=\"\" class=\"wp-image-136487\"\/><\/figure><\/div>\n\n\n<p class=\"has-black-color has-text-color has-background has-medium-font-size\" style=\"background-color:#fff7e1\"><strong>LEGENDA:<\/strong><\/p>\n\n\n<div class=\"wp-block-image\">\n<figure class=\"aligncenter size-full is-resized\"><img decoding=\"async\" src=\"https:\/\/sme.goiania.go.gov.br\/conexaoescola\/wp-content\/uploads\/2022\/02\/Legenda--e1644447743179.jpg\" alt=\"\" class=\"wp-image-136497\" width=\"540\" height=\"205\" srcset=\"https:\/\/sme.goiania.go.gov.br\/conexaoescola\/wp-content\/uploads\/2022\/02\/Legenda--e1644447743179.jpg 927w, https:\/\/sme.goiania.go.gov.br\/conexaoescola\/wp-content\/uploads\/2022\/02\/Legenda--e1644447743179-300x114.jpg 300w, https:\/\/sme.goiania.go.gov.br\/conexaoescola\/wp-content\/uploads\/2022\/02\/Legenda--e1644447743179-768x291.jpg 768w\" sizes=\"(max-width: 540px) 100vw, 540px\" \/><\/figure><\/div>\n\n\n<p class=\"has-black-color has-text-color has-background has-medium-font-size\" style=\"background-color:#fbf3e0\"><strong>QUEST\u00c3O 2<\/strong><\/p>\n\n\n\n<p class=\"has-black-color has-text-color has-medium-font-size\">CHEGOU A HORA DE MONTAR O MURAL DE APRESENTA\u00c7\u00c3O DA SUA FAM\u00cdLIA.&nbsp;VOC\u00ca PRECISAR\u00c1 ESCOLHER ALGUMAS FOTOS E DEPOIS PODER\u00c1 CRIAR LEGENDAS PARA DESCREVER AS IMAGENS SELECIONADAS. AO FINAL, PODE ANEXAR, COLAR EM UM CADERNO, UM \u00c1LBUM OU EM UM QUADRO NA PAREDE. <br>VEJA O EXEMPLO, SEJA CRIATIVO E BOM TRABALHO!<\/p>\n\n\n<div class=\"wp-block-image\">\n<figure class=\"aligncenter size-large\"><img loading=\"lazy\" decoding=\"async\" width=\"1024\" height=\"584\" src=\"https:\/\/sme.goiania.go.gov.br\/conexaoescola\/wp-content\/uploads\/2022\/02\/ALBUM-2-e1644448075776-1024x584.jpg\" alt=\"\" class=\"wp-image-136498\" srcset=\"https:\/\/sme.goiania.go.gov.br\/conexaoescola\/wp-content\/uploads\/2022\/02\/ALBUM-2-e1644448075776-1024x584.jpg 1024w, https:\/\/sme.goiania.go.gov.br\/conexaoescola\/wp-content\/uploads\/2022\/02\/ALBUM-2-e1644448075776-300x171.jpg 300w, https:\/\/sme.goiania.go.gov.br\/conexaoescola\/wp-content\/uploads\/2022\/02\/ALBUM-2-e1644448075776-768x438.jpg 768w, https:\/\/sme.goiania.go.gov.br\/conexaoescola\/wp-content\/uploads\/2022\/02\/ALBUM-2-e1644448075776.jpg 1194w\" sizes=\"(max-width: 1024px) 100vw, 1024px\" \/><figcaption class=\"wp-element-caption\">Dispon\u00edvel em: &lt;https:\/\/pixabay.com\/pt\/images\/>. Acesso em: 27, jan. 22<br><\/figcaption><\/figure><\/div>\n\n\n<figure class=\"wp-block-table is-style-stripes\"><table><tbody><tr><td><strong>Componente Curricular:<\/strong><\/td><td>L\u00edngua Portuguesa<\/td><\/tr><tr><td><strong>Habilidade:<\/strong><\/td><td>(EF12LP08) Ler e compreender, em colabora\u00e7\u00e3o com os colegas e com a ajuda do professor, fotolegendas em not\u00edcias, manchetes e lides em not\u00edcias, \u00e1lbum de fotos digital noticioso e not\u00edcias curtas para p\u00fablico infantil, entre outros g\u00eaneros do campo jornal\u00edstico, considerando a situa\u00e7\u00e3o comunicativa e o tema\/assunto do texto.<\/td><\/tr><tr><td><strong>Refer\u00eancias:<\/strong><\/td><td>GOI\u00c2NIA. Secretaria Municipal de Educa\u00e7\u00e3o. Aprender sempre. 2\u00b0. Ano &#8211; Ensino Fundamental; L\u00edngua Portuguesa e Matem\u00e1tica; 1\u00b0. Bimestre; Goi\u00e2nia, 2022.<br>Projeto Buriti. Portugu\u00eas. (Cole\u00e7\u00e3o do 2\u00ba ao 5\u00ba ano). S\u00e3o Paulo: Moderna, 2017.<\/td><\/tr><\/tbody><\/table><\/figure>\n\n\n\n<p><\/p>\n","protected":false},"author":23,"featured_media":136499,"template":"","ef_categoria":[13,20],"ef_ano":[85],"ef_componente":[93],"class_list":["post-136481","ensino_fundamental","type-ensino_fundamental","status-publish","has-post-thumbnail","hentry","ef_categoria-ciclo-da-infancia-abc","ef_categoria-etica-e-cidadania","ef_ano-2o-ano","ef_componente-portugues","entry","has-media"],"acf":[],"_links":{"self":[{"href":"https:\/\/sme.goiania.go.gov.br\/conexaoescola\/wp-json\/wp\/v2\/ensino_fundamental\/136481","targetHints":{"allow":["GET"]}}],"collection":[{"href":"https:\/\/sme.goiania.go.gov.br\/conexaoescola\/wp-json\/wp\/v2\/ensino_fundamental"}],"about":[{"href":"https:\/\/sme.goiania.go.gov.br\/conexaoescola\/wp-json\/wp\/v2\/types\/ensino_fundamental"}],"author":[{"embeddable":true,"href":"https:\/\/sme.goiania.go.gov.br\/conexaoescola\/wp-json\/wp\/v2\/users\/23"}],"version-history":[{"count":4,"href":"https:\/\/sme.goiania.go.gov.br\/conexaoescola\/wp-json\/wp\/v2\/ensino_fundamental\/136481\/revisions"}],"predecessor-version":[{"id":158800,"href":"https:\/\/sme.goiania.go.gov.br\/conexaoescola\/wp-json\/wp\/v2\/ensino_fundamental\/136481\/revisions\/158800"}],"wp:featuredmedia":[{"embeddable":true,"href":"https:\/\/sme.goiania.go.gov.br\/conexaoescola\/wp-json\/wp\/v2\/media\/136499"}],"wp:attachment":[{"href":"https:\/\/sme.goiania.go.gov.br\/conexaoescola\/wp-json\/wp\/v2\/media?parent=136481"}],"wp:term":[{"taxonomy":"ef_categoria","embeddable":true,"href":"https:\/\/sme.goiania.go.gov.br\/conexaoescola\/wp-json\/wp\/v2\/ef_categoria?post=136481"},{"taxonomy":"ef_ano","embeddable":true,"href":"https:\/\/sme.goiania.go.gov.br\/conexaoescola\/wp-json\/wp\/v2\/ef_ano?post=136481"},{"taxonomy":"ef_componente","embeddable":true,"href":"https:\/\/sme.goiania.go.gov.br\/conexaoescola\/wp-json\/wp\/v2\/ef_componente?post=136481"}],"curies":[{"name":"wp","href":"https:\/\/api.w.org\/{rel}","templated":true}]}}

Língua Portuguesa &#8211; Mural de apresentações: legenda

<p class="has-text-align-center has-black-color has-text-color has-background has-medium-font-size" style="background-color:#fff7e1">Esta atividade tem como base as sequências didáticas propostas pelo <strong>Programa Aprender Sempre</strong>, da SME-Goiânia, com base no DC/GO &#8211; Ampliado e está destinada a estudantes do <strong>2º ano do Ensino Fundamental</strong>. </p>



<p></p>



<div class="wp-block-buttons is-content-justification-center is-layout-flex wp-container-core-buttons-is-layout-16018d1d wp-block-buttons-is-layout-flex">
<div class="wp-block-button"><a class="wp-block-button__link wp-element-button" href="https://docs.google.com/document/d/1M6iHKVgMz1LVqM06KcjvCZLJblVL-utx/edit?usp=sharing&amp;ouid=102688739607323323114&amp;rtpof=true&amp;sd=true" target="_blank" rel="noreferrer noopener">Baixe texto</a></div>



<div class="wp-block-button"><a class="wp-block-button__link wp-element-button" href="https://docs.google.com/presentation/d/1rRceDXHQb17ep30pCXkpKmZJFzXs4oSi/edit?usp=sharing&amp;ouid=102688739607323323114&amp;rtpof=true&amp;sd=true" target="_blank" rel="noreferrer noopener">Baixe slide</a></div>



<div class="wp-block-button"><a class="wp-block-button__link wp-element-button" href="https://docs.google.com/document/d/1XUe8M0HWhjmsf0IV0V1hYv0j5dJzZCPk890_LIVZQGQ/edit?usp=sharing" target="_blank" rel="noreferrer noopener">Baixe atividade</a></div>
</div>


<div class="wp-block-image">
<figure class="aligncenter size-full is-resized"><img fetchpriority="high" decoding="async" src="https://sme.goiania.go.gov.br/conexaoescola/wp-content/uploads/2022/02/Captura-de-Tela-2022-02-09-às-16.25.36-e1644434788737.png" alt="" class="wp-image-136479" width="592" height="462" srcset="https://sme.goiania.go.gov.br/conexaoescola/wp-content/uploads/2022/02/Captura-de-Tela-2022-02-09-às-16.25.36-e1644434788737.png 752w, https://sme.goiania.go.gov.br/conexaoescola/wp-content/uploads/2022/02/Captura-de-Tela-2022-02-09-às-16.25.36-e1644434788737-300x234.png 300w" sizes="(max-width: 592px) 100vw, 592px" /><figcaption class="wp-element-caption">Disponível em: CADERNO APRENDER SEMPRE- 1º Bimestre 2022- 2ºAno/ Ensino Fundamental/ Língua Portuguesa e Matemática/ Prefeitura de Goiânia- Secretaria Municipal de Educação.</figcaption></figure></div>


<p class="has-text-align-center has-black-color has-text-color has-background has-medium-font-size" style="background-color:#fff7e1"><strong>ASSISTA A VIDEOAULA A SEGUIR:</strong></p>



<figure class="wp-block-embed is-type-video is-provider-youtube wp-block-embed-youtube wp-embed-aspect-16-9 wp-has-aspect-ratio"><div class="wp-block-embed__wrapper">
<p class="responsive-video-wrap clr"><iframe title="Aprender Sempre - L. Portuguesa - 2º Ano - 1º Bim - Videoaula 1 - Mural de Apresentações: Legenda" width="1200" height="675" src="https://www.youtube.com/embed/DsNZLHnTQ-I?feature=oembed" frameborder="0" allow="accelerometer; autoplay; clipboard-write; encrypted-media; gyroscope; picture-in-picture; web-share" allowfullscreen></iframe></p>
</div><figcaption class="wp-element-caption">Aprender Sempre &#8211; Língua Portuguesa &#8211; 2º Ano &#8211; 1ºBim &#8211; Videoaula 1 &#8211; Mural de Apresentações: Legenda</figcaption></figure>



<p class="has-text-align-center has-black-color has-text-color has-background has-medium-font-size" style="background-color:#e2eef9"><strong>MURAL DE APRESENTAÇÕES: LEGENDA</strong></p>



<p class="has-medium-font-size">VOCÊ SABIA QUE QUANDO OBSERVAMOS REVISTAS, JORNAIS, LIVROS E SITES DE INTERNET, PODEMOS IDENTIFICAR TEXTOS QUE ACOMPANHAM AS IMAGENS DESCREVENDO-AS E ADICIONANDO A ELAS ALGUMA INFORMAÇÃO?&nbsp;</p>



<p class="has-medium-font-size">ISSO MESMO! O TEXTO BREVE QUE APARECE  ACOMPANHANDO A IMAGEM, IDENTIFICANDO-A, CONTEXTUALIZANDO-A E ACRESCENTANDO ALGUMA INFORMAÇÃO, SIGNIFICADO OU ESCLARECIMENTO É CONHECIDO COMO LEGENDA.</p>



<p class="has-medium-font-size">AS LEGENDAS APRESENTAM UMA ESTRUTURA SIMPLES E UM TEXTO CURTO, PODEM SER  INFORMATIVAS, JORNALÍSTICAS OU PESSOAIS.</p>


<div class="wp-block-image">
<figure class="aligncenter size-full is-resized"><img decoding="async" src="https://sme.goiania.go.gov.br/conexaoescola/wp-content/uploads/2022/02/1-4-e1678817250986.jpg" alt="" class="wp-image-158795" width="611" height="348" srcset="https://sme.goiania.go.gov.br/conexaoescola/wp-content/uploads/2022/02/1-4-e1678817250986.jpg 500w, https://sme.goiania.go.gov.br/conexaoescola/wp-content/uploads/2022/02/1-4-e1678817250986-300x171.jpg 300w" sizes="(max-width: 611px) 100vw, 611px" /><figcaption class="wp-element-caption">Disponível em: GOIÂNIA. Secretaria Municipal de Educação. Aprender sempre. 2°. Ano &#8211; Ensino Fundamental; Língua Portuguesa e Matemática; 1°. Bimestre; Goiânia, 2022. Acesso em 24, jan. 2022.<br></figcaption></figure></div>


<p class="has-medium-font-size">É IMPORTANTE SABER QUE A FUNÇÃO PRINCIPAL DA LEGENDA É AJUDAR O LEITOR A COMPREENDER UMA IMAGEM OU SEJA, A IMAGEM É COMPREENDIDA MELHOR ATRAVÉS DA LEITURA DA LEGENDA, DOS DADOS DESCRITOS NELA.</p>



<p class="has-text-align-center has-black-color has-text-color has-background has-medium-font-size" style="background-color:#e2eef9"><strong>ATIVIDADES</strong></p>



<p class="has-black-color has-text-color has-background has-medium-font-size" style="background-color:#fbf3e0"><strong>QUESTÃO 1</strong></p>



<p class="has-black-color has-text-color has-medium-font-size">AGORA É COM VOCÊ! OBSERVE AS IMAGENS DE ALGUMAS BRINCADEIRAS DIVERTIDAS E REGISTRE A LEGENDA QUE DEFINE MELHOR CADA UMA:</p>



<p class="has-text-align-center has-black-color has-text-color has-background has-medium-font-size" style="background-color:#fff7e1"><strong>BRINCADEIRAS DIVERTIDAS</strong></p>


<div class="wp-block-image">
<figure class="aligncenter size-large"><img decoding="async" src="https://sme.goiania.go.gov.br/conexaoescola/wp-content/uploads/2022/02/BRINCADEIRA-e1644445131527-1024x385.jpg" alt="" class="wp-image-136487"/></figure></div>


<p class="has-black-color has-text-color has-background has-medium-font-size" style="background-color:#fff7e1"><strong>LEGENDA:</strong></p>


<div class="wp-block-image">
<figure class="aligncenter size-full is-resized"><img decoding="async" src="https://sme.goiania.go.gov.br/conexaoescola/wp-content/uploads/2022/02/Legenda--e1644447743179.jpg" alt="" class="wp-image-136497" width="540" height="205" srcset="https://sme.goiania.go.gov.br/conexaoescola/wp-content/uploads/2022/02/Legenda--e1644447743179.jpg 927w, https://sme.goiania.go.gov.br/conexaoescola/wp-content/uploads/2022/02/Legenda--e1644447743179-300x114.jpg 300w, https://sme.goiania.go.gov.br/conexaoescola/wp-content/uploads/2022/02/Legenda--e1644447743179-768x291.jpg 768w" sizes="(max-width: 540px) 100vw, 540px" /></figure></div>


<p class="has-black-color has-text-color has-background has-medium-font-size" style="background-color:#fbf3e0"><strong>QUESTÃO 2</strong></p>



<p class="has-black-color has-text-color has-medium-font-size">CHEGOU A HORA DE MONTAR O MURAL DE APRESENTAÇÃO DA SUA FAMÍLIA.&nbsp;VOCÊ PRECISARÁ ESCOLHER ALGUMAS FOTOS E DEPOIS PODERÁ CRIAR LEGENDAS PARA DESCREVER AS IMAGENS SELECIONADAS. AO FINAL, PODE ANEXAR, COLAR EM UM CADERNO, UM ÁLBUM OU EM UM QUADRO NA PAREDE. <br>VEJA O EXEMPLO, SEJA CRIATIVO E BOM TRABALHO!</p>


<div class="wp-block-image">
<figure class="aligncenter size-large"><img loading="lazy" decoding="async" width="1024" height="584" src="https://sme.goiania.go.gov.br/conexaoescola/wp-content/uploads/2022/02/ALBUM-2-e1644448075776-1024x584.jpg" alt="" class="wp-image-136498" srcset="https://sme.goiania.go.gov.br/conexaoescola/wp-content/uploads/2022/02/ALBUM-2-e1644448075776-1024x584.jpg 1024w, https://sme.goiania.go.gov.br/conexaoescola/wp-content/uploads/2022/02/ALBUM-2-e1644448075776-300x171.jpg 300w, https://sme.goiania.go.gov.br/conexaoescola/wp-content/uploads/2022/02/ALBUM-2-e1644448075776-768x438.jpg 768w, https://sme.goiania.go.gov.br/conexaoescola/wp-content/uploads/2022/02/ALBUM-2-e1644448075776.jpg 1194w" sizes="(max-width: 1024px) 100vw, 1024px" /><figcaption class="wp-element-caption">Disponível em: &lt;https://pixabay.com/pt/images/>. Acesso em: 27, jan. 22<br></figcaption></figure></div>


<figure class="wp-block-table is-style-stripes"><table><tbody><tr><td><strong>Componente Curricular:</strong></td><td>Língua Portuguesa</td></tr><tr><td><strong>Habilidade:</strong></td><td>(EF12LP08) Ler e compreender, em colaboração com os colegas e com a ajuda do professor, fotolegendas em notícias, manchetes e lides em notícias, álbum de fotos digital noticioso e notícias curtas para público infantil, entre outros gêneros do campo jornalístico, considerando a situação comunicativa e o tema/assunto do texto.</td></tr><tr><td><strong>Referências:</strong></td><td>GOIÂNIA. Secretaria Municipal de Educação. Aprender sempre. 2°. Ano &#8211; Ensino Fundamental; Língua Portuguesa e Matemática; 1°. Bimestre; Goiânia, 2022.<br>Projeto Buriti. Português. (Coleção do 2º ao 5º ano). São Paulo: Moderna, 2017.</td></tr></tbody></table></figure>



<p></p>
