{"id":1350,"date":"2020-05-11T07:00:00","date_gmt":"2020-05-11T10:00:00","guid":{"rendered":"http:\/\/sme.goiania.go.gov.br\/conexaoescola\/?post_type=ensino_fundamental&#038;p=1350"},"modified":"2021-12-07T10:37:41","modified_gmt":"2021-12-07T12:37:41","slug":"vamos-brincar-de-corda-e-aprender-brincando","status":"publish","type":"ensino_fundamental","link":"https:\/\/sme.goiania.go.gov.br\/conexaoescola\/ensino_fundamental\/vamos-brincar-de-corda-e-aprender-brincando\/","title":{"rendered":"Educa\u00e7\u00e3o F\u00edsica &#8211; Vamos brincar de corda e aprender brincando?"},"content":{"rendered":"\n<p>Voc\u00ea sabia que existem diferentes formas de pular corda? Sozinha, em dupla, com m\u00fasica, com duas cordas.&nbsp;<\/p>\n\n\n\n<p><strong>Vamos conhecer<\/strong> essas diferentes formas e aprender algumas <strong>cantigas desafiadoras <\/strong>para a brincadeira de <strong>pular corda<\/strong> nesse v\u00eddeo. <\/p>\n\n\n\n<p><strong>Clique no v\u00eddeo abaixo<\/strong> e assista  \u201cPular corda: brincadeira de rua \u00e9 uma \u00f3tima atividade f\u00edsica\u201de descubra diferentes formas de pular corda. Vamos l\u00e1?.    Refer\u00eancia:&nbsp;&nbsp;MINIST\u00c9RIO DA SA\u00daDE, Youtube <\/p>\n\n\n\n<figure class=\"wp-block-embed is-type-video is-provider-youtube wp-block-embed-youtube wp-embed-aspect-16-9 wp-has-aspect-ratio\"><div class=\"wp-block-embed__wrapper\">\n<p class=\"responsive-video-wrap clr\"><iframe title=\"Pular corda: brincadeira de rua \u00e9 uma \u00f3tima atividade f\u00edsica\" width=\"1200\" height=\"675\" src=\"https:\/\/www.youtube.com\/embed\/wuoBibigjKE?feature=oembed\" frameborder=\"0\" allow=\"accelerometer; autoplay; encrypted-media; gyroscope; picture-in-picture\" allowfullscreen><\/iframe><\/p>\n<\/div><figcaption><a rel=\"noreferrer noopener\" href=\"http:\/\/sme.goiania.go.gov.br\/conexaoescola\/ensino_fundamental\/a-cigarra-e-a-formiga\/\" target=\"_blank\"><strong>Clique Na Imagem Para Assistir Ao V\u00eddeo<\/strong><\/a><strong>&nbsp;<\/strong>&nbsp;<\/figcaption><\/figure>\n\n\n\n<p>Viu que existem v\u00e1rias formas de pular corda? Muito legal, n\u00e3o \u00e9?!&nbsp;<\/p>\n\n\n\n<p>As brincadeiras de corda tamb\u00e9m podem ser realizadas junto com cantigas, que v\u00e3o nos desafiar a fazer diversos movimentos enquanto pulamos. <strong>Clique no v\u00eddeo abaixo<\/strong>: \u201cBrincadeiras de Corda &#8211; O homem bateu em minha porta\u201d, do canal Palavra Cantada, Youtube.<\/p>\n\n\n\n<figure class=\"wp-block-embed is-type-video is-provider-youtube wp-block-embed-youtube wp-embed-aspect-16-9 wp-has-aspect-ratio\"><div class=\"wp-block-embed__wrapper\">\n<p class=\"responsive-video-wrap clr\"><iframe title=\"Palavra Cantada | Brincadeiras de Corda - O Homem Bateu em Minha Porta\" width=\"1200\" height=\"675\" src=\"https:\/\/www.youtube.com\/embed\/s9b56iUs88E?feature=oembed\" frameborder=\"0\" allow=\"accelerometer; autoplay; encrypted-media; gyroscope; picture-in-picture\" allowfullscreen><\/iframe><\/p>\n<\/div><figcaption><a rel=\"noreferrer noopener\" href=\"http:\/\/sme.goiania.go.gov.br\/conexaoescola\/ensino_fundamental\/a-cigarra-e-a-formiga\/\" target=\"_blank\"><strong>Clique Na Imagem Para Assistir Ao V\u00eddeo<\/strong><\/a><strong>&nbsp;<\/strong>&nbsp;<\/figcaption><\/figure>\n\n\n\n<ol class=\"wp-block-list\"><li>Agora tente pular corda cantando e se movimentando do jeito que voc\u00ea acabou de ver no v\u00eddeo. Convide as pessoas da sua casa. Lembre-se que voc\u00ea pode amarrar uma das pontas da corda em algum lugar. Da\u00ed, s\u00f3 precisar\u00e1 de outra pessoa para lhe ajudar.&nbsp;<\/li><\/ol>\n\n\n\n<ol class=\"wp-block-list\" start=\"2\"><li>Em seguida, invente uma forma diferente de brincar com a corda. Divirta-se bastante e depois fa\u00e7a um registro dessa nova brincadeira em seu caderno.<\/li><\/ol>\n\n\n\n<p><strong>PARA SABER MAIS<\/strong><\/p>\n\n\n\n<p>No v\u00eddeo anterior, voc\u00ea conheceu e experimentou uma cantiga para pular corda bastante popular. Mas existem outras cantigas bem divertidas e bastante desafiadoras. Vamos conhecer mais uma?<\/p>\n\n\n\n<p><strong>V\u00eddeo<\/strong> &#8211; Palavra Cantada | Brincadeiras de Corda \u2013 Salada, saladinha.&nbsp; <\/p>\n\n\n\n<figure class=\"wp-block-embed is-type-video is-provider-youtube wp-block-embed-youtube wp-embed-aspect-16-9 wp-has-aspect-ratio\"><div class=\"wp-block-embed__wrapper\">\n<p class=\"responsive-video-wrap clr\"><iframe title=\"Palavra Cantada | Brincadeiras de Corda - Salada Saladinha\" width=\"1200\" height=\"675\" src=\"https:\/\/www.youtube.com\/embed\/wbNEEQzKpLs?feature=oembed\" frameborder=\"0\" allow=\"accelerometer; autoplay; encrypted-media; gyroscope; picture-in-picture\" allowfullscreen><\/iframe><\/p>\n<\/div><figcaption><a rel=\"noreferrer noopener\" href=\"http:\/\/sme.goiania.go.gov.br\/conexaoescola\/ensino_fundamental\/a-cigarra-e-a-formiga\/\" target=\"_blank\"><strong>Clique Na Imagem Para Assistir Ao V\u00eddeo<\/strong><\/a><strong>&nbsp;<\/strong>&nbsp;<\/figcaption><\/figure>\n\n\n\n<p>A corda \u00e9 um brinquedo rico, que proporciona muitas possibilidades de brincadeira. Voc\u00ea j\u00e1 experimentou diferentes formas de brincar com corda? Vamos conhecer outras?<\/p>\n\n\n\n<figure class=\"wp-block-embed is-type-video is-provider-youtube wp-block-embed-youtube wp-embed-aspect-16-9 wp-has-aspect-ratio\"><div class=\"wp-block-embed__wrapper\">\n<p class=\"responsive-video-wrap clr\"><iframe title=\"Palavra Cantada | Brincadeiras de Corda - Reloginho\" width=\"1200\" height=\"675\" src=\"https:\/\/www.youtube.com\/embed\/tyBuEnTbv3A?feature=oembed\" frameborder=\"0\" allow=\"accelerometer; autoplay; encrypted-media; gyroscope; picture-in-picture\" allowfullscreen><\/iframe><\/p>\n<\/div><figcaption><a rel=\"noreferrer noopener\" href=\"http:\/\/sme.goiania.go.gov.br\/conexaoescola\/ensino_fundamental\/a-cigarra-e-a-formiga\/\" target=\"_blank\"><strong>Clique Na Imagem Para Assistir Ao V\u00eddeo<\/strong><\/a><strong>&nbsp;<\/strong>&nbsp;<\/figcaption><\/figure>\n\n\n\n<p><strong>V\u00eddeo <\/strong>\u2013 Palavra Cantada | Brincadeira de Corda &#8211; Reloginho. <\/p>\n\n\n\n<figure class=\"wp-block-embed is-type-video is-provider-youtube wp-block-embed-youtube wp-embed-aspect-16-9 wp-has-aspect-ratio\"><div class=\"wp-block-embed__wrapper\">\n<p class=\"responsive-video-wrap clr\"><iframe title=\"Palavra Cantada | Brincadeiras de Corda - Reloginho\" width=\"1200\" height=\"675\" src=\"https:\/\/www.youtube.com\/embed\/tyBuEnTbv3A?feature=oembed\" frameborder=\"0\" allow=\"accelerometer; autoplay; encrypted-media; gyroscope; picture-in-picture\" allowfullscreen><\/iframe><\/p>\n<\/div><figcaption><a rel=\"noreferrer noopener\" href=\"http:\/\/sme.goiania.go.gov.br\/conexaoescola\/ensino_fundamental\/a-cigarra-e-a-formiga\/\" target=\"_blank\"><strong>Clique Na Imagem Para Assistir Ao V\u00eddeo<\/strong><\/a><strong>&nbsp;<\/strong>&nbsp;<\/figcaption><\/figure>\n\n\n\n<p><br><strong>V\u00eddeo <\/strong>\u2013 Palavra Cantada | Brincadeira de Corda &#8211; Brincando l\u00e1 fora. <\/p>\n\n\n\n<figure class=\"wp-block-embed is-type-video is-provider-youtube wp-block-embed-youtube wp-embed-aspect-16-9 wp-has-aspect-ratio\"><div class=\"wp-block-embed__wrapper\">\n<p class=\"responsive-video-wrap clr\"><iframe title=\"Palavra Cantada | Brincadeiras de Corda - Brincando L\u00e1 Fora\" width=\"1200\" height=\"675\" src=\"https:\/\/www.youtube.com\/embed\/zsdsQX1KBzg?feature=oembed\" frameborder=\"0\" allow=\"accelerometer; autoplay; encrypted-media; gyroscope; picture-in-picture\" allowfullscreen><\/iframe><\/p>\n<\/div><figcaption><a rel=\"noreferrer noopener\" href=\"http:\/\/sme.goiania.go.gov.br\/conexaoescola\/ensino_fundamental\/a-cigarra-e-a-formiga\/\" target=\"_blank\"><strong>Clique Na Imagem Para Assistir Ao V\u00eddeo<\/strong><\/a><strong>&nbsp;<\/strong>&nbsp;<\/figcaption><\/figure>\n\n\n\n<hr class=\"wp-block-separator\"\/>\n\n\n\n<p><\/p>\n\n\n\n<p class=\"has-text-align-center\"><a href=\"http:\/\/sme.goiania.go.gov.br\/conexaoescola\/page-ensino-fundamental\/ciclo-da-infancia-turmas-d-e-e\/\">Ensino Fundamental \u2013 Ciclo da Inf\u00e2ncia \u2013 D e E \u2013 Corpo, Express\u00e3o e Movimento<\/a><\/p>\n\n\n\n<h2 class=\"wp-block-heading\">Habilidades:<\/h2>\n\n\n\n<p><strong>Educa\u00e7\u00e3o F\u00edsica<\/strong><br>(EF35EF04) Recriar, individual e coletivamente, e experimentar, na escola e fora dela, brincadeiras e jogos populares do Brasil e do mundo, incluindo aqueles de matriz ind\u00edgena e africana, e demais pr\u00e1ticas corporais tematizadas na institui\u00e7\u00e3o escolar, adequando-as aos espa\u00e7os p\u00fablicos dispon\u00edveis.<\/p>\n","protected":false},"author":8,"featured_media":1351,"template":"","ef_categoria":[14,22],"ef_ano":[87],"ef_componente":[97],"class_list":["post-1350","ensino_fundamental","type-ensino_fundamental","status-publish","has-post-thumbnail","hentry","ef_categoria-ciclo-da-infancia-de","ef_categoria-corpo-e-movimento-ciclo-da-infancia-de","ef_ano-4o-ano","ef_componente-educacao-fisica","entry","has-media"],"acf":[],"_links":{"self":[{"href":"https:\/\/sme.goiania.go.gov.br\/conexaoescola\/wp-json\/wp\/v2\/ensino_fundamental\/1350","targetHints":{"allow":["GET"]}}],"collection":[{"href":"https:\/\/sme.goiania.go.gov.br\/conexaoescola\/wp-json\/wp\/v2\/ensino_fundamental"}],"about":[{"href":"https:\/\/sme.goiania.go.gov.br\/conexaoescola\/wp-json\/wp\/v2\/types\/ensino_fundamental"}],"author":[{"embeddable":true,"href":"https:\/\/sme.goiania.go.gov.br\/conexaoescola\/wp-json\/wp\/v2\/users\/8"}],"version-history":[{"count":0,"href":"https:\/\/sme.goiania.go.gov.br\/conexaoescola\/wp-json\/wp\/v2\/ensino_fundamental\/1350\/revisions"}],"wp:featuredmedia":[{"embeddable":true,"href":"https:\/\/sme.goiania.go.gov.br\/conexaoescola\/wp-json\/wp\/v2\/media\/1351"}],"wp:attachment":[{"href":"https:\/\/sme.goiania.go.gov.br\/conexaoescola\/wp-json\/wp\/v2\/media?parent=1350"}],"wp:term":[{"taxonomy":"ef_categoria","embeddable":true,"href":"https:\/\/sme.goiania.go.gov.br\/conexaoescola\/wp-json\/wp\/v2\/ef_categoria?post=1350"},{"taxonomy":"ef_ano","embeddable":true,"href":"https:\/\/sme.goiania.go.gov.br\/conexaoescola\/wp-json\/wp\/v2\/ef_ano?post=1350"},{"taxonomy":"ef_componente","embeddable":true,"href":"https:\/\/sme.goiania.go.gov.br\/conexaoescola\/wp-json\/wp\/v2\/ef_componente?post=1350"}],"curies":[{"name":"wp","href":"https:\/\/api.w.org\/{rel}","templated":true}]}}

Educação Física &#8211; Vamos brincar de corda e aprender brincando?

<p>Você sabia que existem diferentes formas de pular corda? Sozinha, em dupla, com música, com duas cordas.&nbsp;</p>



<p><strong>Vamos conhecer</strong> essas diferentes formas e aprender algumas <strong>cantigas desafiadoras </strong>para a brincadeira de <strong>pular corda</strong> nesse vídeo. </p>



<p><strong>Clique no vídeo abaixo</strong> e assista  “Pular corda: brincadeira de rua é uma ótima atividade física”e descubra diferentes formas de pular corda. Vamos lá?.    Referência:&nbsp;&nbsp;MINISTÉRIO DA SAÚDE, Youtube </p>



<figure class="wp-block-embed is-type-video is-provider-youtube wp-block-embed-youtube wp-embed-aspect-16-9 wp-has-aspect-ratio"><div class="wp-block-embed__wrapper">
<p class="responsive-video-wrap clr"><iframe title="Pular corda: brincadeira de rua é uma ótima atividade física" width="1200" height="675" src="https://www.youtube.com/embed/wuoBibigjKE?feature=oembed" frameborder="0" allow="accelerometer; autoplay; encrypted-media; gyroscope; picture-in-picture" allowfullscreen></iframe></p>
</div><figcaption><a rel="noreferrer noopener" href="http://sme.goiania.go.gov.br/conexaoescola/ensino_fundamental/a-cigarra-e-a-formiga/" target="_blank"><strong>Clique Na Imagem Para Assistir Ao Vídeo</strong></a><strong>&nbsp;</strong>&nbsp;</figcaption></figure>



<p>Viu que existem várias formas de pular corda? Muito legal, não é?!&nbsp;</p>



<p>As brincadeiras de corda também podem ser realizadas junto com cantigas, que vão nos desafiar a fazer diversos movimentos enquanto pulamos. <strong>Clique no vídeo abaixo</strong>: “Brincadeiras de Corda &#8211; O homem bateu em minha porta”, do canal Palavra Cantada, Youtube.</p>



<figure class="wp-block-embed is-type-video is-provider-youtube wp-block-embed-youtube wp-embed-aspect-16-9 wp-has-aspect-ratio"><div class="wp-block-embed__wrapper">
<p class="responsive-video-wrap clr"><iframe title="Palavra Cantada | Brincadeiras de Corda - O Homem Bateu em Minha Porta" width="1200" height="675" src="https://www.youtube.com/embed/s9b56iUs88E?feature=oembed" frameborder="0" allow="accelerometer; autoplay; encrypted-media; gyroscope; picture-in-picture" allowfullscreen></iframe></p>
</div><figcaption><a rel="noreferrer noopener" href="http://sme.goiania.go.gov.br/conexaoescola/ensino_fundamental/a-cigarra-e-a-formiga/" target="_blank"><strong>Clique Na Imagem Para Assistir Ao Vídeo</strong></a><strong>&nbsp;</strong>&nbsp;</figcaption></figure>



<ol class="wp-block-list"><li>Agora tente pular corda cantando e se movimentando do jeito que você acabou de ver no vídeo. Convide as pessoas da sua casa. Lembre-se que você pode amarrar uma das pontas da corda em algum lugar. Daí, só precisará de outra pessoa para lhe ajudar.&nbsp;</li></ol>



<ol class="wp-block-list" start="2"><li>Em seguida, invente uma forma diferente de brincar com a corda. Divirta-se bastante e depois faça um registro dessa nova brincadeira em seu caderno.</li></ol>



<p><strong>PARA SABER MAIS</strong></p>



<p>No vídeo anterior, você conheceu e experimentou uma cantiga para pular corda bastante popular. Mas existem outras cantigas bem divertidas e bastante desafiadoras. Vamos conhecer mais uma?</p>



<p><strong>Vídeo</strong> &#8211; Palavra Cantada | Brincadeiras de Corda – Salada, saladinha.&nbsp; </p>



<figure class="wp-block-embed is-type-video is-provider-youtube wp-block-embed-youtube wp-embed-aspect-16-9 wp-has-aspect-ratio"><div class="wp-block-embed__wrapper">
<p class="responsive-video-wrap clr"><iframe title="Palavra Cantada | Brincadeiras de Corda - Salada Saladinha" width="1200" height="675" src="https://www.youtube.com/embed/wbNEEQzKpLs?feature=oembed" frameborder="0" allow="accelerometer; autoplay; encrypted-media; gyroscope; picture-in-picture" allowfullscreen></iframe></p>
</div><figcaption><a rel="noreferrer noopener" href="http://sme.goiania.go.gov.br/conexaoescola/ensino_fundamental/a-cigarra-e-a-formiga/" target="_blank"><strong>Clique Na Imagem Para Assistir Ao Vídeo</strong></a><strong>&nbsp;</strong>&nbsp;</figcaption></figure>



<p>A corda é um brinquedo rico, que proporciona muitas possibilidades de brincadeira. Você já experimentou diferentes formas de brincar com corda? Vamos conhecer outras?</p>



<figure class="wp-block-embed is-type-video is-provider-youtube wp-block-embed-youtube wp-embed-aspect-16-9 wp-has-aspect-ratio"><div class="wp-block-embed__wrapper">
<p class="responsive-video-wrap clr"><iframe title="Palavra Cantada | Brincadeiras de Corda - Reloginho" width="1200" height="675" src="https://www.youtube.com/embed/tyBuEnTbv3A?feature=oembed" frameborder="0" allow="accelerometer; autoplay; encrypted-media; gyroscope; picture-in-picture" allowfullscreen></iframe></p>
</div><figcaption><a rel="noreferrer noopener" href="http://sme.goiania.go.gov.br/conexaoescola/ensino_fundamental/a-cigarra-e-a-formiga/" target="_blank"><strong>Clique Na Imagem Para Assistir Ao Vídeo</strong></a><strong>&nbsp;</strong>&nbsp;</figcaption></figure>



<p><strong>Vídeo </strong>– Palavra Cantada | Brincadeira de Corda &#8211; Reloginho. </p>



<figure class="wp-block-embed is-type-video is-provider-youtube wp-block-embed-youtube wp-embed-aspect-16-9 wp-has-aspect-ratio"><div class="wp-block-embed__wrapper">
<p class="responsive-video-wrap clr"><iframe title="Palavra Cantada | Brincadeiras de Corda - Reloginho" width="1200" height="675" src="https://www.youtube.com/embed/tyBuEnTbv3A?feature=oembed" frameborder="0" allow="accelerometer; autoplay; encrypted-media; gyroscope; picture-in-picture" allowfullscreen></iframe></p>
</div><figcaption><a rel="noreferrer noopener" href="http://sme.goiania.go.gov.br/conexaoescola/ensino_fundamental/a-cigarra-e-a-formiga/" target="_blank"><strong>Clique Na Imagem Para Assistir Ao Vídeo</strong></a><strong>&nbsp;</strong>&nbsp;</figcaption></figure>



<p><br><strong>Vídeo </strong>– Palavra Cantada | Brincadeira de Corda &#8211; Brincando lá fora. </p>



<figure class="wp-block-embed is-type-video is-provider-youtube wp-block-embed-youtube wp-embed-aspect-16-9 wp-has-aspect-ratio"><div class="wp-block-embed__wrapper">
<p class="responsive-video-wrap clr"><iframe title="Palavra Cantada | Brincadeiras de Corda - Brincando Lá Fora" width="1200" height="675" src="https://www.youtube.com/embed/zsdsQX1KBzg?feature=oembed" frameborder="0" allow="accelerometer; autoplay; encrypted-media; gyroscope; picture-in-picture" allowfullscreen></iframe></p>
</div><figcaption><a rel="noreferrer noopener" href="http://sme.goiania.go.gov.br/conexaoescola/ensino_fundamental/a-cigarra-e-a-formiga/" target="_blank"><strong>Clique Na Imagem Para Assistir Ao Vídeo</strong></a><strong>&nbsp;</strong>&nbsp;</figcaption></figure>



<hr class="wp-block-separator"/>



<p></p>



<p class="has-text-align-center"><a href="http://sme.goiania.go.gov.br/conexaoescola/page-ensino-fundamental/ciclo-da-infancia-turmas-d-e-e/">Ensino Fundamental – Ciclo da Infância – D e E – Corpo, Expressão e Movimento</a></p>



<h2 class="wp-block-heading">Habilidades:</h2>



<p><strong>Educação Física</strong><br>(EF35EF04) Recriar, individual e coletivamente, e experimentar, na escola e fora dela, brincadeiras e jogos populares do Brasil e do mundo, incluindo aqueles de matriz indígena e africana, e demais práticas corporais tematizadas na instituição escolar, adequando-as aos espaços públicos disponíveis.</p>
