{"id":134957,"date":"2021-12-03T09:20:34","date_gmt":"2021-12-03T11:20:34","guid":{"rendered":"https:\/\/sme.goiania.go.gov.br\/conexaoescola\/?post_type=ensino_fundamental&#038;p=134957"},"modified":"2021-12-22T10:58:02","modified_gmt":"2021-12-22T12:58:02","slug":"historia-a-nocao-do-eu-e-do-outro-comunidade-convivencias-e-interacoes-entre-pessoas","status":"publish","type":"ensino_fundamental","link":"https:\/\/sme.goiania.go.gov.br\/conexaoescola\/ensino_fundamental\/historia-a-nocao-do-eu-e-do-outro-comunidade-convivencias-e-interacoes-entre-pessoas\/","title":{"rendered":"HIST\u00d3RIA &#8211; A NO\u00c7\u00c3O DO \u201cEU\u201d E DO \u201cOUTRO\u201d: COMUNIDADE, CONVIV\u00caNCIAS E INTERA\u00c7\u00d5ES ENTRE PESSOAS"},"content":{"rendered":"\n<p class=\"has-text-align-center has-background has-medium-font-size\" style=\"background-color:#e7e1f2\"><em>OL\u00c1, EDUCANDO (A)!ESTA VIDEOAULA DE <\/em><strong><em>HIST\u00d3RIA<\/em><\/strong><em> FOI VEICULADA NA TV NO DIA <\/em><strong><em>30\/11\/2021 (TER\u00c7A-FEIRA)<\/em><\/strong><em>. AQUI NO PORTAL CONEX\u00c3O ESCOLA, ELA EST\u00c1 DISPON\u00cdVEL JUNTAMENTE COM A PROPOSTA DE ATIVIDADE<\/em><\/p>\n\n\n\n<p class=\"has-text-align-center\"><img decoding=\"async\" width=\"892px;\" height=\"727px;\" src=\"https:\/\/lh6.googleusercontent.com\/ODpGBOeylvR9__LXTk7ITZNjSVmbuejKr5SqIqG7Bt0zxgrbeJDF0gWH88tfAns8kdZ8806_rJk7ccREDaHtwAM9H4sEYTz-n_kODKcvRpy9vWtn7jTUUafM97VqsLdBMiHJJmE\" alt=\"Kids with facemasks holding their school belongings and standing against a wall - covid-19 Free Photo\"><\/p>\n\n\n\n<p class=\"has-text-align-center\" style=\"font-size:9px\">FONTE: FREEPIK<\/p>\n\n\n\n<p class=\"has-text-align-center has-background has-medium-font-size\" style=\"background-color:#f0dfee\">NOSSA PROPOSTA HOJE \u00c9 FAVORECER O RECONHECIMENTO DE DIFEREN\u00c7AS ENTRE AS PESSOAS, TANTO NOS GOSTOS PESSOAIS QUANTO NOS TRA\u00c7OS CULTURAIS, PROMOVENDO UM AMBIENTE ESCOLAR PAUTADO NO RESPEITO. ESTE MATERIAL PROP\u00d5E, DE MANEIRA L\u00daDICA, ATIVIDADES QUE PERMITAM A REFLEX\u00c3O ACERCA DAS DIFEREN\u00c7AS ENTRE AS PESSOAS, BEM COMO A PROMO\u00c7\u00c3O DO RESPEITO A ELAS.<\/p>\n\n\n\n<hr class=\"wp-block-separator\"\/>\n\n\n\n<figure class=\"wp-block-embed is-type-video is-provider-youtube wp-block-embed-youtube wp-embed-aspect-16-9 wp-has-aspect-ratio\"><div class=\"wp-block-embed__wrapper\">\n<p class=\"responsive-video-wrap clr\"><iframe title=\"Hist\u00f3ria  | 2\u00ba Ano |  Ens  Fundamental  | Aula 9\" width=\"1200\" height=\"675\" src=\"https:\/\/www.youtube.com\/embed\/JS6JJwp8lFM?feature=oembed\" frameborder=\"0\" allow=\"accelerometer; autoplay; clipboard-write; encrypted-media; gyroscope; picture-in-picture\" allowfullscreen><\/iframe><\/p>\n<\/div><figcaption>HIST\u00d3RIA\/2 ANO\/ ENSINO FUNDAMENTAL<\/figcaption><\/figure>\n\n\n\n<hr class=\"wp-block-separator\"\/>\n\n\n\n<p class=\"has-text-align-center has-background has-medium-font-size\" style=\"background-color:#e7fdf2\">OL\u00c1, CRIAN\u00c7AS, TUDO BEM? NESSA ATIVIDADE VAMOS APRENDER QUE SOMOS TODOS DIFERENTES, POIS CADA UM TEM SEU MODO DE SER. NINGU\u00c9M \u00c9 IGUAL A NINGU\u00c9M E ISSO \u00c9 MUITO LEGAL! \u00c9 LEGAL SER DIFERENTE, SERIA MUITO SEM GRA\u00c7A SE TODOS FOSSEM IGUAIS E GOSTASSEM DAS MESMAS COISAS. SER DIFERENTE \u00c9 NORMAL.AS PESSOAS S\u00c3O DIFERENTES, CADA UM TEM SUAS CARACTER\u00cdSTICAS.AGORA VAMOS FAZER NOSSAS ATIVIDADES? <\/p>\n\n\n\n<p class=\"has-background\" style=\"background-color:#ddedf3;font-size:25px\"> <strong>ATIVIDADE 1<\/strong><\/p>\n\n\n\n<p class=\"has-medium-font-size\">VOC\u00ca VIU QUE CADA PESSOA TEM SUAS CARACTER\u00cdSTICAS. ESCREVA NO SEU CADERNO SUAS CARACTER\u00cdSTICAS F\u00cdSICAS.<\/p>\n\n\n\n<hr class=\"wp-block-separator\"\/>\n\n\n\n<p class=\"has-background\" style=\"background-color:#ddedf3;font-size:25px\"><strong>ATIVIDADE 2<\/strong><\/p>\n\n\n\n<p class=\"has-medium-font-size\">AINDA NO SEU CADERNO, RESPONDA AS PERGUNTAS:VOC\u00ca TEM IRM\u00c3OS? QUANTOS?&nbsp;&nbsp;TEM ANIMAL DE ESTIMA\u00c7\u00c3O? QUAL?&nbsp;O QUE GOSTA DE ESTUDAR?QUAL \u00c9 SEU ESPORTE PREDILETO?&nbsp;O QUE MAIS GOSTA DE COMER? <\/p>\n\n\n\n<p class=\"has-text-align-center\"><img decoding=\"async\" width=\"926px;\" height=\"600px;\" src=\"https:\/\/lh4.googleusercontent.com\/gupofGlNt1iJZ2MR9lBipTD27Rf28TI_sqphi6SqtwN-cmjYi8z-hQRz0LXioQ52cPmPB_YITONeLDk9WvhaHz1xVrPYi6jprRz3gfzGAl0weNReH_KK_XB13zm9-dnPbT0BV8I\" alt=\"Teacher showing a student how to solve a problem Free Photo\"><\/p>\n\n\n\n<hr class=\"wp-block-separator\"\/>\n\n\n\n<p class=\"has-background\" style=\"background-color:#efe4f7;font-size:25px\"> <strong>AGORA, VAMOS RELEMBRAR O QUE APRENDEMOS HOJE?<\/strong><\/p>\n\n\n\n<p class=\"has-medium-font-size\"><br>PERCEBER SEMELHAN\u00c7AS E DIFEREN\u00c7AS ENTRE AS CRIAN\u00c7AS.&nbsp;<\/p>\n\n\n\n<p class=\"has-medium-font-size\">CONSTRUIR UM AMBIENTE DE RESPEITO \u00c0S DIFEREN\u00c7AS.&nbsp; <\/p>\n\n\n\n<hr class=\"wp-block-separator\"\/>\n\n\n\n<p class=\"has-text-align-center has-background\" style=\"background-color:#f7e5e7;font-size:15px\"> Professor, essa aula segue a Matriz Curricular das Habilidades Estruturantes 2021-2021. Foi elaborada no ano de 2020, com a suspens\u00e3o das aulas presenciais devido \u00e0 pandemia da Covid-19 e segue as orienta\u00e7\u00f5es de flexibiliza\u00e7\u00e3o curricular para o bi\u00eanio 2020\/2021 (Of\u00edcio Circular 147\/2020 Dirped). <\/p>\n\n\n\n<figure class=\"wp-block-table is-style-regular\"><table class=\"has-background\" style=\"background-color:#f1e2f4\"><tbody><tr><td>HABILIDADES ESTRUTURANTES&nbsp;<br><\/td><td><strong>(EF02HI01)<\/strong> RECONHECER ESPA\u00c7OS DE SOCIABILIDADE E IDENTIFICAR OS MOTIVOS QUE APROXIMAM E SEPARAM AS PESSOAS EM DIFERENTES GRUPOS; <strong>(EF02HI02)<\/strong> IDENTIFICAR E DESCREVER PR\u00c1TICAS E PAP\u00c9IS SOCIAIS QUE AS PESSOAS EXERCEM EM DIFERENTES COMUNIDADES.<\/td><\/tr><\/tbody><\/table><\/figure>\n\n\n\n<hr class=\"wp-block-separator\"\/>\n\n\n\n<figure class=\"wp-block-table is-style-regular\"><table class=\"has-background\" style=\"background-color:#f3dde2\"><tbody><tr><td><strong>REFER\u00caNCIAS:<\/strong><\/td><td>GOVERNO DO ESTADO DE GOI\u00c1S. SECRET\u00c1RIA DE ESTADO DE EDUCA\u00c7\u00c3O \u2013 SEDUC\/CONSED. DOCUMENTO CURRICULAR PARA GOI\u00c1S \u2013 AMPLIADO: <strong>VOLUME II ENSINO FUNDAMENTAL ANOS INICIAIS<\/strong>.&nbsp;IMAGENS RETIRADAS DOS SITES:<a href=\"https:\/\/br.freepik.com\/\">HTTPS:\/\/BR.FREEPIK.COM\/<\/a><a href=\"https:\/\/pixabay.com\/pt\/\">HTTPS:\/\/PIXABAY.COM\/PT\/<\/a><\/td><\/tr><\/tbody><\/table><\/figure>\n\n\n\n<hr class=\"wp-block-separator\"\/>\n","protected":false},"author":39,"featured_media":134958,"template":"","ef_categoria":[30],"ef_ano":[85],"ef_componente":[95],"class_list":["post-134957","ensino_fundamental","type-ensino_fundamental","status-publish","has-post-thumbnail","hentry","ef_categoria-etica-e-cidadania-ciclo-da-adolescencia-fg","ef_ano-2o-ano","ef_componente-historia","entry","has-media"],"acf":[],"_links":{"self":[{"href":"https:\/\/sme.goiania.go.gov.br\/conexaoescola\/wp-json\/wp\/v2\/ensino_fundamental\/134957","targetHints":{"allow":["GET"]}}],"collection":[{"href":"https:\/\/sme.goiania.go.gov.br\/conexaoescola\/wp-json\/wp\/v2\/ensino_fundamental"}],"about":[{"href":"https:\/\/sme.goiania.go.gov.br\/conexaoescola\/wp-json\/wp\/v2\/types\/ensino_fundamental"}],"author":[{"embeddable":true,"href":"https:\/\/sme.goiania.go.gov.br\/conexaoescola\/wp-json\/wp\/v2\/users\/39"}],"version-history":[{"count":0,"href":"https:\/\/sme.goiania.go.gov.br\/conexaoescola\/wp-json\/wp\/v2\/ensino_fundamental\/134957\/revisions"}],"wp:featuredmedia":[{"embeddable":true,"href":"https:\/\/sme.goiania.go.gov.br\/conexaoescola\/wp-json\/wp\/v2\/media\/134958"}],"wp:attachment":[{"href":"https:\/\/sme.goiania.go.gov.br\/conexaoescola\/wp-json\/wp\/v2\/media?parent=134957"}],"wp:term":[{"taxonomy":"ef_categoria","embeddable":true,"href":"https:\/\/sme.goiania.go.gov.br\/conexaoescola\/wp-json\/wp\/v2\/ef_categoria?post=134957"},{"taxonomy":"ef_ano","embeddable":true,"href":"https:\/\/sme.goiania.go.gov.br\/conexaoescola\/wp-json\/wp\/v2\/ef_ano?post=134957"},{"taxonomy":"ef_componente","embeddable":true,"href":"https:\/\/sme.goiania.go.gov.br\/conexaoescola\/wp-json\/wp\/v2\/ef_componente?post=134957"}],"curies":[{"name":"wp","href":"https:\/\/api.w.org\/{rel}","templated":true}]}}

HISTÓRIA &#8211; A NOÇÃO DO “EU” E DO “OUTRO”: COMUNIDADE, CONVIVÊNCIAS E INTERAÇÕES ENTRE PESSOAS

<p class="has-text-align-center has-background has-medium-font-size" style="background-color:#e7e1f2"><em>OLÁ, EDUCANDO (A)!ESTA VIDEOAULA DE </em><strong><em>HISTÓRIA</em></strong><em> FOI VEICULADA NA TV NO DIA </em><strong><em>30/11/2021 (TERÇA-FEIRA)</em></strong><em>. AQUI NO PORTAL CONEXÃO ESCOLA, ELA ESTÁ DISPONÍVEL JUNTAMENTE COM A PROPOSTA DE ATIVIDADE</em></p>



<p class="has-text-align-center"><img decoding="async" width="892px;" height="727px;" src="https://lh6.googleusercontent.com/ODpGBOeylvR9__LXTk7ITZNjSVmbuejKr5SqIqG7Bt0zxgrbeJDF0gWH88tfAns8kdZ8806_rJk7ccREDaHtwAM9H4sEYTz-n_kODKcvRpy9vWtn7jTUUafM97VqsLdBMiHJJmE" alt="Kids with facemasks holding their school belongings and standing against a wall - covid-19 Free Photo"></p>



<p class="has-text-align-center" style="font-size:9px">FONTE: FREEPIK</p>



<p class="has-text-align-center has-background has-medium-font-size" style="background-color:#f0dfee">NOSSA PROPOSTA HOJE É FAVORECER O RECONHECIMENTO DE DIFERENÇAS ENTRE AS PESSOAS, TANTO NOS GOSTOS PESSOAIS QUANTO NOS TRAÇOS CULTURAIS, PROMOVENDO UM AMBIENTE ESCOLAR PAUTADO NO RESPEITO. ESTE MATERIAL PROPÕE, DE MANEIRA LÚDICA, ATIVIDADES QUE PERMITAM A REFLEXÃO ACERCA DAS DIFERENÇAS ENTRE AS PESSOAS, BEM COMO A PROMOÇÃO DO RESPEITO A ELAS.</p>



<hr class="wp-block-separator"/>



<figure class="wp-block-embed is-type-video is-provider-youtube wp-block-embed-youtube wp-embed-aspect-16-9 wp-has-aspect-ratio"><div class="wp-block-embed__wrapper">
<p class="responsive-video-wrap clr"><iframe title="História  | 2º Ano |  Ens  Fundamental  | Aula 9" width="1200" height="675" src="https://www.youtube.com/embed/JS6JJwp8lFM?feature=oembed" frameborder="0" allow="accelerometer; autoplay; clipboard-write; encrypted-media; gyroscope; picture-in-picture" allowfullscreen></iframe></p>
</div><figcaption>HISTÓRIA/2 ANO/ ENSINO FUNDAMENTAL</figcaption></figure>



<hr class="wp-block-separator"/>



<p class="has-text-align-center has-background has-medium-font-size" style="background-color:#e7fdf2">OLÁ, CRIANÇAS, TUDO BEM? NESSA ATIVIDADE VAMOS APRENDER QUE SOMOS TODOS DIFERENTES, POIS CADA UM TEM SEU MODO DE SER. NINGUÉM É IGUAL A NINGUÉM E ISSO É MUITO LEGAL! É LEGAL SER DIFERENTE, SERIA MUITO SEM GRAÇA SE TODOS FOSSEM IGUAIS E GOSTASSEM DAS MESMAS COISAS. SER DIFERENTE É NORMAL.AS PESSOAS SÃO DIFERENTES, CADA UM TEM SUAS CARACTERÍSTICAS.AGORA VAMOS FAZER NOSSAS ATIVIDADES? </p>



<p class="has-background" style="background-color:#ddedf3;font-size:25px"> <strong>ATIVIDADE 1</strong></p>



<p class="has-medium-font-size">VOCÊ VIU QUE CADA PESSOA TEM SUAS CARACTERÍSTICAS. ESCREVA NO SEU CADERNO SUAS CARACTERÍSTICAS FÍSICAS.</p>



<hr class="wp-block-separator"/>



<p class="has-background" style="background-color:#ddedf3;font-size:25px"><strong>ATIVIDADE 2</strong></p>



<p class="has-medium-font-size">AINDA NO SEU CADERNO, RESPONDA AS PERGUNTAS:VOCÊ TEM IRMÃOS? QUANTOS?&nbsp;&nbsp;TEM ANIMAL DE ESTIMAÇÃO? QUAL?&nbsp;O QUE GOSTA DE ESTUDAR?QUAL É SEU ESPORTE PREDILETO?&nbsp;O QUE MAIS GOSTA DE COMER? </p>



<p class="has-text-align-center"><img decoding="async" width="926px;" height="600px;" src="https://lh4.googleusercontent.com/gupofGlNt1iJZ2MR9lBipTD27Rf28TI_sqphi6SqtwN-cmjYi8z-hQRz0LXioQ52cPmPB_YITONeLDk9WvhaHz1xVrPYi6jprRz3gfzGAl0weNReH_KK_XB13zm9-dnPbT0BV8I" alt="Teacher showing a student how to solve a problem Free Photo"></p>



<hr class="wp-block-separator"/>



<p class="has-background" style="background-color:#efe4f7;font-size:25px"> <strong>AGORA, VAMOS RELEMBRAR O QUE APRENDEMOS HOJE?</strong></p>



<p class="has-medium-font-size"><br>PERCEBER SEMELHANÇAS E DIFERENÇAS ENTRE AS CRIANÇAS.&nbsp;</p>



<p class="has-medium-font-size">CONSTRUIR UM AMBIENTE DE RESPEITO ÀS DIFERENÇAS.&nbsp; </p>



<hr class="wp-block-separator"/>



<p class="has-text-align-center has-background" style="background-color:#f7e5e7;font-size:15px"> Professor, essa aula segue a Matriz Curricular das Habilidades Estruturantes 2021-2021. Foi elaborada no ano de 2020, com a suspensão das aulas presenciais devido à pandemia da Covid-19 e segue as orientações de flexibilização curricular para o biênio 2020/2021 (Ofício Circular 147/2020 Dirped). </p>



<figure class="wp-block-table is-style-regular"><table class="has-background" style="background-color:#f1e2f4"><tbody><tr><td>HABILIDADES ESTRUTURANTES&nbsp;<br></td><td><strong>(EF02HI01)</strong> RECONHECER ESPAÇOS DE SOCIABILIDADE E IDENTIFICAR OS MOTIVOS QUE APROXIMAM E SEPARAM AS PESSOAS EM DIFERENTES GRUPOS; <strong>(EF02HI02)</strong> IDENTIFICAR E DESCREVER PRÁTICAS E PAPÉIS SOCIAIS QUE AS PESSOAS EXERCEM EM DIFERENTES COMUNIDADES.</td></tr></tbody></table></figure>



<hr class="wp-block-separator"/>



<figure class="wp-block-table is-style-regular"><table class="has-background" style="background-color:#f3dde2"><tbody><tr><td><strong>REFERÊNCIAS:</strong></td><td>GOVERNO DO ESTADO DE GOIÁS. SECRETÁRIA DE ESTADO DE EDUCAÇÃO – SEDUC/CONSED. DOCUMENTO CURRICULAR PARA GOIÁS – AMPLIADO: <strong>VOLUME II ENSINO FUNDAMENTAL ANOS INICIAIS</strong>.&nbsp;IMAGENS RETIRADAS DOS SITES:<a href="https://br.freepik.com/">HTTPS://BR.FREEPIK.COM/</a><a href="https://pixabay.com/pt/">HTTPS://PIXABAY.COM/PT/</a></td></tr></tbody></table></figure>



<hr class="wp-block-separator"/>
