{"id":134954,"date":"2021-12-03T08:55:03","date_gmt":"2021-12-03T10:55:03","guid":{"rendered":"https:\/\/sme.goiania.go.gov.br\/conexaoescola\/?post_type=ensino_fundamental&#038;p=134954"},"modified":"2021-12-22T10:57:06","modified_gmt":"2021-12-22T12:57:06","slug":"geografia-meios-de-transporte-riscos-e-cuidados-nos-meios-de-transporte-e-de-comunicacao","status":"publish","type":"ensino_fundamental","link":"https:\/\/sme.goiania.go.gov.br\/conexaoescola\/ensino_fundamental\/geografia-meios-de-transporte-riscos-e-cuidados-nos-meios-de-transporte-e-de-comunicacao\/","title":{"rendered":"GEOGRAFIA &#8211; MEIOS DE TRANSPORTE: RISCOS E CUIDADOS NOS MEIOS DE TRANSPORTE E DE COMUNICA\u00c7\u00c3O."},"content":{"rendered":"\n<div class=\"wp-block-image\"><figure class=\"aligncenter\"><img decoding=\"async\" src=\"https:\/\/image.freepik.com\/vetores-gratis\/meios-de-recolha-de-transporte_1196-145.jpg\" alt=\"Meios de recolha de transporte Vetor gr\u00e1tis\"\/><\/figure><\/div>\n\n\n\n<p class=\"has-text-align-center has-background has-medium-font-size\" style=\"background-color:#f0dfef\"><em>OL\u00c1, EDUCANDO (A)!ESTA VIDEOAULA DE <\/em><strong><em>GEOGRAFIA <\/em><\/strong><em>FOI VEICULADA NA TV NO DIA <\/em><strong><em>30<\/em><\/strong><strong><em>\/11\/2021 (TER\u00c7A-FEIRA)<\/em><\/strong><em>. AQUI NO PORTAL CONEX\u00c3O ESCOLA, ELA EST\u00c1 DISPON\u00cdVEL JUNTAMENTE COM A PROPOSTA DE ATIVIDADE.<\/em><\/p>\n\n\n\n<p class=\"has-text-align-center has-background has-medium-font-size\" style=\"background-color:#d5ede3\">OS MEIOS DE TRANSPORTE S\u00c3O FUNDAMENTAIS PARA O FUNCIONAMENTO DA SOCIEDADE. ELES PERMITEM O DESLOCAMENTO DAS PESSOAS, AL\u00c9M DE FAZEREM CIRCULAR A PRODU\u00c7\u00c3O ECON\u00d4MICA DO PA\u00cdS. ESTA SEQU\u00caNCIA PROP\u00d5E QUE OS ALUNOS PERCEBAM A IMPORT\u00c2NCIA DOS MEIOS DE TRANSPORTE NO MOVIMENTO DE IR E VIR DE PESSOAS E MERCADORIAS, A IMPORT\u00c2NCIA DAS REGRAS E DOS SINAIS DE TR\u00c2NSITO PARA GARANTIR A SEGURAN\u00c7A DA CIRCULA\u00c7\u00c3O DE PEDESTRES E VE\u00cdCULOS NAS RUAS, POR MEIO DO EST\u00cdMULO \u00c0 PERCEP\u00c7\u00c3O E \u00c0 INTERPRETA\u00c7\u00c3O DOS SIGNIFICADOS DOS SINAIS DE TR\u00c2NSITO.<\/p>\n\n\n\n<hr class=\"wp-block-separator\"\/>\n\n\n\n<figure class=\"wp-block-embed aligncenter is-type-video is-provider-youtube wp-block-embed-youtube wp-embed-aspect-16-9 wp-has-aspect-ratio\"><div class=\"wp-block-embed__wrapper\">\n<p class=\"responsive-video-wrap clr\"><iframe title=\"Geografia  | 2\u00ba Ano |  Ens  Fundamental  | Aula 9\" width=\"1200\" height=\"675\" src=\"https:\/\/www.youtube.com\/embed\/_8kWLc_D_BU?feature=oembed\" frameborder=\"0\" allow=\"accelerometer; autoplay; clipboard-write; encrypted-media; gyroscope; picture-in-picture\" allowfullscreen><\/iframe><\/p>\n<\/div><figcaption>GEOGRAFIA\/2 ANO\/ENSINO FUNDAMENTAL<\/figcaption><\/figure>\n\n\n\n<hr class=\"wp-block-separator\"\/>\n\n\n\n<p class=\"has-text-align-center has-background has-medium-font-size\" style=\"background-color:#e4f0d5\">OL\u00c1, CRIAN\u00c7AS, TUDO BEM? NESSA ATIVIDADE VAMOS APRENDER MAIS SOBRE OS MEIOS DE TRANSPORTE.&nbsp;<\/p>\n\n\n\n<div class=\"wp-block-image\"><figure class=\"aligncenter\"><img decoding=\"async\" src=\"https:\/\/image.freepik.com\/vetores-gratis\/meios-de-design-de-transporte_1196-141.jpg\" alt=\"Meios de design de transporte Vetor gr\u00e1tis\"\/><\/figure><\/div>\n\n\n\n<p class=\"has-text-align-center has-background has-medium-font-size\" style=\"background-color:#d0ebe9\">OS MEIOS DE TRANSPORTE PODEM SER A\u00c9REOS, AQU\u00c1TICOS E TERRESTRES. A\u00c9REO: VE\u00cdCULOS QUE SE LOCOMOVEM NO MEIO A\u00c9REO, TAIS COMO AVI\u00d5ES, HELIC\u00d3PTEROS, BAL\u00d5ES, ETC; AQU\u00c1TICO: VE\u00cdCULOS QUE SE LOCOMOVEM NO MEIO AQU\u00c1TICO OU MAR\u00cdTIMO, TAIS COMO SUBMARINOS, NAVIOS, CANOAS, BARCOS, LANCHAS, ETC; TERRESTRE: VE\u00cdCULOS QUE SE LOCOMOVEM POR VIAS TERRESTRES (RODOVIAS E FERROVIAS, POR EXEMPLO) TAIS COMO CAMINH\u00d5ES, MOTOS, CARROS, \u00d4NIBUS, BICICLETA, TREM, ETC;<\/p>\n\n\n\n<p class=\"has-text-align-center has-background\" style=\"background-color:#e9d7f0;font-size:25px\"><strong>TRANSPORTE COLETIVO OU TRANSPORTE P\u00daBLICO \u00c9 AQUELE QUE TRANSPORTA MUITAS PESSOAS.<\/strong><\/p>\n\n\n\n<p class=\"has-background\" style=\"background-color:#ddedf3;font-size:25px\"><strong>ATIVIDADE 1<\/strong><\/p>\n\n\n\n<ul class=\"has-medium-font-size wp-block-list\"><li>LEIA AS DICAS E INDIQUE A QUE MEIO DE TRANSPORTE CADA UMA SE REFERE:&nbsp;&nbsp;<\/li><\/ul>\n\n\n\n<p class=\"has-medium-font-size\">A) NO MAR, EU NAVEGO. POSSO SER DE CARGA OU PARA TURISMO.&nbsp;<\/p>\n\n\n\n<p class=\"has-medium-font-size\">B) ANDO NOS TRILHOS E APITO AO ME APROXIMAR DE UM CRUZAMENTO.&nbsp;<\/p>\n\n\n\n<p class=\"has-medium-font-size\">C) LEVO AS PESSOAS \u00c0 ESCOLA, AO TRABALHO E EM VIAGENS PELAS RUAS DA CIDADE OU PELAS ESTRADAS.&nbsp;<\/p>\n\n\n\n<p class=\"has-medium-font-size\">D) NO AR, VIVO A TRANSPORTAR PESSOAS E CARGAS.&nbsp;<\/p>\n\n\n\n<p class=\"has-medium-font-size\">E) DUAS RODAS ME LEVAM PARA L\u00c1 E PARA C\u00c1 EM MOMENTOS DE LAZER.&nbsp;<\/p>\n\n\n\n<hr class=\"wp-block-separator\"\/>\n\n\n\n<p class=\"has-background has-medium-font-size\" style=\"background-color:#ddedf3\"><strong>ATIVIDADE 2<\/strong><\/p>\n\n\n\n<ul class=\"has-medium-font-size wp-block-list\"><li>RECORTE OS MEIOS DE TRANSPORTE QUE VOC\u00ca ENCONTRAR EM REVISTAS, JORNAIS OU PANFLETOS.&nbsp;<\/li><\/ul>\n\n\n\n<hr class=\"wp-block-separator\"\/>\n\n\n\n<p class=\"has-background has-medium-font-size\" style=\"background-color:#ddedf3\"><strong>ATIVIDADE 2<\/strong><\/p>\n\n\n\n<ul class=\"has-medium-font-size wp-block-list\"><li>PRODUZA UM TEXTO APRESENTANDO AS CONCLUS\u00d5ES A QUE CHEGOU SOBRE A IMPORT\u00c2NCIA DOS MEIOS DE TRANSPORTE PARA A VIDA DAS PESSOAS.<\/li><\/ul>\n\n\n\n<hr class=\"wp-block-separator\"\/>\n\n\n\n<p class=\"has-background\" style=\"background-color:#eecaee;font-size:25px\"><strong>AGORA, VAMOS RELEMBRAR O QUE APRENDEMOS HOJE?<\/strong><\/p>\n\n\n\n<ul class=\"has-medium-font-size wp-block-list\"><li>IDENTIFICAR DIFERENTES MEIOS DE TRANSPORTES;<\/li><li>CONHECER TRANSPORTES AQU\u00c1TICOS, TERRESTRES E A\u00c9REOS;<\/li><li>IDENTIFICAR TRANSPORTE INDIVIDUAL E COLETIVO;<\/li><li>PERCEBEREM A IMPORT\u00c2NCIA DAS REGRAS E DOS SINAIS DE TR\u00c2NSITO PARA GARANTIR A SEGURAN\u00c7A DA CIRCULA\u00c7\u00c3O DE PEDESTRES E VE\u00cdCULOS NAS RUAS.<\/li><\/ul>\n\n\n\n<hr class=\"wp-block-separator\"\/>\n\n\n\n<p class=\"has-text-align-center has-background\" style=\"background-color:#e4d4e3;font-size:15px\"> Professor, essa aula segue a Matriz Curricular das Habilidades Estruturantes 2021-2021. Foi elaborada no ano de 2020, com a suspens\u00e3o das aulas presenciais devido \u00e0 pandemia da Covid-19 e segue as orienta\u00e7\u00f5es de flexibiliza\u00e7\u00e3o curricular para o bi\u00eanio 2020\/2021 (Of\u00edcio Circular 147\/2020 Dirped). <\/p>\n\n\n\n<figure class=\"wp-block-table is-style-regular\"><table class=\"has-background\" style=\"background-color:#daf3dc\"><tbody><tr><td>HABILIDADES ESTRUTURANTES<\/td><td>(EF02GE03) COMPARAR DIFERENTES MEIOS DE TRANSPORTE E DE COMUNICA\u00c7\u00c3O, INDICANDO O SEU PAPEL NA CONEX\u00c3O ENTRE LUGARES, E DISCUTIR OS RISCOS PARA A VIDA E PARA O MEIO AMBIENTE E OS CUIDADOS EM SEU USO.<\/td><\/tr><\/tbody><\/table><\/figure>\n\n\n\n<hr class=\"wp-block-separator\"\/>\n\n\n\n<figure class=\"wp-block-table is-style-regular\"><table class=\"has-background\" style=\"background-color:#d4dbea\"><tbody><tr><td><strong>REFER\u00caNCIAS:<\/strong><\/td><td>GOVERNO DO ESTADO DE GOI\u00c1S. SECRET\u00c1RIA DE ESTADO DE EDUCA\u00c7\u00c3O \u2013 SEDUC\/CONSED. DOCUMENTO CURRICULAR PARA GOI\u00c1S \u2013 AMPLIADO: <strong>VOLUME II ENSINO FUNDAMENTAL ANOS INICIAIS<\/strong>.&nbsp;IMAGENS RETIRADAS DOS SITES:<a href=\"https:\/\/br.freepik.com\/\">HTTPS:\/\/BR.FREEPIK.COM\/<\/a><a href=\"https:\/\/pixabay.com\/pt\/\">HTTPS:\/\/PIXABAY.COM\/PT\/<\/a><\/td><\/tr><\/tbody><\/table><\/figure>\n\n\n\n<hr class=\"wp-block-separator\"\/>\n","protected":false},"author":39,"featured_media":134955,"template":"","ef_categoria":[28],"ef_ano":[85],"ef_componente":[96],"class_list":["post-134954","ensino_fundamental","type-ensino_fundamental","status-publish","has-post-thumbnail","hentry","ef_categoria-educacao-ambiental-e-saude-ciclo-da-adolescencia-fg","ef_ano-2o-ano","ef_componente-geografia","entry","has-media"],"acf":[],"_links":{"self":[{"href":"https:\/\/sme.goiania.go.gov.br\/conexaoescola\/wp-json\/wp\/v2\/ensino_fundamental\/134954","targetHints":{"allow":["GET"]}}],"collection":[{"href":"https:\/\/sme.goiania.go.gov.br\/conexaoescola\/wp-json\/wp\/v2\/ensino_fundamental"}],"about":[{"href":"https:\/\/sme.goiania.go.gov.br\/conexaoescola\/wp-json\/wp\/v2\/types\/ensino_fundamental"}],"author":[{"embeddable":true,"href":"https:\/\/sme.goiania.go.gov.br\/conexaoescola\/wp-json\/wp\/v2\/users\/39"}],"version-history":[{"count":0,"href":"https:\/\/sme.goiania.go.gov.br\/conexaoescola\/wp-json\/wp\/v2\/ensino_fundamental\/134954\/revisions"}],"wp:featuredmedia":[{"embeddable":true,"href":"https:\/\/sme.goiania.go.gov.br\/conexaoescola\/wp-json\/wp\/v2\/media\/134955"}],"wp:attachment":[{"href":"https:\/\/sme.goiania.go.gov.br\/conexaoescola\/wp-json\/wp\/v2\/media?parent=134954"}],"wp:term":[{"taxonomy":"ef_categoria","embeddable":true,"href":"https:\/\/sme.goiania.go.gov.br\/conexaoescola\/wp-json\/wp\/v2\/ef_categoria?post=134954"},{"taxonomy":"ef_ano","embeddable":true,"href":"https:\/\/sme.goiania.go.gov.br\/conexaoescola\/wp-json\/wp\/v2\/ef_ano?post=134954"},{"taxonomy":"ef_componente","embeddable":true,"href":"https:\/\/sme.goiania.go.gov.br\/conexaoescola\/wp-json\/wp\/v2\/ef_componente?post=134954"}],"curies":[{"name":"wp","href":"https:\/\/api.w.org\/{rel}","templated":true}]}}

GEOGRAFIA &#8211; MEIOS DE TRANSPORTE: RISCOS E CUIDADOS NOS MEIOS DE TRANSPORTE E DE COMUNICAÇÃO.

<div class="wp-block-image"><figure class="aligncenter"><img decoding="async" src="https://image.freepik.com/vetores-gratis/meios-de-recolha-de-transporte_1196-145.jpg" alt="Meios de recolha de transporte Vetor grátis"/></figure></div>



<p class="has-text-align-center has-background has-medium-font-size" style="background-color:#f0dfef"><em>OLÁ, EDUCANDO (A)!ESTA VIDEOAULA DE </em><strong><em>GEOGRAFIA </em></strong><em>FOI VEICULADA NA TV NO DIA </em><strong><em>30</em></strong><strong><em>/11/2021 (TERÇA-FEIRA)</em></strong><em>. AQUI NO PORTAL CONEXÃO ESCOLA, ELA ESTÁ DISPONÍVEL JUNTAMENTE COM A PROPOSTA DE ATIVIDADE.</em></p>



<p class="has-text-align-center has-background has-medium-font-size" style="background-color:#d5ede3">OS MEIOS DE TRANSPORTE SÃO FUNDAMENTAIS PARA O FUNCIONAMENTO DA SOCIEDADE. ELES PERMITEM O DESLOCAMENTO DAS PESSOAS, ALÉM DE FAZEREM CIRCULAR A PRODUÇÃO ECONÔMICA DO PAÍS. ESTA SEQUÊNCIA PROPÕE QUE OS ALUNOS PERCEBAM A IMPORTÂNCIA DOS MEIOS DE TRANSPORTE NO MOVIMENTO DE IR E VIR DE PESSOAS E MERCADORIAS, A IMPORTÂNCIA DAS REGRAS E DOS SINAIS DE TRÂNSITO PARA GARANTIR A SEGURANÇA DA CIRCULAÇÃO DE PEDESTRES E VEÍCULOS NAS RUAS, POR MEIO DO ESTÍMULO À PERCEPÇÃO E À INTERPRETAÇÃO DOS SIGNIFICADOS DOS SINAIS DE TRÂNSITO.</p>



<hr class="wp-block-separator"/>



<figure class="wp-block-embed aligncenter is-type-video is-provider-youtube wp-block-embed-youtube wp-embed-aspect-16-9 wp-has-aspect-ratio"><div class="wp-block-embed__wrapper">
<p class="responsive-video-wrap clr"><iframe title="Geografia  | 2º Ano |  Ens  Fundamental  | Aula 9" width="1200" height="675" src="https://www.youtube.com/embed/_8kWLc_D_BU?feature=oembed" frameborder="0" allow="accelerometer; autoplay; clipboard-write; encrypted-media; gyroscope; picture-in-picture" allowfullscreen></iframe></p>
</div><figcaption>GEOGRAFIA/2 ANO/ENSINO FUNDAMENTAL</figcaption></figure>



<hr class="wp-block-separator"/>



<p class="has-text-align-center has-background has-medium-font-size" style="background-color:#e4f0d5">OLÁ, CRIANÇAS, TUDO BEM? NESSA ATIVIDADE VAMOS APRENDER MAIS SOBRE OS MEIOS DE TRANSPORTE.&nbsp;</p>



<div class="wp-block-image"><figure class="aligncenter"><img decoding="async" src="https://image.freepik.com/vetores-gratis/meios-de-design-de-transporte_1196-141.jpg" alt="Meios de design de transporte Vetor grátis"/></figure></div>



<p class="has-text-align-center has-background has-medium-font-size" style="background-color:#d0ebe9">OS MEIOS DE TRANSPORTE PODEM SER AÉREOS, AQUÁTICOS E TERRESTRES. AÉREO: VEÍCULOS QUE SE LOCOMOVEM NO MEIO AÉREO, TAIS COMO AVIÕES, HELICÓPTEROS, BALÕES, ETC; AQUÁTICO: VEÍCULOS QUE SE LOCOMOVEM NO MEIO AQUÁTICO OU MARÍTIMO, TAIS COMO SUBMARINOS, NAVIOS, CANOAS, BARCOS, LANCHAS, ETC; TERRESTRE: VEÍCULOS QUE SE LOCOMOVEM POR VIAS TERRESTRES (RODOVIAS E FERROVIAS, POR EXEMPLO) TAIS COMO CAMINHÕES, MOTOS, CARROS, ÔNIBUS, BICICLETA, TREM, ETC;</p>



<p class="has-text-align-center has-background" style="background-color:#e9d7f0;font-size:25px"><strong>TRANSPORTE COLETIVO OU TRANSPORTE PÚBLICO É AQUELE QUE TRANSPORTA MUITAS PESSOAS.</strong></p>



<p class="has-background" style="background-color:#ddedf3;font-size:25px"><strong>ATIVIDADE 1</strong></p>



<ul class="has-medium-font-size wp-block-list"><li>LEIA AS DICAS E INDIQUE A QUE MEIO DE TRANSPORTE CADA UMA SE REFERE:&nbsp;&nbsp;</li></ul>



<p class="has-medium-font-size">A) NO MAR, EU NAVEGO. POSSO SER DE CARGA OU PARA TURISMO.&nbsp;</p>



<p class="has-medium-font-size">B) ANDO NOS TRILHOS E APITO AO ME APROXIMAR DE UM CRUZAMENTO.&nbsp;</p>



<p class="has-medium-font-size">C) LEVO AS PESSOAS À ESCOLA, AO TRABALHO E EM VIAGENS PELAS RUAS DA CIDADE OU PELAS ESTRADAS.&nbsp;</p>



<p class="has-medium-font-size">D) NO AR, VIVO A TRANSPORTAR PESSOAS E CARGAS.&nbsp;</p>



<p class="has-medium-font-size">E) DUAS RODAS ME LEVAM PARA LÁ E PARA CÁ EM MOMENTOS DE LAZER.&nbsp;</p>



<hr class="wp-block-separator"/>



<p class="has-background has-medium-font-size" style="background-color:#ddedf3"><strong>ATIVIDADE 2</strong></p>



<ul class="has-medium-font-size wp-block-list"><li>RECORTE OS MEIOS DE TRANSPORTE QUE VOCÊ ENCONTRAR EM REVISTAS, JORNAIS OU PANFLETOS.&nbsp;</li></ul>



<hr class="wp-block-separator"/>



<p class="has-background has-medium-font-size" style="background-color:#ddedf3"><strong>ATIVIDADE 2</strong></p>



<ul class="has-medium-font-size wp-block-list"><li>PRODUZA UM TEXTO APRESENTANDO AS CONCLUSÕES A QUE CHEGOU SOBRE A IMPORTÂNCIA DOS MEIOS DE TRANSPORTE PARA A VIDA DAS PESSOAS.</li></ul>



<hr class="wp-block-separator"/>



<p class="has-background" style="background-color:#eecaee;font-size:25px"><strong>AGORA, VAMOS RELEMBRAR O QUE APRENDEMOS HOJE?</strong></p>



<ul class="has-medium-font-size wp-block-list"><li>IDENTIFICAR DIFERENTES MEIOS DE TRANSPORTES;</li><li>CONHECER TRANSPORTES AQUÁTICOS, TERRESTRES E AÉREOS;</li><li>IDENTIFICAR TRANSPORTE INDIVIDUAL E COLETIVO;</li><li>PERCEBEREM A IMPORTÂNCIA DAS REGRAS E DOS SINAIS DE TRÂNSITO PARA GARANTIR A SEGURANÇA DA CIRCULAÇÃO DE PEDESTRES E VEÍCULOS NAS RUAS.</li></ul>



<hr class="wp-block-separator"/>



<p class="has-text-align-center has-background" style="background-color:#e4d4e3;font-size:15px"> Professor, essa aula segue a Matriz Curricular das Habilidades Estruturantes 2021-2021. Foi elaborada no ano de 2020, com a suspensão das aulas presenciais devido à pandemia da Covid-19 e segue as orientações de flexibilização curricular para o biênio 2020/2021 (Ofício Circular 147/2020 Dirped). </p>



<figure class="wp-block-table is-style-regular"><table class="has-background" style="background-color:#daf3dc"><tbody><tr><td>HABILIDADES ESTRUTURANTES</td><td>(EF02GE03) COMPARAR DIFERENTES MEIOS DE TRANSPORTE E DE COMUNICAÇÃO, INDICANDO O SEU PAPEL NA CONEXÃO ENTRE LUGARES, E DISCUTIR OS RISCOS PARA A VIDA E PARA O MEIO AMBIENTE E OS CUIDADOS EM SEU USO.</td></tr></tbody></table></figure>



<hr class="wp-block-separator"/>



<figure class="wp-block-table is-style-regular"><table class="has-background" style="background-color:#d4dbea"><tbody><tr><td><strong>REFERÊNCIAS:</strong></td><td>GOVERNO DO ESTADO DE GOIÁS. SECRETÁRIA DE ESTADO DE EDUCAÇÃO – SEDUC/CONSED. DOCUMENTO CURRICULAR PARA GOIÁS – AMPLIADO: <strong>VOLUME II ENSINO FUNDAMENTAL ANOS INICIAIS</strong>.&nbsp;IMAGENS RETIRADAS DOS SITES:<a href="https://br.freepik.com/">HTTPS://BR.FREEPIK.COM/</a><a href="https://pixabay.com/pt/">HTTPS://PIXABAY.COM/PT/</a></td></tr></tbody></table></figure>



<hr class="wp-block-separator"/>
