{"id":13484,"date":"2020-10-12T07:00:00","date_gmt":"2020-10-12T10:00:00","guid":{"rendered":"http:\/\/sme.goiania.go.gov.br\/conexaoescola\/?post_type=ensino_fundamental&#038;p=13484"},"modified":"2020-10-06T12:37:09","modified_gmt":"2020-10-06T15:37:09","slug":"juntoemisturado","status":"publish","type":"ensino_fundamental","link":"https:\/\/sme.goiania.go.gov.br\/conexaoescola\/ensino_fundamental\/juntoemisturado\/","title":{"rendered":"#JuntoeMisturado"},"content":{"rendered":"\n<p class=\"has-drop-cap has-medium-font-size\">Oi! Ol\u00e1! Fala brother! Como vai voc\u00ea? Fala par\u00e7a! Ufa! S\u00e3o muitas formas de se cumprimentar uma pessoa, n\u00e3o \u00e9 mesmo? Isso \u00e9 porque o Brasil \u00e9 muito grande e cada parte do nosso pa\u00eds \u00e9 formada por povos diferentes em sua forma falar, comer, dan\u00e7ar entre outras coisas. Que tal descobrir um pouco mais sobre isso?<\/p>\n\n\n\n<hr class=\"wp-block-separator\"\/>\n\n\n\n<p class=\"has-medium-font-size\">\u00a0Leia com aten\u00e7\u00e3o esse pequeno trecho do poema de Allan Sales chamado Viva o Povo Brasileiro.<\/p>\n\n\n\n<p><strong>Viva o samba e o bai\u00e3o<\/strong><strong><br><\/strong><strong>Viva a moda de viola<\/strong><strong><br><\/strong><strong>Viva o nosso show de bola<\/strong><strong><br><\/strong><strong>Viva o Tom e o Gonzag\u00e3o<\/strong><strong><br><\/strong><strong>Viva a praia e o sert\u00e3o<\/strong><strong><br><\/strong><strong>Viva o pulso do pandeiro<\/strong><strong><br><\/strong><strong>Viva a <\/strong><strong><em>verve<\/em><\/strong><strong> e o violeiro<\/strong><\/p>\n\n\n\n<p><strong>Viva nossa fauna e flora<\/strong><strong><br><\/strong><strong>Viva meu Brasil de agora<\/strong><strong><br><\/strong><strong>Viva o Povo Brasileiro<\/strong><\/p>\n\n\n\n<p><a href=\"http:\/\/allancordelista.blogspot.com\/2010\/01\/viva-o-povo-brasileiro.html\">http:\/\/allancordelista.blogspot.com\/2010\/01\/viva-o-povo-brasileiro.html<\/a><\/p>\n\n\n\n<p><strong>Poema Viva o Povo Brasileiro- Allan Sales<\/strong><\/p>\n\n\n\n<p class=\"has-medium-font-size\">Pense um pouco sobre as palavras desse poema e converse com sua fam\u00edlia. Voc\u00ea sabe o que \u00e9 bai\u00e3o? E pandeiro, j\u00e1 ouviu falar?\u00a0<\/p>\n\n\n\n<p class=\"has-medium-font-size\">H\u00e1 um desafio nesse poema. Com a ajuda de um adulto, procure no dicion\u00e1rio a palavra VERVE e depois anote em seu caderno a resposta que encontrar.<\/p>\n\n\n\n<p class=\"has-medium-font-size\">Observe a imagem do mapa do Brasil. Veja como s\u00e3o as pessoas que aparecem nele.<\/p>\n\n\n\n<p><img decoding=\"async\" width=\"395\" height=\"211.13\" alt=\"Isto \u00e9 Brasil - Povo brasileiro\" src=\"https:\/\/lh3.googleusercontent.com\/See0m8Uw_YCvdBtBhmPvL7Fh8gTdDepxIhUQEp3hnhzSarNH7qzXv3T7vkFk869emuVEORG1rBQltWhyswsSAZy3hPrC51UhioC0ZaHy7KT_YAKQC1B8vnHCIDcpINzr0ateE3k\"><\/p>\n\n\n\n<p class=\"has-medium-font-size\">Olhando com aten\u00e7\u00e3o essa imagem, voc\u00ea acha que o Brasil \u00e9 um pa\u00eds homog\u00eaneo, ou seja,\u00a0composto por um \u00fanico povo? Converse com sua fam\u00edlia sobre isso.\u00a0\u00a0\u00a0\u00a0<\/p>\n\n\n\n<p class=\"has-medium-font-size\">Agora \u00e9 hora de testar seus conhecimentos. Observe a tabela abaixo e veja os nomes de comidas e dan\u00e7as t\u00edpicas do Brasil. No seu caderno, anote as palavras e veja quantas delas voc\u00ea consegue relacionar a qual parte do Brasil ela \u00e9.\u00a0<\/p>\n\n\n\n<figure class=\"wp-block-table\"><table><tbody><tr><td><strong>BAI\u00c3O &nbsp; DE DOIS<\/strong><\/td><td><strong>SAMBA<\/strong><\/td><\/tr><tr><td><strong>FEIJOADA<\/strong><\/td><td><strong>FREVO<\/strong><\/td><\/tr><tr><td><strong>ARROZ COM PEQUI<\/strong><\/td><td><strong>CATIRA<\/strong><\/td><\/tr><tr><td><strong>TACAC\u00c1<\/strong><\/td><td><strong>VANEIR\u00c3O<\/strong><\/td><\/tr><tr><td><strong>ACARAJ\u00c9<\/strong><\/td><td><strong>FUNK<\/strong><\/td><\/tr><\/tbody><\/table><\/figure>\n\n\n\n<p class=\"has-medium-font-size\">Aqui vai uma dica para suas respostas! Assista o v\u00eddeo abaixo:<\/p>\n\n\n\n<figure class=\"wp-block-embed-youtube wp-block-embed is-type-video is-provider-youtube wp-embed-aspect-4-3 wp-has-aspect-ratio\"><div class=\"wp-block-embed__wrapper\">\n<p class=\"responsive-video-wrap clr\"><iframe title=\"10 Comidas T\u00edpicas pelo Brasil\" width=\"1200\" height=\"900\" src=\"https:\/\/www.youtube.com\/embed\/Uuda3c9iDM0?feature=oembed\" frameborder=\"0\" allow=\"accelerometer; autoplay; clipboard-write; encrypted-media; gyroscope; picture-in-picture\" allowfullscreen><\/iframe><\/p>\n<\/div><figcaption>&#8220;10 Comidas T\u00edpicas pelo Brasil&#8221; Canal: <a href=\"https:\/\/www.youtube.com\/channel\/UCM2HUdd_6kmPA7qPnMJno5g\">Os 10 Melhores<\/a> &#8211; https:\/\/www.youtube.com\/watch?v=Uuda3c9iDM0<br><\/figcaption><\/figure>\n\n\n\n<p><strong> SAIBA MAIS<\/strong>: <\/p>\n\n\n\n<div class=\"wp-block-columns is-layout-flex wp-container-core-columns-is-layout-9d6595d7 wp-block-columns-is-layout-flex\">\n<div class=\"wp-block-column is-layout-flow wp-block-column-is-layout-flow\">\n<figure class=\"wp-block-embed-youtube wp-block-embed is-type-video is-provider-youtube wp-embed-aspect-16-9 wp-has-aspect-ratio\"><div class=\"wp-block-embed__wrapper\">\n<p class=\"responsive-video-wrap clr\"><iframe title=\"Mundo Bita - Todos os Povos [clipe infantil]\" width=\"1200\" height=\"675\" src=\"https:\/\/www.youtube.com\/embed\/1TuiHeNltbo?feature=oembed\" frameborder=\"0\" allow=\"accelerometer; autoplay; clipboard-write; encrypted-media; gyroscope; picture-in-picture\" allowfullscreen><\/iframe><\/p>\n<\/div><figcaption>&#8220;Todos os Povos&#8221; Canal: Todos os Povos &#8211; https:\/\/www.youtube.com\/watch?v=1TuiHeNltbo<\/figcaption><\/figure>\n<\/div>\n\n\n\n<div class=\"wp-block-column is-layout-flow wp-block-column-is-layout-flow\">\n<figure class=\"wp-block-embed-youtube wp-block-embed is-type-video is-provider-youtube wp-embed-aspect-16-9 wp-has-aspect-ratio\"><div class=\"wp-block-embed__wrapper\">\n<p class=\"responsive-video-wrap clr\"><iframe title=\"Quintal da Cultura - A hist\u00f3ria do povo brasileiro 22\/09\/11\" width=\"1200\" height=\"675\" src=\"https:\/\/www.youtube.com\/embed\/MjtgHek71io?feature=oembed\" frameborder=\"0\" allow=\"accelerometer; autoplay; clipboard-write; encrypted-media; gyroscope; picture-in-picture\" allowfullscreen><\/iframe><\/p>\n<\/div><figcaption>&#8220;Quintal da Cultura &#8211; A hist\u00f3ria do povo brasileiro&#8221; Canal:<a href=\"https:\/\/www.youtube.com\/channel\/UCtXVrEFdvdS5Gof7XWYw-CA\">Quintal da Cultura<\/a> &#8211; https:\/\/www.youtube.com\/watch?v=MjtgHek71io&amp;t<\/figcaption><\/figure>\n<\/div>\n<\/div>\n\n\n\n<hr class=\"wp-block-separator\"\/>\n\n\n\n<figure class=\"wp-block-table alignfull\"><table><tbody><tr><td>OBJETO DE CONHECIMENTO<\/td><td>Conviv\u00eancia e intera\u00e7\u00f5es entre as pessoas na comunidade<\/td><\/tr><tr><td>HABILIDADES:<\/td><td>(EF02GE02-A) Identificar, comparar e relatar costumes, tradi\u00e7\u00f5es e h\u00e1bitos de diferentes popula\u00e7\u00f5es inseridas no bairro ou comunidade em que vive.<br><\/td><\/tr><\/tbody><\/table><\/figure>\n\n\n\n<hr class=\"wp-block-separator\"\/>\n\n\n\n<figure class=\"wp-block-table alignfull\"><table><tbody><tr><td>PROPONENTES\/ PROFESSORES<\/td><td>Gislene Sousa de S\u00e1 Azevedo <br>Gislene Sousa de S\u00e1 Azevedo<\/td><\/tr><tr><td>INSTITUI\u00c7\u00c3O<\/td><td>E.M. Padre Pel\u00e1gio<\/td><\/tr><\/tbody><\/table><\/figure>\n\n\n\n<hr class=\"wp-block-separator\"\/>\n\n\n\n<p class=\"has-text-align-center\">Ensino Fundamental &#8211; Ciclo da Inf\u00e2ncia &#8211; Turma B &#8211; 2\u00ba ano &#8211; Educa\u00e7\u00e3o Ambiental e Sa\u00fade<\/p>\n","protected":false},"author":24,"featured_media":13727,"template":"","ef_categoria":[13,18],"ef_ano":[],"ef_componente":[],"class_list":["post-13484","ensino_fundamental","type-ensino_fundamental","status-publish","has-post-thumbnail","hentry","ef_categoria-ciclo-da-infancia-abc","ef_categoria-educacao-ambiental-e-saude","entry","has-media"],"acf":[],"_links":{"self":[{"href":"https:\/\/sme.goiania.go.gov.br\/conexaoescola\/wp-json\/wp\/v2\/ensino_fundamental\/13484","targetHints":{"allow":["GET"]}}],"collection":[{"href":"https:\/\/sme.goiania.go.gov.br\/conexaoescola\/wp-json\/wp\/v2\/ensino_fundamental"}],"about":[{"href":"https:\/\/sme.goiania.go.gov.br\/conexaoescola\/wp-json\/wp\/v2\/types\/ensino_fundamental"}],"author":[{"embeddable":true,"href":"https:\/\/sme.goiania.go.gov.br\/conexaoescola\/wp-json\/wp\/v2\/users\/24"}],"version-history":[{"count":0,"href":"https:\/\/sme.goiania.go.gov.br\/conexaoescola\/wp-json\/wp\/v2\/ensino_fundamental\/13484\/revisions"}],"wp:featuredmedia":[{"embeddable":true,"href":"https:\/\/sme.goiania.go.gov.br\/conexaoescola\/wp-json\/wp\/v2\/media\/13727"}],"wp:attachment":[{"href":"https:\/\/sme.goiania.go.gov.br\/conexaoescola\/wp-json\/wp\/v2\/media?parent=13484"}],"wp:term":[{"taxonomy":"ef_categoria","embeddable":true,"href":"https:\/\/sme.goiania.go.gov.br\/conexaoescola\/wp-json\/wp\/v2\/ef_categoria?post=13484"},{"taxonomy":"ef_ano","embeddable":true,"href":"https:\/\/sme.goiania.go.gov.br\/conexaoescola\/wp-json\/wp\/v2\/ef_ano?post=13484"},{"taxonomy":"ef_componente","embeddable":true,"href":"https:\/\/sme.goiania.go.gov.br\/conexaoescola\/wp-json\/wp\/v2\/ef_componente?post=13484"}],"curies":[{"name":"wp","href":"https:\/\/api.w.org\/{rel}","templated":true}]}}

<p class="has-drop-cap has-medium-font-size">Oi! Olá! Fala brother! Como vai você? Fala parça! Ufa! São muitas formas de se cumprimentar uma pessoa, não é mesmo? Isso é porque o Brasil é muito grande e cada parte do nosso país é formada por povos diferentes em sua forma falar, comer, dançar entre outras coisas. Que tal descobrir um pouco mais sobre isso?</p>



<hr class="wp-block-separator"/>



<p class="has-medium-font-size"> Leia com atenção esse pequeno trecho do poema de Allan Sales chamado Viva o Povo Brasileiro.</p>



<p><strong>Viva o samba e o baião</strong><strong><br></strong><strong>Viva a moda de viola</strong><strong><br></strong><strong>Viva o nosso show de bola</strong><strong><br></strong><strong>Viva o Tom e o Gonzagão</strong><strong><br></strong><strong>Viva a praia e o sertão</strong><strong><br></strong><strong>Viva o pulso do pandeiro</strong><strong><br></strong><strong>Viva a </strong><strong><em>verve</em></strong><strong> e o violeiro</strong></p>



<p><strong>Viva nossa fauna e flora</strong><strong><br></strong><strong>Viva meu Brasil de agora</strong><strong><br></strong><strong>Viva o Povo Brasileiro</strong></p>



<p><a href="http://allancordelista.blogspot.com/2010/01/viva-o-povo-brasileiro.html">http://allancordelista.blogspot.com/2010/01/viva-o-povo-brasileiro.html</a></p>



<p><strong>Poema Viva o Povo Brasileiro- Allan Sales</strong></p>



<p class="has-medium-font-size">Pense um pouco sobre as palavras desse poema e converse com sua família. Você sabe o que é baião? E pandeiro, já ouviu falar? </p>



<p class="has-medium-font-size">Há um desafio nesse poema. Com a ajuda de um adulto, procure no dicionário a palavra VERVE e depois anote em seu caderno a resposta que encontrar.</p>



<p class="has-medium-font-size">Observe a imagem do mapa do Brasil. Veja como são as pessoas que aparecem nele.</p>



<p><img decoding="async" width="395" height="211.13" alt="Isto é Brasil - Povo brasileiro" src="https://lh3.googleusercontent.com/See0m8Uw_YCvdBtBhmPvL7Fh8gTdDepxIhUQEp3hnhzSarNH7qzXv3T7vkFk869emuVEORG1rBQltWhyswsSAZy3hPrC51UhioC0ZaHy7KT_YAKQC1B8vnHCIDcpINzr0ateE3k"></p>



<p class="has-medium-font-size">Olhando com atenção essa imagem, você acha que o Brasil é um país homogêneo, ou seja, composto por um único povo? Converse com sua família sobre isso.    </p>



<p class="has-medium-font-size">Agora é hora de testar seus conhecimentos. Observe a tabela abaixo e veja os nomes de comidas e danças típicas do Brasil. No seu caderno, anote as palavras e veja quantas delas você consegue relacionar a qual parte do Brasil ela é. </p>



<figure class="wp-block-table"><table><tbody><tr><td><strong>BAIÃO &nbsp; DE DOIS</strong></td><td><strong>SAMBA</strong></td></tr><tr><td><strong>FEIJOADA</strong></td><td><strong>FREVO</strong></td></tr><tr><td><strong>ARROZ COM PEQUI</strong></td><td><strong>CATIRA</strong></td></tr><tr><td><strong>TACACÁ</strong></td><td><strong>VANEIRÃO</strong></td></tr><tr><td><strong>ACARAJÉ</strong></td><td><strong>FUNK</strong></td></tr></tbody></table></figure>



<p class="has-medium-font-size">Aqui vai uma dica para suas respostas! Assista o vídeo abaixo:</p>



<figure class="wp-block-embed-youtube wp-block-embed is-type-video is-provider-youtube wp-embed-aspect-4-3 wp-has-aspect-ratio"><div class="wp-block-embed__wrapper">
<p class="responsive-video-wrap clr"><iframe title="10 Comidas Típicas pelo Brasil" width="1200" height="900" src="https://www.youtube.com/embed/Uuda3c9iDM0?feature=oembed" frameborder="0" allow="accelerometer; autoplay; clipboard-write; encrypted-media; gyroscope; picture-in-picture" allowfullscreen></iframe></p>
</div><figcaption>&#8220;10 Comidas Típicas pelo Brasil&#8221; Canal: <a href="https://www.youtube.com/channel/UCM2HUdd_6kmPA7qPnMJno5g">Os 10 Melhores</a> &#8211; https://www.youtube.com/watch?v=Uuda3c9iDM0<br></figcaption></figure>



<p><strong> SAIBA MAIS</strong>: </p>



<div class="wp-block-columns is-layout-flex wp-container-core-columns-is-layout-9d6595d7 wp-block-columns-is-layout-flex">
<div class="wp-block-column is-layout-flow wp-block-column-is-layout-flow">
<figure class="wp-block-embed-youtube wp-block-embed is-type-video is-provider-youtube wp-embed-aspect-16-9 wp-has-aspect-ratio"><div class="wp-block-embed__wrapper">
<p class="responsive-video-wrap clr"><iframe title="Mundo Bita - Todos os Povos [clipe infantil]" width="1200" height="675" src="https://www.youtube.com/embed/1TuiHeNltbo?feature=oembed" frameborder="0" allow="accelerometer; autoplay; clipboard-write; encrypted-media; gyroscope; picture-in-picture" allowfullscreen></iframe></p>
</div><figcaption>&#8220;Todos os Povos&#8221; Canal: Todos os Povos &#8211; https://www.youtube.com/watch?v=1TuiHeNltbo</figcaption></figure>
</div>



<div class="wp-block-column is-layout-flow wp-block-column-is-layout-flow">
<figure class="wp-block-embed-youtube wp-block-embed is-type-video is-provider-youtube wp-embed-aspect-16-9 wp-has-aspect-ratio"><div class="wp-block-embed__wrapper">
<p class="responsive-video-wrap clr"><iframe title="Quintal da Cultura - A história do povo brasileiro 22/09/11" width="1200" height="675" src="https://www.youtube.com/embed/MjtgHek71io?feature=oembed" frameborder="0" allow="accelerometer; autoplay; clipboard-write; encrypted-media; gyroscope; picture-in-picture" allowfullscreen></iframe></p>
</div><figcaption>&#8220;Quintal da Cultura &#8211; A história do povo brasileiro&#8221; Canal:<a href="https://www.youtube.com/channel/UCtXVrEFdvdS5Gof7XWYw-CA">Quintal da Cultura</a> &#8211; https://www.youtube.com/watch?v=MjtgHek71io&amp;t</figcaption></figure>
</div>
</div>



<hr class="wp-block-separator"/>



<figure class="wp-block-table alignfull"><table><tbody><tr><td>OBJETO DE CONHECIMENTO</td><td>Convivência e interações entre as pessoas na comunidade</td></tr><tr><td>HABILIDADES:</td><td>(EF02GE02-A) Identificar, comparar e relatar costumes, tradições e hábitos de diferentes populações inseridas no bairro ou comunidade em que vive.<br></td></tr></tbody></table></figure>



<hr class="wp-block-separator"/>



<figure class="wp-block-table alignfull"><table><tbody><tr><td>PROPONENTES/ PROFESSORES</td><td>Gislene Sousa de Sá Azevedo <br>Gislene Sousa de Sá Azevedo</td></tr><tr><td>INSTITUIÇÃO</td><td>E.M. Padre Pelágio</td></tr></tbody></table></figure>



<hr class="wp-block-separator"/>



<p class="has-text-align-center">Ensino Fundamental &#8211; Ciclo da Infância &#8211; Turma B &#8211; 2º ano &#8211; Educação Ambiental e Saúde</p>
