{"id":134802,"date":"2021-11-30T10:51:51","date_gmt":"2021-11-30T12:51:51","guid":{"rendered":"https:\/\/sme.goiania.go.gov.br\/conexaoescola\/?post_type=ensino_fundamental&#038;p=134802"},"modified":"2021-12-22T10:54:59","modified_gmt":"2021-12-22T12:54:59","slug":"geografia-natureza-ambiente-e-qualidade-de-vida-vestuario-e-habitos-alimentares","status":"publish","type":"ensino_fundamental","link":"https:\/\/sme.goiania.go.gov.br\/conexaoescola\/ensino_fundamental\/geografia-natureza-ambiente-e-qualidade-de-vida-vestuario-e-habitos-alimentares\/","title":{"rendered":"GEOGRAFIA &#8211; NATUREZA, AMBIENTE E QUALIDADE DE VIDA \/ VESTU\u00c1RIO E H\u00c1BITOS ALIMENTARES."},"content":{"rendered":"\n<p class=\"has-text-align-center has-background has-medium-font-size\" style=\"background-color:#ecd6f0\"> <em>OL\u00c1, EDUCANDO (A)!ESTA VIDEOAULA DE <\/em><strong><em>GEOGRAFIA <\/em><\/strong><em>FOI VEICULADA NA TV NO DIA <\/em><strong><em>29<\/em><\/strong><strong><em>\/11\/2021 (SEGUNDA-FEIRA)<\/em><\/strong><em>. AQUI NO PORTAL CONEX\u00c3O ESCOLA, ELA EST\u00c1 DISPON\u00cdVEL JUNTAMENTE COM A PROPOSTA DE ATIVIDADE.<\/em> <\/p>\n\n\n\n<p class=\"has-text-align-center\"><img fetchpriority=\"high\" decoding=\"async\" alt=\"C:\\Users\\Deise&amp;Branco\\Desktop\\SOLE CHUVA.jpg\" src=\"https:\/\/lh4.googleusercontent.com\/RyLOG7fIQBg4tAs71eOut2O9Bclov7YLHHayDdwC7txdXrKT4bFg4Qpcl03xTvwmsjFCfQWqacZszbMfT5cLE6y6hd6d5kc7I4hvpdLgzgFaZr2ivse-j7jJJ9xrK_fDSCUfKjQ\" width=\"626\" height=\"431\"><\/p>\n\n\n\n<p class=\"has-text-align-center has-background has-medium-font-size\" style=\"background-color:#dfdae8\">OL\u00c1 QUERIDA CRIAN\u00c7A! TUDO BEM POR A\u00cd? QUE BOM ESTAR AQUI COM VOC\u00ca!&nbsp;<\/p>\n\n\n\n<p class=\"has-text-align-center has-background has-medium-font-size\" style=\"background-color:#e2f0e2\">VOC\u00ca SABE<strong>&nbsp;QUAL \u00c9 A DIFEREN\u00c7A ENTRE TEMPO E CLIMA<\/strong>? PARA ENTENDER ESSA DIFEREN\u00c7A, \u00c9 NECESS\u00c1RIO PRIMEIRAMENTE COMPREENDER O QUE \u00c9 CADA UM E QUAIS S\u00c3O OS FATORES QUE CONDICIONAM ESSES ESTADOS ATMOSF\u00c9RICOS. VALE RESSALTAR QUE, APESAR DE DESIGNAREM CARACTER\u00cdSTICAS A RESPEITO DAS&nbsp;<strong>CONDI\u00c7\u00d5ES<\/strong>&nbsp;<strong>ATMOSF\u00c9RICAS<\/strong>&nbsp;E COMPLEMENTAREM-SE,<strong>&nbsp;<\/strong>\u00c9 UM EQU\u00cdVOCO US\u00c1-LOS COMO SIN\u00d4NIMOS.<\/p>\n\n\n\n<p class=\"has-text-align-center has-background has-medium-font-size\" style=\"background-color:#d3ebea\">PORTANTO, QUANDO FALAMOS DE TEMPO, REFERIMO-NOS A ALGO QUE MUDA DE UM DIA PARA O OUTRO, OU AT\u00c9 DE UMA HORA PARA OUTRA. POR OUTRO LADO, QUANDO FALAMOS DE CLIMA, REFERIMO-NOS A ALGO MAIS ROTINEIRO, QUE COSTUMA SE REPETIR AO LONGO DOS ANOS.<\/p>\n\n\n\n<p class=\"has-text-align-center\"><img decoding=\"async\" alt=\"C:\\Users\\Deise&amp;Branco\\Desktop\\arco iris.jpg\" src=\"https:\/\/lh3.googleusercontent.com\/bD4d5x37cDDKWEx3_A1r9jDdSte-HxTS4XETwnNQPHsYQIvTWoXOOSUqnfiw6sgBQQBiZi3s32UeAjGnGyIja26CUA1VJR4y1kmtcfEeA_oPTajCtKeVdAmtlNg7pg2DZPkC4QM\" width=\"359\" height=\"242\"><\/p>\n\n\n\n<p class=\"has-text-align-center has-background has-medium-font-size\" style=\"background-color:#d6d8e4\">VOC\u00ca APRENDER\u00c1 TAMB\u00c9M COMO ELES INFLUENCIAM NO VESTU\u00c1RIO E NA ALIMENTA\u00c7\u00c3O DO SER HUMANO. ASSISTA \u00c0 VIDEOAULA COM ESSA TEM\u00c1TICA E APRENDA UM POUCO MAIS SOBRE O ASSUNTO.<\/p>\n\n\n\n<figure class=\"wp-block-embed aligncenter is-type-video is-provider-youtube wp-block-embed-youtube wp-embed-aspect-16-9 wp-has-aspect-ratio\"><div class=\"wp-block-embed__wrapper\">\n<p class=\"responsive-video-wrap clr\"><iframe title=\"Geografia  | 1\u00ba Ano |  Ens  Fundamental  | Aula 9\" width=\"1200\" height=\"675\" src=\"https:\/\/www.youtube.com\/embed\/SkrVq6Od9s0?feature=oembed\" frameborder=\"0\" allow=\"accelerometer; autoplay; clipboard-write; encrypted-media; gyroscope; picture-in-picture\" allowfullscreen><\/iframe><\/p>\n<\/div><figcaption>GEOGRAFIA\/1 ANO\/ ENSINO FUNDAMENTAL<\/figcaption><\/figure>\n\n\n\n<hr class=\"wp-block-separator\"\/>\n\n\n\n<p class=\"has-background\" style=\"background-color:#ddedf3;font-size:25px\"><strong>ATIVIDADE 1 &#8211;<\/strong><\/p>\n\n\n\n<p class=\"has-medium-font-size\"><strong>COMO EST\u00c1 O DIA HOJE?&nbsp;<\/strong><\/p>\n\n\n\n<p class=\"has-medium-font-size\">EU CONVIDO VOC\u00ca A SAIR DA SUA CASA, OU OLHAR PELA JANELA PRA VER COMO EST\u00c1 O DIA, ENSOLARADO, CHUVOSO, PARCIALMENTE NUBLADO, OU TODO NUBLADO E DESENHAR NO SEU CADERNO.<\/p>\n\n\n\n<p class=\"has-text-align-center\"><img decoding=\"async\" width=\"438px;\" height=\"254px;\" src=\"https:\/\/lh6.googleusercontent.com\/bZ0wqLyr-WGoOf-2mplJk66cqrV_Gpmll6QCdreiH3kxHFv58947E6A8I5OpjmQTBkHG7ykI0rttbeW7EvI-W733QpueHWbstTPjaWHbvurzvH1p7Y1TZLDMzWcbOGz3uNb5Nr4\"><\/p>\n\n\n\n<p class=\"has-background\" style=\"background-color:#ddedf3;font-size:25px\"><strong>ATIVIDADE 2 &#8211;&nbsp;<\/strong><\/p>\n\n\n\n<p class=\"has-medium-font-size\">O QUE VC COSTUMA FAZER EM DIAS CHUVOSOS OU FRIOS?<\/p>\n\n\n\n<p class=\"has-medium-font-size\">E NOS DIAS QUENTES DE MUITO SOL?<\/p>\n\n\n\n<p class=\"has-medium-font-size\">DESENHE NO SEU CADERNO.<\/p>\n\n\n\n<p class=\"has-text-align-center\"><img decoding=\"async\" width=\"410px;\" height=\"540px;\" src=\"https:\/\/lh3.googleusercontent.com\/1czx5nxaTO_qAkGlZupQ8Q--jFNbgIyLsUsHDiJHXJNH5pv9QcgIlv3W4X59-qGRu44uXNxoeVT_1XzxQj_shOO-fdDqI97bLWKfHWRdbXQPo86AKfIe80ACVL2MP-GvMeIxytI\"><\/p>\n\n\n\n<hr class=\"wp-block-separator\"\/>\n\n\n\n<p class=\"has-background has-medium-font-size\" style=\"background-color:#ecf0de\"><strong>RELEMBRANDO! O QUE APRENDEMOS HOJE?<\/strong>&nbsp;<\/p>\n\n\n\n<ul class=\"has-medium-font-size wp-block-list\"><li>TEMPO: RELACIONA-SE \u00c0S MUDAN\u00c7AS CONSTANTES DA ATMOSFERA, OBJETO DE ESTUDO DO METEOROLOGISTA;<\/li><li>CLIMA: PADR\u00c3O DE TEMPERATURA E UMIDADE DURANTE AS ESTA\u00c7\u00d5ES DO ANO DE UM LUGAR, OBJETO DE ESTUDO DO CLIMATOLOGISTA;<\/li><li>AS ATIVIDADES COTIDIANAS EST\u00c3O RELACIONADAS AO CLIMA E AO TEMPO ATMOSF\u00c9RICO;<\/li><li>VESTIMENTOS E H\u00c1BITOS ALIMENTARES RELACIONADOS \u00c0S CONDI\u00c7\u00d5ES DO TEMPO;<\/li><li>V\u00cdDEO;<\/li><li>ATIVIDADES.<\/li><\/ul>\n\n\n\n<hr class=\"wp-block-separator\"\/>\n\n\n\n<p class=\"has-text-align-center has-background\" style=\"background-color:#e7f5dd;font-size:15px\"> Professor, essa aula segue a Matriz Curricular das Habilidades Estruturantes 2021-2021. Foi elaborada no ano de 2020, com a suspens\u00e3o das aulas presenciais devido \u00e0 pandemia da Covid-19 e segue as orienta\u00e7\u00f5es de flexibiliza\u00e7\u00e3o curricular para o bi\u00eanio 2020\/2021 (Of\u00edcio Circular 147\/2020 Dirped). <\/p>\n\n\n\n<hr class=\"wp-block-separator\"\/>\n\n\n\n<figure class=\"wp-block-table is-style-regular\"><table class=\"has-background\" style=\"background-color:#d8d1e9\"><tbody><tr><td>HABILIDADES ESTRUTURANTES<\/td><td>(EF01GE11-A). RECONHECER E ASSOCIAR MUDAN\u00c7AS DE VESTU\u00c1RIO E H\u00c1BITOS ALIMENTARES EM SUA COMUNIDADE AO LONGO DO ANO, DECORRENTES DA VARIA\u00c7\u00c3O DE TEMPERATURA E UMIDADE NO AMBIENTE.<\/td><\/tr><\/tbody><\/table><\/figure>\n\n\n\n<hr class=\"wp-block-separator\"\/>\n\n\n\n<figure class=\"wp-block-table is-style-regular\"><table class=\"has-background\" style=\"background-color:#f0e0f1\"><tbody><tr><td><strong>REFER\u00caNCIAS:<\/strong><\/td><td>GOVERNO DO ESTADO DE GOI\u00c1S. SECRET\u00c1RIA DE ESTADO DE EDUCA\u00c7\u00c3O \u2013 SEDUC\/CONSED. DOCUMENTO CURRICULAR PARA GOI\u00c1S \u2013 AMPLIADO: <strong>VOLUME II ENSINO FUNDAMENTAL ANOS INICIAIS<\/strong>.MARTINEZ, ROG\u00c9RIO; GARCIA, WANESSA. NOVO PITANGU\u00c1: GEOGRAFIA. 1 \u00aa ED. MODERNA: S\u00c3O PAULO.2017IMAGENS RETIRADAS DOS SITES:<a href=\"https:\/\/br.freepik.com\/\">HTTPS:\/\/BR.FREEPIK.COM\/<\/a><a href=\"https:\/\/pixabay.com\/pt\/\">HTTPS:\/\/PIXABAY.COM\/PT\/<\/a><\/td><\/tr><\/tbody><\/table><\/figure>\n\n\n\n<hr class=\"wp-block-separator\"\/>\n","protected":false},"author":39,"featured_media":126541,"template":"","ef_categoria":[18],"ef_ano":[84],"ef_componente":[96],"class_list":["post-134802","ensino_fundamental","type-ensino_fundamental","status-publish","has-post-thumbnail","hentry","ef_categoria-educacao-ambiental-e-saude","ef_ano-1o-ano","ef_componente-geografia","entry","has-media"],"acf":[],"_links":{"self":[{"href":"https:\/\/sme.goiania.go.gov.br\/conexaoescola\/wp-json\/wp\/v2\/ensino_fundamental\/134802","targetHints":{"allow":["GET"]}}],"collection":[{"href":"https:\/\/sme.goiania.go.gov.br\/conexaoescola\/wp-json\/wp\/v2\/ensino_fundamental"}],"about":[{"href":"https:\/\/sme.goiania.go.gov.br\/conexaoescola\/wp-json\/wp\/v2\/types\/ensino_fundamental"}],"author":[{"embeddable":true,"href":"https:\/\/sme.goiania.go.gov.br\/conexaoescola\/wp-json\/wp\/v2\/users\/39"}],"version-history":[{"count":0,"href":"https:\/\/sme.goiania.go.gov.br\/conexaoescola\/wp-json\/wp\/v2\/ensino_fundamental\/134802\/revisions"}],"wp:featuredmedia":[{"embeddable":true,"href":"https:\/\/sme.goiania.go.gov.br\/conexaoescola\/wp-json\/wp\/v2\/media\/126541"}],"wp:attachment":[{"href":"https:\/\/sme.goiania.go.gov.br\/conexaoescola\/wp-json\/wp\/v2\/media?parent=134802"}],"wp:term":[{"taxonomy":"ef_categoria","embeddable":true,"href":"https:\/\/sme.goiania.go.gov.br\/conexaoescola\/wp-json\/wp\/v2\/ef_categoria?post=134802"},{"taxonomy":"ef_ano","embeddable":true,"href":"https:\/\/sme.goiania.go.gov.br\/conexaoescola\/wp-json\/wp\/v2\/ef_ano?post=134802"},{"taxonomy":"ef_componente","embeddable":true,"href":"https:\/\/sme.goiania.go.gov.br\/conexaoescola\/wp-json\/wp\/v2\/ef_componente?post=134802"}],"curies":[{"name":"wp","href":"https:\/\/api.w.org\/{rel}","templated":true}]}}

GEOGRAFIA &#8211; NATUREZA, AMBIENTE E QUALIDADE DE VIDA / VESTUÁRIO E HÁBITOS ALIMENTARES.

<p class="has-text-align-center has-background has-medium-font-size" style="background-color:#ecd6f0"> <em>OLÁ, EDUCANDO (A)!ESTA VIDEOAULA DE </em><strong><em>GEOGRAFIA </em></strong><em>FOI VEICULADA NA TV NO DIA </em><strong><em>29</em></strong><strong><em>/11/2021 (SEGUNDA-FEIRA)</em></strong><em>. AQUI NO PORTAL CONEXÃO ESCOLA, ELA ESTÁ DISPONÍVEL JUNTAMENTE COM A PROPOSTA DE ATIVIDADE.</em> </p>



<p class="has-text-align-center"><img fetchpriority="high" decoding="async" alt="C:\Users\Deise&amp;Branco\Desktop\SOLE CHUVA.jpg" src="https://lh4.googleusercontent.com/RyLOG7fIQBg4tAs71eOut2O9Bclov7YLHHayDdwC7txdXrKT4bFg4Qpcl03xTvwmsjFCfQWqacZszbMfT5cLE6y6hd6d5kc7I4hvpdLgzgFaZr2ivse-j7jJJ9xrK_fDSCUfKjQ" width="626" height="431"></p>



<p class="has-text-align-center has-background has-medium-font-size" style="background-color:#dfdae8">OLÁ QUERIDA CRIANÇA! TUDO BEM POR AÍ? QUE BOM ESTAR AQUI COM VOCÊ!&nbsp;</p>



<p class="has-text-align-center has-background has-medium-font-size" style="background-color:#e2f0e2">VOCÊ SABE<strong>&nbsp;QUAL É A DIFERENÇA ENTRE TEMPO E CLIMA</strong>? PARA ENTENDER ESSA DIFERENÇA, É NECESSÁRIO PRIMEIRAMENTE COMPREENDER O QUE É CADA UM E QUAIS SÃO OS FATORES QUE CONDICIONAM ESSES ESTADOS ATMOSFÉRICOS. VALE RESSALTAR QUE, APESAR DE DESIGNAREM CARACTERÍSTICAS A RESPEITO DAS&nbsp;<strong>CONDIÇÕES</strong>&nbsp;<strong>ATMOSFÉRICAS</strong>&nbsp;E COMPLEMENTAREM-SE,<strong>&nbsp;</strong>É UM EQUÍVOCO USÁ-LOS COMO SINÔNIMOS.</p>



<p class="has-text-align-center has-background has-medium-font-size" style="background-color:#d3ebea">PORTANTO, QUANDO FALAMOS DE TEMPO, REFERIMO-NOS A ALGO QUE MUDA DE UM DIA PARA O OUTRO, OU ATÉ DE UMA HORA PARA OUTRA. POR OUTRO LADO, QUANDO FALAMOS DE CLIMA, REFERIMO-NOS A ALGO MAIS ROTINEIRO, QUE COSTUMA SE REPETIR AO LONGO DOS ANOS.</p>



<p class="has-text-align-center"><img decoding="async" alt="C:\Users\Deise&amp;Branco\Desktop\arco iris.jpg" src="https://lh3.googleusercontent.com/bD4d5x37cDDKWEx3_A1r9jDdSte-HxTS4XETwnNQPHsYQIvTWoXOOSUqnfiw6sgBQQBiZi3s32UeAjGnGyIja26CUA1VJR4y1kmtcfEeA_oPTajCtKeVdAmtlNg7pg2DZPkC4QM" width="359" height="242"></p>



<p class="has-text-align-center has-background has-medium-font-size" style="background-color:#d6d8e4">VOCÊ APRENDERÁ TAMBÉM COMO ELES INFLUENCIAM NO VESTUÁRIO E NA ALIMENTAÇÃO DO SER HUMANO. ASSISTA À VIDEOAULA COM ESSA TEMÁTICA E APRENDA UM POUCO MAIS SOBRE O ASSUNTO.</p>



<figure class="wp-block-embed aligncenter is-type-video is-provider-youtube wp-block-embed-youtube wp-embed-aspect-16-9 wp-has-aspect-ratio"><div class="wp-block-embed__wrapper">
<p class="responsive-video-wrap clr"><iframe title="Geografia  | 1º Ano |  Ens  Fundamental  | Aula 9" width="1200" height="675" src="https://www.youtube.com/embed/SkrVq6Od9s0?feature=oembed" frameborder="0" allow="accelerometer; autoplay; clipboard-write; encrypted-media; gyroscope; picture-in-picture" allowfullscreen></iframe></p>
</div><figcaption>GEOGRAFIA/1 ANO/ ENSINO FUNDAMENTAL</figcaption></figure>



<hr class="wp-block-separator"/>



<p class="has-background" style="background-color:#ddedf3;font-size:25px"><strong>ATIVIDADE 1 &#8211;</strong></p>



<p class="has-medium-font-size"><strong>COMO ESTÁ O DIA HOJE?&nbsp;</strong></p>



<p class="has-medium-font-size">EU CONVIDO VOCÊ A SAIR DA SUA CASA, OU OLHAR PELA JANELA PRA VER COMO ESTÁ O DIA, ENSOLARADO, CHUVOSO, PARCIALMENTE NUBLADO, OU TODO NUBLADO E DESENHAR NO SEU CADERNO.</p>



<p class="has-text-align-center"><img decoding="async" width="438px;" height="254px;" src="https://lh6.googleusercontent.com/bZ0wqLyr-WGoOf-2mplJk66cqrV_Gpmll6QCdreiH3kxHFv58947E6A8I5OpjmQTBkHG7ykI0rttbeW7EvI-W733QpueHWbstTPjaWHbvurzvH1p7Y1TZLDMzWcbOGz3uNb5Nr4"></p>



<p class="has-background" style="background-color:#ddedf3;font-size:25px"><strong>ATIVIDADE 2 &#8211;&nbsp;</strong></p>



<p class="has-medium-font-size">O QUE VC COSTUMA FAZER EM DIAS CHUVOSOS OU FRIOS?</p>



<p class="has-medium-font-size">E NOS DIAS QUENTES DE MUITO SOL?</p>



<p class="has-medium-font-size">DESENHE NO SEU CADERNO.</p>



<p class="has-text-align-center"><img decoding="async" width="410px;" height="540px;" src="https://lh3.googleusercontent.com/1czx5nxaTO_qAkGlZupQ8Q--jFNbgIyLsUsHDiJHXJNH5pv9QcgIlv3W4X59-qGRu44uXNxoeVT_1XzxQj_shOO-fdDqI97bLWKfHWRdbXQPo86AKfIe80ACVL2MP-GvMeIxytI"></p>



<hr class="wp-block-separator"/>



<p class="has-background has-medium-font-size" style="background-color:#ecf0de"><strong>RELEMBRANDO! O QUE APRENDEMOS HOJE?</strong>&nbsp;</p>



<ul class="has-medium-font-size wp-block-list"><li>TEMPO: RELACIONA-SE ÀS MUDANÇAS CONSTANTES DA ATMOSFERA, OBJETO DE ESTUDO DO METEOROLOGISTA;</li><li>CLIMA: PADRÃO DE TEMPERATURA E UMIDADE DURANTE AS ESTAÇÕES DO ANO DE UM LUGAR, OBJETO DE ESTUDO DO CLIMATOLOGISTA;</li><li>AS ATIVIDADES COTIDIANAS ESTÃO RELACIONADAS AO CLIMA E AO TEMPO ATMOSFÉRICO;</li><li>VESTIMENTOS E HÁBITOS ALIMENTARES RELACIONADOS ÀS CONDIÇÕES DO TEMPO;</li><li>VÍDEO;</li><li>ATIVIDADES.</li></ul>



<hr class="wp-block-separator"/>



<p class="has-text-align-center has-background" style="background-color:#e7f5dd;font-size:15px"> Professor, essa aula segue a Matriz Curricular das Habilidades Estruturantes 2021-2021. Foi elaborada no ano de 2020, com a suspensão das aulas presenciais devido à pandemia da Covid-19 e segue as orientações de flexibilização curricular para o biênio 2020/2021 (Ofício Circular 147/2020 Dirped). </p>



<hr class="wp-block-separator"/>



<figure class="wp-block-table is-style-regular"><table class="has-background" style="background-color:#d8d1e9"><tbody><tr><td>HABILIDADES ESTRUTURANTES</td><td>(EF01GE11-A). RECONHECER E ASSOCIAR MUDANÇAS DE VESTUÁRIO E HÁBITOS ALIMENTARES EM SUA COMUNIDADE AO LONGO DO ANO, DECORRENTES DA VARIAÇÃO DE TEMPERATURA E UMIDADE NO AMBIENTE.</td></tr></tbody></table></figure>



<hr class="wp-block-separator"/>



<figure class="wp-block-table is-style-regular"><table class="has-background" style="background-color:#f0e0f1"><tbody><tr><td><strong>REFERÊNCIAS:</strong></td><td>GOVERNO DO ESTADO DE GOIÁS. SECRETÁRIA DE ESTADO DE EDUCAÇÃO – SEDUC/CONSED. DOCUMENTO CURRICULAR PARA GOIÁS – AMPLIADO: <strong>VOLUME II ENSINO FUNDAMENTAL ANOS INICIAIS</strong>.MARTINEZ, ROGÉRIO; GARCIA, WANESSA. NOVO PITANGUÁ: GEOGRAFIA. 1 ª ED. MODERNA: SÃO PAULO.2017IMAGENS RETIRADAS DOS SITES:<a href="https://br.freepik.com/">HTTPS://BR.FREEPIK.COM/</a><a href="https://pixabay.com/pt/">HTTPS://PIXABAY.COM/PT/</a></td></tr></tbody></table></figure>



<hr class="wp-block-separator"/>
