{"id":134058,"date":"2021-11-11T10:22:07","date_gmt":"2021-11-11T12:22:07","guid":{"rendered":"https:\/\/sme.goiania.go.gov.br\/conexaoescola\/?post_type=ensino_fundamental&#038;p=134058"},"modified":"2021-11-26T14:13:55","modified_gmt":"2021-11-26T16:13:55","slug":"arte-danca-no-ritmo-da-danca","status":"publish","type":"ensino_fundamental","link":"https:\/\/sme.goiania.go.gov.br\/conexaoescola\/ensino_fundamental\/arte-danca-no-ritmo-da-danca\/","title":{"rendered":"ARTE &#8211; DAN\u00c7A &#8211; NO R\u00cdTMO DA DAN\u00c7A"},"content":{"rendered":"\n<p class=\"has-text-align-center has-black-color has-pale-cyan-blue-background-color has-text-color has-background\"><em>Ol\u00e1, estudante!<\/em>&nbsp;<em>Esta videoaula de ARTE foi veiculada na TV no dia 08\/11\/2021 (Segunda-feira). Aqui no Portal Conex\u00e3o Escola, ela est\u00e1 dispon\u00edvel juntamente com a proposta de atividade.<\/em><\/p>\n\n\n\n<p class=\"has-text-align-center has-black-color has-text-color has-background\" style=\"background-color:#fff700\">NESTA VIDEOAULA, VOC\u00ca IR\u00c1 APRENDER MAIS UMA LINGUAGEM DA ARTE, A LINGUAGEM DA DAN\u00c7A. A DAN\u00c7A \u00c9 UMA FORMA DE LINGUAGEM CORPORAL, ONDE PODEMOS EXPRESSAR ATRAV\u00c9S DO CORPO O QUE QUEREMOS DESTACAR.<\/p>\n\n\n\n<p class=\"has-text-align-center\"><img fetchpriority=\"high\" decoding=\"async\" alt=\"C:\\Users\\Deise&amp;Branco\\Downloads\\ballerinas-1376250_1920.jpg\" src=\"https:\/\/lh6.googleusercontent.com\/moc5RCuamwxgt8z-y_aCN6_a7nMwFLEG2iB72HsJ8DYBjvSjazlYfAPD1PZId2L6GFE9gwcyIN603RWeRFmC3bQ63RkSsvqLWtiCUHWRXRiPUvM4W_Bbh-aXcHXI0OD8u4JOn0U\" width=\"475\" height=\"316\"><\/p>\n\n\n\n<p class=\"has-text-align-center\"><a href=\"https:\/\/pixabay.com\/pt\/photos\/bailarinas-dan%c3%a7a-bal%c3%a9-dan%c3%a7arinos-1376250\/>&#8220;>https:\/\/pixabay.com\/pt\/photos\/bailarinas-dan%c3%a7a-bal%c3%a9-dan%c3%a7arinos-1376250\/&gt;<\/a><\/p>\n\n\n\n<p class=\"has-text-align-center has-black-color has-luminous-vivid-amber-background-color has-text-color has-background\">ASSISTA A VIDEOAULA ABAIXO COM O TEMA:&nbsp;DAN\u00c7A, UMA LINGUAGEM ART\u00cdSTICA BASEADA NO MOVIMENTO CORPORAL.<\/p>\n\n\n\n<figure class=\"wp-block-embed is-type-video is-provider-youtube wp-block-embed-youtube wp-embed-aspect-16-9 wp-has-aspect-ratio\"><div class=\"wp-block-embed__wrapper\">\n<p class=\"responsive-video-wrap clr\"><iframe title=\"Arte  | 1\u00ba Ano |  Ens  Fundamental  | Aula 8\" width=\"1200\" height=\"675\" src=\"https:\/\/www.youtube.com\/embed\/V7F6Q3yGWMo?feature=oembed\" frameborder=\"0\" allow=\"accelerometer; autoplay; clipboard-write; encrypted-media; gyroscope; picture-in-picture\" allowfullscreen><\/iframe><\/p>\n<\/div><figcaption>Arte | 1\u00ba Ano | Ens Fundamental | Aula 8<\/figcaption><\/figure>\n\n\n\n<p class=\"has-text-align-center has-text-color has-background\" style=\"background-color:#afffbc;color:#090909\">OL\u00c1 CRIAN\u00c7AS!&nbsp; TUDO BEM? A AULA DE HOJE EST\u00c1 SUPER ANIMADA! VOC\u00ca VAI APRENDER UM ASSUNTO QUE EST\u00c1 SEMPRE EM NOSSO COTIDIANO, A DAN\u00c7A.<\/p>\n\n\n\n<p class=\"has-text-align-center has-text-color has-background\" style=\"background-color:#afffbc;color:#090909\">A DAN\u00c7A \u00c9 UMA LINGUAGEM ART\u00cdSTICA BASEADA NO MOVIMENTO CORPORAL. QUEM DAN\u00c7A TEM MAIS FACILIDADE PARA CONSTRUIR A IMAGEM DO PR\u00d3PRIO CORPO, O QUE \u00c9 FUNDAMENTAL PARA O CRESCIMENTO E A MATURIDADE DO INDIV\u00cdDUO E A FORMA\u00c7\u00c3O DE SUA CONSCI\u00caNCIA SOCIAL. VOC\u00ca IR\u00c1 APRENDER SOBRE OS ELEMENTOS DA LINGUAGEM CORPORAL E SEUS N\u00cdVEIS E RITMOS.<\/p>\n\n\n\n<p class=\"has-text-align-center has-text-color has-background\" style=\"background-color:#afffbc;color:#090909\">ASSISTA A VIDEOAULA QUE EST\u00c1 SUPER INTERESSANTE E DIVERTIDA!<\/p>\n\n\n\n<p class=\"has-luminous-vivid-orange-background-color has-text-color has-background\" style=\"color:#040404;font-size:22px\"><strong>ATIVIDADE -1<\/strong><\/p>\n\n\n\n<p class=\"has-text-align-center has-black-color has-text-color has-background\" style=\"background-color:#caf3e2\">GRANDE PARTE DAS M\u00daSICAS POPULARES TAMB\u00c9M POSSUEM COREOGRAFIAS BEM F\u00c1CIES DE FAZER. VAMOS EXPLORAR UMA DESSAS M\u00daSICAS. ESSE \u00c9 UM TRECHO DA M\u00daSICA: CABE\u00c7A, OMBRO, JOELHO E P\u00c9.<\/p>\n\n\n\n<p class=\"has-text-align-center has-black-color has-text-color has-background\" style=\"background-color:#caf3e2\">A IMAGEM ABAIXO MOSTRA A COREOGRAFIA DA M\u00daSICA! QUE TAL VOC\u00ca FAZER A COREOGRAFIA TAMB\u00c9M!<\/p>\n\n\n\n<p class=\"has-text-align-center\"><img decoding=\"async\" src=\"https:\/\/lh6.googleusercontent.com\/9gzrNY6e4FSHjXroy4IGx3e8rqb6bDyJEXWXkkl_B512zNdPE8JcivIe4_dMVZaYoAQh6uj_3aC5XDlZybihIS5bOL060FuCTDgxYnakVI8UP_hZow-zW5cD4mQGpvu1NQ_2bb4\" width=\"382\" height=\"342\"><\/p>\n\n\n\n<p class=\"has-text-align-center\"><strong>FONTE: LOPES, 2017<\/strong><\/p>\n\n\n\n<p class=\"has-text-align-center has-black-color has-text-color has-background\" style=\"background-color:#caf3e2\"><strong>AGORA \u00c9 HORA DE REGISTRAR! OBSERVE A CANTIGA POPULAR E SUA COREOGRAFIA E RESPONDA AS QUEST\u00d5ES:<\/strong><\/p>\n\n\n\n<ul class=\"wp-block-list\"><li>VOC\u00ca J\u00c1 CONHECIA ESSA M\u00daSICA? SABE DAN\u00c7AR ELA?&nbsp;<\/li><\/ul>\n\n\n\n<ul class=\"wp-block-list\"><li>ESCREVA EM SEU CADERNO UM TRECHO DESSA M\u00daSICA E PINTE OS ESPA\u00c7OS ENTRE AS PALAVRAS:<\/li><\/ul>\n\n\n\n<ul class=\"wp-block-list\"><li>CONTE QUANTAS PALAVRAS TEM NO TRECHO DESSA M\u00daSICA:<\/li><\/ul>\n\n\n\n<ul class=\"wp-block-list\"><li>PINTE DE VERMELHO AS PALAVRAS QUE NOMEIAM PARTES DO CORPO.<\/li><\/ul>\n\n\n\n<p class=\"has-luminous-vivid-orange-background-color has-text-color has-background\" style=\"color:#040404;font-size:22px\"><strong><strong>ATIVIDADE 2 \u2013 RITMOS E EXPRESS\u00d5ES.<\/strong><\/strong><\/p>\n\n\n\n<p class=\"has-text-align-center has-black-color has-text-color has-background\" style=\"background-color:#caf3e2\">CONVIDE O PAPAI, MAM\u00c3E, IRM\u00c3OS, VIZINHOS PARA BRINCAR COM VOC\u00ca.<\/p>\n\n\n\n<p class=\"has-text-align-center has-black-color has-text-color has-background\" style=\"background-color:#caf3e2\">DAN\u00c7AR \u00c9 MOVIMENTAR-SE PELO ESPA\u00c7O, \u00c9 SENTIR O CORPO LIVRE, \u00c9 COMUNICAR-SE CONSIGO MESMO, \u00c9 DESFRUTAR, LIBERTAR-SE&#8230; CONVIDAR PARA DAN\u00c7AR \u00c9 ANIMAR A QUEBRAR PRECONCEITOS, MEDOS, VERGONHAS&#8230;<\/p>\n\n\n\n<p class=\"has-text-align-center has-black-color has-text-color has-background\" style=\"background-color:#caf3e2\">FA\u00c7AM MOVIMENTOS DO COTIDIANO DAN\u00c7ANDO.&nbsp;<\/p>\n\n\n\n<p class=\"has-text-align-center\">EXEMPLOS: ESCOVANDO OS DENTES;<\/p>\n\n\n\n<p class=\"has-text-align-center\">&nbsp;&nbsp;&nbsp;&nbsp;&nbsp;&nbsp;&nbsp;&nbsp;&nbsp;&nbsp;&nbsp;&nbsp;&nbsp;&nbsp;&nbsp;&nbsp;&nbsp;&nbsp;LAVANDO O CABELO;<\/p>\n\n\n\n<p class=\"has-text-align-center\">&nbsp;&nbsp;&nbsp;&nbsp;&nbsp;&nbsp;&nbsp;&nbsp;&nbsp;&nbsp;&nbsp;&nbsp;&nbsp;&nbsp;&nbsp;&nbsp;&nbsp;&nbsp;VESTINDO ROUPAS;<\/p>\n\n\n\n<p class=\"has-text-align-center\">&nbsp;&nbsp;&nbsp;&nbsp;&nbsp;&nbsp;&nbsp;&nbsp;&nbsp;&nbsp;&nbsp;&nbsp;&nbsp;&nbsp;&nbsp;&nbsp;&nbsp;&nbsp;AMARRANDO OS SAPATOS&#8230;<\/p>\n\n\n\n<p class=\"has-text-align-center has-black-color has-text-color has-background\" style=\"background-color:#caf3e2\">VOC\u00ca IR\u00c1 PERCEBER COMO \u00c9 DIVERTIDO AGU\u00c7AR SUA CRIATIVIDADE, IMAGINA\u00c7\u00c3O, PERCEP\u00c7\u00c3O E CONSCIENTIZA\u00c7\u00c3O CORPORAL.<\/p>\n\n\n\n<p class=\"has-text-align-center has-black-color has-text-color has-background\" style=\"background-color:#fff700\"><strong>AGORA, VAMOS RELEMBRAR O QUE APRENDEMOS?<\/strong><\/p>\n\n\n\n<ul class=\"wp-block-list\"><li>PRINCIPAIS LINGUAGENS DA ARTE;<\/li><li>\u00caNFASE NA LINGUAGEM DA DAN\u00c7A;<\/li><li>ELEMENTOS ESTRUTURAIS DA DAN\u00c7A;<\/li><li>N\u00cdVEIS E RITMOS EM DAN\u00c7A;<\/li><li>V\u00cdDEO: IMITANDO OS BICHOS;<\/li><li>ARTE E S\u00c1UDE \u2013 BENEF\u00cdCIOS DA DAN\u00c7A.<\/li><\/ul>\n\n\n\n<hr class=\"wp-block-separator\"\/>\n\n\n\n<figure class=\"wp-block-table\"><table class=\"has-black-color has-text-color has-background\" style=\"background-color:#eef5f8\"><tbody><tr><td><strong>Habilidade estruturante:<br>Habilidades complementares:\u00a0<\/strong><\/td><td>(GO-EF01AR09-A). ESTABELECER RELA\u00c7\u00d5ES ENTRE AS PARTES E O TODO CORPORAL NA CONSTRU\u00c7\u00c3O DO MOVIMENTO DAN\u00c7ADO, A PARTIR DE ORIENTA\u00c7\u00d5ES ANAT\u00d4MICAS, PERCEP\u00c7\u00c3O DE A\u00c7\u00d5ES DA GRAVIDADE, ALINHAMENTOS POSTURAIS, APOIOS, TEMPOS, EIXOS, PLANOS, DIRE\u00c7\u00d5ES.<br>(GO-EF01AR12-C). PERCEBER OS DIFERENTES CORPOS E AS MANEIRAS DE MOVER-SE, TENDO A DAN\u00c7A COMO MOTE PARA EXPANDIR AS RELA\u00c7\u00d5ES ENTRE EU\/OUTRO, INDIVIDUAL\/COLETIVO, FOMENTANDO OS PROCESSOS INDENIT\u00c1RIOS, SUBJETIVOS, SIMB\u00d3LICOS E IMAGINATIVOS.<br>(GO-EF01AR27). EXPERIMENTAR DIFERENTES FORMAS DE EXPRESS\u00c3O, CONSCI\u00caNCIA E PERCEP\u00c7\u00c3O DO CORPO, TAIS COMO: ELEMENTOS DAS PR\u00c1TICAS SOM\u00c1TICAS, DAN\u00c7AS DE RODA, JOGOS E BRINCADEIRAS TRADICIONAIS E CONTEMPOR\u00c2NEAS, CONTA\u00c7\u00c3O DE HIST\u00d3RIAS DRAMATIZADAS E OUTRAS ATIVIDADES INTERART\u00cdSTICAS.<\/td><\/tr><\/tbody><\/table><\/figure>\n\n\n\n<figure class=\"wp-block-table\"><table class=\"has-background\" style=\"background-color:#eef5f8\"><tbody><tr><td><strong>Refer\u00eancias:<\/strong><\/td><td>GOVERNO DO ESTADO DE GOI\u00c1S. SECRET\u00c1RIA DE ESTADO DE EDUCA\u00c7\u00c3O \u2013 SEDUC\/CONSED. DOCUMENTO CURRICULAR PARA GOI\u00c1S \u2013 AMPLIADO: <strong>VOLUME II ENSINO FUNDAMENTAL ANOS INICIAIS<\/strong>.&nbsp;<br><strong>DAN\u00c7A&#8230; ENSINO, SENTIDO E POSSIBILIDADES NA ESCOLA<\/strong>, D\u00c9BORA BARRETO, 163 P\u00c1GS., ED. AUTORES ASSOCIADOS.<br>GARCIA, ANGELA; HAAS, ALINE.<em>&nbsp;<\/em><strong><em>RITMO E DAN\u00c7A<\/em><\/strong>. CANOAS: ULBRA, 2003.<br>LOPES, CAMARGO ANDR\u00c9 (ORG.). <strong>NOVO PITANGU\u00c1<\/strong>: ARTES. 1 \u00aa ED. MODERNA: S\u00c3O PAULO.2017.<br><a href=\"https:\/\/pixabay.com\/pt\/\">https:\/\/pixabay.com\/pt\/<\/a>.<\/td><\/tr><\/tbody><\/table><\/figure>\n","protected":false},"author":33,"featured_media":134061,"template":"","ef_categoria":[],"ef_ano":[84],"ef_componente":[99],"class_list":["post-134058","ensino_fundamental","type-ensino_fundamental","status-publish","has-post-thumbnail","hentry","ef_ano-1o-ano","ef_componente-arte-ef","entry","has-media"],"acf":[],"_links":{"self":[{"href":"https:\/\/sme.goiania.go.gov.br\/conexaoescola\/wp-json\/wp\/v2\/ensino_fundamental\/134058","targetHints":{"allow":["GET"]}}],"collection":[{"href":"https:\/\/sme.goiania.go.gov.br\/conexaoescola\/wp-json\/wp\/v2\/ensino_fundamental"}],"about":[{"href":"https:\/\/sme.goiania.go.gov.br\/conexaoescola\/wp-json\/wp\/v2\/types\/ensino_fundamental"}],"author":[{"embeddable":true,"href":"https:\/\/sme.goiania.go.gov.br\/conexaoescola\/wp-json\/wp\/v2\/users\/33"}],"version-history":[{"count":0,"href":"https:\/\/sme.goiania.go.gov.br\/conexaoescola\/wp-json\/wp\/v2\/ensino_fundamental\/134058\/revisions"}],"wp:featuredmedia":[{"embeddable":true,"href":"https:\/\/sme.goiania.go.gov.br\/conexaoescola\/wp-json\/wp\/v2\/media\/134061"}],"wp:attachment":[{"href":"https:\/\/sme.goiania.go.gov.br\/conexaoescola\/wp-json\/wp\/v2\/media?parent=134058"}],"wp:term":[{"taxonomy":"ef_categoria","embeddable":true,"href":"https:\/\/sme.goiania.go.gov.br\/conexaoescola\/wp-json\/wp\/v2\/ef_categoria?post=134058"},{"taxonomy":"ef_ano","embeddable":true,"href":"https:\/\/sme.goiania.go.gov.br\/conexaoescola\/wp-json\/wp\/v2\/ef_ano?post=134058"},{"taxonomy":"ef_componente","embeddable":true,"href":"https:\/\/sme.goiania.go.gov.br\/conexaoescola\/wp-json\/wp\/v2\/ef_componente?post=134058"}],"curies":[{"name":"wp","href":"https:\/\/api.w.org\/{rel}","templated":true}]}}

ARTE &#8211; DANÇA &#8211; NO RÍTMO DA DANÇA

<p class="has-text-align-center has-black-color has-pale-cyan-blue-background-color has-text-color has-background"><em>Olá, estudante!</em>&nbsp;<em>Esta videoaula de ARTE foi veiculada na TV no dia 08/11/2021 (Segunda-feira). Aqui no Portal Conexão Escola, ela está disponível juntamente com a proposta de atividade.</em></p>



<p class="has-text-align-center has-black-color has-text-color has-background" style="background-color:#fff700">NESTA VIDEOAULA, VOCÊ IRÁ APRENDER MAIS UMA LINGUAGEM DA ARTE, A LINGUAGEM DA DANÇA. A DANÇA É UMA FORMA DE LINGUAGEM CORPORAL, ONDE PODEMOS EXPRESSAR ATRAVÉS DO CORPO O QUE QUEREMOS DESTACAR.</p>



<p class="has-text-align-center"><img fetchpriority="high" decoding="async" alt="C:\Users\Deise&amp;Branco\Downloads\ballerinas-1376250_1920.jpg" src="https://lh6.googleusercontent.com/moc5RCuamwxgt8z-y_aCN6_a7nMwFLEG2iB72HsJ8DYBjvSjazlYfAPD1PZId2L6GFE9gwcyIN603RWeRFmC3bQ63RkSsvqLWtiCUHWRXRiPUvM4W_Bbh-aXcHXI0OD8u4JOn0U" width="475" height="316"></p>



<p class="has-text-align-center"><a href="https://pixabay.com/pt/photos/bailarinas-dan%c3%a7a-bal%c3%a9-dan%c3%a7arinos-1376250/>&#8220;>https://pixabay.com/pt/photos/bailarinas-dan%c3%a7a-bal%c3%a9-dan%c3%a7arinos-1376250/&gt;</a></p>



<p class="has-text-align-center has-black-color has-luminous-vivid-amber-background-color has-text-color has-background">ASSISTA A VIDEOAULA ABAIXO COM O TEMA:&nbsp;DANÇA, UMA LINGUAGEM ARTÍSTICA BASEADA NO MOVIMENTO CORPORAL.</p>



<figure class="wp-block-embed is-type-video is-provider-youtube wp-block-embed-youtube wp-embed-aspect-16-9 wp-has-aspect-ratio"><div class="wp-block-embed__wrapper">
<p class="responsive-video-wrap clr"><iframe title="Arte  | 1º Ano |  Ens  Fundamental  | Aula 8" width="1200" height="675" src="https://www.youtube.com/embed/V7F6Q3yGWMo?feature=oembed" frameborder="0" allow="accelerometer; autoplay; clipboard-write; encrypted-media; gyroscope; picture-in-picture" allowfullscreen></iframe></p>
</div><figcaption>Arte | 1º Ano | Ens Fundamental | Aula 8</figcaption></figure>



<p class="has-text-align-center has-text-color has-background" style="background-color:#afffbc;color:#090909">OLÁ CRIANÇAS!&nbsp; TUDO BEM? A AULA DE HOJE ESTÁ SUPER ANIMADA! VOCÊ VAI APRENDER UM ASSUNTO QUE ESTÁ SEMPRE EM NOSSO COTIDIANO, A DANÇA.</p>



<p class="has-text-align-center has-text-color has-background" style="background-color:#afffbc;color:#090909">A DANÇA É UMA LINGUAGEM ARTÍSTICA BASEADA NO MOVIMENTO CORPORAL. QUEM DANÇA TEM MAIS FACILIDADE PARA CONSTRUIR A IMAGEM DO PRÓPRIO CORPO, O QUE É FUNDAMENTAL PARA O CRESCIMENTO E A MATURIDADE DO INDIVÍDUO E A FORMAÇÃO DE SUA CONSCIÊNCIA SOCIAL. VOCÊ IRÁ APRENDER SOBRE OS ELEMENTOS DA LINGUAGEM CORPORAL E SEUS NÍVEIS E RITMOS.</p>



<p class="has-text-align-center has-text-color has-background" style="background-color:#afffbc;color:#090909">ASSISTA A VIDEOAULA QUE ESTÁ SUPER INTERESSANTE E DIVERTIDA!</p>



<p class="has-luminous-vivid-orange-background-color has-text-color has-background" style="color:#040404;font-size:22px"><strong>ATIVIDADE -1</strong></p>



<p class="has-text-align-center has-black-color has-text-color has-background" style="background-color:#caf3e2">GRANDE PARTE DAS MÚSICAS POPULARES TAMBÉM POSSUEM COREOGRAFIAS BEM FÁCIES DE FAZER. VAMOS EXPLORAR UMA DESSAS MÚSICAS. ESSE É UM TRECHO DA MÚSICA: CABEÇA, OMBRO, JOELHO E PÉ.</p>



<p class="has-text-align-center has-black-color has-text-color has-background" style="background-color:#caf3e2">A IMAGEM ABAIXO MOSTRA A COREOGRAFIA DA MÚSICA! QUE TAL VOCÊ FAZER A COREOGRAFIA TAMBÉM!</p>



<p class="has-text-align-center"><img decoding="async" src="https://lh6.googleusercontent.com/9gzrNY6e4FSHjXroy4IGx3e8rqb6bDyJEXWXkkl_B512zNdPE8JcivIe4_dMVZaYoAQh6uj_3aC5XDlZybihIS5bOL060FuCTDgxYnakVI8UP_hZow-zW5cD4mQGpvu1NQ_2bb4" width="382" height="342"></p>



<p class="has-text-align-center"><strong>FONTE: LOPES, 2017</strong></p>



<p class="has-text-align-center has-black-color has-text-color has-background" style="background-color:#caf3e2"><strong>AGORA É HORA DE REGISTRAR! OBSERVE A CANTIGA POPULAR E SUA COREOGRAFIA E RESPONDA AS QUESTÕES:</strong></p>



<ul class="wp-block-list"><li>VOCÊ JÁ CONHECIA ESSA MÚSICA? SABE DANÇAR ELA?&nbsp;</li></ul>



<ul class="wp-block-list"><li>ESCREVA EM SEU CADERNO UM TRECHO DESSA MÚSICA E PINTE OS ESPAÇOS ENTRE AS PALAVRAS:</li></ul>



<ul class="wp-block-list"><li>CONTE QUANTAS PALAVRAS TEM NO TRECHO DESSA MÚSICA:</li></ul>



<ul class="wp-block-list"><li>PINTE DE VERMELHO AS PALAVRAS QUE NOMEIAM PARTES DO CORPO.</li></ul>



<p class="has-luminous-vivid-orange-background-color has-text-color has-background" style="color:#040404;font-size:22px"><strong><strong>ATIVIDADE 2 – RITMOS E EXPRESSÕES.</strong></strong></p>



<p class="has-text-align-center has-black-color has-text-color has-background" style="background-color:#caf3e2">CONVIDE O PAPAI, MAMÃE, IRMÃOS, VIZINHOS PARA BRINCAR COM VOCÊ.</p>



<p class="has-text-align-center has-black-color has-text-color has-background" style="background-color:#caf3e2">DANÇAR É MOVIMENTAR-SE PELO ESPAÇO, É SENTIR O CORPO LIVRE, É COMUNICAR-SE CONSIGO MESMO, É DESFRUTAR, LIBERTAR-SE&#8230; CONVIDAR PARA DANÇAR É ANIMAR A QUEBRAR PRECONCEITOS, MEDOS, VERGONHAS&#8230;</p>



<p class="has-text-align-center has-black-color has-text-color has-background" style="background-color:#caf3e2">FAÇAM MOVIMENTOS DO COTIDIANO DANÇANDO.&nbsp;</p>



<p class="has-text-align-center">EXEMPLOS: ESCOVANDO OS DENTES;</p>



<p class="has-text-align-center">&nbsp;&nbsp;&nbsp;&nbsp;&nbsp;&nbsp;&nbsp;&nbsp;&nbsp;&nbsp;&nbsp;&nbsp;&nbsp;&nbsp;&nbsp;&nbsp;&nbsp;&nbsp;LAVANDO O CABELO;</p>



<p class="has-text-align-center">&nbsp;&nbsp;&nbsp;&nbsp;&nbsp;&nbsp;&nbsp;&nbsp;&nbsp;&nbsp;&nbsp;&nbsp;&nbsp;&nbsp;&nbsp;&nbsp;&nbsp;&nbsp;VESTINDO ROUPAS;</p>



<p class="has-text-align-center">&nbsp;&nbsp;&nbsp;&nbsp;&nbsp;&nbsp;&nbsp;&nbsp;&nbsp;&nbsp;&nbsp;&nbsp;&nbsp;&nbsp;&nbsp;&nbsp;&nbsp;&nbsp;AMARRANDO OS SAPATOS&#8230;</p>



<p class="has-text-align-center has-black-color has-text-color has-background" style="background-color:#caf3e2">VOCÊ IRÁ PERCEBER COMO É DIVERTIDO AGUÇAR SUA CRIATIVIDADE, IMAGINAÇÃO, PERCEPÇÃO E CONSCIENTIZAÇÃO CORPORAL.</p>



<p class="has-text-align-center has-black-color has-text-color has-background" style="background-color:#fff700"><strong>AGORA, VAMOS RELEMBRAR O QUE APRENDEMOS?</strong></p>



<ul class="wp-block-list"><li>PRINCIPAIS LINGUAGENS DA ARTE;</li><li>ÊNFASE NA LINGUAGEM DA DANÇA;</li><li>ELEMENTOS ESTRUTURAIS DA DANÇA;</li><li>NÍVEIS E RITMOS EM DANÇA;</li><li>VÍDEO: IMITANDO OS BICHOS;</li><li>ARTE E SÁUDE – BENEFÍCIOS DA DANÇA.</li></ul>



<hr class="wp-block-separator"/>



<figure class="wp-block-table"><table class="has-black-color has-text-color has-background" style="background-color:#eef5f8"><tbody><tr><td><strong>Habilidade estruturante:<br>Habilidades complementares: </strong></td><td>(GO-EF01AR09-A). ESTABELECER RELAÇÕES ENTRE AS PARTES E O TODO CORPORAL NA CONSTRUÇÃO DO MOVIMENTO DANÇADO, A PARTIR DE ORIENTAÇÕES ANATÔMICAS, PERCEPÇÃO DE AÇÕES DA GRAVIDADE, ALINHAMENTOS POSTURAIS, APOIOS, TEMPOS, EIXOS, PLANOS, DIREÇÕES.<br>(GO-EF01AR12-C). PERCEBER OS DIFERENTES CORPOS E AS MANEIRAS DE MOVER-SE, TENDO A DANÇA COMO MOTE PARA EXPANDIR AS RELAÇÕES ENTRE EU/OUTRO, INDIVIDUAL/COLETIVO, FOMENTANDO OS PROCESSOS INDENITÁRIOS, SUBJETIVOS, SIMBÓLICOS E IMAGINATIVOS.<br>(GO-EF01AR27). EXPERIMENTAR DIFERENTES FORMAS DE EXPRESSÃO, CONSCIÊNCIA E PERCEPÇÃO DO CORPO, TAIS COMO: ELEMENTOS DAS PRÁTICAS SOMÁTICAS, DANÇAS DE RODA, JOGOS E BRINCADEIRAS TRADICIONAIS E CONTEMPORÂNEAS, CONTAÇÃO DE HISTÓRIAS DRAMATIZADAS E OUTRAS ATIVIDADES INTERARTÍSTICAS.</td></tr></tbody></table></figure>



<figure class="wp-block-table"><table class="has-background" style="background-color:#eef5f8"><tbody><tr><td><strong>Referências:</strong></td><td>GOVERNO DO ESTADO DE GOIÁS. SECRETÁRIA DE ESTADO DE EDUCAÇÃO – SEDUC/CONSED. DOCUMENTO CURRICULAR PARA GOIÁS – AMPLIADO: <strong>VOLUME II ENSINO FUNDAMENTAL ANOS INICIAIS</strong>.&nbsp;<br><strong>DANÇA&#8230; ENSINO, SENTIDO E POSSIBILIDADES NA ESCOLA</strong>, DÉBORA BARRETO, 163 PÁGS., ED. AUTORES ASSOCIADOS.<br>GARCIA, ANGELA; HAAS, ALINE.<em>&nbsp;</em><strong><em>RITMO E DANÇA</em></strong>. CANOAS: ULBRA, 2003.<br>LOPES, CAMARGO ANDRÉ (ORG.). <strong>NOVO PITANGUÁ</strong>: ARTES. 1 ª ED. MODERNA: SÃO PAULO.2017.<br><a href="https://pixabay.com/pt/">https://pixabay.com/pt/</a>.</td></tr></tbody></table></figure>
