{"id":132735,"date":"2021-10-20T07:00:00","date_gmt":"2021-10-20T10:00:00","guid":{"rendered":"https:\/\/sme.goiania.go.gov.br\/conexaoescola\/?post_type=ensino_fundamental&#038;p=132735"},"modified":"2021-10-21T14:33:16","modified_gmt":"2021-10-21T17:33:16","slug":"educacao-fisica-capoeira-2","status":"publish","type":"ensino_fundamental","link":"https:\/\/sme.goiania.go.gov.br\/conexaoescola\/ensino_fundamental\/educacao-fisica-capoeira-2\/","title":{"rendered":"Educa\u00e7\u00e3o F\u00edsica: Capoeira"},"content":{"rendered":"\n<p class=\"has-text-align-center has-vivid-red-color has-black-background-color has-text-color has-background\"><em><strong>Ol\u00e1, estudante! Esta videoaula de Educa\u00e7\u00e3o f\u00edsica foi veiculada na TV no dia **\/10\/2021 (Quarta-feira). Aqui no Portal Conex\u00e3o Escola, ela est\u00e1 dispon\u00edvel juntamente com a proposta de atividade.<\/strong><\/em><\/p>\n\n\n\n<p class=\"has-text-align-center has-black-color has-vivid-red-background-color has-text-color has-background\">Nessa aula vamos conhecer a Capoeira, sua hist\u00f3ria e alguns de seus movimentos.<\/p>\n\n\n\n<p class=\"has-text-align-center\"><img fetchpriority=\"high\" decoding=\"async\" width=\"302\" height=\"385\" src=\"https:\/\/lh6.googleusercontent.com\/3SX8bZ0rt1UMKW-QcCmWxI_9FC9RGAqRpTWbGv0kQ2tpr2bSJTbNAD7vnGnHI6qeGqhh0JWCi_jlrWemT5xFcJGMyV4Z68hGh1e3djp2sOyKItrUFg-JxhyXyNDCH5rLbUYPrFk=s0\"><\/p>\n\n\n\n<p class=\"has-text-align-center has-black-color has-vivid-red-background-color has-text-color has-background\">Assista a videoaula abaixo, com a tem\u00e1tica: Capoeira<\/p>\n\n\n\n<figure class=\"wp-block-embed is-type-video is-provider-youtube wp-block-embed-youtube wp-embed-aspect-16-9 wp-has-aspect-ratio\"><div class=\"wp-block-embed__wrapper\">\n<p class=\"responsive-video-wrap clr\"><iframe title=\"Ed. F\u00edsica  | 3\u00ba Ano | Ens. Fundamental - aula7\" width=\"1200\" height=\"675\" src=\"https:\/\/www.youtube.com\/embed\/nfVGZ-LNr8M?feature=oembed\" frameborder=\"0\" allow=\"accelerometer; autoplay; clipboard-write; encrypted-media; gyroscope; picture-in-picture\" allowfullscreen><\/iframe><\/p>\n<\/div><\/figure>\n\n\n\n<p>H\u00e1 quem diga que \u00e9 s\u00f3 uma dan\u00e7a, h\u00e1 quem diga que \u00e9 apenas um movimento cultural e h\u00e1 quem diga que n\u00e3o passa de uma luta, mas na verdade a Capoeira \u00e9 um pouquinho de cada uma dessas coisas e na aula de hoje vamos entender tudo isso, que a capoeira tem, direitinho!<\/p>\n\n\n\n<p>A Capoeira \u00e9 uma express\u00e3o cultural que mistura esporte, luta, dan\u00e7a, m\u00fasica e brincadeira. A Capoeira tem movimentos \u00e1geis, que utilizam todas as partes do corpo ao mesmo tempo, envolve t\u00e9cnicas de ataque, defesa, giros etc. Todos esses movimentos s\u00e3o realizados no ritmo de uma m\u00fasica, tocada ao vivo com instrumentos tradicionais e \u00e9 isso o que mais a diferencia de outras lutas e a aproxima da dan\u00e7a.<br>Um dos significados da palavra capoeira refere-se \u00e0s \u00e1reas de mata rasteira do interior do Brasil.<\/p>\n\n\n\n<p><br>Essa pr\u00e1tica corporal foi desenvolvida por escravos africanos trazidos ao Brasil, como uma forma de resist\u00eancia, de luta e de defesa contra os maus-tratos dos capit\u00e3es do mato. E foi criada misturando movimentos de dan\u00e7as e lutas que j\u00e1 eram praticadas anteriormente na \u00c1frica. Assim, podemos dizer que a Capoeira foi criada no Brasil usando \u201cingredientes\u201d africanos, tais como os movimentos, o ritmo marcado por instrumentos j\u00e1 tradicionais dos povos da \u00c1frica, como por exemplo o Atabaque.<\/p>\n\n\n\n<div class=\"wp-block-image\"><figure class=\"aligncenter is-resized\"><img decoding=\"async\" src=\"https:\/\/lh5.googleusercontent.com\/vywiN6AA9Bpguba7vX38Qq_OtPIEitAoGQcf9RQHoy6VVyvdXksqT8rEonq1AP96-gXAdyWs-GzgNHtWcfm1hoyipzUmFqPTZsiAey2k86zg3Uw85maW9deEzmDIFFwOMH-_lbE=s0\" alt=\"\" width=\"407\" height=\"576\"\/><\/figure><\/div>\n\n\n\n<p><br><br>A capoeira \u00e9 disputada por duas pessoas que se desafiam no meio de uma roda formada por outros capoeiristas, ao som de palmas e berimbaus, pandeiros e, em alguns casos de atabaques (alguns grupos consideram o atabaque um instrumento sagrado que s\u00f3 deve ser utilizado em momentos religiosos e consideram inadequado utiliz\u00e1-los durante a pr\u00e1tica da capoeira). O objetivo \u00e9 derrubar o advers\u00e1rio.<\/p>\n\n\n\n<p><br>O berimbau \u00e9 o instrumento mais caracter\u00edstico da Capoeira e \u00e9 ele quem dita o ritmo dos movimentos. Esse instrumento \u00e9 constru\u00eddo por um peda\u00e7o de pau, um peda\u00e7o de arame e uma caba\u00e7a.<\/p>\n\n\n\n<div class=\"wp-block-image\"><figure class=\"aligncenter is-resized\"><img decoding=\"async\" src=\"https:\/\/lh3.googleusercontent.com\/2G70qrRixrAVxYDC7NXS-_fySwtXsNzMSeru7vznSSQ4li1KjghSdYqI4AOmasocPGSN_9MwkD3svZYOU78UxRl41Her75PEgJg8JBViOFxJ1I54-lFILGfx5ulUhfxW25RF3y4=s0\" alt=\"\" width=\"255\" height=\"453\"\/><\/figure><\/div>\n\n\n\n<p class=\"has-text-align-center has-vivid-red-color has-black-background-color has-text-color has-background\"><strong>ATIVIDADE 1<\/strong><\/p>\n\n\n\n<p>O movimento base da Capoeira \u00e9 a Ginga. \u00c9 a Ginga que dificulta que o advers\u00e1rio acerte um golpe em um capoeirista e que une todos os demais movimentos da Capoeira. Para entender melhor esse movimento e aprender como realiz\u00e1-lo veja o v\u00eddeo a seguir:<\/p>\n\n\n\n<figure class=\"wp-block-embed is-type-video is-provider-youtube wp-block-embed-youtube wp-embed-aspect-16-9 wp-has-aspect-ratio\"><div class=\"wp-block-embed__wrapper\">\n<p class=\"responsive-video-wrap clr\"><iframe title=\"Instrutor Fa\u00edska ensina   Ginga\" width=\"1200\" height=\"675\" src=\"https:\/\/www.youtube.com\/embed\/D167gC8ftHM?feature=oembed\" frameborder=\"0\" allow=\"accelerometer; autoplay; clipboard-write; encrypted-media; gyroscope; picture-in-picture\" allowfullscreen><\/iframe><\/p>\n<\/div><\/figure>\n\n\n\n<p class=\"has-text-align-center has-vivid-red-color has-black-background-color has-text-color has-background\"><strong>ATIVIDADE 2<\/strong><\/p>\n\n\n\n<p>Al\u00e9m da ginga, v\u00e1rios outros movimentos comp\u00f5em aparte LUTA da Capoeira, esses outros movimentos podem ser divididos em movimentos de ataque (ou golpes) e movimentos de esquiva (ou movimentos de defesa). No v\u00eddeo a seguir voc\u00ea vai aprender como executar o movimento \u201cBen\u00e7\u00e3o\u201d que \u00e9 uma esp\u00e9cie de empurr\u00e3o feito com o p\u00e9, como um chute e, por tanto, \u00e9 um dos movimentos de ataque da Capoeira. Veja:<\/p>\n\n\n\n<figure class=\"wp-block-embed is-type-video is-provider-youtube wp-block-embed-youtube wp-embed-aspect-16-9 wp-has-aspect-ratio\"><div class=\"wp-block-embed__wrapper\">\n<p class=\"responsive-video-wrap clr\"><iframe title=\"Instrutor Fa\u00edska ensina   Ben\u00e7\u00e3o\" width=\"1200\" height=\"675\" src=\"https:\/\/www.youtube.com\/embed\/ncuBFq3Aews?feature=oembed\" frameborder=\"0\" allow=\"accelerometer; autoplay; clipboard-write; encrypted-media; gyroscope; picture-in-picture\" allowfullscreen><\/iframe><\/p>\n<\/div><\/figure>\n\n\n\n<p>Agora que voc\u00ea j\u00e1 sabe como se movimentar e como atacar, veja no v\u00eddeo a seguir como se defender na Capoeira com um dos movimentos mais simples de esquiva: a Cocorinha<\/p>\n\n\n\n<figure class=\"wp-block-embed is-type-video is-provider-youtube wp-block-embed-youtube wp-embed-aspect-16-9 wp-has-aspect-ratio\"><div class=\"wp-block-embed__wrapper\">\n<p class=\"responsive-video-wrap clr\"><iframe title=\"Instrutor Fa\u00edska ensina   Cocorinha\" width=\"1200\" height=\"675\" src=\"https:\/\/www.youtube.com\/embed\/nSAmqkhym7g?feature=oembed\" frameborder=\"0\" allow=\"accelerometer; autoplay; clipboard-write; encrypted-media; gyroscope; picture-in-picture\" allowfullscreen><\/iframe><\/p>\n<\/div><\/figure>\n","protected":false},"author":30,"featured_media":132505,"template":"","ef_categoria":[13,17],"ef_ano":[86],"ef_componente":[97],"class_list":["post-132735","ensino_fundamental","type-ensino_fundamental","status-publish","has-post-thumbnail","hentry","ef_categoria-ciclo-da-infancia-abc","ef_categoria-corpo-e-movimento","ef_ano-3o-ano","ef_componente-educacao-fisica","entry","has-media"],"acf":[],"_links":{"self":[{"href":"https:\/\/sme.goiania.go.gov.br\/conexaoescola\/wp-json\/wp\/v2\/ensino_fundamental\/132735","targetHints":{"allow":["GET"]}}],"collection":[{"href":"https:\/\/sme.goiania.go.gov.br\/conexaoescola\/wp-json\/wp\/v2\/ensino_fundamental"}],"about":[{"href":"https:\/\/sme.goiania.go.gov.br\/conexaoescola\/wp-json\/wp\/v2\/types\/ensino_fundamental"}],"author":[{"embeddable":true,"href":"https:\/\/sme.goiania.go.gov.br\/conexaoescola\/wp-json\/wp\/v2\/users\/30"}],"version-history":[{"count":0,"href":"https:\/\/sme.goiania.go.gov.br\/conexaoescola\/wp-json\/wp\/v2\/ensino_fundamental\/132735\/revisions"}],"wp:featuredmedia":[{"embeddable":true,"href":"https:\/\/sme.goiania.go.gov.br\/conexaoescola\/wp-json\/wp\/v2\/media\/132505"}],"wp:attachment":[{"href":"https:\/\/sme.goiania.go.gov.br\/conexaoescola\/wp-json\/wp\/v2\/media?parent=132735"}],"wp:term":[{"taxonomy":"ef_categoria","embeddable":true,"href":"https:\/\/sme.goiania.go.gov.br\/conexaoescola\/wp-json\/wp\/v2\/ef_categoria?post=132735"},{"taxonomy":"ef_ano","embeddable":true,"href":"https:\/\/sme.goiania.go.gov.br\/conexaoescola\/wp-json\/wp\/v2\/ef_ano?post=132735"},{"taxonomy":"ef_componente","embeddable":true,"href":"https:\/\/sme.goiania.go.gov.br\/conexaoescola\/wp-json\/wp\/v2\/ef_componente?post=132735"}],"curies":[{"name":"wp","href":"https:\/\/api.w.org\/{rel}","templated":true}]}}

Educação Física: Capoeira

<p class="has-text-align-center has-vivid-red-color has-black-background-color has-text-color has-background"><em><strong>Olá, estudante! Esta videoaula de Educação física foi veiculada na TV no dia **/10/2021 (Quarta-feira). Aqui no Portal Conexão Escola, ela está disponível juntamente com a proposta de atividade.</strong></em></p>



<p class="has-text-align-center has-black-color has-vivid-red-background-color has-text-color has-background">Nessa aula vamos conhecer a Capoeira, sua história e alguns de seus movimentos.</p>



<p class="has-text-align-center"><img fetchpriority="high" decoding="async" width="302" height="385" src="https://lh6.googleusercontent.com/3SX8bZ0rt1UMKW-QcCmWxI_9FC9RGAqRpTWbGv0kQ2tpr2bSJTbNAD7vnGnHI6qeGqhh0JWCi_jlrWemT5xFcJGMyV4Z68hGh1e3djp2sOyKItrUFg-JxhyXyNDCH5rLbUYPrFk=s0"></p>



<p class="has-text-align-center has-black-color has-vivid-red-background-color has-text-color has-background">Assista a videoaula abaixo, com a temática: Capoeira</p>



<figure class="wp-block-embed is-type-video is-provider-youtube wp-block-embed-youtube wp-embed-aspect-16-9 wp-has-aspect-ratio"><div class="wp-block-embed__wrapper">
<p class="responsive-video-wrap clr"><iframe title="Ed. Física  | 3º Ano | Ens. Fundamental - aula7" width="1200" height="675" src="https://www.youtube.com/embed/nfVGZ-LNr8M?feature=oembed" frameborder="0" allow="accelerometer; autoplay; clipboard-write; encrypted-media; gyroscope; picture-in-picture" allowfullscreen></iframe></p>
</div></figure>



<p>Há quem diga que é só uma dança, há quem diga que é apenas um movimento cultural e há quem diga que não passa de uma luta, mas na verdade a Capoeira é um pouquinho de cada uma dessas coisas e na aula de hoje vamos entender tudo isso, que a capoeira tem, direitinho!</p>



<p>A Capoeira é uma expressão cultural que mistura esporte, luta, dança, música e brincadeira. A Capoeira tem movimentos ágeis, que utilizam todas as partes do corpo ao mesmo tempo, envolve técnicas de ataque, defesa, giros etc. Todos esses movimentos são realizados no ritmo de uma música, tocada ao vivo com instrumentos tradicionais e é isso o que mais a diferencia de outras lutas e a aproxima da dança.<br>Um dos significados da palavra capoeira refere-se às áreas de mata rasteira do interior do Brasil.</p>



<p><br>Essa prática corporal foi desenvolvida por escravos africanos trazidos ao Brasil, como uma forma de resistência, de luta e de defesa contra os maus-tratos dos capitães do mato. E foi criada misturando movimentos de danças e lutas que já eram praticadas anteriormente na África. Assim, podemos dizer que a Capoeira foi criada no Brasil usando “ingredientes” africanos, tais como os movimentos, o ritmo marcado por instrumentos já tradicionais dos povos da África, como por exemplo o Atabaque.</p>



<div class="wp-block-image"><figure class="aligncenter is-resized"><img decoding="async" src="https://lh5.googleusercontent.com/vywiN6AA9Bpguba7vX38Qq_OtPIEitAoGQcf9RQHoy6VVyvdXksqT8rEonq1AP96-gXAdyWs-GzgNHtWcfm1hoyipzUmFqPTZsiAey2k86zg3Uw85maW9deEzmDIFFwOMH-_lbE=s0" alt="" width="407" height="576"/></figure></div>



<p><br><br>A capoeira é disputada por duas pessoas que se desafiam no meio de uma roda formada por outros capoeiristas, ao som de palmas e berimbaus, pandeiros e, em alguns casos de atabaques (alguns grupos consideram o atabaque um instrumento sagrado que só deve ser utilizado em momentos religiosos e consideram inadequado utilizá-los durante a prática da capoeira). O objetivo é derrubar o adversário.</p>



<p><br>O berimbau é o instrumento mais característico da Capoeira e é ele quem dita o ritmo dos movimentos. Esse instrumento é construído por um pedaço de pau, um pedaço de arame e uma cabaça.</p>



<div class="wp-block-image"><figure class="aligncenter is-resized"><img decoding="async" src="https://lh3.googleusercontent.com/2G70qrRixrAVxYDC7NXS-_fySwtXsNzMSeru7vznSSQ4li1KjghSdYqI4AOmasocPGSN_9MwkD3svZYOU78UxRl41Her75PEgJg8JBViOFxJ1I54-lFILGfx5ulUhfxW25RF3y4=s0" alt="" width="255" height="453"/></figure></div>



<p class="has-text-align-center has-vivid-red-color has-black-background-color has-text-color has-background"><strong>ATIVIDADE 1</strong></p>



<p>O movimento base da Capoeira é a Ginga. É a Ginga que dificulta que o adversário acerte um golpe em um capoeirista e que une todos os demais movimentos da Capoeira. Para entender melhor esse movimento e aprender como realizá-lo veja o vídeo a seguir:</p>



<figure class="wp-block-embed is-type-video is-provider-youtube wp-block-embed-youtube wp-embed-aspect-16-9 wp-has-aspect-ratio"><div class="wp-block-embed__wrapper">
<p class="responsive-video-wrap clr"><iframe title="Instrutor Faíska ensina   Ginga" width="1200" height="675" src="https://www.youtube.com/embed/D167gC8ftHM?feature=oembed" frameborder="0" allow="accelerometer; autoplay; clipboard-write; encrypted-media; gyroscope; picture-in-picture" allowfullscreen></iframe></p>
</div></figure>



<p class="has-text-align-center has-vivid-red-color has-black-background-color has-text-color has-background"><strong>ATIVIDADE 2</strong></p>



<p>Além da ginga, vários outros movimentos compõem aparte LUTA da Capoeira, esses outros movimentos podem ser divididos em movimentos de ataque (ou golpes) e movimentos de esquiva (ou movimentos de defesa). No vídeo a seguir você vai aprender como executar o movimento “Benção” que é uma espécie de empurrão feito com o pé, como um chute e, por tanto, é um dos movimentos de ataque da Capoeira. Veja:</p>



<figure class="wp-block-embed is-type-video is-provider-youtube wp-block-embed-youtube wp-embed-aspect-16-9 wp-has-aspect-ratio"><div class="wp-block-embed__wrapper">
<p class="responsive-video-wrap clr"><iframe title="Instrutor Faíska ensina   Benção" width="1200" height="675" src="https://www.youtube.com/embed/ncuBFq3Aews?feature=oembed" frameborder="0" allow="accelerometer; autoplay; clipboard-write; encrypted-media; gyroscope; picture-in-picture" allowfullscreen></iframe></p>
</div></figure>



<p>Agora que você já sabe como se movimentar e como atacar, veja no vídeo a seguir como se defender na Capoeira com um dos movimentos mais simples de esquiva: a Cocorinha</p>



<figure class="wp-block-embed is-type-video is-provider-youtube wp-block-embed-youtube wp-embed-aspect-16-9 wp-has-aspect-ratio"><div class="wp-block-embed__wrapper">
<p class="responsive-video-wrap clr"><iframe title="Instrutor Faíska ensina   Cocorinha" width="1200" height="675" src="https://www.youtube.com/embed/nSAmqkhym7g?feature=oembed" frameborder="0" allow="accelerometer; autoplay; clipboard-write; encrypted-media; gyroscope; picture-in-picture" allowfullscreen></iframe></p>
</div></figure>
