{"id":132726,"date":"2021-10-15T15:00:57","date_gmt":"2021-10-15T18:00:57","guid":{"rendered":"https:\/\/sme.goiania.go.gov.br\/conexaoescola\/?post_type=ensino_fundamental&#038;p=132726"},"modified":"2021-10-15T15:00:57","modified_gmt":"2021-10-15T18:00:57","slug":"ciencias-vacina","status":"publish","type":"ensino_fundamental","link":"https:\/\/sme.goiania.go.gov.br\/conexaoescola\/ensino_fundamental\/ciencias-vacina\/","title":{"rendered":"Ci\u00eancias &#8211; Vacina"},"content":{"rendered":"\n<p class=\"has-text-align-center has-luminous-vivid-amber-background-color has-background has-medium-font-size\"><em>Ol\u00e1, educando (a)!Esta videoaula de <\/em><strong><em>Ci\u00eancias<\/em><\/strong><em> foi veiculada na TV no dia 14 de outubro de 2021. Aqui no Portal Conex\u00e3o Escola, ela est\u00e1 dispon\u00edvel juntamente com a proposta de atividade.<\/em><\/p>\n\n\n\n<figure class=\"wp-block-image size-large\"><img fetchpriority=\"high\" decoding=\"async\" width=\"1024\" height=\"655\" src=\"https:\/\/sme.goiania.go.gov.br\/conexaoescola\/wp-content\/uploads\/2021\/10\/covid-19-g8bca759a2_1280-e1634320814172-1024x655.png\" alt=\"\" class=\"wp-image-132728\" srcset=\"https:\/\/sme.goiania.go.gov.br\/conexaoescola\/wp-content\/uploads\/2021\/10\/covid-19-g8bca759a2_1280-e1634320814172-1024x655.png 1024w, https:\/\/sme.goiania.go.gov.br\/conexaoescola\/wp-content\/uploads\/2021\/10\/covid-19-g8bca759a2_1280-e1634320814172-300x192.png 300w, https:\/\/sme.goiania.go.gov.br\/conexaoescola\/wp-content\/uploads\/2021\/10\/covid-19-g8bca759a2_1280-e1634320814172-768x491.png 768w, https:\/\/sme.goiania.go.gov.br\/conexaoescola\/wp-content\/uploads\/2021\/10\/covid-19-g8bca759a2_1280-e1634320814172.png 1280w\" sizes=\"(max-width: 1024px) 100vw, 1024px\" \/><\/figure>\n\n\n\n<p class=\"has-medium-font-size\">Ol\u00e1 crian\u00e7a, tudo bem com voc\u00ea?&nbsp;<\/p>\n\n\n\n<p class=\"has-medium-font-size\">A manuten\u00e7\u00e3o de nossa sa\u00fade e dos nossos amigos e familiares \u00e9 fundamental, n\u00e3o \u00e9 mesmo? Por isso, medidas preventivas devem ser tomadas, como a vacina\u00e7\u00e3o da popula\u00e7\u00e3o, para que microrganismos que causam doen\u00e7as diminuam a circula\u00e7\u00e3o.<\/p>\n\n\n\n<p class=\"has-medium-font-size\">Nessa videoaula veremos que as vacinas refor\u00e7am a imunidade, mas tamb\u00e9m \u00e9 preciso refor\u00e7ar h\u00e1bitos de higiene, como lavar as m\u00e3os, e cuidados de distanciamento quando estivermos doentes, para que n\u00e3o haja contamina\u00e7\u00e3o.<\/p>\n\n\n\n<p class=\"has-medium-font-size\">Vamos\u00a0 come\u00e7ar?<\/p>\n\n\n\n<figure class=\"wp-block-embed aligncenter is-type-video is-provider-youtube wp-block-embed-youtube wp-embed-aspect-16-9 wp-has-aspect-ratio\"><div class=\"wp-block-embed__wrapper\">\n<p class=\"responsive-video-wrap clr\"><iframe title=\"Ci\u00eancias  | 4\u00ba Ano | Ens. Fundamental - aula7\" width=\"1200\" height=\"675\" src=\"https:\/\/www.youtube.com\/embed\/2ylAsMTO0Sk?feature=oembed\" frameborder=\"0\" allow=\"accelerometer; autoplay; clipboard-write; encrypted-media; gyroscope; picture-in-picture\" allowfullscreen><\/iframe><\/p>\n<\/div><\/figure>\n\n\n\n<p class=\"has-luminous-vivid-amber-color has-black-background-color has-text-color has-background has-medium-font-size\"><strong>ATIVIDADE 1<\/strong> <\/p>\n\n\n\n<p class=\"has-medium-font-size\">Assista ao v\u00eddeo a seguir:<\/p>\n\n\n\n<figure class=\"wp-block-embed is-type-video is-provider-youtube wp-block-embed-youtube wp-embed-aspect-16-9 wp-has-aspect-ratio\"><div class=\"wp-block-embed__wrapper\">\n<p class=\"responsive-video-wrap clr\"><iframe title=\"Coronaoqu\u00ea? - \u00c1gua e sab\u00e3o contra o coronav\u00edrus\" width=\"1200\" height=\"675\" src=\"https:\/\/www.youtube.com\/embed\/Nb4Xgx7sRlM?start=36&#038;feature=oembed\" frameborder=\"0\" allow=\"accelerometer; autoplay; clipboard-write; encrypted-media; gyroscope; picture-in-picture\" allowfullscreen><\/iframe><\/p>\n<\/div><\/figure>\n\n\n\n<p class=\"has-text-align-center\" style=\"font-size:10px\">Dispon\u00edvel em: https:\/\/www.youtube.com\/watch?v=Nb4Xgx7sRlM&amp;t=36s. Acesso em: 28\/08\/2021<\/p>\n\n\n\n<p class=\"has-medium-font-size\">Agora que voc\u00ea j\u00e1 viu o v\u00eddeo, fa\u00e7a uma lista com os h\u00e1bitos de higiene e os cuidados que podemos tomar para evitar doen\u00e7as que s\u00e3o transmitidas por microrganismos.<\/p>\n\n\n\n<p class=\"has-luminous-vivid-amber-color has-black-background-color has-text-color has-background has-medium-font-size\"><strong>ATIVIDADE 2<\/strong> <\/p>\n\n\n\n<p class=\"has-medium-font-size\">Voc\u00ea sabia que o Sistema \u00danico de Sa\u00fade, conhecido pela sigla SUS, oferece aos cidad\u00e3os brasileiros uma s\u00e9rie de vacinas e boa parte delas s\u00e3o produzidas nacionalmente?&nbsp;<\/p>\n\n\n\n<p class=\"has-medium-font-size\">Veja na ilustra\u00e7\u00e3o a seguir as vacinas que s\u00e3o ofertadas gratuitamente pelo Sistema \u00danico de Sa\u00fade.&nbsp;<\/p>\n\n\n\n<div class=\"wp-block-image\"><figure class=\"aligncenter\"><img decoding=\"async\" src=\"https:\/\/lh6.googleusercontent.com\/1UbAjcNfsPqeAPc4SUVcEkVqj6JH9EXZsBc0Ke-JnR3FOdj8Dz6zXb0sQXkzKJYuQ6hqlja1pTFE_vy3qowX91yV2GYF-vnbuExH09ECmyAAf0saBkMYriZaB6CuMYL8m2jcwxU=s0\" alt=\"\"\/><\/figure><\/div>\n\n\n\n<p class=\"has-text-align-center\" style=\"font-size:10px\">Dispon\u00edvel em: https:\/\/www.unasus.gov.br\/noticia\/vacinas-devem-ser-tomadas-em-diversas-faixas-etarias. Acesso em: 28\/08\/2021<\/p>\n\n\n\n<p class=\"has-medium-font-size\">Consulte seus familiares ou respons\u00e1veis e pergunte quais dessas vacinas voc\u00ea j\u00e1 tomou para garantia de sua imuniza\u00e7\u00e3o. Ap\u00f3s a pesquisa fa\u00e7a o registro.&nbsp;<\/p>\n\n\n\n<p class=\"has-medium-font-size\">Se voc\u00ea quiser, tamb\u00e9m pode consultar o seu Cart\u00e3o de Vacina\u00e7\u00e3o, que \u00e9 um documento que registra as informa\u00e7\u00f5es vacinais.&nbsp;<\/p>\n\n\n\n<p class=\"has-luminous-vivid-amber-color has-black-background-color has-text-color has-background has-medium-font-size\"><strong>ATIVIDADE 3<\/strong><\/p>\n\n\n\n<p class=\"has-medium-font-size\">A&nbsp;vacina\u00e7\u00e3o&nbsp;\u00e9 muito importante, pois, por meio dela, o&nbsp;nosso organismo \u00e9 estimulado a proteger-se&nbsp;de determinadas doen\u00e7as. Uma vacina somente \u00e9 aprovada ap\u00f3s v\u00e1rios estudos e testes que s\u00e3o conduzidos pelos cientistas.&nbsp;<\/p>\n\n\n\n<p class=\"has-medium-font-size\">Voc\u00ea conhece o Z\u00e9 Gotinha? Ele \u00e9 um personagem criado para incentivar as pessoas a se vacinarem e assim elas podem se prevenir de v\u00e1rias doen\u00e7as.<\/p>\n\n\n\n<p class=\"has-medium-font-size\">Ajude o Z\u00e9 Gotinha nessa miss\u00e3o e elabore uma frase bem criativa, informando a import\u00e2ncia da vacina\u00e7\u00e3o.&nbsp;<\/p>\n\n\n\n<div class=\"wp-block-image\"><figure class=\"aligncenter\"><img decoding=\"async\" src=\"https:\/\/lh6.googleusercontent.com\/UWw5Dd4fq8H7qMzrXCHL-6AuYGkERovzJ8RzwhalwhEWsUZKM1RPsbcRl7CxCoPlj0jdf85L1U2d_oFU74UJZeodhQY3W9Di4eV8LCeyX9ARU4T_03mhcAM2aIoTP9Sc0zqMq1w=s0\" alt=\"Foto do Z\u00e9 Gotinha em fundo branco e com m\u00e1scara azul\"\/><figcaption>Dispon\u00edvel em: https:\/\/www.prefeitura.sp.gov.br\/cidade\/secretarias\/saude\/hospital_do_servidor_publico_municipal\/noticias. Acesso em: 28\/08\/2021.<\/figcaption><\/figure><\/div>\n\n\n\n<figure class=\"wp-block-table aligncenter\"><table><tbody><tr><td><strong>Ciclo da inf\u00e2ncia e adolesc\u00eancia:<\/strong><br><br>Habilidade estruturante\u00a0<\/td><td><br>(EF04CI08-B) Propor atitudes e medidas adequadas para preven\u00e7\u00e3o de doen\u00e7as causadas por microrganismos, tais como medidas de higiene, saneamento b\u00e1sico e vacina\u00e7\u00e3o, ressaltando as infec\u00e7\u00f5es mais comuns em Goi\u00e1s.<br><br><\/td><\/tr><tr><td><strong>Refer\u00eancias:<\/strong><\/td><td>https:\/\/www.youtube.com\/watch?v=Nb4Xgx7sRlM&amp;t=36s\u00a0<br><br>https:\/\/www.unasus.gov.br\/noticia\/vacinas-devem-ser-tomadas-em-diversas-faixas-etarias\u00a0<br><br>https:\/\/www.prefeitura.sp.gov.br\/cidade\/secretarias\/saude\/hospital_do_servidor_publico_municipal\/noticias\u00a0\u00a0<\/td><\/tr><\/tbody><\/table><\/figure>\n","protected":false},"author":23,"featured_media":132728,"template":"","ef_categoria":[14,23],"ef_ano":[87],"ef_componente":[98],"class_list":["post-132726","ensino_fundamental","type-ensino_fundamental","status-publish","has-post-thumbnail","hentry","ef_categoria-ciclo-da-infancia-de","ef_categoria-educacao-ambiental-e-saude-ciclo-da-infancia-de","ef_ano-4o-ano","ef_componente-ciencia-da-natureza-ef","entry","has-media"],"acf":[],"_links":{"self":[{"href":"https:\/\/sme.goiania.go.gov.br\/conexaoescola\/wp-json\/wp\/v2\/ensino_fundamental\/132726","targetHints":{"allow":["GET"]}}],"collection":[{"href":"https:\/\/sme.goiania.go.gov.br\/conexaoescola\/wp-json\/wp\/v2\/ensino_fundamental"}],"about":[{"href":"https:\/\/sme.goiania.go.gov.br\/conexaoescola\/wp-json\/wp\/v2\/types\/ensino_fundamental"}],"author":[{"embeddable":true,"href":"https:\/\/sme.goiania.go.gov.br\/conexaoescola\/wp-json\/wp\/v2\/users\/23"}],"version-history":[{"count":0,"href":"https:\/\/sme.goiania.go.gov.br\/conexaoescola\/wp-json\/wp\/v2\/ensino_fundamental\/132726\/revisions"}],"wp:featuredmedia":[{"embeddable":true,"href":"https:\/\/sme.goiania.go.gov.br\/conexaoescola\/wp-json\/wp\/v2\/media\/132728"}],"wp:attachment":[{"href":"https:\/\/sme.goiania.go.gov.br\/conexaoescola\/wp-json\/wp\/v2\/media?parent=132726"}],"wp:term":[{"taxonomy":"ef_categoria","embeddable":true,"href":"https:\/\/sme.goiania.go.gov.br\/conexaoescola\/wp-json\/wp\/v2\/ef_categoria?post=132726"},{"taxonomy":"ef_ano","embeddable":true,"href":"https:\/\/sme.goiania.go.gov.br\/conexaoescola\/wp-json\/wp\/v2\/ef_ano?post=132726"},{"taxonomy":"ef_componente","embeddable":true,"href":"https:\/\/sme.goiania.go.gov.br\/conexaoescola\/wp-json\/wp\/v2\/ef_componente?post=132726"}],"curies":[{"name":"wp","href":"https:\/\/api.w.org\/{rel}","templated":true}]}}

Ciências &#8211; Vacina

<p class="has-text-align-center has-luminous-vivid-amber-background-color has-background has-medium-font-size"><em>Olá, educando (a)!Esta videoaula de </em><strong><em>Ciências</em></strong><em> foi veiculada na TV no dia 14 de outubro de 2021. Aqui no Portal Conexão Escola, ela está disponível juntamente com a proposta de atividade.</em></p>



<figure class="wp-block-image size-large"><img fetchpriority="high" decoding="async" width="1024" height="655" src="https://sme.goiania.go.gov.br/conexaoescola/wp-content/uploads/2021/10/covid-19-g8bca759a2_1280-e1634320814172-1024x655.png" alt="" class="wp-image-132728" srcset="https://sme.goiania.go.gov.br/conexaoescola/wp-content/uploads/2021/10/covid-19-g8bca759a2_1280-e1634320814172-1024x655.png 1024w, https://sme.goiania.go.gov.br/conexaoescola/wp-content/uploads/2021/10/covid-19-g8bca759a2_1280-e1634320814172-300x192.png 300w, https://sme.goiania.go.gov.br/conexaoescola/wp-content/uploads/2021/10/covid-19-g8bca759a2_1280-e1634320814172-768x491.png 768w, https://sme.goiania.go.gov.br/conexaoescola/wp-content/uploads/2021/10/covid-19-g8bca759a2_1280-e1634320814172.png 1280w" sizes="(max-width: 1024px) 100vw, 1024px" /></figure>



<p class="has-medium-font-size">Olá criança, tudo bem com você?&nbsp;</p>



<p class="has-medium-font-size">A manutenção de nossa saúde e dos nossos amigos e familiares é fundamental, não é mesmo? Por isso, medidas preventivas devem ser tomadas, como a vacinação da população, para que microrganismos que causam doenças diminuam a circulação.</p>



<p class="has-medium-font-size">Nessa videoaula veremos que as vacinas reforçam a imunidade, mas também é preciso reforçar hábitos de higiene, como lavar as mãos, e cuidados de distanciamento quando estivermos doentes, para que não haja contaminação.</p>



<p class="has-medium-font-size">Vamos  começar?</p>



<figure class="wp-block-embed aligncenter is-type-video is-provider-youtube wp-block-embed-youtube wp-embed-aspect-16-9 wp-has-aspect-ratio"><div class="wp-block-embed__wrapper">
<p class="responsive-video-wrap clr"><iframe title="Ciências  | 4º Ano | Ens. Fundamental - aula7" width="1200" height="675" src="https://www.youtube.com/embed/2ylAsMTO0Sk?feature=oembed" frameborder="0" allow="accelerometer; autoplay; clipboard-write; encrypted-media; gyroscope; picture-in-picture" allowfullscreen></iframe></p>
</div></figure>



<p class="has-luminous-vivid-amber-color has-black-background-color has-text-color has-background has-medium-font-size"><strong>ATIVIDADE 1</strong> </p>



<p class="has-medium-font-size">Assista ao vídeo a seguir:</p>



<figure class="wp-block-embed is-type-video is-provider-youtube wp-block-embed-youtube wp-embed-aspect-16-9 wp-has-aspect-ratio"><div class="wp-block-embed__wrapper">
<p class="responsive-video-wrap clr"><iframe title="Coronaoquê? - Água e sabão contra o coronavírus" width="1200" height="675" src="https://www.youtube.com/embed/Nb4Xgx7sRlM?start=36&#038;feature=oembed" frameborder="0" allow="accelerometer; autoplay; clipboard-write; encrypted-media; gyroscope; picture-in-picture" allowfullscreen></iframe></p>
</div></figure>



<p class="has-text-align-center" style="font-size:10px">Disponível em: https://www.youtube.com/watch?v=Nb4Xgx7sRlM&amp;t=36s. Acesso em: 28/08/2021</p>



<p class="has-medium-font-size">Agora que você já viu o vídeo, faça uma lista com os hábitos de higiene e os cuidados que podemos tomar para evitar doenças que são transmitidas por microrganismos.</p>



<p class="has-luminous-vivid-amber-color has-black-background-color has-text-color has-background has-medium-font-size"><strong>ATIVIDADE 2</strong> </p>



<p class="has-medium-font-size">Você sabia que o Sistema Único de Saúde, conhecido pela sigla SUS, oferece aos cidadãos brasileiros uma série de vacinas e boa parte delas são produzidas nacionalmente?&nbsp;</p>



<p class="has-medium-font-size">Veja na ilustração a seguir as vacinas que são ofertadas gratuitamente pelo Sistema Único de Saúde.&nbsp;</p>



<div class="wp-block-image"><figure class="aligncenter"><img decoding="async" src="https://lh6.googleusercontent.com/1UbAjcNfsPqeAPc4SUVcEkVqj6JH9EXZsBc0Ke-JnR3FOdj8Dz6zXb0sQXkzKJYuQ6hqlja1pTFE_vy3qowX91yV2GYF-vnbuExH09ECmyAAf0saBkMYriZaB6CuMYL8m2jcwxU=s0" alt=""/></figure></div>



<p class="has-text-align-center" style="font-size:10px">Disponível em: https://www.unasus.gov.br/noticia/vacinas-devem-ser-tomadas-em-diversas-faixas-etarias. Acesso em: 28/08/2021</p>



<p class="has-medium-font-size">Consulte seus familiares ou responsáveis e pergunte quais dessas vacinas você já tomou para garantia de sua imunização. Após a pesquisa faça o registro.&nbsp;</p>



<p class="has-medium-font-size">Se você quiser, também pode consultar o seu Cartão de Vacinação, que é um documento que registra as informações vacinais.&nbsp;</p>



<p class="has-luminous-vivid-amber-color has-black-background-color has-text-color has-background has-medium-font-size"><strong>ATIVIDADE 3</strong></p>



<p class="has-medium-font-size">A&nbsp;vacinação&nbsp;é muito importante, pois, por meio dela, o&nbsp;nosso organismo é estimulado a proteger-se&nbsp;de determinadas doenças. Uma vacina somente é aprovada após vários estudos e testes que são conduzidos pelos cientistas.&nbsp;</p>



<p class="has-medium-font-size">Você conhece o Zé Gotinha? Ele é um personagem criado para incentivar as pessoas a se vacinarem e assim elas podem se prevenir de várias doenças.</p>



<p class="has-medium-font-size">Ajude o Zé Gotinha nessa missão e elabore uma frase bem criativa, informando a importância da vacinação.&nbsp;</p>



<div class="wp-block-image"><figure class="aligncenter"><img decoding="async" src="https://lh6.googleusercontent.com/UWw5Dd4fq8H7qMzrXCHL-6AuYGkERovzJ8RzwhalwhEWsUZKM1RPsbcRl7CxCoPlj0jdf85L1U2d_oFU74UJZeodhQY3W9Di4eV8LCeyX9ARU4T_03mhcAM2aIoTP9Sc0zqMq1w=s0" alt="Foto do Zé Gotinha em fundo branco e com máscara azul"/><figcaption>Disponível em: https://www.prefeitura.sp.gov.br/cidade/secretarias/saude/hospital_do_servidor_publico_municipal/noticias. Acesso em: 28/08/2021.</figcaption></figure></div>



<figure class="wp-block-table aligncenter"><table><tbody><tr><td><strong>Ciclo da infância e adolescência:</strong><br><br>Habilidade estruturante </td><td><br>(EF04CI08-B) Propor atitudes e medidas adequadas para prevenção de doenças causadas por microrganismos, tais como medidas de higiene, saneamento básico e vacinação, ressaltando as infecções mais comuns em Goiás.<br><br></td></tr><tr><td><strong>Referências:</strong></td><td>https://www.youtube.com/watch?v=Nb4Xgx7sRlM&amp;t=36s <br><br>https://www.unasus.gov.br/noticia/vacinas-devem-ser-tomadas-em-diversas-faixas-etarias <br><br>https://www.prefeitura.sp.gov.br/cidade/secretarias/saude/hospital_do_servidor_publico_municipal/noticias  </td></tr></tbody></table></figure>
