{"id":132666,"date":"2021-10-13T09:31:22","date_gmt":"2021-10-13T12:31:22","guid":{"rendered":"https:\/\/sme.goiania.go.gov.br\/conexaoescola\/?post_type=ensino_fundamental&#038;p=132666"},"modified":"2021-11-09T09:37:08","modified_gmt":"2021-11-09T11:37:08","slug":"historia-mundo-pessoal-eu-meu-grupo-social-e-meu-tempo-datas-comemorativas","status":"publish","type":"ensino_fundamental","link":"https:\/\/sme.goiania.go.gov.br\/conexaoescola\/ensino_fundamental\/historia-mundo-pessoal-eu-meu-grupo-social-e-meu-tempo-datas-comemorativas\/","title":{"rendered":"HIST\u00d3RIA &#8211;  MUNDO PESSOAL: EU, MEU GRUPO SOCIAL E MEU TEMPO (DATAS COMEMORATIVAS)"},"content":{"rendered":"\n<p class=\"has-text-align-center has-background has-medium-font-size\" style=\"background-color:#d4f1e8\"><em><strong>OL\u00c1, EDUCANDO (A)!ESTA VIDEOAULA DE HIST\u00d3RIA FOI VEICULADA NA TV NO DIA 04\/10\/2021 (SEGUNDA-FEIRA). AQUI NO PORTAL CONEX\u00c3O ESCOLA, ELA EST\u00c1 DISPON\u00cdVEL JUNTAMENTE COM A PROPOSTA DE ATIVIDADE.<\/strong><\/em><\/p>\n\n\n\n<p class=\"has-text-align-center has-medium-font-size\"><img fetchpriority=\"high\" decoding=\"async\" alt=\"Ilustra\u00e7\u00e3o em vetor de crian\u00e7as segurando bandeira do brasil Vetor Premium\" src=\"https:\/\/lh6.googleusercontent.com\/iYhrBoCDUNpt5QwT1ySG_Bi2ZF8MZ68k8K6KhASALDPbeCOrgxwItJOb4OvkFaIo7F7XnJweNHZS0sm6jCk1-_iHanyvZP9qNZ3jGQxyEhyTWjn-cEs497gmuoSh-5UN49qZ2BM=s0\" width=\"419\" height=\"303\"><\/p>\n\n\n\n<p class=\"has-text-align-center\" style=\"font-size:9px\"> FIGURAS DISPON\u00cdVEIS EM FREEPIK.&nbsp; <\/p>\n\n\n\n<hr class=\"wp-block-separator\"\/>\n\n\n\n<p class=\"has-text-align-center has-background has-medium-font-size\" style=\"background-color:#edf1d9\"><strong>OL\u00c1 CRIAN\u00c7AS! TUDO BEM POR A\u00cd? QUE BOM ESTAR AQUI COM VOC\u00caS!&nbsp; HOJE, IREMOS ESTUDAR E COMPREENDER AS DATAS COMEMORATIVAS E SUA IMPORT\u00c2NCIA&#8230;<\/strong><\/p>\n\n\n\n<p class=\"has-text-align-center has-background has-medium-font-size\" style=\"background-color:#ebddf5\"><strong>VAMOS APRENDER QUE DATAS COMEMORATIVAS&nbsp;S\u00c3O ESCOLHIDAS PARA RELEMBRAR EVENTOS HIST\u00d3RICOS, CONQUISTAS IMPORTANTES OU LUTAS QUE AINDA EST\u00c3O SENDO TRAVADAS POR UM GRUPO&#8230; LEGAL N\u00c9!!! VAMOS COMPREENDER QUE ALGUMAS TEM ALCANCE&nbsp;INTERNACIONAL&nbsp;ENQUANTO OUTRAS PODEM SER ESPEC\u00cdFICAS PARA UM&nbsp;PA\u00cdS&nbsp;OU REGI\u00c3O.<\/strong><\/p>\n\n\n\n<p class=\"has-text-align-center has-background has-medium-font-size\" style=\"background-color:#dff0d1\"><strong>APRENDA MAIS SOBRE ESSE ASSUNTO ASSISTINDO A V\u00cdDEOAULA QUE EST\u00c1 MUITO DIVERTIDA E INTERESSANTE. ENT\u00c3O, EST\u00c3O PREPARADOS?<\/strong><\/p>\n\n\n\n<figure class=\"wp-block-embed aligncenter is-type-video is-provider-youtube wp-block-embed-youtube wp-embed-aspect-16-9 wp-has-aspect-ratio\"><div class=\"wp-block-embed__wrapper\">\n<p class=\"responsive-video-wrap clr\"><iframe title=\"Hist\u00f3ria  | 1\u00ba Ano | Ens. Fundamental - aula7\" width=\"1200\" height=\"675\" src=\"https:\/\/www.youtube.com\/embed\/Jv4gkmn7fbo?feature=oembed\" frameborder=\"0\" allow=\"accelerometer; autoplay; clipboard-write; encrypted-media; gyroscope; picture-in-picture\" allowfullscreen><\/iframe><\/p>\n<\/div><figcaption>HIST\u00d3RIA\/1 ANO\/ ENSINO FUNDAMENTAL<\/figcaption><\/figure>\n\n\n\n<hr class=\"wp-block-separator\"\/>\n\n\n\n<p class=\"has-text-align-center has-background\" style=\"background-color:#e6ddf5;font-size:25px\"><strong>AGORA CHEGOU A SUA VEZ DE PENSAR&#8230; VAMOS L\u00c1 CRIAN\u00c7AS PE\u00c7A AJUDA DE UM ADULTO!!!<\/strong><\/p>\n\n\n\n<p class=\"has-background\" style=\"background-color:#ddedf3;font-size:25px\"><strong>ATIVIDADE 1 &#8211; <\/strong><\/p>\n\n\n\n<p class=\"has-medium-font-size\"><strong>QUE LEGAL CHEGOU A HORA DA ATIVIDADE!!! PE\u00c7A A AJUDA DE UM ADULTO!!! VAMOS L\u00c1&#8230;<\/strong><\/p>\n\n\n\n<p class=\"has-vivid-cyan-blue-color has-text-color has-medium-font-size\">VAMOS RELEMBRAR ALGUMAS DATAS COMEMORATIVAS!!!<\/p>\n\n\n\n<p class=\"has-medium-font-size\">QUE DIA \u00c9 COMEMORADO O DIA DO LEITOR? __________________<\/p>\n\n\n\n<p class=\"has-medium-font-size\">QUAL O M\u00caS \u00c9 COMEMORADO O CARNAVAL? __________________<\/p>\n\n\n\n<p class=\"has-medium-font-size\">QUAL DATA \u00c9 COMEMORADA EM 22 DE MAR\u00c7O? ________________<\/p>\n\n\n\n<p class=\"has-medium-font-size\">QUANDO \u00c9 COMEMORADO DIA DO FOLCLORE?<strong> ____________________<\/strong><\/p>\n\n\n\n<p class=\"has-medium-font-size\">QUANDO COMEMORAMOS O NATAL? _________________________<\/p>\n\n\n\n<hr class=\"wp-block-separator\"\/>\n\n\n\n<p class=\"has-background\" style=\"background-color:#ddedf3;font-size:25px\"><strong>ATIVIDADE 2 \u2013 <\/strong><\/p>\n\n\n\n<p class=\"has-medium-font-size\"><strong>PE\u00c7A A AJUDA DE UM ADULTO!!! VAMOS L\u00c1&#8230;<\/strong><\/p>\n\n\n\n<div class=\"wp-block-image\"><figure class=\"aligncenter is-resized\"><img decoding=\"async\" src=\"https:\/\/lh5.googleusercontent.com\/gXcKHyKwCtPCjQGLHj68Yycf4bDAK4gUsIi_GjPrC15nrKkmJcIAkPFL1y2GbSV_YGo7nCSVeZt4k4z5xjI_3OXSCKgwlGtRK-6TDYwWoeO4HVAEsm3hXv9SXuFMpw=s0\" alt=\"\" width=\"537\" height=\"598\"\/><figcaption> FIGURAS DISPON\u00cdVEIS EM FREEPIK.&nbsp; <\/figcaption><\/figure><\/div>\n\n\n\n<hr class=\"wp-block-separator\"\/>\n\n\n\n<p class=\"has-text-align-center has-background\" style=\"background-color:#ebd5e2;font-size:25px\"><strong>RELEMBRANDO!<\/strong><\/p>\n\n\n\n<ul class=\"has-medium-font-size wp-block-list\"><li>O QUE S\u00c3O DATAS COMEMORATIVAS;<\/li><li>A IMPORT\u00c2NCIA DAS DATAS COMEMORATIVAS;<\/li><li>PRINCIPAIS DATAS COMEMORATIVAS AO LONGO DO ANO LETIVO;<\/li><li>DIFEREN\u00c7AS DAS COMEMORA\u00c7\u00d5ES ESCOLARES E FAMILIARES;<\/li><li>ATIVIDADES.<\/li><\/ul>\n\n\n\n<hr class=\"wp-block-separator\"\/>\n\n\n\n<figure class=\"wp-block-table is-style-regular\"><table class=\"has-background\" style=\"background-color:#f3eae6\"><tbody><tr><td>HABILIDADES ESTRUTURANTES<\/td><td>(EF01HI08). RECONHECER O SIGNIFICADO DAS COMEMORA\u00c7\u00d5ES E FESTAS ESCOLARES, DIFERENCIANDO-AS DAS DATAS FESTIVAS COMEMORADAS NO \u00c2MBITO FAMILIAR OU DA COMUNIDADE.<br>&nbsp;<\/td><\/tr><\/tbody><\/table><\/figure>\n\n\n\n<hr class=\"wp-block-separator\"\/>\n\n\n\n<figure class=\"wp-block-table is-style-regular\"><table class=\"has-background\" style=\"background-color:#f8f8e8\"><tbody><tr><td><strong>REFER\u00caNCIAS:<\/strong><\/td><td>GOVERNO DO ESTADO DE GOI\u00c1S. SECRET\u00c1RIA DE ESTADO DE EDUCA\u00c7\u00c3O \u2013 SEDUC\/CONSED. DOCUMENTO CURRICULAR PARA GOI\u00c1S \u2013 AMPLIADO: <strong>VOLUME II ENSINO FUNDAMENTAL ANOS INICIAIS<\/strong>.&nbsp;IMAGENS RETIRADAS DOS SITES:<a href=\"https:\/\/br.freepik.com\/\">HTTPS:\/\/BR.FREEPIK.COM\/<\/a><a href=\"https:\/\/pixabay.com\/pt\/\">HTTPS:\/\/PIXABAY.COM\/PT\/<\/a><\/td><\/tr><\/tbody><\/table><\/figure>\n\n\n\n<hr class=\"wp-block-separator\"\/>\n","protected":false},"author":20,"featured_media":132821,"template":"","ef_categoria":[13,20],"ef_ano":[84],"ef_componente":[95],"class_list":["post-132666","ensino_fundamental","type-ensino_fundamental","status-publish","has-post-thumbnail","hentry","ef_categoria-ciclo-da-infancia-abc","ef_categoria-etica-e-cidadania","ef_ano-1o-ano","ef_componente-historia","entry","has-media"],"acf":[],"_links":{"self":[{"href":"https:\/\/sme.goiania.go.gov.br\/conexaoescola\/wp-json\/wp\/v2\/ensino_fundamental\/132666","targetHints":{"allow":["GET"]}}],"collection":[{"href":"https:\/\/sme.goiania.go.gov.br\/conexaoescola\/wp-json\/wp\/v2\/ensino_fundamental"}],"about":[{"href":"https:\/\/sme.goiania.go.gov.br\/conexaoescola\/wp-json\/wp\/v2\/types\/ensino_fundamental"}],"author":[{"embeddable":true,"href":"https:\/\/sme.goiania.go.gov.br\/conexaoescola\/wp-json\/wp\/v2\/users\/20"}],"version-history":[{"count":0,"href":"https:\/\/sme.goiania.go.gov.br\/conexaoescola\/wp-json\/wp\/v2\/ensino_fundamental\/132666\/revisions"}],"wp:featuredmedia":[{"embeddable":true,"href":"https:\/\/sme.goiania.go.gov.br\/conexaoescola\/wp-json\/wp\/v2\/media\/132821"}],"wp:attachment":[{"href":"https:\/\/sme.goiania.go.gov.br\/conexaoescola\/wp-json\/wp\/v2\/media?parent=132666"}],"wp:term":[{"taxonomy":"ef_categoria","embeddable":true,"href":"https:\/\/sme.goiania.go.gov.br\/conexaoescola\/wp-json\/wp\/v2\/ef_categoria?post=132666"},{"taxonomy":"ef_ano","embeddable":true,"href":"https:\/\/sme.goiania.go.gov.br\/conexaoescola\/wp-json\/wp\/v2\/ef_ano?post=132666"},{"taxonomy":"ef_componente","embeddable":true,"href":"https:\/\/sme.goiania.go.gov.br\/conexaoescola\/wp-json\/wp\/v2\/ef_componente?post=132666"}],"curies":[{"name":"wp","href":"https:\/\/api.w.org\/{rel}","templated":true}]}}

HISTÓRIA &#8211;  MUNDO PESSOAL: EU, MEU GRUPO SOCIAL E MEU TEMPO (DATAS COMEMORATIVAS)

<p class="has-text-align-center has-background has-medium-font-size" style="background-color:#d4f1e8"><em><strong>OLÁ, EDUCANDO (A)!ESTA VIDEOAULA DE HISTÓRIA FOI VEICULADA NA TV NO DIA 04/10/2021 (SEGUNDA-FEIRA). AQUI NO PORTAL CONEXÃO ESCOLA, ELA ESTÁ DISPONÍVEL JUNTAMENTE COM A PROPOSTA DE ATIVIDADE.</strong></em></p>



<p class="has-text-align-center has-medium-font-size"><img fetchpriority="high" decoding="async" alt="Ilustração em vetor de crianças segurando bandeira do brasil Vetor Premium" src="https://lh6.googleusercontent.com/iYhrBoCDUNpt5QwT1ySG_Bi2ZF8MZ68k8K6KhASALDPbeCOrgxwItJOb4OvkFaIo7F7XnJweNHZS0sm6jCk1-_iHanyvZP9qNZ3jGQxyEhyTWjn-cEs497gmuoSh-5UN49qZ2BM=s0" width="419" height="303"></p>



<p class="has-text-align-center" style="font-size:9px"> FIGURAS DISPONÍVEIS EM FREEPIK.&nbsp; </p>



<hr class="wp-block-separator"/>



<p class="has-text-align-center has-background has-medium-font-size" style="background-color:#edf1d9"><strong>OLÁ CRIANÇAS! TUDO BEM POR AÍ? QUE BOM ESTAR AQUI COM VOCÊS!&nbsp; HOJE, IREMOS ESTUDAR E COMPREENDER AS DATAS COMEMORATIVAS E SUA IMPORTÂNCIA&#8230;</strong></p>



<p class="has-text-align-center has-background has-medium-font-size" style="background-color:#ebddf5"><strong>VAMOS APRENDER QUE DATAS COMEMORATIVAS&nbsp;SÃO ESCOLHIDAS PARA RELEMBRAR EVENTOS HISTÓRICOS, CONQUISTAS IMPORTANTES OU LUTAS QUE AINDA ESTÃO SENDO TRAVADAS POR UM GRUPO&#8230; LEGAL NÉ!!! VAMOS COMPREENDER QUE ALGUMAS TEM ALCANCE&nbsp;INTERNACIONAL&nbsp;ENQUANTO OUTRAS PODEM SER ESPECÍFICAS PARA UM&nbsp;PAÍS&nbsp;OU REGIÃO.</strong></p>



<p class="has-text-align-center has-background has-medium-font-size" style="background-color:#dff0d1"><strong>APRENDA MAIS SOBRE ESSE ASSUNTO ASSISTINDO A VÍDEOAULA QUE ESTÁ MUITO DIVERTIDA E INTERESSANTE. ENTÃO, ESTÃO PREPARADOS?</strong></p>



<figure class="wp-block-embed aligncenter is-type-video is-provider-youtube wp-block-embed-youtube wp-embed-aspect-16-9 wp-has-aspect-ratio"><div class="wp-block-embed__wrapper">
<p class="responsive-video-wrap clr"><iframe title="História  | 1º Ano | Ens. Fundamental - aula7" width="1200" height="675" src="https://www.youtube.com/embed/Jv4gkmn7fbo?feature=oembed" frameborder="0" allow="accelerometer; autoplay; clipboard-write; encrypted-media; gyroscope; picture-in-picture" allowfullscreen></iframe></p>
</div><figcaption>HISTÓRIA/1 ANO/ ENSINO FUNDAMENTAL</figcaption></figure>



<hr class="wp-block-separator"/>



<p class="has-text-align-center has-background" style="background-color:#e6ddf5;font-size:25px"><strong>AGORA CHEGOU A SUA VEZ DE PENSAR&#8230; VAMOS LÁ CRIANÇAS PEÇA AJUDA DE UM ADULTO!!!</strong></p>



<p class="has-background" style="background-color:#ddedf3;font-size:25px"><strong>ATIVIDADE 1 &#8211; </strong></p>



<p class="has-medium-font-size"><strong>QUE LEGAL CHEGOU A HORA DA ATIVIDADE!!! PEÇA A AJUDA DE UM ADULTO!!! VAMOS LÁ&#8230;</strong></p>



<p class="has-vivid-cyan-blue-color has-text-color has-medium-font-size">VAMOS RELEMBRAR ALGUMAS DATAS COMEMORATIVAS!!!</p>



<p class="has-medium-font-size">QUE DIA É COMEMORADO O DIA DO LEITOR? __________________</p>



<p class="has-medium-font-size">QUAL O MÊS É COMEMORADO O CARNAVAL? __________________</p>



<p class="has-medium-font-size">QUAL DATA É COMEMORADA EM 22 DE MARÇO? ________________</p>



<p class="has-medium-font-size">QUANDO É COMEMORADO DIA DO FOLCLORE?<strong> ____________________</strong></p>



<p class="has-medium-font-size">QUANDO COMEMORAMOS O NATAL? _________________________</p>



<hr class="wp-block-separator"/>



<p class="has-background" style="background-color:#ddedf3;font-size:25px"><strong>ATIVIDADE 2 – </strong></p>



<p class="has-medium-font-size"><strong>PEÇA A AJUDA DE UM ADULTO!!! VAMOS LÁ&#8230;</strong></p>



<div class="wp-block-image"><figure class="aligncenter is-resized"><img decoding="async" src="https://lh5.googleusercontent.com/gXcKHyKwCtPCjQGLHj68Yycf4bDAK4gUsIi_GjPrC15nrKkmJcIAkPFL1y2GbSV_YGo7nCSVeZt4k4z5xjI_3OXSCKgwlGtRK-6TDYwWoeO4HVAEsm3hXv9SXuFMpw=s0" alt="" width="537" height="598"/><figcaption> FIGURAS DISPONÍVEIS EM FREEPIK.&nbsp; </figcaption></figure></div>



<hr class="wp-block-separator"/>



<p class="has-text-align-center has-background" style="background-color:#ebd5e2;font-size:25px"><strong>RELEMBRANDO!</strong></p>



<ul class="has-medium-font-size wp-block-list"><li>O QUE SÃO DATAS COMEMORATIVAS;</li><li>A IMPORTÂNCIA DAS DATAS COMEMORATIVAS;</li><li>PRINCIPAIS DATAS COMEMORATIVAS AO LONGO DO ANO LETIVO;</li><li>DIFERENÇAS DAS COMEMORAÇÕES ESCOLARES E FAMILIARES;</li><li>ATIVIDADES.</li></ul>



<hr class="wp-block-separator"/>



<figure class="wp-block-table is-style-regular"><table class="has-background" style="background-color:#f3eae6"><tbody><tr><td>HABILIDADES ESTRUTURANTES</td><td>(EF01HI08). RECONHECER O SIGNIFICADO DAS COMEMORAÇÕES E FESTAS ESCOLARES, DIFERENCIANDO-AS DAS DATAS FESTIVAS COMEMORADAS NO ÂMBITO FAMILIAR OU DA COMUNIDADE.<br>&nbsp;</td></tr></tbody></table></figure>



<hr class="wp-block-separator"/>



<figure class="wp-block-table is-style-regular"><table class="has-background" style="background-color:#f8f8e8"><tbody><tr><td><strong>REFERÊNCIAS:</strong></td><td>GOVERNO DO ESTADO DE GOIÁS. SECRETÁRIA DE ESTADO DE EDUCAÇÃO – SEDUC/CONSED. DOCUMENTO CURRICULAR PARA GOIÁS – AMPLIADO: <strong>VOLUME II ENSINO FUNDAMENTAL ANOS INICIAIS</strong>.&nbsp;IMAGENS RETIRADAS DOS SITES:<a href="https://br.freepik.com/">HTTPS://BR.FREEPIK.COM/</a><a href="https://pixabay.com/pt/">HTTPS://PIXABAY.COM/PT/</a></td></tr></tbody></table></figure>



<hr class="wp-block-separator"/>
