{"id":132342,"date":"2021-10-05T09:05:46","date_gmt":"2021-10-05T12:05:46","guid":{"rendered":"https:\/\/sme.goiania.go.gov.br\/conexaoescola\/?post_type=ensino_fundamental&#038;p=132342"},"modified":"2021-11-11T12:31:13","modified_gmt":"2021-11-11T14:31:13","slug":"arte-artes-visuais-aprendendo-arte-com-os-elementos-visuais","status":"publish","type":"ensino_fundamental","link":"https:\/\/sme.goiania.go.gov.br\/conexaoescola\/ensino_fundamental\/arte-artes-visuais-aprendendo-arte-com-os-elementos-visuais\/","title":{"rendered":"ARTE &#8211; ARTES VISUAIS &#8211; APRENDENDO ARTE: COM OS ELEMENTOS VISUAIS"},"content":{"rendered":"\n<p class=\"has-text-align-center has-black-color has-pale-cyan-blue-background-color has-text-color has-background\"><em>Ol\u00e1, estudante!<\/em>&nbsp;<em>Esta videoaula de ARTE foi veiculada na TV no dia 13\/09\/2021 (Segunda-feira). Aqui no Portal Conex\u00e3o Escola, ela est\u00e1 dispon\u00edvel juntamente com a proposta de atividade.<\/em><\/p>\n\n\n\n<p class=\"has-black-color has-text-color has-background\" style=\"background-color:#fff700\">NESTA VIDEOAULA, VOC\u00ca IR\u00c1 APRENDER SOBRE OS ELEMENTOS DAS ARTES VISUAIS. VENHA COMIGO!<\/p>\n\n\n\n<p class=\"has-text-align-center\"><img fetchpriority=\"high\" decoding=\"async\" alt=\"Conjunto de cultura e artes Vetor gr\u00e1tis\" src=\"https:\/\/lh4.googleusercontent.com\/a7zH_WfUPHjwLzdxn3Lk-p8HUJ4fe82hTN-TuARNjRrPs0ztS_VEiN37M3ZLGak9a0u5tv1DFQnzpt5zLGBMot_CFXTbyH7C-z5kwoXNbh-VTKT2jEfBUbxF3eiTN5G9KjpeXUU=s0\" width=\"345\" height=\"345\"><\/p>\n\n\n\n<p class=\"has-text-align-center\">DISPON\u00cdVEL EM <a href=\"https:\/\/br.freepik.com\/\">https:\/\/br.freepik.com\/<\/a> ACESSO EM 10 DE AGOSTO DE 2021.<\/p>\n\n\n\n<p class=\"has-text-align-center has-black-color has-luminous-vivid-amber-background-color has-text-color has-background\">ASSISTA A VIDEOAULA ABAIXO COM O TEMA: ARTES VISUAIS &#8211; APRENDENDO ARTE: COM OS ELEMENTOS VISUAIS<\/p>\n\n\n\n<figure class=\"wp-block-embed is-type-video is-provider-youtube wp-block-embed-youtube wp-embed-aspect-16-9 wp-has-aspect-ratio\"><div class=\"wp-block-embed__wrapper\">\n<p class=\"responsive-video-wrap clr\"><iframe title=\"Arte | 1\u00ba Ano | Ens. Fundamental\" width=\"1200\" height=\"675\" src=\"https:\/\/www.youtube.com\/embed\/ysZs0QknR_A?feature=oembed\" frameborder=\"0\" allow=\"accelerometer; autoplay; clipboard-write; encrypted-media; gyroscope; picture-in-picture\" allowfullscreen><\/iframe><\/p>\n<\/div><figcaption>Arte | 1\u00ba Ano | Ens. Fundamental<\/figcaption><\/figure>\n\n\n\n<p class=\"has-text-align-center has-background\" style=\"background-color:#fceaea\">OL\u00c1 CRIAN\u00c7AS!&nbsp; TUDO BEM POR A\u00cd? QUE BOM ESTAR AQUI COM VOC\u00caS!&nbsp;<\/p>\n\n\n\n<p class=\"has-text-align-center has-black-color has-text-color has-background\" style=\"background-color:#fceaea\">HOJE VOC\u00caS N\u00c3O PODEM FICAR FORA DESSA AULA. SABEM POR QU\u00ca? VOC\u00caS V\u00c3O CONHECER UM POUCO SOBRE OS ELEMENTOS DAS ARTES VISUAIS. EST\u00c3O CURIOSOS? <\/p>\n\n\n\n<p class=\"has-text-align-center has-black-color has-text-color has-background\" style=\"background-color:#fceaea\">VAMOS EMBARCAR NESSA AVENTURA COMIGO?<\/p>\n\n\n\n<p class=\"has-text-align-center has-background\" style=\"background-color:#fceaea\">PREPARE O MATERIAL ESCOLAR E VAMOS L\u00c1!<\/p>\n\n\n\n<p class=\"has-black-color has-luminous-vivid-amber-background-color has-text-color has-background\" style=\"font-size:22px\"><strong>ATIVIDADE \u2013 1<\/strong><\/p>\n\n\n\n<p class=\"has-text-align-center has-background\" style=\"background-color:#caf3e2\">DE ACORDO COM O QUE APRENDEMOS SOBRE OS TIPOS DE LINHAS QUE FAZEM PARTE DOS ELEMENTOS DE ARTES VISUAIS.&nbsp;<\/p>\n\n\n\n<p class=\"has-text-align-center has-background\" style=\"background-color:#caf3e2\">DESENHE A\u00cd NO SEU CADERNO OS V\u00c1RIOS TIPOS DE LINHAS QUE EXISTEM, COMO POR EXEMPLO: LINHA RETA, TRACEJADA, PONTILHADA, CURVA&#8230;<\/p>\n\n\n\n<p class=\"has-black-color has-luminous-vivid-amber-background-color has-text-color has-background\" style=\"font-size:22px\"><strong>ATIVIDADE \u2013 <\/strong>2<\/p>\n\n\n\n<p class=\"has-text-align-center has-background\" style=\"background-color:#caf3e2\">FA\u00c7A UM DESENHO CEGO. USE SUA IMAGINA\u00c7\u00c3O.<\/p>\n\n\n\n<p class=\"has-text-align-center has-background\" style=\"background-color:#caf3e2\"><strong>SIGA AS ORIENTA\u00c7\u00d5ES ABAIXO PARA CRIAR UM DESENHO CEGO.<\/strong><\/p>\n\n\n\n<p class=\"has-text-align-center\"><img decoding=\"async\" width=\"259\" height=\"155\" src=\"https:\/\/lh3.googleusercontent.com\/rHevURpZxlX0trEYs75zwcYCRjDJBrJ2mf8TqBSdrzmfsxroqBY2Ed1hn7vzVWDpbULPhinHaAmn5CC5ATBOkozZuQGppRcCrpuOJ_es8Di8ka3I5wt9k4OX7ImdeH_6DRj5Zp4=s0\">&nbsp;&nbsp;<\/p>\n\n\n\n<p class=\"has-text-align-center\">COM OS OLHOS FECHADOS, PASSE AS M\u00c3OS SOBRE O PAPEL, PERCEBENDO TAMANHO E A TEXTURA DA FOLHA<\/p>\n\n\n\n<p class=\"has-text-align-center\"><img decoding=\"async\" src=\"https:\/\/lh3.googleusercontent.com\/AIcY4GbkLJI2Le2PJ_HB91jO0Snx5Uh1A-pJaPpdI29jli5OR6nGQhV01azWE94XRWatldAfXMtugZiAXOeOOX0bhxLt8gewsUSAg5YSYxwHEo5b-lMaokpEaKWh-7K-MVFIn4g=s0\" width=\"266\" height=\"182\"><\/p>\n\n\n\n<p class=\"has-text-align-center\">AINDA COM OS OLHOS FECHADOS TRACE UMA LINHA COM L\u00c1PIS SEM TIR\u00c1-LO DO PAPEL. TENTE PERCORRER TODO O PAPEL<\/p>\n\n\n\n<p class=\"has-text-align-center\"><img loading=\"lazy\" decoding=\"async\" src=\"https:\/\/lh5.googleusercontent.com\/heF10Ti0p8-JobPJPF3g5mOwHiNlj23pq3roL6YTa0mct-GbAr7StkqeFu76m4ScZxB3nphEKpao9neEWMmE8RZ2t6WQvrWML81LCjWSOsTKeymj8NaUCNzLxMmcoq24yKAnVn4=s0\" width=\"291\" height=\"194\"><\/p>\n\n\n\n<p class=\"has-text-align-center\">ABRA OS OLHOS E REFORCE AS LINHAS QUE VOC\u00ca TRA\u00c7OU.<\/p>\n\n\n\n<p class=\"has-text-align-center\"><img loading=\"lazy\" decoding=\"async\" src=\"https:\/\/lh3.googleusercontent.com\/81xpK5KfN7rO9nfMWivFlwdd3ajN-m6u9UfC0uh1t_IGganMnY-aGAdEgViwJ34J29RNI6biltT5Dch-52xLJePBCqnD_TwfD6Po5l_JJGY6oHZ49Kc4cjvBp2hDAvz3BpEVxic=s0\" width=\"295\" height=\"196\"><\/p>\n\n\n\n<p class=\"has-text-align-center\">PINTE SEU DESENHO COM GIZ DE CERA COLORIDO OU L\u00c1PIS DE COR.<\/p>\n\n\n\n<p class=\"has-black-color has-luminous-vivid-amber-background-color has-text-color has-background\" style=\"font-size:22px\"><strong>ATIVIDADE \u2013 <\/strong>3<\/p>\n\n\n\n<p class=\"has-text-align-center has-background\" style=\"background-color:#caf3e2\">DE ACORDO COM O QUE APRENDEMOS, AS CORES PRIM\u00c1RIAS S\u00c3O O AMARELO, O VERMELHO E O AZUL. FA\u00c7A O QUE SE PEDE:<\/p>\n\n\n\n<p class=\"has-text-align-center has-background\" style=\"background-color:#caf3e2\">PINTE O DESENHO DE FORMAS GEOM\u00c9TRICAS DE&nbsp; ACORDO COM O MODELO. SE QUISER, DESENHE VOC\u00ca MESMO SEU PR\u00d3PRIO DESENHO DE FORMAS GEOM\u00c9TRICAS E PINTE USANDO SOMENTE AS CORES PRIM\u00c1RIAS.<\/p>\n\n\n\n<p class=\"has-text-align-center\"><img loading=\"lazy\" decoding=\"async\" src=\"https:\/\/lh4.googleusercontent.com\/BNnL4TVd-VJ3WN17XKROTJwKDUzJpqJG2PKPjffuRWFdLOq6heBqcKwEu8RopTOvHfFCf2r0D0VXtXF2tN3VR9VZjw8KNQAjz9rEetiPcqMhoBzowwSdYAiQUwsfRVxMgRrvYJo=s0\" width=\"345\" height=\"237\"><\/p>\n\n\n\n<p class=\"has-black-color has-text-color has-background\" style=\"background-color:#fff700\"><strong>AGORA, VAMOS RELEMBRAR O QUE APRENDEMOS?<\/strong><\/p>\n\n\n\n<ul class=\"wp-block-list\"><li>RELEMBRAMOS O CONCEITO DE ARTES VISUAIS;<\/li><li>APRENDEMOS OS PRINCIPAIS &nbsp;<strong>ELEMENTOS<\/strong>&nbsp;DA ARTE;<\/li><li>ELES S\u00c3O 6 OS PRINCIPAIS E IDENTIFICAMOS CADA UM;<\/li><li>BRINCANDO COM ELEMENTOS DA NATUREZA;<\/li><li>M\u00c3O NA MASSA COM A BRINCADEIRA;<\/li><\/ul>\n\n\n\n<hr class=\"wp-block-separator\"\/>\n\n\n\n<figure class=\"wp-block-table\"><table class=\"has-background\" style=\"background-color:#eef5f8\"><tbody><tr><td><strong>Habilidade estruturante:<\/strong><\/td><td>GO-EF01AR02-B). CONHECER OS ELEMENTOS CONSTITUTIVOS DAS ARTES VISUAIS, COMO O PONTO, A LINHA, A FORMA, A COR, O ESPA\u00c7O, OS PLANOS, A TEXTURA, EXPLORANDO DIFERENTES SUPORTES, FERRAMENTAS, MATERIAIS E T\u00c9CNICAS TRADICIONAIS E ALTERNATIVAS, COMO COMPONENTES FUNDAMENTAIS PARA A COMPOSI\u00c7\u00c3O E EXPRESS\u00c3O ART\u00cdSTICA.<\/td><\/tr><\/tbody><\/table><\/figure>\n\n\n\n<figure class=\"wp-block-table\"><table class=\"has-background\" style=\"background-color:#eef5f8\"><tbody><tr><td><strong>Refer\u00eancias:<\/strong><\/td><td>GOVERNO DO ESTADO DE GOI\u00c1S. SECRET\u00c1RIA DE ESTADO DE EDUCA\u00c7\u00c3O \u2013 SEDUC\/CONSED. DOCUMENTO CURRICULAR PARA GOI\u00c1S \u2013 AMPLIADO: <strong>VOLUME II ENSINO FUNDAMENTAL ANOS INICIAIS<\/strong>.&nbsp;IMAGENS RETIRADAS DOS SITES:LOPES, Camargo Andr\u00e9 (org.). <strong>Novo Pitangu\u00e1<\/strong>: Artes. 1 \u00aa ed. Moderna: S\u00e3o Paulo.2017&nbsp;<a href=\"https:\/\/br.freepik.com\/\">https:\/\/br.freepik.com\/<\/a><\/td><\/tr><\/tbody><\/table><\/figure>\n\n\n\n<p class=\"has-text-align-center\">&nbsp;&nbsp;<\/p>\n","protected":false},"author":33,"featured_media":132343,"template":"","ef_categoria":[13,17],"ef_ano":[84],"ef_componente":[99],"class_list":["post-132342","ensino_fundamental","type-ensino_fundamental","status-publish","has-post-thumbnail","hentry","ef_categoria-ciclo-da-infancia-abc","ef_categoria-corpo-e-movimento","ef_ano-1o-ano","ef_componente-arte-ef","entry","has-media"],"acf":[],"_links":{"self":[{"href":"https:\/\/sme.goiania.go.gov.br\/conexaoescola\/wp-json\/wp\/v2\/ensino_fundamental\/132342","targetHints":{"allow":["GET"]}}],"collection":[{"href":"https:\/\/sme.goiania.go.gov.br\/conexaoescola\/wp-json\/wp\/v2\/ensino_fundamental"}],"about":[{"href":"https:\/\/sme.goiania.go.gov.br\/conexaoescola\/wp-json\/wp\/v2\/types\/ensino_fundamental"}],"author":[{"embeddable":true,"href":"https:\/\/sme.goiania.go.gov.br\/conexaoescola\/wp-json\/wp\/v2\/users\/33"}],"version-history":[{"count":0,"href":"https:\/\/sme.goiania.go.gov.br\/conexaoescola\/wp-json\/wp\/v2\/ensino_fundamental\/132342\/revisions"}],"wp:featuredmedia":[{"embeddable":true,"href":"https:\/\/sme.goiania.go.gov.br\/conexaoescola\/wp-json\/wp\/v2\/media\/132343"}],"wp:attachment":[{"href":"https:\/\/sme.goiania.go.gov.br\/conexaoescola\/wp-json\/wp\/v2\/media?parent=132342"}],"wp:term":[{"taxonomy":"ef_categoria","embeddable":true,"href":"https:\/\/sme.goiania.go.gov.br\/conexaoescola\/wp-json\/wp\/v2\/ef_categoria?post=132342"},{"taxonomy":"ef_ano","embeddable":true,"href":"https:\/\/sme.goiania.go.gov.br\/conexaoescola\/wp-json\/wp\/v2\/ef_ano?post=132342"},{"taxonomy":"ef_componente","embeddable":true,"href":"https:\/\/sme.goiania.go.gov.br\/conexaoescola\/wp-json\/wp\/v2\/ef_componente?post=132342"}],"curies":[{"name":"wp","href":"https:\/\/api.w.org\/{rel}","templated":true}]}}

<p class="has-text-align-center has-black-color has-pale-cyan-blue-background-color has-text-color has-background"><em>Olá, estudante!</em>&nbsp;<em>Esta videoaula de ARTE foi veiculada na TV no dia 13/09/2021 (Segunda-feira). Aqui no Portal Conexão Escola, ela está disponível juntamente com a proposta de atividade.</em></p>



<p class="has-black-color has-text-color has-background" style="background-color:#fff700">NESTA VIDEOAULA, VOCÊ IRÁ APRENDER SOBRE OS ELEMENTOS DAS ARTES VISUAIS. VENHA COMIGO!</p>



<p class="has-text-align-center"><img fetchpriority="high" decoding="async" alt="Conjunto de cultura e artes Vetor grátis" src="https://lh4.googleusercontent.com/a7zH_WfUPHjwLzdxn3Lk-p8HUJ4fe82hTN-TuARNjRrPs0ztS_VEiN37M3ZLGak9a0u5tv1DFQnzpt5zLGBMot_CFXTbyH7C-z5kwoXNbh-VTKT2jEfBUbxF3eiTN5G9KjpeXUU=s0" width="345" height="345"></p>



<p class="has-text-align-center">DISPONÍVEL EM <a href="https://br.freepik.com/">https://br.freepik.com/</a> ACESSO EM 10 DE AGOSTO DE 2021.</p>



<p class="has-text-align-center has-black-color has-luminous-vivid-amber-background-color has-text-color has-background">ASSISTA A VIDEOAULA ABAIXO COM O TEMA: ARTES VISUAIS &#8211; APRENDENDO ARTE: COM OS ELEMENTOS VISUAIS</p>



<figure class="wp-block-embed is-type-video is-provider-youtube wp-block-embed-youtube wp-embed-aspect-16-9 wp-has-aspect-ratio"><div class="wp-block-embed__wrapper">
<p class="responsive-video-wrap clr"><iframe title="Arte | 1º Ano | Ens. Fundamental" width="1200" height="675" src="https://www.youtube.com/embed/ysZs0QknR_A?feature=oembed" frameborder="0" allow="accelerometer; autoplay; clipboard-write; encrypted-media; gyroscope; picture-in-picture" allowfullscreen></iframe></p>
</div><figcaption>Arte | 1º Ano | Ens. Fundamental</figcaption></figure>



<p class="has-text-align-center has-background" style="background-color:#fceaea">OLÁ CRIANÇAS!&nbsp; TUDO BEM POR AÍ? QUE BOM ESTAR AQUI COM VOCÊS!&nbsp;</p>



<p class="has-text-align-center has-black-color has-text-color has-background" style="background-color:#fceaea">HOJE VOCÊS NÃO PODEM FICAR FORA DESSA AULA. SABEM POR QUÊ? VOCÊS VÃO CONHECER UM POUCO SOBRE OS ELEMENTOS DAS ARTES VISUAIS. ESTÃO CURIOSOS? </p>



<p class="has-text-align-center has-black-color has-text-color has-background" style="background-color:#fceaea">VAMOS EMBARCAR NESSA AVENTURA COMIGO?</p>



<p class="has-text-align-center has-background" style="background-color:#fceaea">PREPARE O MATERIAL ESCOLAR E VAMOS LÁ!</p>



<p class="has-black-color has-luminous-vivid-amber-background-color has-text-color has-background" style="font-size:22px"><strong>ATIVIDADE – 1</strong></p>



<p class="has-text-align-center has-background" style="background-color:#caf3e2">DE ACORDO COM O QUE APRENDEMOS SOBRE OS TIPOS DE LINHAS QUE FAZEM PARTE DOS ELEMENTOS DE ARTES VISUAIS.&nbsp;</p>



<p class="has-text-align-center has-background" style="background-color:#caf3e2">DESENHE AÍ NO SEU CADERNO OS VÁRIOS TIPOS DE LINHAS QUE EXISTEM, COMO POR EXEMPLO: LINHA RETA, TRACEJADA, PONTILHADA, CURVA&#8230;</p>



<p class="has-black-color has-luminous-vivid-amber-background-color has-text-color has-background" style="font-size:22px"><strong>ATIVIDADE – </strong>2</p>



<p class="has-text-align-center has-background" style="background-color:#caf3e2">FAÇA UM DESENHO CEGO. USE SUA IMAGINAÇÃO.</p>



<p class="has-text-align-center has-background" style="background-color:#caf3e2"><strong>SIGA AS ORIENTAÇÕES ABAIXO PARA CRIAR UM DESENHO CEGO.</strong></p>



<p class="has-text-align-center"><img decoding="async" width="259" height="155" src="https://lh3.googleusercontent.com/rHevURpZxlX0trEYs75zwcYCRjDJBrJ2mf8TqBSdrzmfsxroqBY2Ed1hn7vzVWDpbULPhinHaAmn5CC5ATBOkozZuQGppRcCrpuOJ_es8Di8ka3I5wt9k4OX7ImdeH_6DRj5Zp4=s0">&nbsp;&nbsp;</p>



<p class="has-text-align-center">COM OS OLHOS FECHADOS, PASSE AS MÃOS SOBRE O PAPEL, PERCEBENDO TAMANHO E A TEXTURA DA FOLHA</p>



<p class="has-text-align-center"><img decoding="async" src="https://lh3.googleusercontent.com/AIcY4GbkLJI2Le2PJ_HB91jO0Snx5Uh1A-pJaPpdI29jli5OR6nGQhV01azWE94XRWatldAfXMtugZiAXOeOOX0bhxLt8gewsUSAg5YSYxwHEo5b-lMaokpEaKWh-7K-MVFIn4g=s0" width="266" height="182"></p>



<p class="has-text-align-center">AINDA COM OS OLHOS FECHADOS TRACE UMA LINHA COM LÁPIS SEM TIRÁ-LO DO PAPEL. TENTE PERCORRER TODO O PAPEL</p>



<p class="has-text-align-center"><img loading="lazy" decoding="async" src="https://lh5.googleusercontent.com/heF10Ti0p8-JobPJPF3g5mOwHiNlj23pq3roL6YTa0mct-GbAr7StkqeFu76m4ScZxB3nphEKpao9neEWMmE8RZ2t6WQvrWML81LCjWSOsTKeymj8NaUCNzLxMmcoq24yKAnVn4=s0" width="291" height="194"></p>



<p class="has-text-align-center">ABRA OS OLHOS E REFORCE AS LINHAS QUE VOCÊ TRAÇOU.</p>



<p class="has-text-align-center"><img loading="lazy" decoding="async" src="https://lh3.googleusercontent.com/81xpK5KfN7rO9nfMWivFlwdd3ajN-m6u9UfC0uh1t_IGganMnY-aGAdEgViwJ34J29RNI6biltT5Dch-52xLJePBCqnD_TwfD6Po5l_JJGY6oHZ49Kc4cjvBp2hDAvz3BpEVxic=s0" width="295" height="196"></p>



<p class="has-text-align-center">PINTE SEU DESENHO COM GIZ DE CERA COLORIDO OU LÁPIS DE COR.</p>



<p class="has-black-color has-luminous-vivid-amber-background-color has-text-color has-background" style="font-size:22px"><strong>ATIVIDADE – </strong>3</p>



<p class="has-text-align-center has-background" style="background-color:#caf3e2">DE ACORDO COM O QUE APRENDEMOS, AS CORES PRIMÁRIAS SÃO O AMARELO, O VERMELHO E O AZUL. FAÇA O QUE SE PEDE:</p>



<p class="has-text-align-center has-background" style="background-color:#caf3e2">PINTE O DESENHO DE FORMAS GEOMÉTRICAS DE&nbsp; ACORDO COM O MODELO. SE QUISER, DESENHE VOCÊ MESMO SEU PRÓPRIO DESENHO DE FORMAS GEOMÉTRICAS E PINTE USANDO SOMENTE AS CORES PRIMÁRIAS.</p>



<p class="has-text-align-center"><img loading="lazy" decoding="async" src="https://lh4.googleusercontent.com/BNnL4TVd-VJ3WN17XKROTJwKDUzJpqJG2PKPjffuRWFdLOq6heBqcKwEu8RopTOvHfFCf2r0D0VXtXF2tN3VR9VZjw8KNQAjz9rEetiPcqMhoBzowwSdYAiQUwsfRVxMgRrvYJo=s0" width="345" height="237"></p>



<p class="has-black-color has-text-color has-background" style="background-color:#fff700"><strong>AGORA, VAMOS RELEMBRAR O QUE APRENDEMOS?</strong></p>



<ul class="wp-block-list"><li>RELEMBRAMOS O CONCEITO DE ARTES VISUAIS;</li><li>APRENDEMOS OS PRINCIPAIS &nbsp;<strong>ELEMENTOS</strong>&nbsp;DA ARTE;</li><li>ELES SÃO 6 OS PRINCIPAIS E IDENTIFICAMOS CADA UM;</li><li>BRINCANDO COM ELEMENTOS DA NATUREZA;</li><li>MÃO NA MASSA COM A BRINCADEIRA;</li></ul>



<hr class="wp-block-separator"/>



<figure class="wp-block-table"><table class="has-background" style="background-color:#eef5f8"><tbody><tr><td><strong>Habilidade estruturante:</strong></td><td>GO-EF01AR02-B). CONHECER OS ELEMENTOS CONSTITUTIVOS DAS ARTES VISUAIS, COMO O PONTO, A LINHA, A FORMA, A COR, O ESPAÇO, OS PLANOS, A TEXTURA, EXPLORANDO DIFERENTES SUPORTES, FERRAMENTAS, MATERIAIS E TÉCNICAS TRADICIONAIS E ALTERNATIVAS, COMO COMPONENTES FUNDAMENTAIS PARA A COMPOSIÇÃO E EXPRESSÃO ARTÍSTICA.</td></tr></tbody></table></figure>



<figure class="wp-block-table"><table class="has-background" style="background-color:#eef5f8"><tbody><tr><td><strong>Referências:</strong></td><td>GOVERNO DO ESTADO DE GOIÁS. SECRETÁRIA DE ESTADO DE EDUCAÇÃO – SEDUC/CONSED. DOCUMENTO CURRICULAR PARA GOIÁS – AMPLIADO: <strong>VOLUME II ENSINO FUNDAMENTAL ANOS INICIAIS</strong>.&nbsp;IMAGENS RETIRADAS DOS SITES:LOPES, Camargo André (org.). <strong>Novo Pitanguá</strong>: Artes. 1 ª ed. Moderna: São Paulo.2017&nbsp;<a href="https://br.freepik.com/">https://br.freepik.com/</a></td></tr></tbody></table></figure>



<p class="has-text-align-center">&nbsp;&nbsp;</p>
