{"id":132289,"date":"2021-10-01T19:21:15","date_gmt":"2021-10-01T22:21:15","guid":{"rendered":"https:\/\/sme.goiania.go.gov.br\/conexaoescola\/?post_type=ensino_fundamental&#038;p=132289"},"modified":"2021-11-05T10:24:13","modified_gmt":"2021-11-05T13:24:13","slug":"matematica-tabelas-e-graficos","status":"publish","type":"ensino_fundamental","link":"https:\/\/sme.goiania.go.gov.br\/conexaoescola\/ensino_fundamental\/matematica-tabelas-e-graficos\/","title":{"rendered":"Matem\u00e1tica &#8211; Tabelas e gr\u00e1ficos"},"content":{"rendered":"\n<p class=\"has-text-align-center has-light-green-cyan-background-color has-background has-medium-font-size\"><em><span class=\"has-inline-color has-black-color\">Ol\u00e1, educando (a)!Esta videoaula de <\/span><\/em><strong><span class=\"has-inline-color has-black-color\"><em>Matem\u00e1tica <\/em><\/span><\/strong><em><span class=\"has-inline-color has-black-color\">foi veiculada na TV no dia 29\/09\/2021. Aqui no Portal Conex\u00e3o Escola, ela est\u00e1 dispon\u00edvel juntamente com a proposta de atividade.&nbsp;<\/span><\/em><\/p>\n\n\n\n<figure class=\"wp-block-image size-large\"><img fetchpriority=\"high\" decoding=\"async\" width=\"1024\" height=\"753\" src=\"https:\/\/sme.goiania.go.gov.br\/conexaoescola\/wp-content\/uploads\/2021\/10\/browser-g6d06dd154_1280-e1633125501552-1024x753.png\" alt=\"\" class=\"wp-image-132290\" srcset=\"https:\/\/sme.goiania.go.gov.br\/conexaoescola\/wp-content\/uploads\/2021\/10\/browser-g6d06dd154_1280-e1633125501552-1024x753.png 1024w, https:\/\/sme.goiania.go.gov.br\/conexaoescola\/wp-content\/uploads\/2021\/10\/browser-g6d06dd154_1280-e1633125501552-300x221.png 300w, https:\/\/sme.goiania.go.gov.br\/conexaoescola\/wp-content\/uploads\/2021\/10\/browser-g6d06dd154_1280-e1633125501552-768x565.png 768w, https:\/\/sme.goiania.go.gov.br\/conexaoescola\/wp-content\/uploads\/2021\/10\/browser-g6d06dd154_1280-e1633125501552.png 1280w\" sizes=\"(max-width: 1024px) 100vw, 1024px\" \/><\/figure>\n\n\n\n<p class=\"has-black-color has-light-green-cyan-background-color has-text-color has-background has-medium-font-size\">Ol\u00e1 crian\u00e7a, tudo bem com voc\u00ea?&nbsp;<\/p>\n\n\n\n<p class=\"has-black-color has-light-green-cyan-background-color has-text-color has-background has-medium-font-size\">Voc\u00ea sabia que os gr\u00e1ficos e as tabelas est\u00e3o presentes em muitos momentos da nossa vida? As tabelas servem para melhor organizar e visualizar as informa\u00e7\u00f5es. J\u00e1 os gr\u00e1ficos nos ajudam a representar e analisar determinados dados.&nbsp;<\/p>\n\n\n\n<p class=\"has-black-color has-light-green-cyan-background-color has-text-color has-background has-medium-font-size\">Gr\u00e1ficos e tabelas fazem parte da rotina de trabalho de muitos profissionais e, voc\u00ea, no seu cotidiano pode tamb\u00e9m usar essas ferramentas para facilitar a organiza\u00e7\u00e3o das atividades.&nbsp;<\/p>\n\n\n\n<p class=\"has-black-color has-light-green-cyan-background-color has-text-color has-background has-medium-font-size\">Vamos para a nossa aula?<\/p>\n\n\n\n<p class=\"has-vivid-green-cyan-color has-black-background-color has-text-color has-background has-medium-font-size\"><strong>ATIVIDADE 1<\/strong><\/p>\n\n\n\n<p class=\"has-black-color has-text-color has-medium-font-size\">Joana procurou uma nutricionista para melhorar a sua alimenta\u00e7\u00e3o e, foi repassada pela profissional &nbsp;a seguinte lista:&nbsp;<\/p>\n\n\n\n<p class=\"has-black-color has-text-color has-medium-font-size\"><strong>LISTA PARA O CAF\u00c9 DA MANH\u00c3, ALMO\u00c7O E JANTAR<\/strong><\/p>\n\n\n\n<p class=\"has-black-color has-text-color has-medium-font-size\"><strong>PACIENTE: JOANA<\/strong><\/p>\n\n\n\n<p class=\"has-black-color has-text-color has-medium-font-size\"><strong>Segunda-feira:<\/strong> caf\u00e9 da manh\u00e3 \u2013 ma\u00e7\u00e3; almo\u00e7o \u2013 peixe; jantar \u2013 sopa.<\/p>\n\n\n\n<p class=\"has-black-color has-text-color has-medium-font-size\"><strong>Ter\u00e7a-feira:<\/strong>&nbsp;caf\u00e9 da manh\u00e3 \u2013 banana; almo\u00e7o \u2013 lasanha de vegetais; jantar \u2013 omelete.<\/p>\n\n\n\n<p class=\"has-black-color has-text-color has-medium-font-size\"><strong>Quarta-feira:<\/strong> caf\u00e9 da manh\u00e3 \u2013 cereais; almo\u00e7o \u2013 torta de queijo; jantar \u2013 sandu\u00edche natural.<\/p>\n\n\n\n<p class=\"has-black-color has-text-color has-medium-font-size\"><strong>Quinta-feira<\/strong>: caf\u00e9 da manh\u00e3 \u2013 castanhas; almo\u00e7o \u2013 salada; jantar \u2013 iogurte.<\/p>\n\n\n\n<p class=\"has-black-color has-text-color has-medium-font-size\"><strong>Sexta-feira:<\/strong> caf\u00e9 da manh\u00e3 \u2013 mam\u00e3o; almo\u00e7o \u2013 fil\u00e9 de frango; jantar \u2013 torrada.<\/p>\n\n\n\n<p class=\"has-black-color has-text-color has-medium-font-size\">A partir das informa\u00e7\u00f5es elabore uma tabela para auxiliar na organiza\u00e7\u00e3o de Joana, com uma linha correspondente para cada refei\u00e7\u00e3o do dia (caf\u00e9 da manh\u00e3, almo\u00e7o e jantar)&nbsp; e uma coluna para cada dia da semana.<\/p>\n\n\n\n<p class=\"has-vivid-green-cyan-color has-black-background-color has-text-color has-background has-medium-font-size\"><strong>ATIVIDADE 2<\/strong><\/p>\n\n\n\n<p class=\"has-black-color has-text-color has-medium-font-size\">Observe o gr\u00e1fico a seguir:<\/p>\n\n\n\n<div class=\"wp-block-image\"><figure class=\"aligncenter\"><img decoding=\"async\" src=\"https:\/\/lh3.googleusercontent.com\/PUf44XpDD2ZP-YyP30VYvjLMFtvT0krDQ0TFKTOYsNsbzne-oHxfjboTDpHsv220nBp0Caj2IuJ96jonGq_bX5GJVj0SohcNFCFNtKrehW_Pnde2ETTWPB7uGLe7lB5p_JUabks=s0\" alt=\"https:\/\/educa.ibge.gov.br\/images\/educa\/jovens\/populacao\/jovens_educacao_taxa-analfabetismo.png\"\/><figcaption>Dispon\u00edvel em: &nbsp;https:\/\/educa.ibge.gov.br\/jovens\/conheca-o-brasil\/populacao\/18317-educacao.html .Acesso em: 30\/08\/2021<\/figcaption><\/figure><\/div>\n\n\n\n<p class=\"has-black-color has-text-color has-medium-font-size\">1 \u2013&nbsp; O gr\u00e1fico representado na figura \u00e9 de qual esp\u00e9cie: de barras, de pizza (setorial) ou de linha?&nbsp;<\/p>\n\n\n\n<p class=\"has-black-color has-text-color has-medium-font-size\">2 \u2013 Qual \u00e9 a informa\u00e7\u00e3o representada no gr\u00e1fico?<\/p>\n\n\n\n<p class=\"has-black-color has-text-color has-medium-font-size\">3 \u2013 Com base no gr\u00e1fico qual \u00e9 a regi\u00e3o que apresenta a maior taxa? Qual a taxa indicada no gr\u00e1fico que corresponde \u00e0 regi\u00e3o em que voc\u00ea mora?<\/p>\n\n\n\n<p class=\"has-vivid-green-cyan-color has-black-background-color has-text-color has-background has-medium-font-size\"><strong>ATIVIDADE 3&nbsp;<\/strong><\/p>\n\n\n\n<p class=\"has-black-color has-text-color has-medium-font-size\">Agora \u00e9 com voc\u00ea!<\/p>\n\n\n\n<p class=\"has-black-color has-text-color has-medium-font-size\">Fa\u00e7a uma pesquisa com 6 a 10 pessoas perguntando qual das seguintes atra\u00e7\u00f5es&nbsp; televisivas indicadas \u00e9 a preferida delas. Lembre-se: cada pessoa pode escolher apenas uma op\u00e7\u00e3o dentre as listadas.<\/p>\n\n\n\n<p class=\"has-black-color has-light-green-cyan-background-color has-text-color has-background has-medium-font-size\">N\u00daMERO DE PESSOAS ENTREVISTADAS: ______ PESSOAS<\/p>\n\n\n\n<p class=\"has-black-color has-light-green-cyan-background-color has-text-color has-background has-medium-font-size\">PREFEREM ASSISTIR NOVELAS: __________ pessoa (s)&nbsp;<\/p>\n\n\n\n<p class=\"has-black-color has-light-green-cyan-background-color has-text-color has-background has-medium-font-size\">PREFEREM ASSISTIR JORNAL\/NOTICI\u00c1RIO: __________ pessoa (s)&nbsp;<\/p>\n\n\n\n<p class=\"has-black-color has-light-green-cyan-background-color has-text-color has-background has-medium-font-size\">PREFEREM ASSISTIR DESENHOS ANIMADOS: __________ pessoa (s)<\/p>\n\n\n\n<p class=\"has-black-color has-light-green-cyan-background-color has-text-color has-background has-medium-font-size\">PREFEREM ASSISTIR FILMES: __________ pessoa (s)<\/p>\n\n\n\n<p class=\"has-black-color has-light-green-cyan-background-color has-text-color has-background has-medium-font-size\">PREFEREM ASSISTIR PROGRAMAS DE AUDIT\u00d3RIO: __________ pessoa (s)<\/p>\n\n\n\n<p class=\"has-black-color has-text-color has-medium-font-size\">Depois que voc\u00ea realizou a entrevista, elabore um gr\u00e1fico de barras representando os dados obtidos. Na linha horizontal do gr\u00e1fico voc\u00ea colocar\u00e1 os nomes das atra\u00e7\u00f5es e na barra vertical coloque os n\u00fameros conseguidos.&nbsp;<\/p>\n\n\n\n<hr class=\"wp-block-separator\"\/>\n\n\n\n<figure class=\"wp-block-table\"><table><tbody><tr><td><strong>Ciclo da inf\u00e2ncia e adolesc\u00eancia:<\/strong><br>Habilidade estruturante&nbsp;<\/td><td>EF04MA28 \u2013 Realizar pesquisa envolvendo vari\u00e1veis categ\u00f3ricas e num\u00e9ricas e organizar dados coletados por meio de tabelas e gr\u00e1ficos de colunas simples ou agrupadas, com e sem uso de tecnologias digitais.&nbsp;<\/td><\/tr><tr><td><strong>Refer\u00eancias:<\/strong><\/td><td>&nbsp;https:\/\/educa.ibge.gov.br\/jovens\/conheca-o-brasil\/populacao\/18317-educacao.html<\/td><\/tr><\/tbody><\/table><\/figure>\n","protected":false},"author":14,"featured_media":132290,"template":"","ef_categoria":[14,24],"ef_ano":[87],"ef_componente":[94],"class_list":["post-132289","ensino_fundamental","type-ensino_fundamental","status-publish","has-post-thumbnail","hentry","ef_categoria-ciclo-da-infancia-de","ef_categoria-educacao-financeira-e-empreendedorismo-ciclo-da-infancia-de","ef_ano-4o-ano","ef_componente-matematica","entry","has-media"],"acf":[],"_links":{"self":[{"href":"https:\/\/sme.goiania.go.gov.br\/conexaoescola\/wp-json\/wp\/v2\/ensino_fundamental\/132289","targetHints":{"allow":["GET"]}}],"collection":[{"href":"https:\/\/sme.goiania.go.gov.br\/conexaoescola\/wp-json\/wp\/v2\/ensino_fundamental"}],"about":[{"href":"https:\/\/sme.goiania.go.gov.br\/conexaoescola\/wp-json\/wp\/v2\/types\/ensino_fundamental"}],"author":[{"embeddable":true,"href":"https:\/\/sme.goiania.go.gov.br\/conexaoescola\/wp-json\/wp\/v2\/users\/14"}],"version-history":[{"count":0,"href":"https:\/\/sme.goiania.go.gov.br\/conexaoescola\/wp-json\/wp\/v2\/ensino_fundamental\/132289\/revisions"}],"wp:featuredmedia":[{"embeddable":true,"href":"https:\/\/sme.goiania.go.gov.br\/conexaoescola\/wp-json\/wp\/v2\/media\/132290"}],"wp:attachment":[{"href":"https:\/\/sme.goiania.go.gov.br\/conexaoescola\/wp-json\/wp\/v2\/media?parent=132289"}],"wp:term":[{"taxonomy":"ef_categoria","embeddable":true,"href":"https:\/\/sme.goiania.go.gov.br\/conexaoescola\/wp-json\/wp\/v2\/ef_categoria?post=132289"},{"taxonomy":"ef_ano","embeddable":true,"href":"https:\/\/sme.goiania.go.gov.br\/conexaoescola\/wp-json\/wp\/v2\/ef_ano?post=132289"},{"taxonomy":"ef_componente","embeddable":true,"href":"https:\/\/sme.goiania.go.gov.br\/conexaoescola\/wp-json\/wp\/v2\/ef_componente?post=132289"}],"curies":[{"name":"wp","href":"https:\/\/api.w.org\/{rel}","templated":true}]}}

Matemática &#8211; Tabelas e gráficos

<p class="has-text-align-center has-light-green-cyan-background-color has-background has-medium-font-size"><em><span class="has-inline-color has-black-color">Olá, educando (a)!Esta videoaula de </span></em><strong><span class="has-inline-color has-black-color"><em>Matemática </em></span></strong><em><span class="has-inline-color has-black-color">foi veiculada na TV no dia 29/09/2021. Aqui no Portal Conexão Escola, ela está disponível juntamente com a proposta de atividade.&nbsp;</span></em></p>



<figure class="wp-block-image size-large"><img fetchpriority="high" decoding="async" width="1024" height="753" src="https://sme.goiania.go.gov.br/conexaoescola/wp-content/uploads/2021/10/browser-g6d06dd154_1280-e1633125501552-1024x753.png" alt="" class="wp-image-132290" srcset="https://sme.goiania.go.gov.br/conexaoescola/wp-content/uploads/2021/10/browser-g6d06dd154_1280-e1633125501552-1024x753.png 1024w, https://sme.goiania.go.gov.br/conexaoescola/wp-content/uploads/2021/10/browser-g6d06dd154_1280-e1633125501552-300x221.png 300w, https://sme.goiania.go.gov.br/conexaoescola/wp-content/uploads/2021/10/browser-g6d06dd154_1280-e1633125501552-768x565.png 768w, https://sme.goiania.go.gov.br/conexaoescola/wp-content/uploads/2021/10/browser-g6d06dd154_1280-e1633125501552.png 1280w" sizes="(max-width: 1024px) 100vw, 1024px" /></figure>



<p class="has-black-color has-light-green-cyan-background-color has-text-color has-background has-medium-font-size">Olá criança, tudo bem com você?&nbsp;</p>



<p class="has-black-color has-light-green-cyan-background-color has-text-color has-background has-medium-font-size">Você sabia que os gráficos e as tabelas estão presentes em muitos momentos da nossa vida? As tabelas servem para melhor organizar e visualizar as informações. Já os gráficos nos ajudam a representar e analisar determinados dados.&nbsp;</p>



<p class="has-black-color has-light-green-cyan-background-color has-text-color has-background has-medium-font-size">Gráficos e tabelas fazem parte da rotina de trabalho de muitos profissionais e, você, no seu cotidiano pode também usar essas ferramentas para facilitar a organização das atividades.&nbsp;</p>



<p class="has-black-color has-light-green-cyan-background-color has-text-color has-background has-medium-font-size">Vamos para a nossa aula?</p>



<p class="has-vivid-green-cyan-color has-black-background-color has-text-color has-background has-medium-font-size"><strong>ATIVIDADE 1</strong></p>



<p class="has-black-color has-text-color has-medium-font-size">Joana procurou uma nutricionista para melhorar a sua alimentação e, foi repassada pela profissional &nbsp;a seguinte lista:&nbsp;</p>



<p class="has-black-color has-text-color has-medium-font-size"><strong>LISTA PARA O CAFÉ DA MANHÃ, ALMOÇO E JANTAR</strong></p>



<p class="has-black-color has-text-color has-medium-font-size"><strong>PACIENTE: JOANA</strong></p>



<p class="has-black-color has-text-color has-medium-font-size"><strong>Segunda-feira:</strong> café da manhã – maçã; almoço – peixe; jantar – sopa.</p>



<p class="has-black-color has-text-color has-medium-font-size"><strong>Terça-feira:</strong>&nbsp;café da manhã – banana; almoço – lasanha de vegetais; jantar – omelete.</p>



<p class="has-black-color has-text-color has-medium-font-size"><strong>Quarta-feira:</strong> café da manhã – cereais; almoço – torta de queijo; jantar – sanduíche natural.</p>



<p class="has-black-color has-text-color has-medium-font-size"><strong>Quinta-feira</strong>: café da manhã – castanhas; almoço – salada; jantar – iogurte.</p>



<p class="has-black-color has-text-color has-medium-font-size"><strong>Sexta-feira:</strong> café da manhã – mamão; almoço – filé de frango; jantar – torrada.</p>



<p class="has-black-color has-text-color has-medium-font-size">A partir das informações elabore uma tabela para auxiliar na organização de Joana, com uma linha correspondente para cada refeição do dia (café da manhã, almoço e jantar)&nbsp; e uma coluna para cada dia da semana.</p>



<p class="has-vivid-green-cyan-color has-black-background-color has-text-color has-background has-medium-font-size"><strong>ATIVIDADE 2</strong></p>



<p class="has-black-color has-text-color has-medium-font-size">Observe o gráfico a seguir:</p>



<div class="wp-block-image"><figure class="aligncenter"><img decoding="async" src="https://lh3.googleusercontent.com/PUf44XpDD2ZP-YyP30VYvjLMFtvT0krDQ0TFKTOYsNsbzne-oHxfjboTDpHsv220nBp0Caj2IuJ96jonGq_bX5GJVj0SohcNFCFNtKrehW_Pnde2ETTWPB7uGLe7lB5p_JUabks=s0" alt="https://educa.ibge.gov.br/images/educa/jovens/populacao/jovens_educacao_taxa-analfabetismo.png"/><figcaption>Disponível em: &nbsp;https://educa.ibge.gov.br/jovens/conheca-o-brasil/populacao/18317-educacao.html .Acesso em: 30/08/2021</figcaption></figure></div>



<p class="has-black-color has-text-color has-medium-font-size">1 –&nbsp; O gráfico representado na figura é de qual espécie: de barras, de pizza (setorial) ou de linha?&nbsp;</p>



<p class="has-black-color has-text-color has-medium-font-size">2 – Qual é a informação representada no gráfico?</p>



<p class="has-black-color has-text-color has-medium-font-size">3 – Com base no gráfico qual é a região que apresenta a maior taxa? Qual a taxa indicada no gráfico que corresponde à região em que você mora?</p>



<p class="has-vivid-green-cyan-color has-black-background-color has-text-color has-background has-medium-font-size"><strong>ATIVIDADE 3&nbsp;</strong></p>



<p class="has-black-color has-text-color has-medium-font-size">Agora é com você!</p>



<p class="has-black-color has-text-color has-medium-font-size">Faça uma pesquisa com 6 a 10 pessoas perguntando qual das seguintes atrações&nbsp; televisivas indicadas é a preferida delas. Lembre-se: cada pessoa pode escolher apenas uma opção dentre as listadas.</p>



<p class="has-black-color has-light-green-cyan-background-color has-text-color has-background has-medium-font-size">NÚMERO DE PESSOAS ENTREVISTADAS: ______ PESSOAS</p>



<p class="has-black-color has-light-green-cyan-background-color has-text-color has-background has-medium-font-size">PREFEREM ASSISTIR NOVELAS: __________ pessoa (s)&nbsp;</p>



<p class="has-black-color has-light-green-cyan-background-color has-text-color has-background has-medium-font-size">PREFEREM ASSISTIR JORNAL/NOTICIÁRIO: __________ pessoa (s)&nbsp;</p>



<p class="has-black-color has-light-green-cyan-background-color has-text-color has-background has-medium-font-size">PREFEREM ASSISTIR DESENHOS ANIMADOS: __________ pessoa (s)</p>



<p class="has-black-color has-light-green-cyan-background-color has-text-color has-background has-medium-font-size">PREFEREM ASSISTIR FILMES: __________ pessoa (s)</p>



<p class="has-black-color has-light-green-cyan-background-color has-text-color has-background has-medium-font-size">PREFEREM ASSISTIR PROGRAMAS DE AUDITÓRIO: __________ pessoa (s)</p>



<p class="has-black-color has-text-color has-medium-font-size">Depois que você realizou a entrevista, elabore um gráfico de barras representando os dados obtidos. Na linha horizontal do gráfico você colocará os nomes das atrações e na barra vertical coloque os números conseguidos.&nbsp;</p>



<hr class="wp-block-separator"/>



<figure class="wp-block-table"><table><tbody><tr><td><strong>Ciclo da infância e adolescência:</strong><br>Habilidade estruturante&nbsp;</td><td>EF04MA28 – Realizar pesquisa envolvendo variáveis categóricas e numéricas e organizar dados coletados por meio de tabelas e gráficos de colunas simples ou agrupadas, com e sem uso de tecnologias digitais.&nbsp;</td></tr><tr><td><strong>Referências:</strong></td><td>&nbsp;https://educa.ibge.gov.br/jovens/conheca-o-brasil/populacao/18317-educacao.html</td></tr></tbody></table></figure>
