{"id":132224,"date":"2021-09-29T10:06:16","date_gmt":"2021-09-29T13:06:16","guid":{"rendered":"https:\/\/sme.goiania.go.gov.br\/conexaoescola\/?post_type=ensino_fundamental&#038;p=132224"},"modified":"2021-11-09T11:19:24","modified_gmt":"2021-11-09T13:19:24","slug":"ciencias-terra-e-universo-o-tempo-e-o-ritmo-de-vida","status":"publish","type":"ensino_fundamental","link":"https:\/\/sme.goiania.go.gov.br\/conexaoescola\/ensino_fundamental\/ciencias-terra-e-universo-o-tempo-e-o-ritmo-de-vida\/","title":{"rendered":"CI\u00caNCIAS &#8211; TERRA E UNIVERSO: O TEMPO E O RITMO DE VIDA"},"content":{"rendered":"\n<p class=\"has-text-align-center\"><img fetchpriority=\"high\" decoding=\"async\" src=\"https:\/\/lh6.googleusercontent.com\/aBa1-pSrkL5nb6Wzh5JDNeDm6nXS-4y7Et1qixsDa2u68Ts6j59KFXbdhim4LKyZHR7qvcR2AuGtV5OkB5k5KW20Exuk2sUd76VbRrO8QoXQYO3ei13KhlEqiwbhXGJfMrgDSGg=s0\" width=\"525\" height=\"525\"><\/p>\n\n\n\n<p class=\"has-text-align-center has-background\" style=\"background-color:#eaddf3;font-size:25px\"><strong>OL\u00c1 PESSOAL! TUDO BEM POR A\u00cd? QUE BOM ESTAR AQUI COM VOC\u00caS!&nbsp;<\/strong><\/p>\n\n\n\n<p class=\"has-text-align-center has-background has-medium-font-size\" style=\"background-color:#edf0d7\"><strong>HOJE IREMOS NOS DIVERTIR MUITO COM NOSSA AULA!!! VAMOS APRENDER SOBRE O TEMPO E O RITMO DE VIDA, RELEMBRANDO SOBRE O MOVIMENTO DE ROTA\u00c7\u00c3O DA TERRA, QUE RESULTA NA SUCESS\u00c3O DE DIAS E NOITES; E ESSA SUCESS\u00c3O REGULA A VIDA DE SERES HUMANOS, ANIMAIS E VEGETAIS DO PLANETA.&nbsp;<\/strong><\/p>\n\n\n\n<figure class=\"wp-block-embed is-type-video is-provider-youtube wp-block-embed-youtube wp-embed-aspect-16-9 wp-has-aspect-ratio\"><div class=\"wp-block-embed__wrapper\">\n<p class=\"responsive-video-wrap clr\"><iframe title=\"Ci\u00eancias | 1\u00ba Ano | Ens. Fundamental\" width=\"1200\" height=\"675\" src=\"https:\/\/www.youtube.com\/embed\/xkiaWXcQju8?feature=oembed\" frameborder=\"0\" allow=\"accelerometer; autoplay; clipboard-write; encrypted-media; gyroscope; picture-in-picture\" allowfullscreen><\/iframe><\/p>\n<\/div><figcaption>CI\u00caNCIAS\/1 ANO\/ ENSINO FUNDAMENTAL<\/figcaption><\/figure>\n\n\n\n<hr class=\"wp-block-separator\"\/>\n\n\n\n<p class=\"has-text-align-center has-background has-medium-font-size\" style=\"background-color:#d7f3ef\"><strong>ENT\u00c3O, EST\u00c3O PREPARADOS? PEGUE O SEU MATERIAL, TENHA BASTANTE ATEN\u00c7\u00c3O E N\u00c3O FIQUE FORA DESTA AULA!!! AGORA CHEGOU A SUA VEZ DE PENSAR&#8230; VAMOS L\u00c1 CRIAN\u00c7AS PE\u00c7A AJUDA DE UM ADULTO!!!<\/strong><\/p>\n\n\n\n<p class=\"has-background\" style=\"background-color:#ddedf3;font-size:25px\"><strong>ATIVIDADE 1 <\/strong><\/p>\n\n\n\n<p class=\"has-medium-font-size\"><strong>PE\u00c7A AJUDA DE UM ADULTO E FA\u00c7A EM SEU CADERNO UM QUADRO COMO O EXEMPLO E LISTE OS ANIMAIS QUE VOC\u00ca CONHECE QUE TEM H\u00c1BITOS DIURNOS E NOTURNOS.<\/strong><\/p>\n\n\n\n<figure class=\"wp-block-image\"><img decoding=\"async\" src=\"https:\/\/lh5.googleusercontent.com\/ZAR2O8pX3Wg82olF7OtOjbQzvhDJ7qLldbn-dLlVus7qTVlCRdJiZUQp0JrKdOzedsReeLS6pw4BrIOVgz1al3WWYs3DOPys_pyL9e-3-4ppa_tm8ftuNTRJxtmxnA6nQTuBfe0=s0\" alt=\"\"\/><\/figure>\n\n\n\n<hr class=\"wp-block-separator\"\/>\n\n\n\n<p class=\"has-background\" style=\"background-color:#ddedf3;font-size:25px\"><strong>ATIVIDADE 2 <\/strong><\/p>\n\n\n\n<p class=\"has-medium-font-size\"><strong>CONVERSE COM ALGU\u00c9M DA SUA FAM\u00cdLIA E PE\u00c7A AJUDA PARA QUE VOC\u00ca POSSA DESCREVER A SUA ROTINA DI\u00c1RIA DESDE O ACORDAR AT\u00c9 IR DORMIR.<\/strong> BONS ESTUDOS! FA\u00c7A COM CAPRICHO E ATEN\u00c7\u00c3O.&nbsp;<\/p>\n\n\n\n<div class=\"wp-block-image\"><figure class=\"aligncenter\"><img decoding=\"async\" src=\"https:\/\/lh6.googleusercontent.com\/Ugs01BF1HTOE9BUZFxzS5crIwmVIR6m9rahO97FXW8J5A7mU15Yakrtg218ccfsUVoJeMsmpaa7u7iv_OaAiDpn0EpJicP8xWpGjO2Bc-LpAhSk_83SDR6ctuwQcDz7YZxhwRXI=s0\" alt=\"Rel\u00f3gios de rotina di\u00e1rios para crian\u00e7as Vetor gr\u00e1tis\"\/><\/figure><\/div>\n\n\n\n<p class=\"has-text-align-center\" style=\"font-size:10px\"><strong>Dispon\u00edvel em <\/strong><a href=\"https:\/\/pixabay.com\/pt\/\"><strong>https:\/\/pixabay.com\/pt\/<\/strong><\/a><strong> Acesso em 16 de Junho 2021<\/strong><\/p>\n\n\n\n<p class=\"has-background\" style=\"background-color:#f2f2e0;font-size:25px\"><strong>RELEMBRANDO!<\/strong><\/p>\n\n\n\n<ul class=\"has-medium-font-size wp-block-list\"><li>1. RELEMBRAMOS O CONCEITO DE TEMPO\/ APRENDEMOS O ONTEM, HOJE E O AMANH\u00c3;<\/li><li>2.ROTA\u00c7\u00c3O DA TERRA E A SUCESS\u00c3O DE DIAS E NOITES;<\/li><li>3.REL\u00d3GIO BIOL\u00d3GICO EST\u00c1 PRESENTE EM TODOS OS SERES VIVOS, REGULANDO TODAS AS ATIVIDADES DO ORGANISMO;<\/li><li>4. CICLO E RITMO CIRCADIANO;<\/li><li>5. RITMO DE VIDA \/ ROTINA;&nbsp;<\/li><li>6. V\u00cdDEO;&nbsp;<\/li><li>5. ANIMAIS\/ PLANTAS DIURNOS X NOTURNOS;<\/li><li>6. ATIVIDADES DE FIXA\u00c7\u00c3O.&nbsp;<\/li><\/ul>\n\n\n\n<hr class=\"wp-block-separator\"\/>\n\n\n\n<figure class=\"wp-block-table is-style-regular\"><table class=\"has-background\" style=\"background-color:#e7f5fe\"><tbody><tr><td><strong>HABILIDADES ESTRUTURANTES<\/strong><\/td><td>(EF01CI06) SELECIONAR EXEMPLOS DE COMO A SUCESS\u00c3O DE DIAS E NOITES ORIENTA O RITMO DE ATIVIDADES DI\u00c1RIAS DE SERES HUMANOS E DE OUTROS SERES VIVOS.<\/td><\/tr><\/tbody><\/table><\/figure>\n\n\n\n<hr class=\"wp-block-separator\"\/>\n\n\n\n<figure class=\"wp-block-table is-style-regular\"><table class=\"has-background\" style=\"background-color:#e9fbe5\"><tbody><tr><td><strong>REFER\u00caNCIAS:<\/strong><\/td><td>GOVERNO DO ESTADO DE GOI\u00c1S. SECRET\u00c1RIA DE ESTADO DE EDUCA\u00c7\u00c3O \u2013 SEDUC\/CONSED. DOCUMENTO CURRICULAR PARA GOI\u00c1S \u2013 AMPLIADO: <strong>VOLUME II ENSINO FUNDAMENTAL ANOS INICIAIS<\/strong>.&nbsp;IMAGENS RETIRADAS DOS SITES:<a href=\"https:\/\/br.freepik.com\/\">https:\/\/br.freepik.com\/<\/a><a href=\"https:\/\/pixabay.com\/pt\/\">https:\/\/pixabay.com\/pt\/<\/a><\/td><\/tr><\/tbody><\/table><\/figure>\n\n\n\n<hr class=\"wp-block-separator\"\/>\n","protected":false},"author":28,"featured_media":132824,"template":"","ef_categoria":[28],"ef_ano":[84],"ef_componente":[98],"class_list":["post-132224","ensino_fundamental","type-ensino_fundamental","status-publish","has-post-thumbnail","hentry","ef_categoria-educacao-ambiental-e-saude-ciclo-da-adolescencia-fg","ef_ano-1o-ano","ef_componente-ciencia-da-natureza-ef","entry","has-media"],"acf":[],"_links":{"self":[{"href":"https:\/\/sme.goiania.go.gov.br\/conexaoescola\/wp-json\/wp\/v2\/ensino_fundamental\/132224","targetHints":{"allow":["GET"]}}],"collection":[{"href":"https:\/\/sme.goiania.go.gov.br\/conexaoescola\/wp-json\/wp\/v2\/ensino_fundamental"}],"about":[{"href":"https:\/\/sme.goiania.go.gov.br\/conexaoescola\/wp-json\/wp\/v2\/types\/ensino_fundamental"}],"author":[{"embeddable":true,"href":"https:\/\/sme.goiania.go.gov.br\/conexaoescola\/wp-json\/wp\/v2\/users\/28"}],"version-history":[{"count":0,"href":"https:\/\/sme.goiania.go.gov.br\/conexaoescola\/wp-json\/wp\/v2\/ensino_fundamental\/132224\/revisions"}],"wp:featuredmedia":[{"embeddable":true,"href":"https:\/\/sme.goiania.go.gov.br\/conexaoescola\/wp-json\/wp\/v2\/media\/132824"}],"wp:attachment":[{"href":"https:\/\/sme.goiania.go.gov.br\/conexaoescola\/wp-json\/wp\/v2\/media?parent=132224"}],"wp:term":[{"taxonomy":"ef_categoria","embeddable":true,"href":"https:\/\/sme.goiania.go.gov.br\/conexaoescola\/wp-json\/wp\/v2\/ef_categoria?post=132224"},{"taxonomy":"ef_ano","embeddable":true,"href":"https:\/\/sme.goiania.go.gov.br\/conexaoescola\/wp-json\/wp\/v2\/ef_ano?post=132224"},{"taxonomy":"ef_componente","embeddable":true,"href":"https:\/\/sme.goiania.go.gov.br\/conexaoescola\/wp-json\/wp\/v2\/ef_componente?post=132224"}],"curies":[{"name":"wp","href":"https:\/\/api.w.org\/{rel}","templated":true}]}}

CIÊNCIAS &#8211; TERRA E UNIVERSO: O TEMPO E O RITMO DE VIDA

<p class="has-text-align-center"><img fetchpriority="high" decoding="async" src="https://lh6.googleusercontent.com/aBa1-pSrkL5nb6Wzh5JDNeDm6nXS-4y7Et1qixsDa2u68Ts6j59KFXbdhim4LKyZHR7qvcR2AuGtV5OkB5k5KW20Exuk2sUd76VbRrO8QoXQYO3ei13KhlEqiwbhXGJfMrgDSGg=s0" width="525" height="525"></p>



<p class="has-text-align-center has-background" style="background-color:#eaddf3;font-size:25px"><strong>OLÁ PESSOAL! TUDO BEM POR AÍ? QUE BOM ESTAR AQUI COM VOCÊS!&nbsp;</strong></p>



<p class="has-text-align-center has-background has-medium-font-size" style="background-color:#edf0d7"><strong>HOJE IREMOS NOS DIVERTIR MUITO COM NOSSA AULA!!! VAMOS APRENDER SOBRE O TEMPO E O RITMO DE VIDA, RELEMBRANDO SOBRE O MOVIMENTO DE ROTAÇÃO DA TERRA, QUE RESULTA NA SUCESSÃO DE DIAS E NOITES; E ESSA SUCESSÃO REGULA A VIDA DE SERES HUMANOS, ANIMAIS E VEGETAIS DO PLANETA.&nbsp;</strong></p>



<figure class="wp-block-embed is-type-video is-provider-youtube wp-block-embed-youtube wp-embed-aspect-16-9 wp-has-aspect-ratio"><div class="wp-block-embed__wrapper">
<p class="responsive-video-wrap clr"><iframe title="Ciências | 1º Ano | Ens. Fundamental" width="1200" height="675" src="https://www.youtube.com/embed/xkiaWXcQju8?feature=oembed" frameborder="0" allow="accelerometer; autoplay; clipboard-write; encrypted-media; gyroscope; picture-in-picture" allowfullscreen></iframe></p>
</div><figcaption>CIÊNCIAS/1 ANO/ ENSINO FUNDAMENTAL</figcaption></figure>



<hr class="wp-block-separator"/>



<p class="has-text-align-center has-background has-medium-font-size" style="background-color:#d7f3ef"><strong>ENTÃO, ESTÃO PREPARADOS? PEGUE O SEU MATERIAL, TENHA BASTANTE ATENÇÃO E NÃO FIQUE FORA DESTA AULA!!! AGORA CHEGOU A SUA VEZ DE PENSAR&#8230; VAMOS LÁ CRIANÇAS PEÇA AJUDA DE UM ADULTO!!!</strong></p>



<p class="has-background" style="background-color:#ddedf3;font-size:25px"><strong>ATIVIDADE 1 </strong></p>



<p class="has-medium-font-size"><strong>PEÇA AJUDA DE UM ADULTO E FAÇA EM SEU CADERNO UM QUADRO COMO O EXEMPLO E LISTE OS ANIMAIS QUE VOCÊ CONHECE QUE TEM HÁBITOS DIURNOS E NOTURNOS.</strong></p>



<figure class="wp-block-image"><img decoding="async" src="https://lh5.googleusercontent.com/ZAR2O8pX3Wg82olF7OtOjbQzvhDJ7qLldbn-dLlVus7qTVlCRdJiZUQp0JrKdOzedsReeLS6pw4BrIOVgz1al3WWYs3DOPys_pyL9e-3-4ppa_tm8ftuNTRJxtmxnA6nQTuBfe0=s0" alt=""/></figure>



<hr class="wp-block-separator"/>



<p class="has-background" style="background-color:#ddedf3;font-size:25px"><strong>ATIVIDADE 2 </strong></p>



<p class="has-medium-font-size"><strong>CONVERSE COM ALGUÉM DA SUA FAMÍLIA E PEÇA AJUDA PARA QUE VOCÊ POSSA DESCREVER A SUA ROTINA DIÁRIA DESDE O ACORDAR ATÉ IR DORMIR.</strong> BONS ESTUDOS! FAÇA COM CAPRICHO E ATENÇÃO.&nbsp;</p>



<div class="wp-block-image"><figure class="aligncenter"><img decoding="async" src="https://lh6.googleusercontent.com/Ugs01BF1HTOE9BUZFxzS5crIwmVIR6m9rahO97FXW8J5A7mU15Yakrtg218ccfsUVoJeMsmpaa7u7iv_OaAiDpn0EpJicP8xWpGjO2Bc-LpAhSk_83SDR6ctuwQcDz7YZxhwRXI=s0" alt="Relógios de rotina diários para crianças Vetor grátis"/></figure></div>



<p class="has-text-align-center" style="font-size:10px"><strong>Disponível em </strong><a href="https://pixabay.com/pt/"><strong>https://pixabay.com/pt/</strong></a><strong> Acesso em 16 de Junho 2021</strong></p>



<p class="has-background" style="background-color:#f2f2e0;font-size:25px"><strong>RELEMBRANDO!</strong></p>



<ul class="has-medium-font-size wp-block-list"><li>1. RELEMBRAMOS O CONCEITO DE TEMPO/ APRENDEMOS O ONTEM, HOJE E O AMANHÃ;</li><li>2.ROTAÇÃO DA TERRA E A SUCESSÃO DE DIAS E NOITES;</li><li>3.RELÓGIO BIOLÓGICO ESTÁ PRESENTE EM TODOS OS SERES VIVOS, REGULANDO TODAS AS ATIVIDADES DO ORGANISMO;</li><li>4. CICLO E RITMO CIRCADIANO;</li><li>5. RITMO DE VIDA / ROTINA;&nbsp;</li><li>6. VÍDEO;&nbsp;</li><li>5. ANIMAIS/ PLANTAS DIURNOS X NOTURNOS;</li><li>6. ATIVIDADES DE FIXAÇÃO.&nbsp;</li></ul>



<hr class="wp-block-separator"/>



<figure class="wp-block-table is-style-regular"><table class="has-background" style="background-color:#e7f5fe"><tbody><tr><td><strong>HABILIDADES ESTRUTURANTES</strong></td><td>(EF01CI06) SELECIONAR EXEMPLOS DE COMO A SUCESSÃO DE DIAS E NOITES ORIENTA O RITMO DE ATIVIDADES DIÁRIAS DE SERES HUMANOS E DE OUTROS SERES VIVOS.</td></tr></tbody></table></figure>



<hr class="wp-block-separator"/>



<figure class="wp-block-table is-style-regular"><table class="has-background" style="background-color:#e9fbe5"><tbody><tr><td><strong>REFERÊNCIAS:</strong></td><td>GOVERNO DO ESTADO DE GOIÁS. SECRETÁRIA DE ESTADO DE EDUCAÇÃO – SEDUC/CONSED. DOCUMENTO CURRICULAR PARA GOIÁS – AMPLIADO: <strong>VOLUME II ENSINO FUNDAMENTAL ANOS INICIAIS</strong>.&nbsp;IMAGENS RETIRADAS DOS SITES:<a href="https://br.freepik.com/">https://br.freepik.com/</a><a href="https://pixabay.com/pt/">https://pixabay.com/pt/</a></td></tr></tbody></table></figure>



<hr class="wp-block-separator"/>
