{"id":132221,"date":"2021-09-29T08:15:34","date_gmt":"2021-09-29T11:15:34","guid":{"rendered":"https:\/\/sme.goiania.go.gov.br\/conexaoescola\/?post_type=ensino_fundamental&#038;p=132221"},"modified":"2021-11-09T09:38:04","modified_gmt":"2021-11-09T11:38:04","slug":"historia-mundo-pessoal-eu-meu-grupo-social-e-meu-tempo-familia-e-escola-funcoes-e-papeis","status":"publish","type":"ensino_fundamental","link":"https:\/\/sme.goiania.go.gov.br\/conexaoescola\/ensino_fundamental\/historia-mundo-pessoal-eu-meu-grupo-social-e-meu-tempo-familia-e-escola-funcoes-e-papeis\/","title":{"rendered":"HIST\u00d3RIA &#8211; MUNDO PESSOAL: EU, MEU GRUPO SOCIAL E MEU TEMPO &#8211; FAM\u00cdLIA E ESCOLA: FUN\u00c7\u00d5ES E PAP\u00c9IS"},"content":{"rendered":"\n<p class=\"has-text-align-center has-background\" style=\"background-color:#f2ecdf;font-size:25px\"><strong>NESTA VIDEOAULA, VOC\u00ca IR\u00c1 APRENDER A IMPORT\u00c2NCIA DA INTERA\u00c7\u00c3O FAM\u00cdLIA E ESCOLA NO PROCESSO DE APRENDIZAGEM DA CRIAN\u00c7A. VEM COMIGO!<\/strong><\/p>\n\n\n\n<p class=\"has-text-align-center\"><img fetchpriority=\"high\" decoding=\"async\" alt=\"Professor feliz de ouvir seus alunos Foto gratuita\" src=\"https:\/\/lh6.googleusercontent.com\/WAYeQ3Ni-K2t0TLNqVHEBevfrYa0v2k77z3L_58BWrgD5Vq2-YjEerKv-UhimctHO927HO61eVcCKd_l2JzRrf8lymF9wi6bu8VKPmJjJr-6o6LV3UnIQe6Ox7zyjD-aCqv9pug=s0\" width=\"577\" height=\"385\"><\/p>\n\n\n\n<p class=\"has-text-align-center\" style=\"font-size:10px\">DISPON\u00cdVEL EM PIXABAY. <a href=\"https:\/\/br.freepik.com\/vetores-gratis\/conjunto-de-foto-de-familia-feliz-na-moldura-de-madeira_13753841.htm#page=2&amp;query=FAMILIA+DESENHO&amp;position=0\">https:\/\/br.freepik.com<\/a> ACESSO EM 06 DE AGOSTO DE 2021.<\/p>\n\n\n\n<hr class=\"wp-block-separator\"\/>\n\n\n\n<p class=\"has-text-align-center has-background has-medium-font-size\" style=\"background-color:#daebe8\"><strong>OL\u00c1 CRIAN\u00c7AS! TUDO BEM POR A\u00cd? QUE BOM ESTAR AQUI COM VOC\u00caS! HOJE, IREMOS ESTUDAR E COMPREENDER SOBRE O QUE \u00c9 A ESCOLA E SUAS PRINCIPAIS FUN\u00c7\u00d5ES. VAMOS RELEMBRAR TAMB\u00c9M SOBRE AS FAM\u00cdLIAS E SUA CONSTITUI\u00c7\u00c3O E O PRINCIPAL PAPEL DE CADA COMPONENTE FAMILIAR&#8230;<\/strong><\/p>\n\n\n\n<p class=\"has-text-align-center has-background has-medium-font-size\" style=\"background-color:#eee4f5\"><strong>VAMOS COMPREENDER COMO \u00c9 IMPORTANTE A INTERA\u00c7\u00c3O FAM\u00cdLIA E ESCOLA NO PROCESSO DE APRENDIZAGEM DA CRIAN\u00c7A, SE CADA UM DESEMPENHAR SUA FUN\u00c7\u00c3O TODOS SAEM GANHANDO!!APRENDA MAIS SOBRE ESSE ASSUNTO ASSISTINDO A VIDEOAULA QUE EST\u00c1 MUITO DIVERTIDA E INTERESSANTE. ENT\u00c3O, EST\u00c3O PREPARADOS?<\/strong><\/p>\n\n\n\n<figure class=\"wp-block-embed is-type-video is-provider-youtube wp-block-embed-youtube wp-embed-aspect-16-9 wp-has-aspect-ratio\"><div class=\"wp-block-embed__wrapper\">\n<p class=\"responsive-video-wrap clr\"><iframe title=\"Hist\u00f3ria   | Turma A  | 1\u00ba Ano |  Ciclo da Inf\u00e2ncia\" width=\"1200\" height=\"675\" src=\"https:\/\/www.youtube.com\/embed\/7fhU3o2ZbO8?feature=oembed\" frameborder=\"0\" allow=\"accelerometer; autoplay; clipboard-write; encrypted-media; gyroscope; picture-in-picture\" allowfullscreen><\/iframe><\/p>\n<\/div><figcaption>HIST\u00d3RIA\/1 ANO\/ ENSINO FUNDAMENTAL<\/figcaption><\/figure>\n\n\n\n<hr class=\"wp-block-separator\"\/>\n\n\n\n<p class=\"has-text-align-center has-background\" style=\"background-color:#ede0f3;font-size:25px\"><strong>AGORA CHEGOU A SUA VEZ DE PENSAR\u2026 VAMOS L\u00c1 CRIAN\u00c7AS PE\u00c7A AJUDA DE UM ADULTO!!!<\/strong><\/p>\n\n\n\n<p class=\"has-background\" style=\"background-color:#ddedf3;font-size:25px\"><strong>ATIVIDADE 1 <\/strong><\/p>\n\n\n\n<p class=\"has-medium-font-size\"><strong>QUE LEGAL CHEGOU A HORA DA ATIVIDADE!!! PE\u00c7A A AJUDA DE UM ADULTO!!! VAMOS L\u00c1&#8230;<\/strong><\/p>\n\n\n\n<ul class=\"has-medium-font-size wp-block-list\"><li><strong>&nbsp;PE\u00c7A O PAPAI OU A MAM\u00c3E PARA PEGAR FOLHAS DE PAPEL, E FA\u00c7A UM DESENHO DE TODOS DA SUA FAM\u00cdLIA QUE MORAM COM VOC\u00ca E JUNTOS VERIFIQUEM O DESENHO E DESCREVA A FUN\u00c7\u00c3O QUE CADA UM DESEMPENHA EM CASA.&nbsp;&nbsp;<\/strong><\/li><\/ul>\n\n\n\n<hr class=\"wp-block-separator\"\/>\n\n\n\n<p class=\"has-background\" style=\"background-color:#ddedf3;font-size:25px\"><strong>ATIVIDADE 2 <\/strong><\/p>\n\n\n\n<p class=\"has-medium-font-size\"><strong>FA\u00c7A UMA LISTA DAS COISAS QUE VOC\u00caS CONSIDEREM MAIS IMPORTANTE QUANDO TRABALHAMOS EM EQUIPE.<\/strong><\/p>\n\n\n\n<hr class=\"wp-block-separator\"\/>\n\n\n\n<p class=\"has-background\" style=\"background-color:#ddedf3;font-size:25px\"><strong>ATIVIDADE 3<\/strong><\/p>\n\n\n\n<p class=\"has-medium-font-size\"><strong>PRODUZA UMA FRASE QUE ABORDE A IMPORT\u00c2NCIA DA JUN\u00c7\u00c3O FAM\u00cdLIA E ESCOLA. N\u00c3O ESQUE\u00c7A, N\u00c3O EXISTEM ERROS, QUANDO SE EST\u00c1 APRENDENDO, FA\u00c7A O SEU MELHOR.<\/strong><\/p>\n\n\n\n<div class=\"wp-block-image\"><figure class=\"aligncenter\"><img decoding=\"async\" src=\"https:\/\/lh6.googleusercontent.com\/Rdmw0iJETTQdDhnxpVh6yWS-fCF34Q4agYx7YAAOY_oHDsaFFLBpVxMXjjp0FGJBE7mEzBnqNUH_skwxzqhBRVWnzxdJ_4hFTCba-KQM42V9GwsoCEnUcUKtt8NGNnSvQK2RAqs=s0\" alt=\"Colegas se encontrando na escola. filho principal da m\u00e3e, grupo de crian\u00e7as em idade escolar com ilustra\u00e7\u00e3o vetorial plana de professor. inf\u00e2ncia, conceito de volta \u00e0s aulas Vetor gr\u00e1tis\"\/><\/figure><\/div>\n\n\n\n<p class=\"has-text-align-center\" style=\"font-size:10px\">DISPON\u00cdVEL EM PIXABAY. <a href=\"https:\/\/br.freepik.com\/vetores-gratis\/conjunto-de-foto-de-familia-feliz-na-moldura-de-madeira_13753841.htm#page=2&amp;query=FAMILIA+DESENHO&amp;position=0\">https:\/\/br.freepik.com<\/a> ACESSO EM 06 DE AGOSTO DE 2021.<\/p>\n\n\n\n<hr class=\"wp-block-separator\"\/>\n\n\n\n<p class=\"has-background\" style=\"background-color:#eddcec;font-size:25px\"><strong>RELEMBRANDO!<\/strong><\/p>\n\n\n\n<ul class=\"has-medium-font-size wp-block-list\"><li>APRENDEMOS O S\u00c3O AS ESCOLAS;<\/li><li>FUN\u00c7\u00d5ES DA ESCOLA;<\/li><li>RELEMBRAMOS SOBRE AS FAMILIAS, E APRENDEMOS QUE CADA UM TEM UMA FUN\u00c7\u00c3O;<\/li><li>BENEF\u00cdCIOS JUN\u00c7\u00c3O FAMILIA E ESCOLA;<\/li><li>ENSINO REMOTO;<\/li><li>CONTA\u00c7\u00c3O DE HIST\u00d3RIA<\/li><li>ATIVIDADES&nbsp;<\/li><\/ul>\n\n\n\n<hr class=\"wp-block-separator\"\/>\n\n\n\n<figure class=\"wp-block-table is-style-regular\"><table class=\"has-background\" style=\"background-color:#e7f5fe\"><tbody><tr><td><strong>HABILIDADES ESTRUTURANTES<\/strong><\/td><td>(EF01HI06) CONHECER AS HIST\u00d3RIAS DA FAM\u00cdLIA E DA ESCOLA E IDENTIFICAR O PAPEL DESEMPENHADO POR DIFERENTES SUJEITOS EM DIFERENTES ESPA\u00c7OS; (GO-EF01HI06-A) REFLETIR SOBRE AS DIFERENTES FUN\u00c7\u00d5ES QUE AS PESSOAS DESEMPENHAM NA SOCIEDADE, FAM\u00cdLIA, COMUNIDADE E INSTITUI\u00c7\u00c3O ESCOLAR, NO \u00c2MBITO INDIVIDUAL E COLETIVO; (EF01HI07) IDENTIFICAR MUDAN\u00c7AS E PERMAN\u00caNCIAS NAS FORMAS DE ORGANIZA\u00c7\u00c3O FAMILIAR.&nbsp;<\/td><\/tr><\/tbody><\/table><\/figure>\n\n\n\n<hr class=\"wp-block-separator\"\/>\n\n\n\n<figure class=\"wp-block-table is-style-regular\"><table class=\"has-background\" style=\"background-color:#fcf0ef\"><tbody><tr><td><strong>REFER\u00caNCIAS:<\/strong><\/td><td>GOVERNO DO ESTADO DE GOI\u00c1S. SECRET\u00c1RIA DE ESTADO DE EDUCA\u00c7\u00c3O \u2013 SEDUC\/CONSED. DOCUMENTO CURRICULAR PARA GOI\u00c1S \u2013 AMPLIADO: <strong>VOLUME II ENSINO FUNDAMENTAL ANOS INICIAIS<\/strong>.&nbsp;IMAGENS RETIRADAS DOS SITES:<a href=\"https:\/\/br.freepik.com\/\">https:\/\/br.freepik.com\/<\/a><a href=\"https:\/\/pixabay.com\/pt\/\">https:\/\/pixabay.com\/pt\/<\/a><\/td><\/tr><\/tbody><\/table><\/figure>\n\n\n\n<hr class=\"wp-block-separator\"\/>\n","protected":false},"author":20,"featured_media":132828,"template":"","ef_categoria":[13,20],"ef_ano":[84],"ef_componente":[95],"class_list":["post-132221","ensino_fundamental","type-ensino_fundamental","status-publish","has-post-thumbnail","hentry","ef_categoria-ciclo-da-infancia-abc","ef_categoria-etica-e-cidadania","ef_ano-1o-ano","ef_componente-historia","entry","has-media"],"acf":[],"_links":{"self":[{"href":"https:\/\/sme.goiania.go.gov.br\/conexaoescola\/wp-json\/wp\/v2\/ensino_fundamental\/132221","targetHints":{"allow":["GET"]}}],"collection":[{"href":"https:\/\/sme.goiania.go.gov.br\/conexaoescola\/wp-json\/wp\/v2\/ensino_fundamental"}],"about":[{"href":"https:\/\/sme.goiania.go.gov.br\/conexaoescola\/wp-json\/wp\/v2\/types\/ensino_fundamental"}],"author":[{"embeddable":true,"href":"https:\/\/sme.goiania.go.gov.br\/conexaoescola\/wp-json\/wp\/v2\/users\/20"}],"version-history":[{"count":0,"href":"https:\/\/sme.goiania.go.gov.br\/conexaoescola\/wp-json\/wp\/v2\/ensino_fundamental\/132221\/revisions"}],"wp:featuredmedia":[{"embeddable":true,"href":"https:\/\/sme.goiania.go.gov.br\/conexaoescola\/wp-json\/wp\/v2\/media\/132828"}],"wp:attachment":[{"href":"https:\/\/sme.goiania.go.gov.br\/conexaoescola\/wp-json\/wp\/v2\/media?parent=132221"}],"wp:term":[{"taxonomy":"ef_categoria","embeddable":true,"href":"https:\/\/sme.goiania.go.gov.br\/conexaoescola\/wp-json\/wp\/v2\/ef_categoria?post=132221"},{"taxonomy":"ef_ano","embeddable":true,"href":"https:\/\/sme.goiania.go.gov.br\/conexaoescola\/wp-json\/wp\/v2\/ef_ano?post=132221"},{"taxonomy":"ef_componente","embeddable":true,"href":"https:\/\/sme.goiania.go.gov.br\/conexaoescola\/wp-json\/wp\/v2\/ef_componente?post=132221"}],"curies":[{"name":"wp","href":"https:\/\/api.w.org\/{rel}","templated":true}]}}

HISTÓRIA &#8211; MUNDO PESSOAL: EU, MEU GRUPO SOCIAL E MEU TEMPO &#8211; FAMÍLIA E ESCOLA: FUNÇÕES E PAPÉIS

<p class="has-text-align-center has-background" style="background-color:#f2ecdf;font-size:25px"><strong>NESTA VIDEOAULA, VOCÊ IRÁ APRENDER A IMPORTÂNCIA DA INTERAÇÃO FAMÍLIA E ESCOLA NO PROCESSO DE APRENDIZAGEM DA CRIANÇA. VEM COMIGO!</strong></p>



<p class="has-text-align-center"><img fetchpriority="high" decoding="async" alt="Professor feliz de ouvir seus alunos Foto gratuita" src="https://lh6.googleusercontent.com/WAYeQ3Ni-K2t0TLNqVHEBevfrYa0v2k77z3L_58BWrgD5Vq2-YjEerKv-UhimctHO927HO61eVcCKd_l2JzRrf8lymF9wi6bu8VKPmJjJr-6o6LV3UnIQe6Ox7zyjD-aCqv9pug=s0" width="577" height="385"></p>



<p class="has-text-align-center" style="font-size:10px">DISPONÍVEL EM PIXABAY. <a href="https://br.freepik.com/vetores-gratis/conjunto-de-foto-de-familia-feliz-na-moldura-de-madeira_13753841.htm#page=2&amp;query=FAMILIA+DESENHO&amp;position=0">https://br.freepik.com</a> ACESSO EM 06 DE AGOSTO DE 2021.</p>



<hr class="wp-block-separator"/>



<p class="has-text-align-center has-background has-medium-font-size" style="background-color:#daebe8"><strong>OLÁ CRIANÇAS! TUDO BEM POR AÍ? QUE BOM ESTAR AQUI COM VOCÊS! HOJE, IREMOS ESTUDAR E COMPREENDER SOBRE O QUE É A ESCOLA E SUAS PRINCIPAIS FUNÇÕES. VAMOS RELEMBRAR TAMBÉM SOBRE AS FAMÍLIAS E SUA CONSTITUIÇÃO E O PRINCIPAL PAPEL DE CADA COMPONENTE FAMILIAR&#8230;</strong></p>



<p class="has-text-align-center has-background has-medium-font-size" style="background-color:#eee4f5"><strong>VAMOS COMPREENDER COMO É IMPORTANTE A INTERAÇÃO FAMÍLIA E ESCOLA NO PROCESSO DE APRENDIZAGEM DA CRIANÇA, SE CADA UM DESEMPENHAR SUA FUNÇÃO TODOS SAEM GANHANDO!!APRENDA MAIS SOBRE ESSE ASSUNTO ASSISTINDO A VIDEOAULA QUE ESTÁ MUITO DIVERTIDA E INTERESSANTE. ENTÃO, ESTÃO PREPARADOS?</strong></p>



<figure class="wp-block-embed is-type-video is-provider-youtube wp-block-embed-youtube wp-embed-aspect-16-9 wp-has-aspect-ratio"><div class="wp-block-embed__wrapper">
<p class="responsive-video-wrap clr"><iframe title="História   | Turma A  | 1º Ano |  Ciclo da Infância" width="1200" height="675" src="https://www.youtube.com/embed/7fhU3o2ZbO8?feature=oembed" frameborder="0" allow="accelerometer; autoplay; clipboard-write; encrypted-media; gyroscope; picture-in-picture" allowfullscreen></iframe></p>
</div><figcaption>HISTÓRIA/1 ANO/ ENSINO FUNDAMENTAL</figcaption></figure>



<hr class="wp-block-separator"/>



<p class="has-text-align-center has-background" style="background-color:#ede0f3;font-size:25px"><strong>AGORA CHEGOU A SUA VEZ DE PENSAR… VAMOS LÁ CRIANÇAS PEÇA AJUDA DE UM ADULTO!!!</strong></p>



<p class="has-background" style="background-color:#ddedf3;font-size:25px"><strong>ATIVIDADE 1 </strong></p>



<p class="has-medium-font-size"><strong>QUE LEGAL CHEGOU A HORA DA ATIVIDADE!!! PEÇA A AJUDA DE UM ADULTO!!! VAMOS LÁ&#8230;</strong></p>



<ul class="has-medium-font-size wp-block-list"><li><strong>&nbsp;PEÇA O PAPAI OU A MAMÃE PARA PEGAR FOLHAS DE PAPEL, E FAÇA UM DESENHO DE TODOS DA SUA FAMÍLIA QUE MORAM COM VOCÊ E JUNTOS VERIFIQUEM O DESENHO E DESCREVA A FUNÇÃO QUE CADA UM DESEMPENHA EM CASA.&nbsp;&nbsp;</strong></li></ul>



<hr class="wp-block-separator"/>



<p class="has-background" style="background-color:#ddedf3;font-size:25px"><strong>ATIVIDADE 2 </strong></p>



<p class="has-medium-font-size"><strong>FAÇA UMA LISTA DAS COISAS QUE VOCÊS CONSIDEREM MAIS IMPORTANTE QUANDO TRABALHAMOS EM EQUIPE.</strong></p>



<hr class="wp-block-separator"/>



<p class="has-background" style="background-color:#ddedf3;font-size:25px"><strong>ATIVIDADE 3</strong></p>



<p class="has-medium-font-size"><strong>PRODUZA UMA FRASE QUE ABORDE A IMPORTÂNCIA DA JUNÇÃO FAMÍLIA E ESCOLA. NÃO ESQUEÇA, NÃO EXISTEM ERROS, QUANDO SE ESTÁ APRENDENDO, FAÇA O SEU MELHOR.</strong></p>



<div class="wp-block-image"><figure class="aligncenter"><img decoding="async" src="https://lh6.googleusercontent.com/Rdmw0iJETTQdDhnxpVh6yWS-fCF34Q4agYx7YAAOY_oHDsaFFLBpVxMXjjp0FGJBE7mEzBnqNUH_skwxzqhBRVWnzxdJ_4hFTCba-KQM42V9GwsoCEnUcUKtt8NGNnSvQK2RAqs=s0" alt="Colegas se encontrando na escola. filho principal da mãe, grupo de crianças em idade escolar com ilustração vetorial plana de professor. infância, conceito de volta às aulas Vetor grátis"/></figure></div>



<p class="has-text-align-center" style="font-size:10px">DISPONÍVEL EM PIXABAY. <a href="https://br.freepik.com/vetores-gratis/conjunto-de-foto-de-familia-feliz-na-moldura-de-madeira_13753841.htm#page=2&amp;query=FAMILIA+DESENHO&amp;position=0">https://br.freepik.com</a> ACESSO EM 06 DE AGOSTO DE 2021.</p>



<hr class="wp-block-separator"/>



<p class="has-background" style="background-color:#eddcec;font-size:25px"><strong>RELEMBRANDO!</strong></p>



<ul class="has-medium-font-size wp-block-list"><li>APRENDEMOS O SÃO AS ESCOLAS;</li><li>FUNÇÕES DA ESCOLA;</li><li>RELEMBRAMOS SOBRE AS FAMILIAS, E APRENDEMOS QUE CADA UM TEM UMA FUNÇÃO;</li><li>BENEFÍCIOS JUNÇÃO FAMILIA E ESCOLA;</li><li>ENSINO REMOTO;</li><li>CONTAÇÃO DE HISTÓRIA</li><li>ATIVIDADES&nbsp;</li></ul>



<hr class="wp-block-separator"/>



<figure class="wp-block-table is-style-regular"><table class="has-background" style="background-color:#e7f5fe"><tbody><tr><td><strong>HABILIDADES ESTRUTURANTES</strong></td><td>(EF01HI06) CONHECER AS HISTÓRIAS DA FAMÍLIA E DA ESCOLA E IDENTIFICAR O PAPEL DESEMPENHADO POR DIFERENTES SUJEITOS EM DIFERENTES ESPAÇOS; (GO-EF01HI06-A) REFLETIR SOBRE AS DIFERENTES FUNÇÕES QUE AS PESSOAS DESEMPENHAM NA SOCIEDADE, FAMÍLIA, COMUNIDADE E INSTITUIÇÃO ESCOLAR, NO ÂMBITO INDIVIDUAL E COLETIVO; (EF01HI07) IDENTIFICAR MUDANÇAS E PERMANÊNCIAS NAS FORMAS DE ORGANIZAÇÃO FAMILIAR.&nbsp;</td></tr></tbody></table></figure>



<hr class="wp-block-separator"/>



<figure class="wp-block-table is-style-regular"><table class="has-background" style="background-color:#fcf0ef"><tbody><tr><td><strong>REFERÊNCIAS:</strong></td><td>GOVERNO DO ESTADO DE GOIÁS. SECRETÁRIA DE ESTADO DE EDUCAÇÃO – SEDUC/CONSED. DOCUMENTO CURRICULAR PARA GOIÁS – AMPLIADO: <strong>VOLUME II ENSINO FUNDAMENTAL ANOS INICIAIS</strong>.&nbsp;IMAGENS RETIRADAS DOS SITES:<a href="https://br.freepik.com/">https://br.freepik.com/</a><a href="https://pixabay.com/pt/">https://pixabay.com/pt/</a></td></tr></tbody></table></figure>



<hr class="wp-block-separator"/>
